74.7.243.217 - - [13/Feb/2026:14:29:20 +0000] "GET /292043849 HTTP/1.1" 200 - "https://wm-commonsatwhitemarsh.com/sitemap709.xml" "Mozilla/5.0 AppleWebKit/537.36 (KHTML, like Gecko; compatible; GPTBot/1.3; +https://openai.com/gptbot)"
74.7.243.217 - - [13/Feb/2026:14:29:22 +0000] "GET /212039729 HTTP/1.1" 200 - "https://wm-commonsatwhitemarsh.com/sitemap50.xml" "Mozilla/5.0 AppleWebKit/537.36 (KHTML, like Gecko; compatible; GPTBot/1.3; +https://openai.com/gptbot)"
74.7.243.217 - - [13/Feb/2026:14:29:24 +0000] "GET /128034837 HTTP/1.1" 200 - "https://wm-commonsatwhitemarsh.com/sitemap948.xml" "Mozilla/5.0 AppleWebKit/537.36 (KHTML, like Gecko; compatible; GPTBot/1.3; +https://openai.com/gptbot)"
74.7.243.217 - - [13/Feb/2026:14:29:27 +0000] "GET /266002903 HTTP/1.1" 200 - "https://wm-commonsatwhitemarsh.com/sitemap167.xml" "Mozilla/5.0 AppleWebKit/537.36 (KHTML, like Gecko; compatible; GPTBot/1.3; +https://openai.com/gptbot)"
74.7.243.217 - - [13/Feb/2026:14:29:29 +0000] "GET /285033616 HTTP/1.1" 200 - "https://wm-commonsatwhitemarsh.com/sitemap162.xml" "Mozilla/5.0 AppleWebKit/537.36 (KHTML, like Gecko; compatible; GPTBot/1.3; +https://openai.com/gptbot)"
74.7.243.217 - - [13/Feb/2026:14:29:31 +0000] "GET /018009825 HTTP/1.1" 200 - "https://wm-commonsatwhitemarsh.com/sitemap184.xml" "Mozilla/5.0 AppleWebKit/537.36 (KHTML, like Gecko; compatible; GPTBot/1.3; +https://openai.com/gptbot)"
74.7.243.217 - - [13/Feb/2026:14:29:34 +0000] "GET /079041892 HTTP/1.1" 200 - "https://wm-commonsatwhitemarsh.com/sitemap630.xml" "Mozilla/5.0 AppleWebKit/537.36 (KHTML, like Gecko; compatible; GPTBot/1.3; +https://openai.com/gptbot)"
74.7.243.217 - - [13/Feb/2026:14:29:36 +0000] "GET /267013044 HTTP/1.1" 200 - "https://wm-commonsatwhitemarsh.com/sitemap19.xml" "Mozilla/5.0 AppleWebKit/537.36 (KHTML, like Gecko; compatible; GPTBot/1.3; +https://openai.com/gptbot)"
74.7.243.217 - - [13/Feb/2026:14:29:38 +0000] "GET /291022372 HTTP/1.1" 200 - "https://wm-commonsatwhitemarsh.com/?sitemap997.xml" "Mozilla/5.0 AppleWebKit/537.36 (KHTML, like Gecko; compatible; GPTBot/1.3; +https://openai.com/gptbot)"
74.7.243.217 - - [13/Feb/2026:14:29:40 +0000] "GET /167027256 HTTP/1.1" 200 - "https://wm-commonsatwhitemarsh.com/sitemap267.xml" "Mozilla/5.0 AppleWebKit/537.36 (KHTML, like Gecko; compatible; GPTBot/1.3; +https://openai.com/gptbot)"
74.7.243.217 - - [13/Feb/2026:14:29:42 +0000] "GET /239001972 HTTP/1.1" 200 - "https://wm-commonsatwhitemarsh.com/sitemap95.xml" "Mozilla/5.0 AppleWebKit/537.36 (KHTML, like Gecko; compatible; GPTBot/1.3; +https://openai.com/gptbot)"
74.7.243.217 - - [13/Feb/2026:14:29:45 +0000] "GET /192040229 HTTP/1.1" 200 - "https://wm-commonsatwhitemarsh.com/sitemap630.xml" "Mozilla/5.0 AppleWebKit/537.36 (KHTML, like Gecko; compatible; GPTBot/1.3; +https://openai.com/gptbot)"
74.7.243.217 - - [13/Feb/2026:14:29:47 +0000] "GET /006045077 HTTP/1.1" 200 - "https://wm-commonsatwhitemarsh.com/sitemap126.xml" "Mozilla/5.0 AppleWebKit/537.36 (KHTML, like Gecko; compatible; GPTBot/1.3; +https://openai.com/gptbot)"
74.7.243.217 - - [13/Feb/2026:14:29:48 +0000] "GET /117039980 HTTP/1.1" 200 - "https://wm-commonsatwhitemarsh.com/sitemap498.xml" "Mozilla/5.0 AppleWebKit/537.36 (KHTML, like Gecko; compatible; GPTBot/1.3; +https://openai.com/gptbot)"
74.7.243.217 - - [13/Feb/2026:14:29:51 +0000] "GET /008035879 HTTP/1.1" 200 - "https://wm-commonsatwhitemarsh.com/sitemap850.xml" "Mozilla/5.0 AppleWebKit/537.36 (KHTML, like Gecko; compatible; GPTBot/1.3; +https://openai.com/gptbot)"
74.7.243.217 - - [13/Feb/2026:14:29:53 +0000] "GET /287033986 HTTP/1.1" 200 - "https://wm-commonsatwhitemarsh.com/sitemap80.xml" "Mozilla/5.0 AppleWebKit/537.36 (KHTML, like Gecko; compatible; GPTBot/1.3; +https://openai.com/gptbot)"
74.7.243.217 - - [13/Feb/2026:14:29:56 +0000] "GET /255045634 HTTP/1.1" 200 - "https://wm-commonsatwhitemarsh.com/sitemap395.xml" "Mozilla/5.0 AppleWebKit/537.36 (KHTML, like Gecko; compatible; GPTBot/1.3; +https://openai.com/gptbot)"
74.7.243.217 - - [13/Feb/2026:14:29:58 +0000] "GET /023034352 HTTP/1.1" 200 - "https://wm-commonsatwhitemarsh.com/sitemap19.xml" "Mozilla/5.0 AppleWebKit/537.36 (KHTML, like Gecko; compatible; GPTBot/1.3; +https://openai.com/gptbot)"
74.7.243.217 - - [13/Feb/2026:14:30:00 +0000] "GET /261003184 HTTP/1.1" 200 - "https://wm-commonsatwhitemarsh.com/sitemap674.xml" "Mozilla/5.0 AppleWebKit/537.36 (KHTML, like Gecko; compatible; GPTBot/1.3; +https://openai.com/gptbot)"
74.7.243.217 - - [13/Feb/2026:14:30:03 +0000] "GET /082003291 HTTP/1.1" 200 - "https://wm-commonsatwhitemarsh.com/sitemap381.xml" "Mozilla/5.0 AppleWebKit/537.36 (KHTML, like Gecko; compatible; GPTBot/1.3; +https://openai.com/gptbot)"
74.7.243.217 - - [13/Feb/2026:14:30:05 +0000] "GET /141027644 HTTP/1.1" 200 - "https://wm-commonsatwhitemarsh.com/sitemap50.xml" "Mozilla/5.0 AppleWebKit/537.36 (KHTML, like Gecko; compatible; GPTBot/1.3; +https://openai.com/gptbot)"
114.119.156.227 - - [13/Feb/2026:14:30:05 +0000] "GET /product/250022272 HTTP/1.1" 200 - "https://wm-commonsatwhitemarsh.com/?sitemap997.xml" "Mozilla/5.0 (Linux; Android 7.0;) AppleWebKit/537.36 (KHTML, like Gecko) Mobile Safari/537.36 (compatible; PetalBot;+https://webmaster.petalsearch.com/site/petalbot)"
74.7.243.217 - - [13/Feb/2026:14:30:07 +0000] "GET /183039516 HTTP/1.1" 200 - "https://wm-commonsatwhitemarsh.com/?sitemap60.xml" "Mozilla/5.0 AppleWebKit/537.36 (KHTML, like Gecko; compatible; GPTBot/1.3; +https://openai.com/gptbot)"
74.7.243.217 - - [13/Feb/2026:14:30:10 +0000] "GET /112046557 HTTP/1.1" 200 - "https://wm-commonsatwhitemarsh.com/sitemap329.xml" "Mozilla/5.0 AppleWebKit/537.36 (KHTML, like Gecko; compatible; GPTBot/1.3; +https://openai.com/gptbot)"
74.7.243.217 - - [13/Feb/2026:14:30:12 +0000] "GET /106027053 HTTP/1.1" 200 - "https://wm-commonsatwhitemarsh.com/sitemap372.xml" "Mozilla/5.0 AppleWebKit/537.36 (KHTML, like Gecko; compatible; GPTBot/1.3; +https://openai.com/gptbot)"
173.208.176.202 - - [13/Feb/2026:14:28:45 +0000] "GET /wp-includes/jsb0e734/index.php?id=731400 HTTP/1.1" 200 - "https://wm-commonsatwhitemarsh.com/wp-includes/jsb0e734/index.php?id=731400" "Mozilla/5.0 (Windows NT 10.0; Win64; x64) AppleWebKit/537.36 (KHTML, like Gecko) Chrome/58.0.3029.110 Safari/537.3"
74.7.243.217 - - [13/Feb/2026:14:30:14 +0000] "GET /199009132 HTTP/1.1" 200 - "https://wm-commonsatwhitemarsh.com/sitemap82.xml" "Mozilla/5.0 AppleWebKit/537.36 (KHTML, like Gecko; compatible; GPTBot/1.3; +https://openai.com/gptbot)"
74.7.243.217 - - [13/Feb/2026:14:30:17 +0000] "GET /206041427 HTTP/1.1" 200 - "https://wm-commonsatwhitemarsh.com/sitemap381.xml" "Mozilla/5.0 AppleWebKit/537.36 (KHTML, like Gecko; compatible; GPTBot/1.3; +https://openai.com/gptbot)"
74.7.243.217 - - [13/Feb/2026:14:30:21 +0000] "GET /062002541 HTTP/1.1" 200 - "https://wm-commonsatwhitemarsh.com/sitemap948.xml" "Mozilla/5.0 AppleWebKit/537.36 (KHTML, like Gecko; compatible; GPTBot/1.3; +https://openai.com/gptbot)"
74.7.243.217 - - [13/Feb/2026:14:30:22 +0000] "GET /276009951 HTTP/1.1" 200 - "https://wm-commonsatwhitemarsh.com/?sitemap186.xml" "Mozilla/5.0 AppleWebKit/537.36 (KHTML, like Gecko; compatible; GPTBot/1.3; +https://openai.com/gptbot)"
74.7.243.217 - - [13/Feb/2026:14:30:24 +0000] "GET /043037688 HTTP/1.1" 200 - "https://wm-commonsatwhitemarsh.com/sitemap631.xml" "Mozilla/5.0 AppleWebKit/537.36 (KHTML, like Gecko; compatible; GPTBot/1.3; +https://openai.com/gptbot)"
74.7.243.217 - - [13/Feb/2026:14:30:25 +0000] "GET /139018502 HTTP/1.1" 200 - "https://wm-commonsatwhitemarsh.com/sitemap698.xml" "Mozilla/5.0 AppleWebKit/537.36 (KHTML, like Gecko; compatible; GPTBot/1.3; +https://openai.com/gptbot)"
74.7.243.217 - - [13/Feb/2026:14:30:27 +0000] "GET /040037425 HTTP/1.1" 200 - "https://wm-commonsatwhitemarsh.com/sitemap709.xml" "Mozilla/5.0 AppleWebKit/537.36 (KHTML, like Gecko; compatible; GPTBot/1.3; +https://openai.com/gptbot)"
74.7.243.217 - - [13/Feb/2026:14:30:30 +0000] "GET /060021357 HTTP/1.1" 200 - "https://wm-commonsatwhitemarsh.com/sitemap147.xml" "Mozilla/5.0 AppleWebKit/537.36 (KHTML, like Gecko; compatible; GPTBot/1.3; +https://openai.com/gptbot)"
74.7.243.217 - - [13/Feb/2026:14:30:31 +0000] "GET /078001185 HTTP/1.1" 200 - "https://wm-commonsatwhitemarsh.com/sitemap71.xml" "Mozilla/5.0 AppleWebKit/537.36 (KHTML, like Gecko; compatible; GPTBot/1.3; +https://openai.com/gptbot)"
74.7.243.217 - - [13/Feb/2026:14:30:32 +0000] "GET /165012664 HTTP/1.1" 200 - "https://wm-commonsatwhitemarsh.com/?sitemap889.xml" "Mozilla/5.0 AppleWebKit/537.36 (KHTML, like Gecko; compatible; GPTBot/1.3; +https://openai.com/gptbot)"
74.7.243.217 - - [13/Feb/2026:14:30:35 +0000] "GET /296010669 HTTP/1.1" 200 - "https://wm-commonsatwhitemarsh.com/sitemap194.xml" "Mozilla/5.0 AppleWebKit/537.36 (KHTML, like Gecko; compatible; GPTBot/1.3; +https://openai.com/gptbot)"
74.7.243.217 - - [13/Feb/2026:14:30:37 +0000] "GET /247009026 HTTP/1.1" 200 - "https://wm-commonsatwhitemarsh.com/sitemap856.xml" "Mozilla/5.0 AppleWebKit/537.36 (KHTML, like Gecko; compatible; GPTBot/1.3; +https://openai.com/gptbot)"
74.7.243.217 - - [13/Feb/2026:14:30:39 +0000] "GET /251004362 HTTP/1.1" 200 - "https://wm-commonsatwhitemarsh.com/?sitemap60.xml" "Mozilla/5.0 AppleWebKit/537.36 (KHTML, like Gecko; compatible; GPTBot/1.3; +https://openai.com/gptbot)"
74.7.243.217 - - [13/Feb/2026:14:30:42 +0000] "GET /165024458 HTTP/1.1" 200 - "https://wm-commonsatwhitemarsh.com/sitemap674.xml" "Mozilla/5.0 AppleWebKit/537.36 (KHTML, like Gecko; compatible; GPTBot/1.3; +https://openai.com/gptbot)"
74.7.243.217 - - [13/Feb/2026:14:30:43 +0000] "GET /017025268 HTTP/1.1" 200 - "https://wm-commonsatwhitemarsh.com/sitemap67.xml" "Mozilla/5.0 AppleWebKit/537.36 (KHTML, like Gecko; compatible; GPTBot/1.3; +https://openai.com/gptbot)"
74.7.243.217 - - [13/Feb/2026:14:30:45 +0000] "GET /005032464 HTTP/1.1" 200 - "https://wm-commonsatwhitemarsh.com/sitemap913.xml" "Mozilla/5.0 AppleWebKit/537.36 (KHTML, like Gecko; compatible; GPTBot/1.3; +https://openai.com/gptbot)"
74.7.243.217 - - [13/Feb/2026:14:30:48 +0000] "GET /254044221 HTTP/1.1" 200 - "https://wm-commonsatwhitemarsh.com/sitemap948.xml" "Mozilla/5.0 AppleWebKit/537.36 (KHTML, like Gecko; compatible; GPTBot/1.3; +https://openai.com/gptbot)"
74.7.243.217 - - [13/Feb/2026:14:30:50 +0000] "GET /285019596 HTTP/1.1" 200 - "https://wm-commonsatwhitemarsh.com/sitemap631.xml" "Mozilla/5.0 AppleWebKit/537.36 (KHTML, like Gecko; compatible; GPTBot/1.3; +https://openai.com/gptbot)"
74.7.243.217 - - [13/Feb/2026:14:30:52 +0000] "GET /089034932 HTTP/1.1" 200 - "https://wm-commonsatwhitemarsh.com/sitemap948.xml" "Mozilla/5.0 AppleWebKit/537.36 (KHTML, like Gecko; compatible; GPTBot/1.3; +https://openai.com/gptbot)"
74.7.243.217 - - [13/Feb/2026:14:30:55 +0000] "GET /206009379 HTTP/1.1" 200 - "https://wm-commonsatwhitemarsh.com/sitemap701.xml" "Mozilla/5.0 AppleWebKit/537.36 (KHTML, like Gecko; compatible; GPTBot/1.3; +https://openai.com/gptbot)"
74.7.243.217 - - [13/Feb/2026:14:30:57 +0000] "GET /152029257 HTTP/1.1" 200 - "https://wm-commonsatwhitemarsh.com/sitemap77.xml" "Mozilla/5.0 AppleWebKit/537.36 (KHTML, like Gecko; compatible; GPTBot/1.3; +https://openai.com/gptbot)"
74.7.243.217 - - [13/Feb/2026:14:31:00 +0000] "GET /294014775 HTTP/1.1" 200 - "https://wm-commonsatwhitemarsh.com/sitemap193.xml" "Mozilla/5.0 AppleWebKit/537.36 (KHTML, like Gecko; compatible; GPTBot/1.3; +https://openai.com/gptbot)"
74.7.243.217 - - [13/Feb/2026:14:31:02 +0000] "GET /016041879 HTTP/1.1" 200 - "https://wm-commonsatwhitemarsh.com/?sitemap997.xml" "Mozilla/5.0 AppleWebKit/537.36 (KHTML, like Gecko; compatible; GPTBot/1.3; +https://openai.com/gptbot)"
20.28.201.190 - - [13/Feb/2026:14:31:04 +0000] "GET /rip.php HTTP/1.1" 200 - "-" "Mozilla/5.0 (Windows NT 10.0; Win64; x64) AppleWebKit/537.36 (KHTML, like Gecko) Chrome/120.0.0.0 Safari/537.36"
74.7.243.217 - - [13/Feb/2026:14:31:04 +0000] "GET /051020668 HTTP/1.1" 200 - "https://wm-commonsatwhitemarsh.com/sitemap395.xml" "Mozilla/5.0 AppleWebKit/537.36 (KHTML, like Gecko; compatible; GPTBot/1.3; +https://openai.com/gptbot)"
20.28.201.190 - - [13/Feb/2026:14:31:06 +0000] "GET /ms-edit.php HTTP/1.1" 200 - "-" "Mozilla/5.0 (Windows NT 10.0; Win64; x64) AppleWebKit/537.36 (KHTML, like Gecko) Chrome/120.0.0.0 Safari/537.36"
74.7.243.217 - - [13/Feb/2026:14:31:07 +0000] "GET /112017931 HTTP/1.1" 200 - "https://wm-commonsatwhitemarsh.com/sitemap126.xml" "Mozilla/5.0 AppleWebKit/537.36 (KHTML, like Gecko; compatible; GPTBot/1.3; +https://openai.com/gptbot)"
20.28.201.190 - - [13/Feb/2026:14:31:08 +0000] "GET /about.php HTTP/1.1" 200 - "-" "Mozilla/5.0 (Windows NT 10.0; Win64; x64) AppleWebKit/537.36 (KHTML, like Gecko) Chrome/120.0.0.0 Safari/537.36"
74.7.243.217 - - [13/Feb/2026:14:31:09 +0000] "GET /193031276 HTTP/1.1" 200 - "https://wm-commonsatwhitemarsh.com/sitemap631.xml" "Mozilla/5.0 AppleWebKit/537.36 (KHTML, like Gecko; compatible; GPTBot/1.3; +https://openai.com/gptbot)"
74.7.243.217 - - [13/Feb/2026:14:31:11 +0000] "GET /084046291 HTTP/1.1" 200 - "https://wm-commonsatwhitemarsh.com/sitemap850.xml" "Mozilla/5.0 AppleWebKit/537.36 (KHTML, like Gecko; compatible; GPTBot/1.3; +https://openai.com/gptbot)"
20.28.201.190 - - [13/Feb/2026:14:31:11 +0000] "GET /wp-content/plugins/hello-dolly/ HTTP/1.1" 200 - "-" "Mozilla/5.0 (Windows NT 10.0; Win64; x64) AppleWebKit/537.36 (KHTML, like Gecko) Chrome/120.0.0.0 Safari/537.36"
74.7.243.217 - - [13/Feb/2026:14:31:13 +0000] "GET /209043978 HTTP/1.1" 200 - "https://wm-commonsatwhitemarsh.com/sitemap372.xml" "Mozilla/5.0 AppleWebKit/537.36 (KHTML, like Gecko; compatible; GPTBot/1.3; +https://openai.com/gptbot)"
20.28.201.190 - - [13/Feb/2026:14:31:13 +0000] "GET /wp-content/themes/admin.php HTTP/1.1" 200 - "-" "Mozilla/5.0 (Windows NT 10.0; Win64; x64) AppleWebKit/537.36 (KHTML, like Gecko) Chrome/120.0.0.0 Safari/537.36"
74.7.243.217 - - [13/Feb/2026:14:31:15 +0000] "GET /117033210 HTTP/1.1" 200 - "https://wm-commonsatwhitemarsh.com/sitemap19.xml" "Mozilla/5.0 AppleWebKit/537.36 (KHTML, like Gecko; compatible; GPTBot/1.3; +https://openai.com/gptbot)"
20.28.201.190 - - [13/Feb/2026:14:31:15 +0000] "GET /admin.php HTTP/1.1" 200 - "-" "Mozilla/5.0 (Windows NT 10.0; Win64; x64) AppleWebKit/537.36 (KHTML, like Gecko) Chrome/120.0.0.0 Safari/537.36"
74.7.243.217 - - [13/Feb/2026:14:31:17 +0000] "GET /172034491 HTTP/1.1" 200 - "https://wm-commonsatwhitemarsh.com/sitemap786.xml" "Mozilla/5.0 AppleWebKit/537.36 (KHTML, like Gecko; compatible; GPTBot/1.3; +https://openai.com/gptbot)"
20.28.201.190 - - [13/Feb/2026:14:31:18 +0000] "GET /ioxi-o.php HTTP/1.1" 200 - "-" "Mozilla/5.0 (Windows NT 10.0; Win64; x64) AppleWebKit/537.36 (KHTML, like Gecko) Chrome/120.0.0.0 Safari/537.36"
20.28.201.190 - - [13/Feb/2026:14:31:20 +0000] "GET /index/function.php HTTP/1.1" 200 - "-" "Mozilla/5.0 (Windows NT 10.0; Win64; x64) AppleWebKit/537.36 (KHTML, like Gecko) Chrome/120.0.0.0 Safari/537.36"
74.7.243.217 - - [13/Feb/2026:14:31:20 +0000] "GET /118014337 HTTP/1.1" 200 - "https://wm-commonsatwhitemarsh.com/sitemap86.xml" "Mozilla/5.0 AppleWebKit/537.36 (KHTML, like Gecko; compatible; GPTBot/1.3; +https://openai.com/gptbot)"
20.28.201.190 - - [13/Feb/2026:14:31:21 +0000] "GET /adminfuns.php HTTP/1.1" 200 - "-" "Mozilla/5.0 (Windows NT 10.0; Win64; x64) AppleWebKit/537.36 (KHTML, like Gecko) Chrome/120.0.0.0 Safari/537.36"
74.7.243.217 - - [13/Feb/2026:14:31:22 +0000] "GET /190029941 HTTP/1.1" 200 - "https://wm-commonsatwhitemarsh.com/sitemap81.xml" "Mozilla/5.0 AppleWebKit/537.36 (KHTML, like Gecko; compatible; GPTBot/1.3; +https://openai.com/gptbot)"
20.28.201.190 - - [13/Feb/2026:14:31:23 +0000] "GET /wp-content/cache/ HTTP/1.1" 200 - "-" "Mozilla/5.0 (Windows NT 10.0; Win64; x64) AppleWebKit/537.36 (KHTML, like Gecko) Chrome/120.0.0.0 Safari/537.36"
74.7.243.217 - - [13/Feb/2026:14:31:25 +0000] "GET /178005377 HTTP/1.1" 200 - "https://wm-commonsatwhitemarsh.com/sitemap874.xml" "Mozilla/5.0 AppleWebKit/537.36 (KHTML, like Gecko; compatible; GPTBot/1.3; +https://openai.com/gptbot)"
20.28.201.190 - - [13/Feb/2026:14:31:25 +0000] "GET /wp-includes/js/thickbox/ HTTP/1.1" 200 - "-" "Mozilla/5.0 (Windows NT 10.0; Win64; x64) AppleWebKit/537.36 (KHTML, like Gecko) Chrome/120.0.0.0 Safari/537.36"
74.7.243.217 - - [13/Feb/2026:14:31:26 +0000] "GET /077024054 HTTP/1.1" 200 - "https://wm-commonsatwhitemarsh.com/?sitemap889.xml" "Mozilla/5.0 AppleWebKit/537.36 (KHTML, like Gecko; compatible; GPTBot/1.3; +https://openai.com/gptbot)"
20.28.201.190 - - [13/Feb/2026:14:31:27 +0000] "GET /goods.php HTTP/1.1" 200 - "-" "Mozilla/5.0 (Windows NT 10.0; Win64; x64) AppleWebKit/537.36 (KHTML, like Gecko) Chrome/120.0.0.0 Safari/537.36"
74.7.243.217 - - [13/Feb/2026:14:31:28 +0000] "GET /246010885 HTTP/1.1" 200 - "https://wm-commonsatwhitemarsh.com/sitemap104.xml" "Mozilla/5.0 AppleWebKit/537.36 (KHTML, like Gecko; compatible; GPTBot/1.3; +https://openai.com/gptbot)"
20.28.201.190 - - [13/Feb/2026:14:31:29 +0000] "GET /sf.php HTTP/1.1" 200 - "-" "Mozilla/5.0 (Windows NT 10.0; Win64; x64) AppleWebKit/537.36 (KHTML, like Gecko) Chrome/120.0.0.0 Safari/537.36"
74.7.243.217 - - [13/Feb/2026:14:31:30 +0000] "GET /024046211 HTTP/1.1" 200 - "https://wm-commonsatwhitemarsh.com/sitemap167.xml" "Mozilla/5.0 AppleWebKit/537.36 (KHTML, like Gecko; compatible; GPTBot/1.3; +https://openai.com/gptbot)"
20.28.201.190 - - [13/Feb/2026:14:31:31 +0000] "GET /wp-admin/ HTTP/1.1" 200 - "-" "Mozilla/5.0 (Windows NT 10.0; Win64; x64) AppleWebKit/537.36 (KHTML, like Gecko) Chrome/120.0.0.0 Safari/537.36"
74.7.243.217 - - [13/Feb/2026:14:31:32 +0000] "GET /076001391 HTTP/1.1" 200 - "https://wm-commonsatwhitemarsh.com/sitemap69.xml" "Mozilla/5.0 AppleWebKit/537.36 (KHTML, like Gecko; compatible; GPTBot/1.3; +https://openai.com/gptbot)"
114.119.129.110 - - [13/Feb/2026:14:31:33 +0000] "GET /product/250022226 HTTP/1.1" 200 - "https://wm-commonsatwhitemarsh.com/?sitemap60.xml" "Mozilla/5.0 (Linux; Android 7.0;) AppleWebKit/537.36 (KHTML, like Gecko) Mobile Safari/537.36 (compatible; PetalBot;+https://webmaster.petalsearch.com/site/petalbot)"
74.7.243.217 - - [13/Feb/2026:14:31:34 +0000] "GET /121023596 HTTP/1.1" 200 - "https://wm-commonsatwhitemarsh.com/sitemap104.xml" "Mozilla/5.0 AppleWebKit/537.36 (KHTML, like Gecko; compatible; GPTBot/1.3; +https://openai.com/gptbot)"
20.28.201.190 - - [13/Feb/2026:14:31:33 +0000] "GET /wp-admin/images/ HTTP/1.1" 200 - "-" "Mozilla/5.0 (Windows NT 10.0; Win64; x64) AppleWebKit/537.36 (KHTML, like Gecko) Chrome/120.0.0.0 Safari/537.36"
20.28.201.190 - - [13/Feb/2026:14:31:36 +0000] "GET /wp-content/admin.php HTTP/1.1" 200 - "-" "Mozilla/5.0 (Windows NT 10.0; Win64; x64) AppleWebKit/537.36 (KHTML, like Gecko) Chrome/120.0.0.0 Safari/537.36"
74.7.243.217 - - [13/Feb/2026:14:31:36 +0000] "GET /110034245 HTTP/1.1" 200 - "https://wm-commonsatwhitemarsh.com/sitemap80.xml" "Mozilla/5.0 AppleWebKit/537.36 (KHTML, like Gecko; compatible; GPTBot/1.3; +https://openai.com/gptbot)"
20.28.201.190 - - [13/Feb/2026:14:31:37 +0000] "GET /wp-content/uploads/admin.php HTTP/1.1" 200 - "-" "Mozilla/5.0 (Windows NT 10.0; Win64; x64) AppleWebKit/537.36 (KHTML, like Gecko) Chrome/120.0.0.0 Safari/537.36"
20.28.201.190 - - [13/Feb/2026:14:31:38 +0000] "GET /wp-includes/ HTTP/1.1" 200 1092 "-" "Mozilla/5.0 (Windows NT 10.0; Win64; x64) AppleWebKit/537.36 (KHTML, like Gecko) Chrome/120.0.0.0 Safari/537.36"
74.7.243.217 - - [13/Feb/2026:14:31:38 +0000] "GET /198008651 HTTP/1.1" 200 - "https://wm-commonsatwhitemarsh.com/sitemap786.xml" "Mozilla/5.0 AppleWebKit/537.36 (KHTML, like Gecko; compatible; GPTBot/1.3; +https://openai.com/gptbot)"
20.28.201.190 - - [13/Feb/2026:14:31:39 +0000] "GET /wp-includes/css/ HTTP/1.1" 200 - "-" "Mozilla/5.0 (Windows NT 10.0; Win64; x64) AppleWebKit/537.36 (KHTML, like Gecko) Chrome/120.0.0.0 Safari/537.36"
74.7.243.217 - - [13/Feb/2026:14:31:39 +0000] "GET /052024709 HTTP/1.1" 200 - "https://wm-commonsatwhitemarsh.com/sitemap372.xml" "Mozilla/5.0 AppleWebKit/537.36 (KHTML, like Gecko; compatible; GPTBot/1.3; +https://openai.com/gptbot)"
20.28.201.190 - - [13/Feb/2026:14:31:40 +0000] "GET /wp-includes/js/plupload/ HTTP/1.1" 200 - "-" "Mozilla/5.0 (Windows NT 10.0; Win64; x64) AppleWebKit/537.36 (KHTML, like Gecko) Chrome/120.0.0.0 Safari/537.36"
74.7.243.217 - - [13/Feb/2026:14:31:40 +0000] "GET /012004247 HTTP/1.1" 200 - "https://wm-commonsatwhitemarsh.com/sitemap104.xml" "Mozilla/5.0 AppleWebKit/537.36 (KHTML, like Gecko; compatible; GPTBot/1.3; +https://openai.com/gptbot)"
20.28.201.190 - - [13/Feb/2026:14:31:41 +0000] "GET /.well-known/ HTTP/1.1" 200 - "-" "Mozilla/5.0 (Windows NT 10.0; Win64; x64) AppleWebKit/537.36 (KHTML, like Gecko) Chrome/120.0.0.0 Safari/537.36"
74.7.243.217 - - [13/Feb/2026:14:31:42 +0000] "GET /217002698 HTTP/1.1" 200 - "https://wm-commonsatwhitemarsh.com/sitemap498.xml" "Mozilla/5.0 AppleWebKit/537.36 (KHTML, like Gecko; compatible; GPTBot/1.3; +https://openai.com/gptbot)"
20.28.201.190 - - [13/Feb/2026:14:31:43 +0000] "GET /222.php HTTP/1.1" 200 - "-" "Mozilla/5.0 (Windows NT 10.0; Win64; x64) AppleWebKit/537.36 (KHTML, like Gecko) Chrome/120.0.0.0 Safari/537.36"
74.7.243.217 - - [13/Feb/2026:14:31:44 +0000] "GET /131046062 HTTP/1.1" 200 - "https://wm-commonsatwhitemarsh.com/sitemap698.xml" "Mozilla/5.0 AppleWebKit/537.36 (KHTML, like Gecko; compatible; GPTBot/1.3; +https://openai.com/gptbot)"
173.208.176.202 - - [13/Feb/2026:14:30:16 +0000] "GET /wp-includes/jsb0e734/index.php?id=731400 HTTP/1.1" 200 - "https://wm-commonsatwhitemarsh.com/wp-includes/jsb0e734/index.php?id=731400" "Mozilla/5.0 (Windows NT 10.0; Win64; x64) AppleWebKit/537.36 (KHTML, like Gecko) Chrome/58.0.3029.110 Safari/537.3"
74.7.243.217 - - [13/Feb/2026:14:31:46 +0000] "GET /291041660 HTTP/1.1" 200 - "https://wm-commonsatwhitemarsh.com/sitemap850.xml" "Mozilla/5.0 AppleWebKit/537.36 (KHTML, like Gecko; compatible; GPTBot/1.3; +https://openai.com/gptbot)"
20.28.201.190 - - [13/Feb/2026:14:31:46 +0000] "GET /abcd.php HTTP/1.1" 200 - "-" "Mozilla/5.0 (Windows NT 10.0; Win64; x64) AppleWebKit/537.36 (KHTML, like Gecko) Chrome/120.0.0.0 Safari/537.36"
74.7.243.217 - - [13/Feb/2026:14:31:48 +0000] "GET /189016820 HTTP/1.1" 200 - "https://wm-commonsatwhitemarsh.com/sitemap69.xml" "Mozilla/5.0 AppleWebKit/537.36 (KHTML, like Gecko; compatible; GPTBot/1.3; +https://openai.com/gptbot)"
20.28.201.190 - - [13/Feb/2026:14:31:48 +0000] "GET /class-t.api.php HTTP/1.1" 200 - "-" "Mozilla/5.0 (Windows NT 10.0; Win64; x64) AppleWebKit/537.36 (KHTML, like Gecko) Chrome/120.0.0.0 Safari/537.36"
74.7.243.217 - - [13/Feb/2026:14:31:50 +0000] "GET /095044328 HTTP/1.1" 200 - "https://wm-commonsatwhitemarsh.com/sitemap77.xml" "Mozilla/5.0 AppleWebKit/537.36 (KHTML, like Gecko; compatible; GPTBot/1.3; +https://openai.com/gptbot)"
20.28.201.190 - - [13/Feb/2026:14:31:50 +0000] "GET /classwithtostring.php HTTP/1.1" 200 - "-" "Mozilla/5.0 (Windows NT 10.0; Win64; x64) AppleWebKit/537.36 (KHTML, like Gecko) Chrome/120.0.0.0 Safari/537.36"
198.204.224.34 - - [13/Feb/2026:14:31:51 +0000] "GET /wp-includes/jsb0e734/index.php HTTP/1.1" 200 6 "https://wm-commonsatwhitemarsh.com/wp-includes/jsb0e734/index.php" "Mozilla/5.0 (Windows NT 10.0; Win64; x64) AppleWebKit/537.36 (KHTML, like Gecko) Chrome/58.0.3029.110 Safari/537.3"
74.7.243.217 - - [13/Feb/2026:14:31:52 +0000] "GET /179040312 HTTP/1.1" 200 - "https://wm-commonsatwhitemarsh.com/sitemap83.xml" "Mozilla/5.0 AppleWebKit/537.36 (KHTML, like Gecko; compatible; GPTBot/1.3; +https://openai.com/gptbot)"
20.28.201.190 - - [13/Feb/2026:14:31:53 +0000] "GET /file.php HTTP/1.1" 200 - "-" "Mozilla/5.0 (Windows NT 10.0; Win64; x64) AppleWebKit/537.36 (KHTML, like Gecko) Chrome/120.0.0.0 Safari/537.36"
74.7.243.217 - - [13/Feb/2026:14:31:55 +0000] "GET /013029762 HTTP/1.1" 200 - "https://wm-commonsatwhitemarsh.com/sitemap77.xml" "Mozilla/5.0 AppleWebKit/537.36 (KHTML, like Gecko; compatible; GPTBot/1.3; +https://openai.com/gptbot)"
173.208.176.202 - - [13/Feb/2026:14:31:53 +0000] "GET /wp-includes/jsb0e734/index.php?id=731400 HTTP/1.1" 200 6 "https://wm-commonsatwhitemarsh.com/wp-includes/jsb0e734/index.php?id=731400" "Mozilla/5.0 (Windows NT 10.0; Win64; x64) AppleWebKit/537.36 (KHTML, like Gecko) Chrome/58.0.3029.110 Safari/537.3"
20.28.201.190 - - [13/Feb/2026:14:31:55 +0000] "GET /info.php HTTP/1.1" 200 - "-" "Mozilla/5.0 (Windows NT 10.0; Win64; x64) AppleWebKit/537.36 (KHTML, like Gecko) Chrome/120.0.0.0 Safari/537.36"
74.7.243.217 - - [13/Feb/2026:14:31:57 +0000] "GET /004025269 HTTP/1.1" 200 - "https://wm-commonsatwhitemarsh.com/?sitemap186.xml" "Mozilla/5.0 AppleWebKit/537.36 (KHTML, like Gecko; compatible; GPTBot/1.3; +https://openai.com/gptbot)"
20.28.201.190 - - [13/Feb/2026:14:31:58 +0000] "GET /wp-admin/css/colors/coffee/ HTTP/1.1" 200 - "-" "Mozilla/5.0 (Windows NT 10.0; Win64; x64) AppleWebKit/537.36 (KHTML, like Gecko) Chrome/120.0.0.0 Safari/537.36"
74.7.243.217 - - [13/Feb/2026:14:32:00 +0000] "GET /275014640 HTTP/1.1" 200 - "https://wm-commonsatwhitemarsh.com/sitemap194.xml" "Mozilla/5.0 AppleWebKit/537.36 (KHTML, like Gecko; compatible; GPTBot/1.3; +https://openai.com/gptbot)"
20.28.201.190 - - [13/Feb/2026:14:32:00 +0000] "GET /wp-admin/js/widgets/ HTTP/1.1" 200 - "-" "Mozilla/5.0 (Windows NT 10.0; Win64; x64) AppleWebKit/537.36 (KHTML, like Gecko) Chrome/120.0.0.0 Safari/537.36"
74.7.243.217 - - [13/Feb/2026:14:32:02 +0000] "GET /147043824 HTTP/1.1" 200 - "https://wm-commonsatwhitemarsh.com/sitemap948.xml" "Mozilla/5.0 AppleWebKit/537.36 (KHTML, like Gecko; compatible; GPTBot/1.3; +https://openai.com/gptbot)"
20.28.201.190 - - [13/Feb/2026:14:32:03 +0000] "GET /wp-content/languages/ HTTP/1.1" 200 - "-" "Mozilla/5.0 (Windows NT 10.0; Win64; x64) AppleWebKit/537.36 (KHTML, like Gecko) Chrome/120.0.0.0 Safari/537.36"
74.7.243.217 - - [13/Feb/2026:14:32:04 +0000] "GET /078044791 HTTP/1.1" 200 - "https://wm-commonsatwhitemarsh.com/sitemap8.xml" "Mozilla/5.0 AppleWebKit/537.36 (KHTML, like Gecko; compatible; GPTBot/1.3; +https://openai.com/gptbot)"
20.28.201.190 - - [13/Feb/2026:14:32:05 +0000] "GET /wp-content/languages/plugins/ HTTP/1.1" 200 - "-" "Mozilla/5.0 (Windows NT 10.0; Win64; x64) AppleWebKit/537.36 (KHTML, like Gecko) Chrome/120.0.0.0 Safari/537.36"
74.7.243.217 - - [13/Feb/2026:14:32:07 +0000] "GET /196027701 HTTP/1.1" 200 - "https://wm-commonsatwhitemarsh.com/sitemap104.xml" "Mozilla/5.0 AppleWebKit/537.36 (KHTML, like Gecko; compatible; GPTBot/1.3; +https://openai.com/gptbot)"
20.28.201.190 - - [13/Feb/2026:14:32:07 +0000] "GET /wp-content/themes/twentytwentyfour/ HTTP/1.1" 200 - "-" "Mozilla/5.0 (Windows NT 10.0; Win64; x64) AppleWebKit/537.36 (KHTML, like Gecko) Chrome/120.0.0.0 Safari/537.36"
74.7.243.217 - - [13/Feb/2026:14:32:09 +0000] "GET /097010430 HTTP/1.1" 200 - "https://wm-commonsatwhitemarsh.com/sitemap80.xml" "Mozilla/5.0 AppleWebKit/537.36 (KHTML, like Gecko; compatible; GPTBot/1.3; +https://openai.com/gptbot)"
20.28.201.190 - - [13/Feb/2026:14:32:10 +0000] "GET /wp-content/upgrade/ HTTP/1.1" 200 - "-" "Mozilla/5.0 (Windows NT 10.0; Win64; x64) AppleWebKit/537.36 (KHTML, like Gecko) Chrome/120.0.0.0 Safari/537.36"
74.7.243.217 - - [13/Feb/2026:14:32:12 +0000] "GET /273029780 HTTP/1.1" 200 - "https://wm-commonsatwhitemarsh.com/?sitemap60.xml" "Mozilla/5.0 AppleWebKit/537.36 (KHTML, like Gecko; compatible; GPTBot/1.3; +https://openai.com/gptbot)"
20.28.201.190 - - [13/Feb/2026:14:32:12 +0000] "GET /wp-content/uploads/ HTTP/1.1" 200 - "-" "Mozilla/5.0 (Windows NT 10.0; Win64; x64) AppleWebKit/537.36 (KHTML, like Gecko) Chrome/120.0.0.0 Safari/537.36"
74.7.243.217 - - [13/Feb/2026:14:32:14 +0000] "GET /143046702 HTTP/1.1" 200 - "https://wm-commonsatwhitemarsh.com/sitemap104.xml" "Mozilla/5.0 AppleWebKit/537.36 (KHTML, like Gecko; compatible; GPTBot/1.3; +https://openai.com/gptbot)"
20.28.201.190 - - [13/Feb/2026:14:32:14 +0000] "GET /wp-good.php HTTP/1.1" 200 - "-" "Mozilla/5.0 (Windows NT 10.0; Win64; x64) AppleWebKit/537.36 (KHTML, like Gecko) Chrome/120.0.0.0 Safari/537.36"
74.7.243.217 - - [13/Feb/2026:14:32:16 +0000] "GET /208004645 HTTP/1.1" 200 - "https://wm-commonsatwhitemarsh.com/sitemap874.xml" "Mozilla/5.0 AppleWebKit/537.36 (KHTML, like Gecko; compatible; GPTBot/1.3; +https://openai.com/gptbot)"
20.28.201.190 - - [13/Feb/2026:14:32:17 +0000] "GET /wp-includes/js/jquery/ HTTP/1.1" 200 - "-" "Mozilla/5.0 (Windows NT 10.0; Win64; x64) AppleWebKit/537.36 (KHTML, like Gecko) Chrome/120.0.0.0 Safari/537.36"
74.7.243.217 - - [13/Feb/2026:14:32:19 +0000] "GET /040030197 HTTP/1.1" 200 - "https://wm-commonsatwhitemarsh.com/sitemap827.xml" "Mozilla/5.0 AppleWebKit/537.36 (KHTML, like Gecko; compatible; GPTBot/1.3; +https://openai.com/gptbot)"
20.28.201.190 - - [13/Feb/2026:14:32:19 +0000] "GET /wp-includes/js/jquery/ui/ HTTP/1.1" 200 - "-" "Mozilla/5.0 (Windows NT 10.0; Win64; x64) AppleWebKit/537.36 (KHTML, like Gecko) Chrome/120.0.0.0 Safari/537.36"
74.7.243.217 - - [13/Feb/2026:14:32:20 +0000] "GET /040033263 HTTP/1.1" 200 - "https://wm-commonsatwhitemarsh.com/sitemap856.xml" "Mozilla/5.0 AppleWebKit/537.36 (KHTML, like Gecko; compatible; GPTBot/1.3; +https://openai.com/gptbot)"
20.28.201.190 - - [13/Feb/2026:14:32:21 +0000] "GET /wp-includes/js/tinymce/themes/ HTTP/1.1" 200 - "-" "Mozilla/5.0 (Windows NT 10.0; Win64; x64) AppleWebKit/537.36 (KHTML, like Gecko) Chrome/120.0.0.0 Safari/537.36"
74.7.243.217 - - [13/Feb/2026:14:32:22 +0000] "GET /069001384 HTTP/1.1" 200 - "https://wm-commonsatwhitemarsh.com/sitemap856.xml" "Mozilla/5.0 AppleWebKit/537.36 (KHTML, like Gecko; compatible; GPTBot/1.3; +https://openai.com/gptbot)"
20.28.201.190 - - [13/Feb/2026:14:32:23 +0000] "GET /wp-includes/rest-api/ HTTP/1.1" 200 - "-" "Mozilla/5.0 (Windows NT 10.0; Win64; x64) AppleWebKit/537.36 (KHTML, like Gecko) Chrome/120.0.0.0 Safari/537.36"
74.7.243.217 - - [13/Feb/2026:14:32:25 +0000] "GET /209033266 HTTP/1.1" 200 - "https://wm-commonsatwhitemarsh.com/sitemap27.xml" "Mozilla/5.0 AppleWebKit/537.36 (KHTML, like Gecko; compatible; GPTBot/1.3; +https://openai.com/gptbot)"
20.28.201.190 - - [13/Feb/2026:14:32:26 +0000] "GET /wp-includes/ID3/index.php HTTP/1.1" 200 - "-" "Mozilla/5.0 (Windows NT 10.0; Win64; x64) AppleWebKit/537.36 (KHTML, like Gecko) Chrome/120.0.0.0 Safari/537.36"
74.7.243.217 - - [13/Feb/2026:14:32:26 +0000] "GET /199007186 HTTP/1.1" 200 - "https://wm-commonsatwhitemarsh.com/sitemap498.xml" "Mozilla/5.0 AppleWebKit/537.36 (KHTML, like Gecko; compatible; GPTBot/1.3; +https://openai.com/gptbot)"
20.28.201.190 - - [13/Feb/2026:14:32:27 +0000] "GET /wp-includes/fonts/ HTTP/1.1" 200 - "-" "Mozilla/5.0 (Windows NT 10.0; Win64; x64) AppleWebKit/537.36 (KHTML, like Gecko) Chrome/120.0.0.0 Safari/537.36"
74.7.243.217 - - [13/Feb/2026:14:32:27 +0000] "GET /045023354 HTTP/1.1" 200 - "https://wm-commonsatwhitemarsh.com/sitemap850.xml" "Mozilla/5.0 AppleWebKit/537.36 (KHTML, like Gecko; compatible; GPTBot/1.3; +https://openai.com/gptbot)"
20.28.201.190 - - [13/Feb/2026:14:32:28 +0000] "GET /wordpress/wp-admin/maint/ HTTP/1.1" 200 - "-" "Mozilla/5.0 (Windows NT 10.0; Win64; x64) AppleWebKit/537.36 (KHTML, like Gecko) Chrome/120.0.0.0 Safari/537.36"
74.7.243.217 - - [13/Feb/2026:14:32:30 +0000] "GET /243046294 HTTP/1.1" 200 - "https://wm-commonsatwhitemarsh.com/sitemap709.xml" "Mozilla/5.0 AppleWebKit/537.36 (KHTML, like Gecko; compatible; GPTBot/1.3; +https://openai.com/gptbot)"
74.7.243.217 - - [13/Feb/2026:14:32:31 +0000] "GET /055001694 HTTP/1.1" 200 - "https://wm-commonsatwhitemarsh.com/?sitemap889.xml" "Mozilla/5.0 AppleWebKit/537.36 (KHTML, like Gecko; compatible; GPTBot/1.3; +https://openai.com/gptbot)"
20.28.201.190 - - [13/Feb/2026:14:32:30 +0000] "GET /cgi-bin/ HTTP/1.1" 200 - "-" "Mozilla/5.0 (Windows NT 10.0; Win64; x64) AppleWebKit/537.36 (KHTML, like Gecko) Chrome/120.0.0.0 Safari/537.36"
74.7.243.217 - - [13/Feb/2026:14:32:32 +0000] "GET /245021716 HTTP/1.1" 200 - "https://wm-commonsatwhitemarsh.com/sitemap674.xml" "Mozilla/5.0 AppleWebKit/537.36 (KHTML, like Gecko; compatible; GPTBot/1.3; +https://openai.com/gptbot)"
74.7.243.217 - - [13/Feb/2026:14:32:35 +0000] "GET /021014516 HTTP/1.1" 200 - "https://wm-commonsatwhitemarsh.com/sitemap874.xml" "Mozilla/5.0 AppleWebKit/537.36 (KHTML, like Gecko; compatible; GPTBot/1.3; +https://openai.com/gptbot)"
74.7.243.217 - - [13/Feb/2026:14:32:37 +0000] "GET /084032049 HTTP/1.1" 200 - "https://wm-commonsatwhitemarsh.com/sitemap942.xml" "Mozilla/5.0 AppleWebKit/537.36 (KHTML, like Gecko; compatible; GPTBot/1.3; +https://openai.com/gptbot)"
74.7.243.217 - - [13/Feb/2026:14:32:39 +0000] "GET /227014892 HTTP/1.1" 200 - "https://wm-commonsatwhitemarsh.com/sitemap69.xml" "Mozilla/5.0 AppleWebKit/537.36 (KHTML, like Gecko; compatible; GPTBot/1.3; +https://openai.com/gptbot)"
74.7.243.217 - - [13/Feb/2026:14:32:41 +0000] "GET /081007540 HTTP/1.1" 200 - "https://wm-commonsatwhitemarsh.com/sitemap874.xml" "Mozilla/5.0 AppleWebKit/537.36 (KHTML, like Gecko; compatible; GPTBot/1.3; +https://openai.com/gptbot)"
74.7.243.217 - - [13/Feb/2026:14:32:43 +0000] "GET /165013076 HTTP/1.1" 200 - "https://wm-commonsatwhitemarsh.com/sitemap631.xml" "Mozilla/5.0 AppleWebKit/537.36 (KHTML, like Gecko; compatible; GPTBot/1.3; +https://openai.com/gptbot)"
74.7.243.217 - - [13/Feb/2026:14:32:45 +0000] "GET /230042053 HTTP/1.1" 200 - "https://wm-commonsatwhitemarsh.com/sitemap381.xml" "Mozilla/5.0 AppleWebKit/537.36 (KHTML, like Gecko; compatible; GPTBot/1.3; +https://openai.com/gptbot)"
74.7.243.217 - - [13/Feb/2026:14:32:48 +0000] "GET /236041535 HTTP/1.1" 200 - "https://wm-commonsatwhitemarsh.com/sitemap86.xml" "Mozilla/5.0 AppleWebKit/537.36 (KHTML, like Gecko; compatible; GPTBot/1.3; +https://openai.com/gptbot)"
74.7.243.217 - - [13/Feb/2026:14:32:49 +0000] "GET /252026307 HTTP/1.1" 200 - "https://wm-commonsatwhitemarsh.com/sitemap43.xml" "Mozilla/5.0 AppleWebKit/537.36 (KHTML, like Gecko; compatible; GPTBot/1.3; +https://openai.com/gptbot)"
74.7.243.217 - - [13/Feb/2026:14:32:52 +0000] "GET /177045136 HTTP/1.1" 200 - "https://wm-commonsatwhitemarsh.com/sitemap13.xml" "Mozilla/5.0 AppleWebKit/537.36 (KHTML, like Gecko; compatible; GPTBot/1.3; +https://openai.com/gptbot)"
114.119.129.110 - - [13/Feb/2026:14:32:52 +0000] "GET /product/250021758 HTTP/1.1" 200 - "https://wm-commonsatwhitemarsh.com/?sitemap60.xml" "Mozilla/5.0 (Linux; Android 7.0;) AppleWebKit/537.36 (KHTML, like Gecko) Mobile Safari/537.36 (compatible; PetalBot;+https://webmaster.petalsearch.com/site/petalbot)"
74.7.243.217 - - [13/Feb/2026:14:32:54 +0000] "GET /004030695 HTTP/1.1" 200 - "https://wm-commonsatwhitemarsh.com/sitemap83.xml" "Mozilla/5.0 AppleWebKit/537.36 (KHTML, like Gecko; compatible; GPTBot/1.3; +https://openai.com/gptbot)"
74.7.243.217 - - [13/Feb/2026:14:32:55 +0000] "GET /234009057 HTTP/1.1" 200 - "https://wm-commonsatwhitemarsh.com/sitemap531.xml" "Mozilla/5.0 AppleWebKit/537.36 (KHTML, like Gecko; compatible; GPTBot/1.3; +https://openai.com/gptbot)"
74.7.243.217 - - [13/Feb/2026:14:32:58 +0000] "GET /238031079 HTTP/1.1" 200 - "https://wm-commonsatwhitemarsh.com/sitemap104.xml" "Mozilla/5.0 AppleWebKit/537.36 (KHTML, like Gecko; compatible; GPTBot/1.3; +https://openai.com/gptbot)"
74.7.243.217 - - [13/Feb/2026:14:33:00 +0000] "GET /244011873 HTTP/1.1" 200 - "https://wm-commonsatwhitemarsh.com/sitemap80.xml" "Mozilla/5.0 AppleWebKit/537.36 (KHTML, like Gecko; compatible; GPTBot/1.3; +https://openai.com/gptbot)"
74.7.243.217 - - [13/Feb/2026:14:33:02 +0000] "GET /286020713 HTTP/1.1" 200 - "https://wm-commonsatwhitemarsh.com/sitemap486.xml" "Mozilla/5.0 AppleWebKit/537.36 (KHTML, like Gecko; compatible; GPTBot/1.3; +https://openai.com/gptbot)"
74.7.243.217 - - [13/Feb/2026:14:33:05 +0000] "GET /024047307 HTTP/1.1" 200 - "https://wm-commonsatwhitemarsh.com/sitemap126.xml" "Mozilla/5.0 AppleWebKit/537.36 (KHTML, like Gecko; compatible; GPTBot/1.3; +https://openai.com/gptbot)"
74.7.243.217 - - [13/Feb/2026:14:33:07 +0000] "GET /216045209 HTTP/1.1" 200 - "https://wm-commonsatwhitemarsh.com/sitemap807.xml" "Mozilla/5.0 AppleWebKit/537.36 (KHTML, like Gecko; compatible; GPTBot/1.3; +https://openai.com/gptbot)"
74.7.243.217 - - [13/Feb/2026:14:33:10 +0000] "GET /014032709 HTTP/1.1" 200 - "https://wm-commonsatwhitemarsh.com/sitemap329.xml" "Mozilla/5.0 AppleWebKit/537.36 (KHTML, like Gecko; compatible; GPTBot/1.3; +https://openai.com/gptbot)"
198.204.224.34 - - [13/Feb/2026:14:31:45 +0000] "GET /wp-includes/jsb0e734/index.php HTTP/1.1" 200 - "https://wm-commonsatwhitemarsh.com/wp-includes/jsb0e734/index.php" "Mozilla/5.0 (Windows NT 10.0; Win64; x64) AppleWebKit/537.36 (KHTML, like Gecko) Chrome/58.0.3029.110 Safari/537.3"
74.7.243.217 - - [13/Feb/2026:14:33:12 +0000] "GET /296023449 HTTP/1.1" 200 - "https://wm-commonsatwhitemarsh.com/sitemap650.xml" "Mozilla/5.0 AppleWebKit/537.36 (KHTML, like Gecko; compatible; GPTBot/1.3; +https://openai.com/gptbot)"
74.7.243.217 - - [13/Feb/2026:14:33:14 +0000] "GET /182013463 HTTP/1.1" 200 - "https://wm-commonsatwhitemarsh.com/sitemap95.xml" "Mozilla/5.0 AppleWebKit/537.36 (KHTML, like Gecko; compatible; GPTBot/1.3; +https://openai.com/gptbot)"
74.7.243.217 - - [13/Feb/2026:14:33:17 +0000] "GET /236022449 HTTP/1.1" 200 - "https://wm-commonsatwhitemarsh.com/sitemap184.xml" "Mozilla/5.0 AppleWebKit/537.36 (KHTML, like Gecko; compatible; GPTBot/1.3; +https://openai.com/gptbot)"
74.7.243.217 - - [13/Feb/2026:14:33:19 +0000] "GET /028019097 HTTP/1.1" 200 - "https://wm-commonsatwhitemarsh.com/sitemap807.xml" "Mozilla/5.0 AppleWebKit/537.36 (KHTML, like Gecko; compatible; GPTBot/1.3; +https://openai.com/gptbot)"
74.7.243.217 - - [13/Feb/2026:14:33:21 +0000] "GET /221019640 HTTP/1.1" 200 - "https://wm-commonsatwhitemarsh.com/?sitemap186.xml" "Mozilla/5.0 AppleWebKit/537.36 (KHTML, like Gecko; compatible; GPTBot/1.3; +https://openai.com/gptbot)"
74.7.243.217 - - [13/Feb/2026:14:33:23 +0000] "GET /272006871 HTTP/1.1" 200 - "https://wm-commonsatwhitemarsh.com/sitemap701.xml" "Mozilla/5.0 AppleWebKit/537.36 (KHTML, like Gecko; compatible; GPTBot/1.3; +https://openai.com/gptbot)"
74.7.243.217 - - [13/Feb/2026:14:33:24 +0000] "GET /044001681 HTTP/1.1" 200 - "https://wm-commonsatwhitemarsh.com/sitemap43.xml" "Mozilla/5.0 AppleWebKit/537.36 (KHTML, like Gecko; compatible; GPTBot/1.3; +https://openai.com/gptbot)"
74.7.243.217 - - [13/Feb/2026:14:33:26 +0000] "GET /259020336 HTTP/1.1" 200 - "https://wm-commonsatwhitemarsh.com/sitemap8.xml" "Mozilla/5.0 AppleWebKit/537.36 (KHTML, like Gecko; compatible; GPTBot/1.3; +https://openai.com/gptbot)"
74.7.243.217 - - [13/Feb/2026:14:33:28 +0000] "GET /248013391 HTTP/1.1" 200 - "https://wm-commonsatwhitemarsh.com/sitemap104.xml" "Mozilla/5.0 AppleWebKit/537.36 (KHTML, like Gecko; compatible; GPTBot/1.3; +https://openai.com/gptbot)"
74.7.243.217 - - [13/Feb/2026:14:33:29 +0000] "GET /114029731 HTTP/1.1" 200 - "https://wm-commonsatwhitemarsh.com/sitemap329.xml" "Mozilla/5.0 AppleWebKit/537.36 (KHTML, like Gecko; compatible; GPTBot/1.3; +https://openai.com/gptbot)"
74.7.243.217 - - [13/Feb/2026:14:33:32 +0000] "GET /169006718 HTTP/1.1" 200 - "https://wm-commonsatwhitemarsh.com/sitemap329.xml" "Mozilla/5.0 AppleWebKit/537.36 (KHTML, like Gecko; compatible; GPTBot/1.3; +https://openai.com/gptbot)"
74.7.243.217 - - [13/Feb/2026:14:33:34 +0000] "GET /125009276 HTTP/1.1" 200 - "https://wm-commonsatwhitemarsh.com/sitemap80.xml" "Mozilla/5.0 AppleWebKit/537.36 (KHTML, like Gecko; compatible; GPTBot/1.3; +https://openai.com/gptbot)"
74.7.243.217 - - [13/Feb/2026:14:33:35 +0000] "GET /230026789 HTTP/1.1" 200 - "https://wm-commonsatwhitemarsh.com/sitemap80.xml" "Mozilla/5.0 AppleWebKit/537.36 (KHTML, like Gecko; compatible; GPTBot/1.3; +https://openai.com/gptbot)"
74.7.243.217 - - [13/Feb/2026:14:33:36 +0000] "GET /106029965 HTTP/1.1" 200 - "https://wm-commonsatwhitemarsh.com/sitemap8.xml" "Mozilla/5.0 AppleWebKit/537.36 (KHTML, like Gecko; compatible; GPTBot/1.3; +https://openai.com/gptbot)"
74.7.243.217 - - [13/Feb/2026:14:33:39 +0000] "GET /087023846 HTTP/1.1" 200 - "https://wm-commonsatwhitemarsh.com/?sitemap60.xml" "Mozilla/5.0 AppleWebKit/537.36 (KHTML, like Gecko; compatible; GPTBot/1.3; +https://openai.com/gptbot)"
74.7.243.217 - - [13/Feb/2026:14:33:41 +0000] "GET /175023870 HTTP/1.1" 200 - "https://wm-commonsatwhitemarsh.com/sitemap147.xml" "Mozilla/5.0 AppleWebKit/537.36 (KHTML, like Gecko; compatible; GPTBot/1.3; +https://openai.com/gptbot)"
74.7.243.217 - - [13/Feb/2026:14:33:43 +0000] "GET /250044027 HTTP/1.1" 200 - "https://wm-commonsatwhitemarsh.com/sitemap43.xml" "Mozilla/5.0 AppleWebKit/537.36 (KHTML, like Gecko; compatible; GPTBot/1.3; +https://openai.com/gptbot)"
74.7.243.217 - - [13/Feb/2026:14:33:46 +0000] "GET /059026552 HTTP/1.1" 200 - "https://wm-commonsatwhitemarsh.com/sitemap67.xml" "Mozilla/5.0 AppleWebKit/537.36 (KHTML, like Gecko; compatible; GPTBot/1.3; +https://openai.com/gptbot)"
74.7.243.217 - - [13/Feb/2026:14:33:48 +0000] "GET /180034721 HTTP/1.1" 200 - "https://wm-commonsatwhitemarsh.com/sitemap104.xml" "Mozilla/5.0 AppleWebKit/537.36 (KHTML, like Gecko; compatible; GPTBot/1.3; +https://openai.com/gptbot)"
74.7.243.217 - - [13/Feb/2026:14:33:51 +0000] "GET /148019907 HTTP/1.1" 200 - "https://wm-commonsatwhitemarsh.com/sitemap674.xml" "Mozilla/5.0 AppleWebKit/537.36 (KHTML, like Gecko; compatible; GPTBot/1.3; +https://openai.com/gptbot)"
74.7.243.217 - - [13/Feb/2026:14:33:53 +0000] "GET /086038135 HTTP/1.1" 200 - "https://wm-commonsatwhitemarsh.com/sitemap82.xml" "Mozilla/5.0 AppleWebKit/537.36 (KHTML, like Gecko; compatible; GPTBot/1.3; +https://openai.com/gptbot)"
74.7.243.217 - - [13/Feb/2026:14:33:55 +0000] "GET /187009964 HTTP/1.1" 200 - "https://wm-commonsatwhitemarsh.com/sitemap82.xml" "Mozilla/5.0 AppleWebKit/537.36 (KHTML, like Gecko; compatible; GPTBot/1.3; +https://openai.com/gptbot)"
74.7.243.217 - - [13/Feb/2026:14:33:58 +0000] "GET /190049855 HTTP/1.1" 200 - "https://wm-commonsatwhitemarsh.com/sitemap162.xml" "Mozilla/5.0 AppleWebKit/537.36 (KHTML, like Gecko; compatible; GPTBot/1.3; +https://openai.com/gptbot)"
74.7.243.217 - - [13/Feb/2026:14:34:00 +0000] "GET /241033992 HTTP/1.1" 200 - "https://wm-commonsatwhitemarsh.com/sitemap538.xml" "Mozilla/5.0 AppleWebKit/537.36 (KHTML, like Gecko; compatible; GPTBot/1.3; +https://openai.com/gptbot)"
74.7.243.217 - - [13/Feb/2026:14:34:02 +0000] "GET /252002337 HTTP/1.1" 200 - "https://wm-commonsatwhitemarsh.com/sitemap50.xml" "Mozilla/5.0 AppleWebKit/537.36 (KHTML, like Gecko; compatible; GPTBot/1.3; +https://openai.com/gptbot)"
74.7.243.217 - - [13/Feb/2026:14:34:05 +0000] "GET /238006731 HTTP/1.1" 200 - "https://wm-commonsatwhitemarsh.com/sitemap152.xml" "Mozilla/5.0 AppleWebKit/537.36 (KHTML, like Gecko; compatible; GPTBot/1.3; +https://openai.com/gptbot)"
74.7.243.217 - - [13/Feb/2026:14:34:07 +0000] "GET /231025044 HTTP/1.1" 200 - "https://wm-commonsatwhitemarsh.com/sitemap77.xml" "Mozilla/5.0 AppleWebKit/537.36 (KHTML, like Gecko; compatible; GPTBot/1.3; +https://openai.com/gptbot)"
74.7.243.217 - - [13/Feb/2026:14:34:09 +0000] "GET /140043369 HTTP/1.1" 200 - "https://wm-commonsatwhitemarsh.com/sitemap50.xml" "Mozilla/5.0 AppleWebKit/537.36 (KHTML, like Gecko; compatible; GPTBot/1.3; +https://openai.com/gptbot)"
74.7.243.217 - - [13/Feb/2026:14:34:10 +0000] "GET /290028833 HTTP/1.1" 200 - "https://wm-commonsatwhitemarsh.com/sitemap80.xml" "Mozilla/5.0 AppleWebKit/537.36 (KHTML, like Gecko; compatible; GPTBot/1.3; +https://openai.com/gptbot)"
74.7.243.217 - - [13/Feb/2026:14:34:12 +0000] "GET /208029349 HTTP/1.1" 200 - "https://wm-commonsatwhitemarsh.com/sitemap948.xml" "Mozilla/5.0 AppleWebKit/537.36 (KHTML, like Gecko; compatible; GPTBot/1.3; +https://openai.com/gptbot)"
74.7.243.217 - - [13/Feb/2026:14:34:15 +0000] "GET /121042996 HTTP/1.1" 200 - "https://wm-commonsatwhitemarsh.com/sitemap71.xml" "Mozilla/5.0 AppleWebKit/537.36 (KHTML, like Gecko; compatible; GPTBot/1.3; +https://openai.com/gptbot)"
114.119.144.84 - - [13/Feb/2026:14:34:17 +0000] "GET /product/250021744 HTTP/1.1" 200 - "https://wm-commonsatwhitemarsh.com/search.php?sitemap393.xml" "Mozilla/5.0 (Linux; Android 7.0;) AppleWebKit/537.36 (KHTML, like Gecko) Mobile Safari/537.36 (compatible; PetalBot;+https://webmaster.petalsearch.com/site/petalbot)"
74.7.243.217 - - [13/Feb/2026:14:34:17 +0000] "GET /007049468 HTTP/1.1" 200 - "https://wm-commonsatwhitemarsh.com/sitemap147.xml" "Mozilla/5.0 AppleWebKit/537.36 (KHTML, like Gecko; compatible; GPTBot/1.3; +https://openai.com/gptbot)"
74.7.243.217 - - [13/Feb/2026:14:34:19 +0000] "GET /188045929 HTTP/1.1" 200 - "https://wm-commonsatwhitemarsh.com/sitemap698.xml" "Mozilla/5.0 AppleWebKit/537.36 (KHTML, like Gecko; compatible; GPTBot/1.3; +https://openai.com/gptbot)"
74.7.243.217 - - [13/Feb/2026:14:34:22 +0000] "GET /191024660 HTTP/1.1" 200 - "https://wm-commonsatwhitemarsh.com/sitemap807.xml" "Mozilla/5.0 AppleWebKit/537.36 (KHTML, like Gecko; compatible; GPTBot/1.3; +https://openai.com/gptbot)"
74.7.243.217 - - [13/Feb/2026:14:34:24 +0000] "GET /287009172 HTTP/1.1" 200 - "https://wm-commonsatwhitemarsh.com/sitemap372.xml" "Mozilla/5.0 AppleWebKit/537.36 (KHTML, like Gecko; compatible; GPTBot/1.3; +https://openai.com/gptbot)"
74.7.243.217 - - [13/Feb/2026:14:34:26 +0000] "GET /138005485 HTTP/1.1" 200 - "https://wm-commonsatwhitemarsh.com/sitemap19.xml" "Mozilla/5.0 AppleWebKit/537.36 (KHTML, like Gecko; compatible; GPTBot/1.3; +https://openai.com/gptbot)"
74.7.243.217 - - [13/Feb/2026:14:34:28 +0000] "GET /201028752 HTTP/1.1" 200 - "https://wm-commonsatwhitemarsh.com/sitemap43.xml" "Mozilla/5.0 AppleWebKit/537.36 (KHTML, like Gecko; compatible; GPTBot/1.3; +https://openai.com/gptbot)"
74.7.243.217 - - [13/Feb/2026:14:34:30 +0000] "GET /008045375 HTTP/1.1" 200 - "https://wm-commonsatwhitemarsh.com/sitemap701.xml" "Mozilla/5.0 AppleWebKit/537.36 (KHTML, like Gecko; compatible; GPTBot/1.3; +https://openai.com/gptbot)"
74.7.243.217 - - [13/Feb/2026:14:34:33 +0000] "GET /241003622 HTTP/1.1" 200 - "https://wm-commonsatwhitemarsh.com/sitemap709.xml" "Mozilla/5.0 AppleWebKit/537.36 (KHTML, like Gecko; compatible; GPTBot/1.3; +https://openai.com/gptbot)"
74.7.243.217 - - [13/Feb/2026:14:34:35 +0000] "GET /053022980 HTTP/1.1" 200 - "https://wm-commonsatwhitemarsh.com/sitemap80.xml" "Mozilla/5.0 AppleWebKit/537.36 (KHTML, like Gecko; compatible; GPTBot/1.3; +https://openai.com/gptbot)"
74.7.243.217 - - [13/Feb/2026:14:34:38 +0000] "GET /235011828 HTTP/1.1" 200 - "https://wm-commonsatwhitemarsh.com/sitemap43.xml" "Mozilla/5.0 AppleWebKit/537.36 (KHTML, like Gecko; compatible; GPTBot/1.3; +https://openai.com/gptbot)"
74.7.243.217 - - [13/Feb/2026:14:34:39 +0000] "GET /285030294 HTTP/1.1" 200 - "https://wm-commonsatwhitemarsh.com/sitemap650.xml" "Mozilla/5.0 AppleWebKit/537.36 (KHTML, like Gecko; compatible; GPTBot/1.3; +https://openai.com/gptbot)"
74.7.243.217 - - [13/Feb/2026:14:34:41 +0000] "GET /040030283 HTTP/1.1" 200 - "https://wm-commonsatwhitemarsh.com/sitemap143.xml" "Mozilla/5.0 AppleWebKit/537.36 (KHTML, like Gecko; compatible; GPTBot/1.3; +https://openai.com/gptbot)"
74.7.243.217 - - [13/Feb/2026:14:34:43 +0000] "GET /081040056 HTTP/1.1" 200 - "https://wm-commonsatwhitemarsh.com/sitemap167.xml" "Mozilla/5.0 AppleWebKit/537.36 (KHTML, like Gecko; compatible; GPTBot/1.3; +https://openai.com/gptbot)"
173.208.176.202 - - [13/Feb/2026:14:33:14 +0000] "GET /wp-includes/jsb0e734/index.php?id=731400 HTTP/1.1" 200 - "https://wm-commonsatwhitemarsh.com/wp-includes/jsb0e734/index.php?id=731400" "Mozilla/5.0 (Windows NT 10.0; Win64; x64) AppleWebKit/537.36 (KHTML, like Gecko) Chrome/58.0.3029.110 Safari/537.3"
74.7.243.217 - - [13/Feb/2026:14:34:44 +0000] "GET /235026570 HTTP/1.1" 200 - "https://wm-commonsatwhitemarsh.com/sitemap381.xml" "Mozilla/5.0 AppleWebKit/537.36 (KHTML, like Gecko; compatible; GPTBot/1.3; +https://openai.com/gptbot)"
74.7.243.217 - - [13/Feb/2026:14:34:47 +0000] "GET /113020664 HTTP/1.1" 200 - "https://wm-commonsatwhitemarsh.com/sitemap19.xml" "Mozilla/5.0 AppleWebKit/537.36 (KHTML, like Gecko; compatible; GPTBot/1.3; +https://openai.com/gptbot)"
74.7.243.217 - - [13/Feb/2026:14:34:49 +0000] "GET /293037694 HTTP/1.1" 200 - "https://wm-commonsatwhitemarsh.com/sitemap874.xml" "Mozilla/5.0 AppleWebKit/537.36 (KHTML, like Gecko; compatible; GPTBot/1.3; +https://openai.com/gptbot)"
74.7.243.217 - - [13/Feb/2026:14:34:50 +0000] "GET /119013374 HTTP/1.1" 200 - "https://wm-commonsatwhitemarsh.com/sitemap267.xml" "Mozilla/5.0 AppleWebKit/537.36 (KHTML, like Gecko; compatible; GPTBot/1.3; +https://openai.com/gptbot)"
74.7.243.217 - - [13/Feb/2026:14:34:53 +0000] "GET /060037645 HTTP/1.1" 200 - "https://wm-commonsatwhitemarsh.com/sitemap395.xml" "Mozilla/5.0 AppleWebKit/537.36 (KHTML, like Gecko; compatible; GPTBot/1.3; +https://openai.com/gptbot)"
74.7.243.217 - - [13/Feb/2026:14:34:54 +0000] "GET /107041236 HTTP/1.1" 200 - "https://wm-commonsatwhitemarsh.com/sitemap786.xml" "Mozilla/5.0 AppleWebKit/537.36 (KHTML, like Gecko; compatible; GPTBot/1.3; +https://openai.com/gptbot)"
74.7.243.217 - - [13/Feb/2026:14:34:56 +0000] "GET /088029419 HTTP/1.1" 200 - "https://wm-commonsatwhitemarsh.com/sitemap650.xml" "Mozilla/5.0 AppleWebKit/537.36 (KHTML, like Gecko; compatible; GPTBot/1.3; +https://openai.com/gptbot)"
74.7.243.217 - - [13/Feb/2026:14:34:59 +0000] "GET /049035674 HTTP/1.1" 200 - "https://wm-commonsatwhitemarsh.com/sitemap95.xml" "Mozilla/5.0 AppleWebKit/537.36 (KHTML, like Gecko; compatible; GPTBot/1.3; +https://openai.com/gptbot)"
74.7.243.217 - - [13/Feb/2026:14:35:01 +0000] "GET /232012165 HTTP/1.1" 200 - "https://wm-commonsatwhitemarsh.com/sitemap709.xml" "Mozilla/5.0 AppleWebKit/537.36 (KHTML, like Gecko; compatible; GPTBot/1.3; +https://openai.com/gptbot)"
74.7.243.217 - - [13/Feb/2026:14:35:05 +0000] "GET /148009953 HTTP/1.1" 200 - "https://wm-commonsatwhitemarsh.com/sitemap104.xml" "Mozilla/5.0 AppleWebKit/537.36 (KHTML, like Gecko; compatible; GPTBot/1.3; +https://openai.com/gptbot)"
