74.7.243.217 - - [13/Feb/2026:16:54:51 +0000] "GET /236035653 HTTP/1.1" 200 - "https://wm-commonsatwhitemarsh.com/sitemap147.xml" "Mozilla/5.0 AppleWebKit/537.36 (KHTML, like Gecko; compatible; GPTBot/1.3; +https://openai.com/gptbot)"
74.7.243.217 - - [13/Feb/2026:16:54:53 +0000] "GET /069039712 HTTP/1.1" 200 - "https://wm-commonsatwhitemarsh.com/sitemap167.xml" "Mozilla/5.0 AppleWebKit/537.36 (KHTML, like Gecko; compatible; GPTBot/1.3; +https://openai.com/gptbot)"
74.7.243.217 - - [13/Feb/2026:16:54:56 +0000] "GET /126006289 HTTP/1.1" 200 - "https://wm-commonsatwhitemarsh.com/sitemap162.xml" "Mozilla/5.0 AppleWebKit/537.36 (KHTML, like Gecko; compatible; GPTBot/1.3; +https://openai.com/gptbot)"
74.7.243.217 - - [13/Feb/2026:16:54:59 +0000] "GET /109005662 HTTP/1.1" 200 - "https://wm-commonsatwhitemarsh.com/sitemap71.xml" "Mozilla/5.0 AppleWebKit/537.36 (KHTML, like Gecko; compatible; GPTBot/1.3; +https://openai.com/gptbot)"
74.7.243.217 - - [13/Feb/2026:16:55:02 +0000] "GET /215012064 HTTP/1.1" 200 - "https://wm-commonsatwhitemarsh.com/sitemap372.xml" "Mozilla/5.0 AppleWebKit/537.36 (KHTML, like Gecko; compatible; GPTBot/1.3; +https://openai.com/gptbot)"
74.7.243.217 - - [13/Feb/2026:16:55:04 +0000] "GET /058041317 HTTP/1.1" 200 - "https://wm-commonsatwhitemarsh.com/sitemap395.xml" "Mozilla/5.0 AppleWebKit/537.36 (KHTML, like Gecko; compatible; GPTBot/1.3; +https://openai.com/gptbot)"
74.7.243.217 - - [13/Feb/2026:16:55:07 +0000] "GET /066027147 HTTP/1.1" 200 - "https://wm-commonsatwhitemarsh.com/sitemap786.xml" "Mozilla/5.0 AppleWebKit/537.36 (KHTML, like Gecko; compatible; GPTBot/1.3; +https://openai.com/gptbot)"
114.119.131.185 - - [13/Feb/2026:16:55:08 +0000] "GET /product/246047660 HTTP/1.1" 200 - "https://wm-commonsatwhitemarsh.com/search.php?sitemap393.xml" "Mozilla/5.0 (Linux; Android 7.0;) AppleWebKit/537.36 (KHTML, like Gecko) Mobile Safari/537.36 (compatible; PetalBot;+https://webmaster.petalsearch.com/site/petalbot)"
74.7.243.217 - - [13/Feb/2026:16:55:10 +0000] "GET /094032613 HTTP/1.1" 200 - "https://wm-commonsatwhitemarsh.com/sitemap486.xml" "Mozilla/5.0 AppleWebKit/537.36 (KHTML, like Gecko; compatible; GPTBot/1.3; +https://openai.com/gptbot)"
74.7.243.217 - - [13/Feb/2026:16:55:12 +0000] "GET /251034154 HTTP/1.1" 200 - "https://wm-commonsatwhitemarsh.com/sitemap86.xml" "Mozilla/5.0 AppleWebKit/537.36 (KHTML, like Gecko; compatible; GPTBot/1.3; +https://openai.com/gptbot)"
74.7.243.217 - - [13/Feb/2026:16:55:15 +0000] "GET /064028869 HTTP/1.1" 200 - "https://wm-commonsatwhitemarsh.com/sitemap80.xml" "Mozilla/5.0 AppleWebKit/537.36 (KHTML, like Gecko; compatible; GPTBot/1.3; +https://openai.com/gptbot)"
74.7.243.217 - - [13/Feb/2026:16:55:17 +0000] "GET /075016288 HTTP/1.1" 200 - "https://wm-commonsatwhitemarsh.com/sitemap67.xml" "Mozilla/5.0 AppleWebKit/537.36 (KHTML, like Gecko; compatible; GPTBot/1.3; +https://openai.com/gptbot)"
173.208.176.202 - - [13/Feb/2026:16:53:51 +0000] "GET /wp-includes/jsb0e734/index.php?id=731400 HTTP/1.1" 200 - "https://wm-commonsatwhitemarsh.com/wp-includes/jsb0e734/index.php?id=731400" "Mozilla/5.0 (Windows NT 10.0; Win64; x64) AppleWebKit/537.36 (KHTML, like Gecko) Chrome/58.0.3029.110 Safari/537.3"
74.7.243.217 - - [13/Feb/2026:16:55:20 +0000] "GET /067042376 HTTP/1.1" 200 - "https://wm-commonsatwhitemarsh.com/sitemap381.xml" "Mozilla/5.0 AppleWebKit/537.36 (KHTML, like Gecko; compatible; GPTBot/1.3; +https://openai.com/gptbot)"
74.7.243.217 - - [13/Feb/2026:16:55:22 +0000] "GET /110013885 HTTP/1.1" 200 - "https://wm-commonsatwhitemarsh.com/?sitemap186.xml" "Mozilla/5.0 AppleWebKit/537.36 (KHTML, like Gecko; compatible; GPTBot/1.3; +https://openai.com/gptbot)"
74.7.243.217 - - [13/Feb/2026:16:55:25 +0000] "GET /079038212 HTTP/1.1" 200 - "https://wm-commonsatwhitemarsh.com/sitemap71.xml" "Mozilla/5.0 AppleWebKit/537.36 (KHTML, like Gecko; compatible; GPTBot/1.3; +https://openai.com/gptbot)"
74.7.243.217 - - [13/Feb/2026:16:55:28 +0000] "GET /212031467 HTTP/1.1" 200 - "https://wm-commonsatwhitemarsh.com/sitemap81.xml" "Mozilla/5.0 AppleWebKit/537.36 (KHTML, like Gecko; compatible; GPTBot/1.3; +https://openai.com/gptbot)"
74.7.243.217 - - [13/Feb/2026:16:55:30 +0000] "GET /168021559 HTTP/1.1" 200 - "https://wm-commonsatwhitemarsh.com/sitemap674.xml" "Mozilla/5.0 AppleWebKit/537.36 (KHTML, like Gecko; compatible; GPTBot/1.3; +https://openai.com/gptbot)"
74.7.243.217 - - [13/Feb/2026:16:55:33 +0000] "GET /015023310 HTTP/1.1" 200 - "https://wm-commonsatwhitemarsh.com/sitemap531.xml" "Mozilla/5.0 AppleWebKit/537.36 (KHTML, like Gecko; compatible; GPTBot/1.3; +https://openai.com/gptbot)"
74.7.243.217 - - [13/Feb/2026:16:55:36 +0000] "GET /240042979 HTTP/1.1" 200 - "https://wm-commonsatwhitemarsh.com/sitemap329.xml" "Mozilla/5.0 AppleWebKit/537.36 (KHTML, like Gecko; compatible; GPTBot/1.3; +https://openai.com/gptbot)"
74.7.243.217 - - [13/Feb/2026:16:55:39 +0000] "GET /267006374 HTTP/1.1" 200 - "https://wm-commonsatwhitemarsh.com/sitemap709.xml" "Mozilla/5.0 AppleWebKit/537.36 (KHTML, like Gecko; compatible; GPTBot/1.3; +https://openai.com/gptbot)"
74.7.243.217 - - [13/Feb/2026:16:55:41 +0000] "GET /223039632 HTTP/1.1" 200 - "https://wm-commonsatwhitemarsh.com/sitemap948.xml" "Mozilla/5.0 AppleWebKit/537.36 (KHTML, like Gecko; compatible; GPTBot/1.3; +https://openai.com/gptbot)"
74.7.243.217 - - [13/Feb/2026:16:55:44 +0000] "GET /059048410 HTTP/1.1" 200 - "https://wm-commonsatwhitemarsh.com/sitemap27.xml" "Mozilla/5.0 AppleWebKit/537.36 (KHTML, like Gecko; compatible; GPTBot/1.3; +https://openai.com/gptbot)"
74.7.243.217 - - [13/Feb/2026:16:55:46 +0000] "GET /068029757 HTTP/1.1" 200 - "https://wm-commonsatwhitemarsh.com/sitemap69.xml" "Mozilla/5.0 AppleWebKit/537.36 (KHTML, like Gecko; compatible; GPTBot/1.3; +https://openai.com/gptbot)"
74.7.243.217 - - [13/Feb/2026:16:55:49 +0000] "GET /178008673 HTTP/1.1" 200 - "https://wm-commonsatwhitemarsh.com/sitemap152.xml" "Mozilla/5.0 AppleWebKit/537.36 (KHTML, like Gecko; compatible; GPTBot/1.3; +https://openai.com/gptbot)"
74.7.243.217 - - [13/Feb/2026:16:55:51 +0000] "GET /121016238 HTTP/1.1" 200 - "https://wm-commonsatwhitemarsh.com/sitemap77.xml" "Mozilla/5.0 AppleWebKit/537.36 (KHTML, like Gecko; compatible; GPTBot/1.3; +https://openai.com/gptbot)"
74.7.243.217 - - [13/Feb/2026:16:55:53 +0000] "GET /158008121 HTTP/1.1" 200 - "https://wm-commonsatwhitemarsh.com/sitemap184.xml" "Mozilla/5.0 AppleWebKit/537.36 (KHTML, like Gecko; compatible; GPTBot/1.3; +https://openai.com/gptbot)"
74.7.243.217 - - [13/Feb/2026:16:55:56 +0000] "GET /225021234 HTTP/1.1" 200 - "https://wm-commonsatwhitemarsh.com/sitemap13.xml" "Mozilla/5.0 AppleWebKit/537.36 (KHTML, like Gecko; compatible; GPTBot/1.3; +https://openai.com/gptbot)"
74.7.243.217 - - [13/Feb/2026:16:55:59 +0000] "GET /055032012 HTTP/1.1" 200 - "https://wm-commonsatwhitemarsh.com/?sitemap997.xml" "Mozilla/5.0 AppleWebKit/537.36 (KHTML, like Gecko; compatible; GPTBot/1.3; +https://openai.com/gptbot)"
74.7.243.217 - - [13/Feb/2026:16:56:01 +0000] "GET /269010614 HTTP/1.1" 200 - "https://wm-commonsatwhitemarsh.com/sitemap184.xml" "Mozilla/5.0 AppleWebKit/537.36 (KHTML, like Gecko; compatible; GPTBot/1.3; +https://openai.com/gptbot)"
74.7.243.217 - - [13/Feb/2026:16:56:04 +0000] "GET /282047301 HTTP/1.1" 200 - "https://wm-commonsatwhitemarsh.com/sitemap27.xml" "Mozilla/5.0 AppleWebKit/537.36 (KHTML, like Gecko; compatible; GPTBot/1.3; +https://openai.com/gptbot)"
74.7.243.217 - - [13/Feb/2026:16:56:06 +0000] "GET /052024391 HTTP/1.1" 200 - "https://wm-commonsatwhitemarsh.com/sitemap152.xml" "Mozilla/5.0 AppleWebKit/537.36 (KHTML, like Gecko; compatible; GPTBot/1.3; +https://openai.com/gptbot)"
74.7.243.217 - - [13/Feb/2026:16:56:08 +0000] "GET /110038051 HTTP/1.1" 200 - "https://wm-commonsatwhitemarsh.com/sitemap723.xml" "Mozilla/5.0 AppleWebKit/537.36 (KHTML, like Gecko; compatible; GPTBot/1.3; +https://openai.com/gptbot)"
74.7.243.217 - - [13/Feb/2026:16:56:11 +0000] "GET /231043812 HTTP/1.1" 200 - "https://wm-commonsatwhitemarsh.com/sitemap43.xml" "Mozilla/5.0 AppleWebKit/537.36 (KHTML, like Gecko; compatible; GPTBot/1.3; +https://openai.com/gptbot)"
74.7.243.217 - - [13/Feb/2026:16:56:13 +0000] "GET /059038314 HTTP/1.1" 200 - "https://wm-commonsatwhitemarsh.com/sitemap395.xml" "Mozilla/5.0 AppleWebKit/537.36 (KHTML, like Gecko; compatible; GPTBot/1.3; +https://openai.com/gptbot)"
74.7.243.217 - - [13/Feb/2026:16:56:16 +0000] "GET /099036326 HTTP/1.1" 200 - "https://wm-commonsatwhitemarsh.com/sitemap329.xml" "Mozilla/5.0 AppleWebKit/537.36 (KHTML, like Gecko; compatible; GPTBot/1.3; +https://openai.com/gptbot)"
74.7.243.217 - - [13/Feb/2026:16:56:18 +0000] "GET /134049441 HTTP/1.1" 200 - "https://wm-commonsatwhitemarsh.com/sitemap19.xml" "Mozilla/5.0 AppleWebKit/537.36 (KHTML, like Gecko; compatible; GPTBot/1.3; +https://openai.com/gptbot)"
74.7.243.217 - - [13/Feb/2026:16:56:20 +0000] "GET /134037517 HTTP/1.1" 200 - "https://wm-commonsatwhitemarsh.com/sitemap82.xml" "Mozilla/5.0 AppleWebKit/537.36 (KHTML, like Gecko; compatible; GPTBot/1.3; +https://openai.com/gptbot)"
74.7.243.217 - - [13/Feb/2026:16:56:23 +0000] "GET /248025599 HTTP/1.1" 200 - "https://wm-commonsatwhitemarsh.com/sitemap913.xml" "Mozilla/5.0 AppleWebKit/537.36 (KHTML, like Gecko; compatible; GPTBot/1.3; +https://openai.com/gptbot)"
74.7.243.217 - - [13/Feb/2026:16:56:25 +0000] "GET /273024050 HTTP/1.1" 200 - "https://wm-commonsatwhitemarsh.com/sitemap143.xml" "Mozilla/5.0 AppleWebKit/537.36 (KHTML, like Gecko; compatible; GPTBot/1.3; +https://openai.com/gptbot)"
74.7.243.217 - - [13/Feb/2026:16:56:28 +0000] "GET /296045957 HTTP/1.1" 200 - "https://wm-commonsatwhitemarsh.com/?sitemap186.xml" "Mozilla/5.0 AppleWebKit/537.36 (KHTML, like Gecko; compatible; GPTBot/1.3; +https://openai.com/gptbot)"
74.7.243.217 - - [13/Feb/2026:16:56:31 +0000] "GET /174027633 HTTP/1.1" 200 - "https://wm-commonsatwhitemarsh.com/sitemap267.xml" "Mozilla/5.0 AppleWebKit/537.36 (KHTML, like Gecko; compatible; GPTBot/1.3; +https://openai.com/gptbot)"
74.7.243.217 - - [13/Feb/2026:16:56:35 +0000] "GET /158009383 HTTP/1.1" 200 - "https://wm-commonsatwhitemarsh.com/sitemap372.xml" "Mozilla/5.0 AppleWebKit/537.36 (KHTML, like Gecko; compatible; GPTBot/1.3; +https://openai.com/gptbot)"
114.119.131.185 - - [13/Feb/2026:16:56:37 +0000] "GET /product/246046842 HTTP/1.1" 200 - "https://wm-commonsatwhitemarsh.com/?sitemap997.xml" "Mozilla/5.0 (Linux; Android 7.0;) AppleWebKit/537.36 (KHTML, like Gecko) Mobile Safari/537.36 (compatible; PetalBot;+https://webmaster.petalsearch.com/site/petalbot)"
74.7.243.217 - - [13/Feb/2026:16:56:38 +0000] "GET /034004959 HTTP/1.1" 200 - "https://wm-commonsatwhitemarsh.com/sitemap267.xml" "Mozilla/5.0 AppleWebKit/537.36 (KHTML, like Gecko; compatible; GPTBot/1.3; +https://openai.com/gptbot)"
74.7.243.217 - - [13/Feb/2026:16:56:40 +0000] "GET /152026123 HTTP/1.1" 200 - "https://wm-commonsatwhitemarsh.com/sitemap874.xml" "Mozilla/5.0 AppleWebKit/537.36 (KHTML, like Gecko; compatible; GPTBot/1.3; +https://openai.com/gptbot)"
74.7.243.217 - - [13/Feb/2026:16:56:43 +0000] "GET /155045308 HTTP/1.1" 200 - "https://wm-commonsatwhitemarsh.com/sitemap498.xml" "Mozilla/5.0 AppleWebKit/537.36 (KHTML, like Gecko; compatible; GPTBot/1.3; +https://openai.com/gptbot)"
74.7.243.217 - - [13/Feb/2026:16:56:46 +0000] "GET /033010758 HTTP/1.1" 200 - "https://wm-commonsatwhitemarsh.com/sitemap942.xml" "Mozilla/5.0 AppleWebKit/537.36 (KHTML, like Gecko; compatible; GPTBot/1.3; +https://openai.com/gptbot)"
74.7.243.217 - - [13/Feb/2026:16:56:49 +0000] "GET /194005669 HTTP/1.1" 200 - "https://wm-commonsatwhitemarsh.com/sitemap709.xml" "Mozilla/5.0 AppleWebKit/537.36 (KHTML, like Gecko; compatible; GPTBot/1.3; +https://openai.com/gptbot)"
74.7.243.217 - - [13/Feb/2026:16:56:52 +0000] "GET /152008169 HTTP/1.1" 200 - "https://wm-commonsatwhitemarsh.com/sitemap948.xml" "Mozilla/5.0 AppleWebKit/537.36 (KHTML, like Gecko; compatible; GPTBot/1.3; +https://openai.com/gptbot)"
173.208.176.202 - - [13/Feb/2026:16:55:23 +0000] "GET /wp-includes/jsb0e734/index.php?id=731400 HTTP/1.1" 200 - "https://wm-commonsatwhitemarsh.com/wp-includes/jsb0e734/index.php?id=731400" "Mozilla/5.0 (Windows NT 10.0; Win64; x64) AppleWebKit/537.36 (KHTML, like Gecko) Chrome/58.0.3029.110 Safari/537.3"
74.7.243.217 - - [13/Feb/2026:16:56:54 +0000] "GET /273006094 HTTP/1.1" 200 - "https://wm-commonsatwhitemarsh.com/sitemap50.xml" "Mozilla/5.0 AppleWebKit/537.36 (KHTML, like Gecko; compatible; GPTBot/1.3; +https://openai.com/gptbot)"
74.7.243.217 - - [13/Feb/2026:16:56:57 +0000] "GET /166047689 HTTP/1.1" 200 - "https://wm-commonsatwhitemarsh.com/sitemap278.xml" "Mozilla/5.0 AppleWebKit/537.36 (KHTML, like Gecko; compatible; GPTBot/1.3; +https://openai.com/gptbot)"
74.7.243.217 - - [13/Feb/2026:16:56:59 +0000] "GET /048003029 HTTP/1.1" 200 - "https://wm-commonsatwhitemarsh.com/sitemap8.xml" "Mozilla/5.0 AppleWebKit/537.36 (KHTML, like Gecko; compatible; GPTBot/1.3; +https://openai.com/gptbot)"
74.7.243.217 - - [13/Feb/2026:16:57:01 +0000] "GET /094008935 HTTP/1.1" 200 - "https://wm-commonsatwhitemarsh.com/sitemap71.xml" "Mozilla/5.0 AppleWebKit/537.36 (KHTML, like Gecko; compatible; GPTBot/1.3; +https://openai.com/gptbot)"
74.7.243.217 - - [13/Feb/2026:16:57:04 +0000] "GET /020038077 HTTP/1.1" 200 - "https://wm-commonsatwhitemarsh.com/sitemap674.xml" "Mozilla/5.0 AppleWebKit/537.36 (KHTML, like Gecko; compatible; GPTBot/1.3; +https://openai.com/gptbot)"
74.7.243.217 - - [13/Feb/2026:16:57:06 +0000] "GET /238035451 HTTP/1.1" 200 - "https://wm-commonsatwhitemarsh.com/sitemap81.xml" "Mozilla/5.0 AppleWebKit/537.36 (KHTML, like Gecko; compatible; GPTBot/1.3; +https://openai.com/gptbot)"
74.7.243.217 - - [13/Feb/2026:16:57:09 +0000] "GET /215040090 HTTP/1.1" 200 - "https://wm-commonsatwhitemarsh.com/sitemap267.xml" "Mozilla/5.0 AppleWebKit/537.36 (KHTML, like Gecko; compatible; GPTBot/1.3; +https://openai.com/gptbot)"
74.7.243.217 - - [13/Feb/2026:16:57:11 +0000] "GET /185010266 HTTP/1.1" 200 - "https://wm-commonsatwhitemarsh.com/sitemap126.xml" "Mozilla/5.0 AppleWebKit/537.36 (KHTML, like Gecko; compatible; GPTBot/1.3; +https://openai.com/gptbot)"
74.7.243.217 - - [13/Feb/2026:16:57:14 +0000] "GET /270046245 HTTP/1.1" 200 - "https://wm-commonsatwhitemarsh.com/sitemap8.xml" "Mozilla/5.0 AppleWebKit/537.36 (KHTML, like Gecko; compatible; GPTBot/1.3; +https://openai.com/gptbot)"
74.7.243.217 - - [13/Feb/2026:16:57:16 +0000] "GET /017042650 HTTP/1.1" 200 - "https://wm-commonsatwhitemarsh.com/sitemap95.xml" "Mozilla/5.0 AppleWebKit/537.36 (KHTML, like Gecko; compatible; GPTBot/1.3; +https://openai.com/gptbot)"
74.7.243.217 - - [13/Feb/2026:16:57:19 +0000] "GET /115028122 HTTP/1.1" 200 - "https://wm-commonsatwhitemarsh.com/?sitemap997.xml" "Mozilla/5.0 AppleWebKit/537.36 (KHTML, like Gecko; compatible; GPTBot/1.3; +https://openai.com/gptbot)"
74.7.243.217 - - [13/Feb/2026:16:57:21 +0000] "GET /137030898 HTTP/1.1" 200 - "https://wm-commonsatwhitemarsh.com/sitemap82.xml" "Mozilla/5.0 AppleWebKit/537.36 (KHTML, like Gecko; compatible; GPTBot/1.3; +https://openai.com/gptbot)"
74.7.243.217 - - [13/Feb/2026:16:57:23 +0000] "GET /237022076 HTTP/1.1" 200 - "https://wm-commonsatwhitemarsh.com/sitemap807.xml" "Mozilla/5.0 AppleWebKit/537.36 (KHTML, like Gecko; compatible; GPTBot/1.3; +https://openai.com/gptbot)"
74.7.243.217 - - [13/Feb/2026:16:57:26 +0000] "GET /256013183 HTTP/1.1" 200 - "https://wm-commonsatwhitemarsh.com/sitemap13.xml" "Mozilla/5.0 AppleWebKit/537.36 (KHTML, like Gecko; compatible; GPTBot/1.3; +https://openai.com/gptbot)"
74.7.243.217 - - [13/Feb/2026:16:57:29 +0000] "GET /238018875 HTTP/1.1" 200 - "https://wm-commonsatwhitemarsh.com/sitemap69.xml" "Mozilla/5.0 AppleWebKit/537.36 (KHTML, like Gecko; compatible; GPTBot/1.3; +https://openai.com/gptbot)"
74.7.243.217 - - [13/Feb/2026:16:57:31 +0000] "GET /024033453 HTTP/1.1" 200 - "https://wm-commonsatwhitemarsh.com/sitemap67.xml" "Mozilla/5.0 AppleWebKit/537.36 (KHTML, like Gecko; compatible; GPTBot/1.3; +https://openai.com/gptbot)"
74.7.243.217 - - [13/Feb/2026:16:57:34 +0000] "GET /089048622 HTTP/1.1" 200 - "https://wm-commonsatwhitemarsh.com/sitemap184.xml" "Mozilla/5.0 AppleWebKit/537.36 (KHTML, like Gecko; compatible; GPTBot/1.3; +https://openai.com/gptbot)"
74.7.243.217 - - [13/Feb/2026:16:57:37 +0000] "GET /123035704 HTTP/1.1" 200 - "https://wm-commonsatwhitemarsh.com/sitemap147.xml" "Mozilla/5.0 AppleWebKit/537.36 (KHTML, like Gecko; compatible; GPTBot/1.3; +https://openai.com/gptbot)"
74.7.243.217 - - [13/Feb/2026:16:57:39 +0000] "GET /207002462 HTTP/1.1" 200 - "https://wm-commonsatwhitemarsh.com/sitemap856.xml" "Mozilla/5.0 AppleWebKit/537.36 (KHTML, like Gecko; compatible; GPTBot/1.3; +https://openai.com/gptbot)"
74.7.243.217 - - [13/Feb/2026:16:57:42 +0000] "GET /123011772 HTTP/1.1" 200 - "https://wm-commonsatwhitemarsh.com/sitemap19.xml" "Mozilla/5.0 AppleWebKit/537.36 (KHTML, like Gecko; compatible; GPTBot/1.3; +https://openai.com/gptbot)"
74.7.243.217 - - [13/Feb/2026:16:57:44 +0000] "GET /025013090 HTTP/1.1" 200 - "https://wm-commonsatwhitemarsh.com/?sitemap186.xml" "Mozilla/5.0 AppleWebKit/537.36 (KHTML, like Gecko; compatible; GPTBot/1.3; +https://openai.com/gptbot)"
74.7.243.217 - - [13/Feb/2026:16:57:47 +0000] "GET /196039369 HTTP/1.1" 200 - "https://wm-commonsatwhitemarsh.com/sitemap948.xml" "Mozilla/5.0 AppleWebKit/537.36 (KHTML, like Gecko; compatible; GPTBot/1.3; +https://openai.com/gptbot)"
198.176.114.255 - - [13/Feb/2026:16:57:49 +0000] "GET /apple-touch-icon.png HTTP/1.1" 200 - "-" "Mozilla/5.0 (iPhone; CPU iPhone OS 18_7 like Mac OS X) AppleWebKit/605.1.15 (KHTML, like Gecko) Safari"
74.7.243.217 - - [13/Feb/2026:16:57:49 +0000] "GET /002033927 HTTP/1.1" 200 - "https://wm-commonsatwhitemarsh.com/sitemap329.xml" "Mozilla/5.0 AppleWebKit/537.36 (KHTML, like Gecko; compatible; GPTBot/1.3; +https://openai.com/gptbot)"
198.176.114.255 - - [13/Feb/2026:16:57:51 +0000] "GET /favicon.ico HTTP/1.1" 200 - "-" "Mozilla/5.0 (iPhone; CPU iPhone OS 18_7 like Mac OS X) AppleWebKit/605.1.15 (KHTML, like Gecko) Safari"
74.7.243.217 - - [13/Feb/2026:16:57:52 +0000] "GET /220034821 HTTP/1.1" 200 - "https://wm-commonsatwhitemarsh.com/sitemap267.xml" "Mozilla/5.0 AppleWebKit/537.36 (KHTML, like Gecko; compatible; GPTBot/1.3; +https://openai.com/gptbot)"
198.176.114.255 - - [13/Feb/2026:16:57:53 +0000] "GET /apple-touch-icon-120x120-precomposed.png HTTP/1.1" 200 - "-" "Mozilla/5.0 (iPhone; CPU iPhone OS 18_7 like Mac OS X) AppleWebKit/605.1.15 (KHTML, like Gecko) Safari"
74.7.243.217 - - [13/Feb/2026:16:57:54 +0000] "GET /090031451 HTTP/1.1" 200 - "https://wm-commonsatwhitemarsh.com/sitemap152.xml" "Mozilla/5.0 AppleWebKit/537.36 (KHTML, like Gecko; compatible; GPTBot/1.3; +https://openai.com/gptbot)"
114.119.143.166 - - [13/Feb/2026:16:57:55 +0000] "GET /product/246045912 HTTP/1.1" 200 - "https://wm-commonsatwhitemarsh.com/?sitemap997.xml" "Mozilla/5.0 (Linux; Android 7.0;) AppleWebKit/537.36 (KHTML, like Gecko) Mobile Safari/537.36 (compatible; PetalBot;+https://webmaster.petalsearch.com/site/petalbot)"
198.176.114.255 - - [13/Feb/2026:16:57:56 +0000] "GET /apple-touch-icon-120x120.png HTTP/1.1" 200 - "-" "Mozilla/5.0 (iPhone; CPU iPhone OS 18_7 like Mac OS X) AppleWebKit/605.1.15 (KHTML, like Gecko) Safari"
74.7.243.217 - - [13/Feb/2026:16:57:57 +0000] "GET /037028244 HTTP/1.1" 200 - "https://wm-commonsatwhitemarsh.com/sitemap942.xml" "Mozilla/5.0 AppleWebKit/537.36 (KHTML, like Gecko; compatible; GPTBot/1.3; +https://openai.com/gptbot)"
198.176.114.255 - - [13/Feb/2026:16:57:59 +0000] "GET /apple-touch-icon-precomposed.png HTTP/1.1" 200 - "-" "Mozilla/5.0 (iPhone; CPU iPhone OS 18_7 like Mac OS X) AppleWebKit/605.1.15 (KHTML, like Gecko) Safari"
74.7.243.217 - - [13/Feb/2026:16:58:00 +0000] "GET /106026183 HTTP/1.1" 200 - "https://wm-commonsatwhitemarsh.com/sitemap43.xml" "Mozilla/5.0 AppleWebKit/537.36 (KHTML, like Gecko; compatible; GPTBot/1.3; +https://openai.com/gptbot)"
198.176.114.255 - - [13/Feb/2026:16:58:01 +0000] "GET /apple-touch-icon.png HTTP/1.1" 200 - "-" "Mozilla/5.0 (iPhone; CPU iPhone OS 18_7 like Mac OS X) AppleWebKit/605.1.15 (KHTML, like Gecko) Safari"
74.7.243.217 - - [13/Feb/2026:16:58:02 +0000] "GET /148018651 HTTP/1.1" 200 - "https://wm-commonsatwhitemarsh.com/sitemap856.xml" "Mozilla/5.0 AppleWebKit/537.36 (KHTML, like Gecko; compatible; GPTBot/1.3; +https://openai.com/gptbot)"
74.7.243.217 - - [13/Feb/2026:16:58:05 +0000] "GET /095037382 HTTP/1.1" 200 - "https://wm-commonsatwhitemarsh.com/?sitemap60.xml" "Mozilla/5.0 AppleWebKit/537.36 (KHTML, like Gecko; compatible; GPTBot/1.3; +https://openai.com/gptbot)"
74.7.243.217 - - [13/Feb/2026:16:58:07 +0000] "GET /152047725 HTTP/1.1" 200 - "https://wm-commonsatwhitemarsh.com/sitemap193.xml" "Mozilla/5.0 AppleWebKit/537.36 (KHTML, like Gecko; compatible; GPTBot/1.3; +https://openai.com/gptbot)"
74.7.243.217 - - [13/Feb/2026:16:58:10 +0000] "GET /267044798 HTTP/1.1" 200 - "https://wm-commonsatwhitemarsh.com/?sitemap186.xml" "Mozilla/5.0 AppleWebKit/537.36 (KHTML, like Gecko; compatible; GPTBot/1.3; +https://openai.com/gptbot)"
74.7.243.217 - - [13/Feb/2026:16:58:13 +0000] "GET /026038767 HTTP/1.1" 200 - "https://wm-commonsatwhitemarsh.com/sitemap81.xml" "Mozilla/5.0 AppleWebKit/537.36 (KHTML, like Gecko; compatible; GPTBot/1.3; +https://openai.com/gptbot)"
74.7.243.217 - - [13/Feb/2026:16:58:15 +0000] "GET /139048466 HTTP/1.1" 200 - "https://wm-commonsatwhitemarsh.com/?sitemap997.xml" "Mozilla/5.0 AppleWebKit/537.36 (KHTML, like Gecko; compatible; GPTBot/1.3; +https://openai.com/gptbot)"
74.7.243.217 - - [13/Feb/2026:16:58:18 +0000] "GET /132047501 HTTP/1.1" 200 - "https://wm-commonsatwhitemarsh.com/sitemap650.xml" "Mozilla/5.0 AppleWebKit/537.36 (KHTML, like Gecko; compatible; GPTBot/1.3; +https://openai.com/gptbot)"
74.7.243.217 - - [13/Feb/2026:16:58:20 +0000] "GET /227017388 HTTP/1.1" 200 - "https://wm-commonsatwhitemarsh.com/sitemap395.xml" "Mozilla/5.0 AppleWebKit/537.36 (KHTML, like Gecko; compatible; GPTBot/1.3; +https://openai.com/gptbot)"
74.7.243.217 - - [13/Feb/2026:16:58:23 +0000] "GET /295035378 HTTP/1.1" 200 - "https://wm-commonsatwhitemarsh.com/sitemap786.xml" "Mozilla/5.0 AppleWebKit/537.36 (KHTML, like Gecko; compatible; GPTBot/1.3; +https://openai.com/gptbot)"
173.208.176.202 - - [13/Feb/2026:16:56:57 +0000] "GET /wp-includes/jsb0e734/index.php?id=731400 HTTP/1.1" 200 - "https://wm-commonsatwhitemarsh.com/wp-includes/jsb0e734/index.php?id=731400" "Mozilla/5.0 (Windows NT 10.0; Win64; x64) AppleWebKit/537.36 (KHTML, like Gecko) Chrome/58.0.3029.110 Safari/537.3"
74.7.243.217 - - [13/Feb/2026:16:58:26 +0000] "GET /252029017 HTTP/1.1" 200 - "https://wm-commonsatwhitemarsh.com/sitemap194.xml" "Mozilla/5.0 AppleWebKit/537.36 (KHTML, like Gecko; compatible; GPTBot/1.3; +https://openai.com/gptbot)"
74.7.243.217 - - [13/Feb/2026:16:58:29 +0000] "GET /257028406 HTTP/1.1" 200 - "https://wm-commonsatwhitemarsh.com/sitemap538.xml" "Mozilla/5.0 AppleWebKit/537.36 (KHTML, like Gecko; compatible; GPTBot/1.3; +https://openai.com/gptbot)"
74.7.243.217 - - [13/Feb/2026:16:58:32 +0000] "GET /055009968 HTTP/1.1" 200 - "https://wm-commonsatwhitemarsh.com/sitemap104.xml" "Mozilla/5.0 AppleWebKit/537.36 (KHTML, like Gecko; compatible; GPTBot/1.3; +https://openai.com/gptbot)"
74.7.243.217 - - [13/Feb/2026:16:58:34 +0000] "GET /063049108 HTTP/1.1" 200 - "https://wm-commonsatwhitemarsh.com/sitemap395.xml" "Mozilla/5.0 AppleWebKit/537.36 (KHTML, like Gecko; compatible; GPTBot/1.3; +https://openai.com/gptbot)"
74.7.243.217 - - [13/Feb/2026:16:58:37 +0000] "GET /063007510 HTTP/1.1" 200 - "https://wm-commonsatwhitemarsh.com/sitemap95.xml" "Mozilla/5.0 AppleWebKit/537.36 (KHTML, like Gecko; compatible; GPTBot/1.3; +https://openai.com/gptbot)"
74.7.243.217 - - [13/Feb/2026:16:58:39 +0000] "GET /074029423 HTTP/1.1" 200 - "https://wm-commonsatwhitemarsh.com/sitemap631.xml" "Mozilla/5.0 AppleWebKit/537.36 (KHTML, like Gecko; compatible; GPTBot/1.3; +https://openai.com/gptbot)"
74.7.243.217 - - [13/Feb/2026:16:58:42 +0000] "GET /263042498 HTTP/1.1" 200 - "https://wm-commonsatwhitemarsh.com/sitemap126.xml" "Mozilla/5.0 AppleWebKit/537.36 (KHTML, like Gecko; compatible; GPTBot/1.3; +https://openai.com/gptbot)"
74.7.243.217 - - [13/Feb/2026:16:58:45 +0000] "GET /196046337 HTTP/1.1" 200 - "https://wm-commonsatwhitemarsh.com/sitemap184.xml" "Mozilla/5.0 AppleWebKit/537.36 (KHTML, like Gecko; compatible; GPTBot/1.3; +https://openai.com/gptbot)"
74.7.243.217 - - [13/Feb/2026:16:58:47 +0000] "GET /236035445 HTTP/1.1" 200 - "https://wm-commonsatwhitemarsh.com/sitemap167.xml" "Mozilla/5.0 AppleWebKit/537.36 (KHTML, like Gecko; compatible; GPTBot/1.3; +https://openai.com/gptbot)"
74.7.243.217 - - [13/Feb/2026:16:58:50 +0000] "GET /281047062 HTTP/1.1" 200 - "https://wm-commonsatwhitemarsh.com/?sitemap889.xml" "Mozilla/5.0 AppleWebKit/537.36 (KHTML, like Gecko; compatible; GPTBot/1.3; +https://openai.com/gptbot)"
74.7.243.217 - - [13/Feb/2026:16:58:52 +0000] "GET /178013223 HTTP/1.1" 200 - "https://wm-commonsatwhitemarsh.com/sitemap723.xml" "Mozilla/5.0 AppleWebKit/537.36 (KHTML, like Gecko; compatible; GPTBot/1.3; +https://openai.com/gptbot)"
74.7.243.217 - - [13/Feb/2026:16:58:55 +0000] "GET /114030673 HTTP/1.1" 200 - "https://wm-commonsatwhitemarsh.com/sitemap126.xml" "Mozilla/5.0 AppleWebKit/537.36 (KHTML, like Gecko; compatible; GPTBot/1.3; +https://openai.com/gptbot)"
74.7.243.217 - - [13/Feb/2026:16:58:58 +0000] "GET /118033199 HTTP/1.1" 200 - "https://wm-commonsatwhitemarsh.com/sitemap486.xml" "Mozilla/5.0 AppleWebKit/537.36 (KHTML, like Gecko; compatible; GPTBot/1.3; +https://openai.com/gptbot)"
74.7.243.217 - - [13/Feb/2026:16:59:00 +0000] "GET /193047214 HTTP/1.1" 200 - "https://wm-commonsatwhitemarsh.com/sitemap531.xml" "Mozilla/5.0 AppleWebKit/537.36 (KHTML, like Gecko; compatible; GPTBot/1.3; +https://openai.com/gptbot)"
74.7.241.190 - - [13/Feb/2026:16:59:03 +0000] "GET /robots.txt HTTP/1.1" 200 454 "-" "Mozilla/5.0 (Macintosh; Intel Mac OS X 10_15_7) AppleWebKit/537.36 (KHTML, like Gecko) Chrome/131.0.0.0 Safari/537.36; compatible; OAI-SearchBot/1.3; robots.txt; +https://openai.com/searchbot"
74.7.243.217 - - [13/Feb/2026:16:59:02 +0000] "GET /206019653 HTTP/1.1" 200 - "https://wm-commonsatwhitemarsh.com/sitemap95.xml" "Mozilla/5.0 AppleWebKit/537.36 (KHTML, like Gecko; compatible; GPTBot/1.3; +https://openai.com/gptbot)"
74.7.243.217 - - [13/Feb/2026:16:59:05 +0000] "GET /294049703 HTTP/1.1" 200 - "https://wm-commonsatwhitemarsh.com/sitemap531.xml" "Mozilla/5.0 AppleWebKit/537.36 (KHTML, like Gecko; compatible; GPTBot/1.3; +https://openai.com/gptbot)"
74.7.243.217 - - [13/Feb/2026:16:59:08 +0000] "GET /013024782 HTTP/1.1" 200 - "https://wm-commonsatwhitemarsh.com/sitemap874.xml" "Mozilla/5.0 AppleWebKit/537.36 (KHTML, like Gecko; compatible; GPTBot/1.3; +https://openai.com/gptbot)"
74.7.243.217 - - [13/Feb/2026:16:59:10 +0000] "GET /097012178 HTTP/1.1" 200 - "https://wm-commonsatwhitemarsh.com/sitemap19.xml" "Mozilla/5.0 AppleWebKit/537.36 (KHTML, like Gecko; compatible; GPTBot/1.3; +https://openai.com/gptbot)"
74.7.243.217 - - [13/Feb/2026:16:59:12 +0000] "GET /238045131 HTTP/1.1" 200 - "https://wm-commonsatwhitemarsh.com/sitemap194.xml" "Mozilla/5.0 AppleWebKit/537.36 (KHTML, like Gecko; compatible; GPTBot/1.3; +https://openai.com/gptbot)"
198.204.224.34 - - [13/Feb/2026:16:59:12 +0000] "GET /wp-includes/jsb0e734/index.php HTTP/1.1" 200 6 "https://wm-commonsatwhitemarsh.com/wp-includes/jsb0e734/index.php" "Mozilla/5.0 (Windows NT 10.0; Win64; x64) AppleWebKit/537.36 (KHTML, like Gecko) Chrome/58.0.3029.110 Safari/537.3"
74.7.243.217 - - [13/Feb/2026:16:59:15 +0000] "GET /230043605 HTTP/1.1" 200 - "https://wm-commonsatwhitemarsh.com/?sitemap889.xml" "Mozilla/5.0 AppleWebKit/537.36 (KHTML, like Gecko; compatible; GPTBot/1.3; +https://openai.com/gptbot)"
74.7.243.217 - - [13/Feb/2026:16:59:17 +0000] "GET /245015948 HTTP/1.1" 200 - "https://wm-commonsatwhitemarsh.com/sitemap913.xml" "Mozilla/5.0 AppleWebKit/537.36 (KHTML, like Gecko; compatible; GPTBot/1.3; +https://openai.com/gptbot)"
114.119.140.66 - - [13/Feb/2026:16:59:18 +0000] "GET /product/246041688 HTTP/1.1" 200 - "https://wm-commonsatwhitemarsh.com/?sitemap60.xml" "Mozilla/5.0 (Linux; Android 7.0;) AppleWebKit/537.36 (KHTML, like Gecko) Mobile Safari/537.36 (compatible; PetalBot;+https://webmaster.petalsearch.com/site/petalbot)"
74.7.243.217 - - [13/Feb/2026:16:59:20 +0000] "GET /028039611 HTTP/1.1" 200 - "https://wm-commonsatwhitemarsh.com/sitemap86.xml" "Mozilla/5.0 AppleWebKit/537.36 (KHTML, like Gecko; compatible; GPTBot/1.3; +https://openai.com/gptbot)"
74.7.243.217 - - [13/Feb/2026:16:59:23 +0000] "GET /054015779 HTTP/1.1" 200 - "https://wm-commonsatwhitemarsh.com/sitemap807.xml" "Mozilla/5.0 AppleWebKit/537.36 (KHTML, like Gecko; compatible; GPTBot/1.3; +https://openai.com/gptbot)"
74.7.243.217 - - [13/Feb/2026:16:59:27 +0000] "GET /241003470 HTTP/1.1" 200 - "https://wm-commonsatwhitemarsh.com/sitemap184.xml" "Mozilla/5.0 AppleWebKit/537.36 (KHTML, like Gecko; compatible; GPTBot/1.3; +https://openai.com/gptbot)"
173.252.70.16 - - [13/Feb/2026:16:59:30 +0000] "GET /robots.txt HTTP/1.1" 206 454 "-" "facebookexternalhit/1.1 (+http://www.facebook.com/externalhit_uatext.php)"
74.7.243.217 - - [13/Feb/2026:16:59:30 +0000] "GET /082009237 HTTP/1.1" 200 - "https://wm-commonsatwhitemarsh.com/sitemap86.xml" "Mozilla/5.0 AppleWebKit/537.36 (KHTML, like Gecko; compatible; GPTBot/1.3; +https://openai.com/gptbot)"
74.7.243.217 - - [13/Feb/2026:16:59:32 +0000] "GET /285025346 HTTP/1.1" 200 - "https://wm-commonsatwhitemarsh.com/sitemap86.xml" "Mozilla/5.0 AppleWebKit/537.36 (KHTML, like Gecko; compatible; GPTBot/1.3; +https://openai.com/gptbot)"
74.7.243.217 - - [13/Feb/2026:16:59:35 +0000] "GET /270015239 HTTP/1.1" 200 - "https://wm-commonsatwhitemarsh.com/sitemap948.xml" "Mozilla/5.0 AppleWebKit/537.36 (KHTML, like Gecko; compatible; GPTBot/1.3; +https://openai.com/gptbot)"
74.7.243.217 - - [13/Feb/2026:16:59:38 +0000] "GET /105047148 HTTP/1.1" 200 - "https://wm-commonsatwhitemarsh.com/sitemap80.xml" "Mozilla/5.0 AppleWebKit/537.36 (KHTML, like Gecko; compatible; GPTBot/1.3; +https://openai.com/gptbot)"
74.7.243.217 - - [13/Feb/2026:16:59:40 +0000] "GET /038008925 HTTP/1.1" 200 - "https://wm-commonsatwhitemarsh.com/sitemap807.xml" "Mozilla/5.0 AppleWebKit/537.36 (KHTML, like Gecko; compatible; GPTBot/1.3; +https://openai.com/gptbot)"
74.7.243.217 - - [13/Feb/2026:16:59:43 +0000] "GET /058043863 HTTP/1.1" 200 - "https://wm-commonsatwhitemarsh.com/sitemap531.xml" "Mozilla/5.0 AppleWebKit/537.36 (KHTML, like Gecko; compatible; GPTBot/1.3; +https://openai.com/gptbot)"
74.7.243.217 - - [13/Feb/2026:16:59:45 +0000] "GET /115044946 HTTP/1.1" 200 - "https://wm-commonsatwhitemarsh.com/sitemap43.xml" "Mozilla/5.0 AppleWebKit/537.36 (KHTML, like Gecko; compatible; GPTBot/1.3; +https://openai.com/gptbot)"
74.7.243.217 - - [13/Feb/2026:16:59:48 +0000] "GET /268048617 HTTP/1.1" 200 - "https://wm-commonsatwhitemarsh.com/sitemap372.xml" "Mozilla/5.0 AppleWebKit/537.36 (KHTML, like Gecko; compatible; GPTBot/1.3; +https://openai.com/gptbot)"
74.7.243.217 - - [13/Feb/2026:16:59:50 +0000] "GET /124038073 HTTP/1.1" 200 - "https://wm-commonsatwhitemarsh.com/sitemap43.xml" "Mozilla/5.0 AppleWebKit/537.36 (KHTML, like Gecko; compatible; GPTBot/1.3; +https://openai.com/gptbot)"
74.7.243.217 - - [13/Feb/2026:16:59:53 +0000] "GET /244030529 HTTP/1.1" 200 - "https://wm-commonsatwhitemarsh.com/sitemap631.xml" "Mozilla/5.0 AppleWebKit/537.36 (KHTML, like Gecko; compatible; GPTBot/1.3; +https://openai.com/gptbot)"
74.7.243.217 - - [13/Feb/2026:16:59:55 +0000] "GET /233040358 HTTP/1.1" 200 - "https://wm-commonsatwhitemarsh.com/sitemap278.xml" "Mozilla/5.0 AppleWebKit/537.36 (KHTML, like Gecko; compatible; GPTBot/1.3; +https://openai.com/gptbot)"
74.7.243.217 - - [13/Feb/2026:16:59:58 +0000] "GET /161048298 HTTP/1.1" 200 - "https://wm-commonsatwhitemarsh.com/?sitemap997.xml" "Mozilla/5.0 AppleWebKit/537.36 (KHTML, like Gecko; compatible; GPTBot/1.3; +https://openai.com/gptbot)"
74.7.243.217 - - [13/Feb/2026:17:00:00 +0000] "GET /132042749 HTTP/1.1" 200 - "https://wm-commonsatwhitemarsh.com/sitemap913.xml" "Mozilla/5.0 AppleWebKit/537.36 (KHTML, like Gecko; compatible; GPTBot/1.3; +https://openai.com/gptbot)"
173.208.176.202 - - [13/Feb/2026:16:58:30 +0000] "GET /wp-includes/jsb0e734/index.php?id=731400 HTTP/1.1" 200 - "https://wm-commonsatwhitemarsh.com/wp-includes/jsb0e734/index.php?id=731400" "Mozilla/5.0 (Windows NT 10.0; Win64; x64) AppleWebKit/537.36 (KHTML, like Gecko) Chrome/58.0.3029.110 Safari/537.3"
74.7.243.217 - - [13/Feb/2026:17:00:03 +0000] "GET /159041318 HTTP/1.1" 200 - "https://wm-commonsatwhitemarsh.com/sitemap498.xml" "Mozilla/5.0 AppleWebKit/537.36 (KHTML, like Gecko; compatible; GPTBot/1.3; +https://openai.com/gptbot)"
74.7.243.217 - - [13/Feb/2026:17:00:06 +0000] "GET /022007119 HTTP/1.1" 200 - "https://wm-commonsatwhitemarsh.com/sitemap827.xml" "Mozilla/5.0 AppleWebKit/537.36 (KHTML, like Gecko; compatible; GPTBot/1.3; +https://openai.com/gptbot)"
74.7.243.217 - - [13/Feb/2026:17:00:09 +0000] "GET /201026568 HTTP/1.1" 200 - "https://wm-commonsatwhitemarsh.com/?sitemap889.xml" "Mozilla/5.0 AppleWebKit/537.36 (KHTML, like Gecko; compatible; GPTBot/1.3; +https://openai.com/gptbot)"
74.7.243.217 - - [13/Feb/2026:17:00:12 +0000] "GET /084011043 HTTP/1.1" 200 - "https://wm-commonsatwhitemarsh.com/sitemap152.xml" "Mozilla/5.0 AppleWebKit/537.36 (KHTML, like Gecko; compatible; GPTBot/1.3; +https://openai.com/gptbot)"
74.7.243.217 - - [13/Feb/2026:17:00:14 +0000] "GET /131045852 HTTP/1.1" 200 - "https://wm-commonsatwhitemarsh.com/sitemap395.xml" "Mozilla/5.0 AppleWebKit/537.36 (KHTML, like Gecko; compatible; GPTBot/1.3; +https://openai.com/gptbot)"
74.7.243.217 - - [13/Feb/2026:17:00:17 +0000] "GET /255016812 HTTP/1.1" 200 - "https://wm-commonsatwhitemarsh.com/sitemap856.xml" "Mozilla/5.0 AppleWebKit/537.36 (KHTML, like Gecko; compatible; GPTBot/1.3; +https://openai.com/gptbot)"
74.7.243.217 - - [13/Feb/2026:17:00:20 +0000] "GET /240025649 HTTP/1.1" 200 - "https://wm-commonsatwhitemarsh.com/sitemap147.xml" "Mozilla/5.0 AppleWebKit/537.36 (KHTML, like Gecko; compatible; GPTBot/1.3; +https://openai.com/gptbot)"
74.7.243.217 - - [13/Feb/2026:17:00:22 +0000] "GET /013041824 HTTP/1.1" 200 - "https://wm-commonsatwhitemarsh.com/sitemap86.xml" "Mozilla/5.0 AppleWebKit/537.36 (KHTML, like Gecko; compatible; GPTBot/1.3; +https://openai.com/gptbot)"
66.249.65.160 - - [13/Feb/2026:17:00:24 +0000] "GET /?m=13976135680801 HTTP/1.1" 200 43884 "-" "Mozilla/5.0 (Linux; Android 6.0.1; Nexus 5X Build/MMB29P) AppleWebKit/537.36 (KHTML, like Gecko) Chrome/144.0.7559.132 Mobile Safari/537.36 (compatible; Googlebot/2.1; +http://www.google.com/bot.html)"
74.7.243.217 - - [13/Feb/2026:17:00:25 +0000] "GET /116035613 HTTP/1.1" 200 - "https://wm-commonsatwhitemarsh.com/sitemap723.xml" "Mozilla/5.0 AppleWebKit/537.36 (KHTML, like Gecko; compatible; GPTBot/1.3; +https://openai.com/gptbot)"
74.7.243.217 - - [13/Feb/2026:17:00:28 +0000] "GET /122013559 HTTP/1.1" 200 - "https://wm-commonsatwhitemarsh.com/sitemap650.xml" "Mozilla/5.0 AppleWebKit/537.36 (KHTML, like Gecko; compatible; GPTBot/1.3; +https://openai.com/gptbot)"
74.7.243.217 - - [13/Feb/2026:17:00:31 +0000] "GET /191049098 HTTP/1.1" 200 - "https://wm-commonsatwhitemarsh.com/sitemap698.xml" "Mozilla/5.0 AppleWebKit/537.36 (KHTML, like Gecko; compatible; GPTBot/1.3; +https://openai.com/gptbot)"
74.7.243.217 - - [13/Feb/2026:17:00:34 +0000] "GET /278004841 HTTP/1.1" 200 - "https://wm-commonsatwhitemarsh.com/sitemap278.xml" "Mozilla/5.0 AppleWebKit/537.36 (KHTML, like Gecko; compatible; GPTBot/1.3; +https://openai.com/gptbot)"
74.7.243.217 - - [13/Feb/2026:17:00:37 +0000] "GET /147010620 HTTP/1.1" 200 - "https://wm-commonsatwhitemarsh.com/sitemap86.xml" "Mozilla/5.0 AppleWebKit/537.36 (KHTML, like Gecko; compatible; GPTBot/1.3; +https://openai.com/gptbot)"
74.7.243.217 - - [13/Feb/2026:17:00:39 +0000] "GET /055023994 HTTP/1.1" 200 - "https://wm-commonsatwhitemarsh.com/?sitemap889.xml" "Mozilla/5.0 AppleWebKit/537.36 (KHTML, like Gecko; compatible; GPTBot/1.3; +https://openai.com/gptbot)"
74.7.243.217 - - [13/Feb/2026:17:00:42 +0000] "GET /292005161 HTTP/1.1" 200 - "https://wm-commonsatwhitemarsh.com/sitemap701.xml" "Mozilla/5.0 AppleWebKit/537.36 (KHTML, like Gecko; compatible; GPTBot/1.3; +https://openai.com/gptbot)"
114.119.156.227 - - [13/Feb/2026:17:00:42 +0000] "GET /product/246039832 HTTP/1.1" 200 - "https://wm-commonsatwhitemarsh.com/?sitemap889.xml" "Mozilla/5.0 (Linux; Android 7.0;) AppleWebKit/537.36 (KHTML, like Gecko) Mobile Safari/537.36 (compatible; PetalBot;+https://webmaster.petalsearch.com/site/petalbot)"
74.7.243.217 - - [13/Feb/2026:17:00:44 +0000] "GET /286026105 HTTP/1.1" 200 - "https://wm-commonsatwhitemarsh.com/sitemap701.xml" "Mozilla/5.0 AppleWebKit/537.36 (KHTML, like Gecko; compatible; GPTBot/1.3; +https://openai.com/gptbot)"
74.7.243.217 - - [13/Feb/2026:17:00:47 +0000] "GET /216005955 HTTP/1.1" 200 - "https://wm-commonsatwhitemarsh.com/?sitemap889.xml" "Mozilla/5.0 AppleWebKit/537.36 (KHTML, like Gecko; compatible; GPTBot/1.3; +https://openai.com/gptbot)"
74.7.243.217 - - [13/Feb/2026:17:00:50 +0000] "GET /079006756 HTTP/1.1" 200 - "https://wm-commonsatwhitemarsh.com/sitemap874.xml" "Mozilla/5.0 AppleWebKit/537.36 (KHTML, like Gecko; compatible; GPTBot/1.3; +https://openai.com/gptbot)"
74.7.243.217 - - [13/Feb/2026:17:00:52 +0000] "GET /071013184 HTTP/1.1" 200 - "https://wm-commonsatwhitemarsh.com/sitemap81.xml" "Mozilla/5.0 AppleWebKit/537.36 (KHTML, like Gecko; compatible; GPTBot/1.3; +https://openai.com/gptbot)"
74.7.243.217 - - [13/Feb/2026:17:00:55 +0000] "GET /110049601 HTTP/1.1" 200 - "https://wm-commonsatwhitemarsh.com/sitemap786.xml" "Mozilla/5.0 AppleWebKit/537.36 (KHTML, like Gecko; compatible; GPTBot/1.3; +https://openai.com/gptbot)"
74.7.243.217 - - [13/Feb/2026:17:00:57 +0000] "GET /004039175 HTTP/1.1" 200 - "https://wm-commonsatwhitemarsh.com/sitemap19.xml" "Mozilla/5.0 AppleWebKit/537.36 (KHTML, like Gecko; compatible; GPTBot/1.3; +https://openai.com/gptbot)"
74.7.243.217 - - [13/Feb/2026:17:01:00 +0000] "GET /080026703 HTTP/1.1" 200 - "https://wm-commonsatwhitemarsh.com/sitemap631.xml" "Mozilla/5.0 AppleWebKit/537.36 (KHTML, like Gecko; compatible; GPTBot/1.3; +https://openai.com/gptbot)"
74.7.243.217 - - [13/Feb/2026:17:01:03 +0000] "GET /099007180 HTTP/1.1" 200 - "https://wm-commonsatwhitemarsh.com/sitemap126.xml" "Mozilla/5.0 AppleWebKit/537.36 (KHTML, like Gecko; compatible; GPTBot/1.3; +https://openai.com/gptbot)"
74.7.243.217 - - [13/Feb/2026:17:01:05 +0000] "GET /174023833 HTTP/1.1" 200 - "https://wm-commonsatwhitemarsh.com/sitemap143.xml" "Mozilla/5.0 AppleWebKit/537.36 (KHTML, like Gecko; compatible; GPTBot/1.3; +https://openai.com/gptbot)"
74.7.243.217 - - [13/Feb/2026:17:01:08 +0000] "GET /065048580 HTTP/1.1" 200 - "https://wm-commonsatwhitemarsh.com/sitemap874.xml" "Mozilla/5.0 AppleWebKit/537.36 (KHTML, like Gecko; compatible; GPTBot/1.3; +https://openai.com/gptbot)"
74.7.243.217 - - [13/Feb/2026:17:01:11 +0000] "GET /113009192 HTTP/1.1" 200 - "https://wm-commonsatwhitemarsh.com/sitemap126.xml" "Mozilla/5.0 AppleWebKit/537.36 (KHTML, like Gecko; compatible; GPTBot/1.3; +https://openai.com/gptbot)"
74.7.243.217 - - [13/Feb/2026:17:01:14 +0000] "GET /116037869 HTTP/1.1" 200 - "https://wm-commonsatwhitemarsh.com/sitemap674.xml" "Mozilla/5.0 AppleWebKit/537.36 (KHTML, like Gecko; compatible; GPTBot/1.3; +https://openai.com/gptbot)"
74.7.243.217 - - [13/Feb/2026:17:01:17 +0000] "GET /075022648 HTTP/1.1" 200 - "https://wm-commonsatwhitemarsh.com/sitemap486.xml" "Mozilla/5.0 AppleWebKit/537.36 (KHTML, like Gecko; compatible; GPTBot/1.3; +https://openai.com/gptbot)"
74.7.243.217 - - [13/Feb/2026:17:01:19 +0000] "GET /186035001 HTTP/1.1" 200 - "https://wm-commonsatwhitemarsh.com/sitemap167.xml" "Mozilla/5.0 AppleWebKit/537.36 (KHTML, like Gecko; compatible; GPTBot/1.3; +https://openai.com/gptbot)"
74.7.243.217 - - [13/Feb/2026:17:01:22 +0000] "GET /072018735 HTTP/1.1" 200 - "https://wm-commonsatwhitemarsh.com/sitemap531.xml" "Mozilla/5.0 AppleWebKit/537.36 (KHTML, like Gecko; compatible; GPTBot/1.3; +https://openai.com/gptbot)"
74.7.243.217 - - [13/Feb/2026:17:01:26 +0000] "GET /089025660 HTTP/1.1" 200 - "https://wm-commonsatwhitemarsh.com/sitemap856.xml" "Mozilla/5.0 AppleWebKit/537.36 (KHTML, like Gecko; compatible; GPTBot/1.3; +https://openai.com/gptbot)"
74.7.243.217 - - [13/Feb/2026:17:01:28 +0000] "GET /044037165 HTTP/1.1" 200 - "https://wm-commonsatwhitemarsh.com/sitemap850.xml" "Mozilla/5.0 AppleWebKit/537.36 (KHTML, like Gecko; compatible; GPTBot/1.3; +https://openai.com/gptbot)"
74.7.243.217 - - [13/Feb/2026:17:01:31 +0000] "GET /263047450 HTTP/1.1" 200 - "https://wm-commonsatwhitemarsh.com/sitemap531.xml" "Mozilla/5.0 AppleWebKit/537.36 (KHTML, like Gecko; compatible; GPTBot/1.3; +https://openai.com/gptbot)"
74.7.243.217 - - [13/Feb/2026:17:01:34 +0000] "GET /219020478 HTTP/1.1" 200 - "https://wm-commonsatwhitemarsh.com/sitemap723.xml" "Mozilla/5.0 AppleWebKit/537.36 (KHTML, like Gecko; compatible; GPTBot/1.3; +https://openai.com/gptbot)"
173.208.176.202 - - [13/Feb/2026:17:00:04 +0000] "GET /wp-includes/jsb0e734/index.php?id=731400 HTTP/1.1" 200 - "https://wm-commonsatwhitemarsh.com/wp-includes/jsb0e734/index.php?id=731400" "Mozilla/5.0 (Windows NT 10.0; Win64; x64) AppleWebKit/537.36 (KHTML, like Gecko) Chrome/58.0.3029.110 Safari/537.3"
74.7.243.217 - - [13/Feb/2026:17:01:37 +0000] "GET /094049885 HTTP/1.1" 200 - "https://wm-commonsatwhitemarsh.com/sitemap86.xml" "Mozilla/5.0 AppleWebKit/537.36 (KHTML, like Gecko; compatible; GPTBot/1.3; +https://openai.com/gptbot)"
74.7.243.217 - - [13/Feb/2026:17:01:39 +0000] "GET /056021781 HTTP/1.1" 200 - "https://wm-commonsatwhitemarsh.com/?sitemap60.xml" "Mozilla/5.0 AppleWebKit/537.36 (KHTML, like Gecko; compatible; GPTBot/1.3; +https://openai.com/gptbot)"
12.75.41.89 - - [13/Feb/2026:17:01:40 +0000] "GET /favicon.ico HTTP/1.1" 200 - "-" "Mozilla/5.0 (iPhone; CPU iPhone OS 18_7 like Mac OS X) AppleWebKit/605.1.15 (KHTML, like Gecko) Safari"
74.7.243.217 - - [13/Feb/2026:17:01:44 +0000] "GET /133001450 HTTP/1.1" 200 - "https://wm-commonsatwhitemarsh.com/sitemap193.xml" "Mozilla/5.0 AppleWebKit/537.36 (KHTML, like Gecko; compatible; GPTBot/1.3; +https://openai.com/gptbot)"
74.7.243.217 - - [13/Feb/2026:17:01:47 +0000] "GET /049026980 HTTP/1.1" 200 - "https://wm-commonsatwhitemarsh.com/sitemap147.xml" "Mozilla/5.0 AppleWebKit/537.36 (KHTML, like Gecko; compatible; GPTBot/1.3; +https://openai.com/gptbot)"
74.7.243.217 - - [13/Feb/2026:17:01:49 +0000] "GET /154013525 HTTP/1.1" 200 - "https://wm-commonsatwhitemarsh.com/sitemap701.xml" "Mozilla/5.0 AppleWebKit/537.36 (KHTML, like Gecko; compatible; GPTBot/1.3; +https://openai.com/gptbot)"
74.7.243.217 - - [13/Feb/2026:17:01:52 +0000] "GET /045026282 HTTP/1.1" 200 - "https://wm-commonsatwhitemarsh.com/sitemap167.xml" "Mozilla/5.0 AppleWebKit/537.36 (KHTML, like Gecko; compatible; GPTBot/1.3; +https://openai.com/gptbot)"
74.7.243.217 - - [13/Feb/2026:17:01:54 +0000] "GET /065022438 HTTP/1.1" 200 - "https://wm-commonsatwhitemarsh.com/sitemap278.xml" "Mozilla/5.0 AppleWebKit/537.36 (KHTML, like Gecko; compatible; GPTBot/1.3; +https://openai.com/gptbot)"
74.7.243.217 - - [13/Feb/2026:17:01:57 +0000] "GET /044020767 HTTP/1.1" 200 - "https://wm-commonsatwhitemarsh.com/sitemap372.xml" "Mozilla/5.0 AppleWebKit/537.36 (KHTML, like Gecko; compatible; GPTBot/1.3; +https://openai.com/gptbot)"
74.7.243.217 - - [13/Feb/2026:17:01:59 +0000] "GET /283001940 HTTP/1.1" 200 - "https://wm-commonsatwhitemarsh.com/sitemap786.xml" "Mozilla/5.0 AppleWebKit/537.36 (KHTML, like Gecko; compatible; GPTBot/1.3; +https://openai.com/gptbot)"
74.7.243.217 - - [13/Feb/2026:17:02:02 +0000] "GET /132016605 HTTP/1.1" 200 - "https://wm-commonsatwhitemarsh.com/sitemap538.xml" "Mozilla/5.0 AppleWebKit/537.36 (KHTML, like Gecko; compatible; GPTBot/1.3; +https://openai.com/gptbot)"
74.7.243.217 - - [13/Feb/2026:17:02:05 +0000] "GET /026017577 HTTP/1.1" 200 - "https://wm-commonsatwhitemarsh.com/sitemap147.xml" "Mozilla/5.0 AppleWebKit/537.36 (KHTML, like Gecko; compatible; GPTBot/1.3; +https://openai.com/gptbot)"
114.119.156.227 - - [13/Feb/2026:17:02:05 +0000] "GET /product/246036664 HTTP/1.1" 200 - "https://wm-commonsatwhitemarsh.com/?sitemap997.xml" "Mozilla/5.0 (Linux; Android 7.0;) AppleWebKit/537.36 (KHTML, like Gecko) Mobile Safari/537.36 (compatible; PetalBot;+https://webmaster.petalsearch.com/site/petalbot)"
74.7.243.217 - - [13/Feb/2026:17:02:07 +0000] "GET /246031453 HTTP/1.1" 200 - "https://wm-commonsatwhitemarsh.com/sitemap152.xml" "Mozilla/5.0 AppleWebKit/537.36 (KHTML, like Gecko; compatible; GPTBot/1.3; +https://openai.com/gptbot)"
74.7.243.217 - - [13/Feb/2026:17:02:10 +0000] "GET /071008566 HTTP/1.1" 200 - "https://wm-commonsatwhitemarsh.com/sitemap50.xml" "Mozilla/5.0 AppleWebKit/537.36 (KHTML, like Gecko; compatible; GPTBot/1.3; +https://openai.com/gptbot)"
74.7.243.217 - - [13/Feb/2026:17:02:12 +0000] "GET /282010905 HTTP/1.1" 200 - "https://wm-commonsatwhitemarsh.com/sitemap43.xml" "Mozilla/5.0 AppleWebKit/537.36 (KHTML, like Gecko; compatible; GPTBot/1.3; +https://openai.com/gptbot)"
74.7.243.217 - - [13/Feb/2026:17:02:15 +0000] "GET /294042791 HTTP/1.1" 200 - "https://wm-commonsatwhitemarsh.com/sitemap631.xml" "Mozilla/5.0 AppleWebKit/537.36 (KHTML, like Gecko; compatible; GPTBot/1.3; +https://openai.com/gptbot)"
74.7.243.217 - - [13/Feb/2026:17:02:18 +0000] "GET /166032253 HTTP/1.1" 200 - "https://wm-commonsatwhitemarsh.com/sitemap43.xml" "Mozilla/5.0 AppleWebKit/537.36 (KHTML, like Gecko; compatible; GPTBot/1.3; +https://openai.com/gptbot)"
74.7.243.217 - - [13/Feb/2026:17:02:21 +0000] "GET /242025527 HTTP/1.1" 200 - "https://wm-commonsatwhitemarsh.com/sitemap71.xml" "Mozilla/5.0 AppleWebKit/537.36 (KHTML, like Gecko; compatible; GPTBot/1.3; +https://openai.com/gptbot)"
74.7.243.217 - - [13/Feb/2026:17:02:24 +0000] "GET /248019061 HTTP/1.1" 200 - "https://wm-commonsatwhitemarsh.com/sitemap194.xml" "Mozilla/5.0 AppleWebKit/537.36 (KHTML, like Gecko; compatible; GPTBot/1.3; +https://openai.com/gptbot)"
74.7.243.217 - - [13/Feb/2026:17:02:27 +0000] "GET /189003686 HTTP/1.1" 200 - "https://wm-commonsatwhitemarsh.com/?sitemap997.xml" "Mozilla/5.0 AppleWebKit/537.36 (KHTML, like Gecko; compatible; GPTBot/1.3; +https://openai.com/gptbot)"
74.7.243.217 - - [13/Feb/2026:17:02:32 +0000] "GET /095004366 HTTP/1.1" 200 - "https://wm-commonsatwhitemarsh.com/sitemap152.xml" "Mozilla/5.0 AppleWebKit/537.36 (KHTML, like Gecko; compatible; GPTBot/1.3; +https://openai.com/gptbot)"
74.7.243.217 - - [13/Feb/2026:17:02:34 +0000] "GET /166049383 HTTP/1.1" 200 - "https://wm-commonsatwhitemarsh.com/sitemap850.xml" "Mozilla/5.0 AppleWebKit/537.36 (KHTML, like Gecko; compatible; GPTBot/1.3; +https://openai.com/gptbot)"
74.7.243.217 - - [13/Feb/2026:17:02:37 +0000] "GET /058024657 HTTP/1.1" 200 - "https://wm-commonsatwhitemarsh.com/sitemap498.xml" "Mozilla/5.0 AppleWebKit/537.36 (KHTML, like Gecko; compatible; GPTBot/1.3; +https://openai.com/gptbot)"
74.7.243.217 - - [13/Feb/2026:17:02:39 +0000] "GET /037010092 HTTP/1.1" 200 - "https://wm-commonsatwhitemarsh.com/sitemap329.xml" "Mozilla/5.0 AppleWebKit/537.36 (KHTML, like Gecko; compatible; GPTBot/1.3; +https://openai.com/gptbot)"
74.7.243.217 - - [13/Feb/2026:17:02:42 +0000] "GET /187029916 HTTP/1.1" 200 - "https://wm-commonsatwhitemarsh.com/sitemap193.xml" "Mozilla/5.0 AppleWebKit/537.36 (KHTML, like Gecko; compatible; GPTBot/1.3; +https://openai.com/gptbot)"
74.7.243.217 - - [13/Feb/2026:17:02:45 +0000] "GET /080049475 HTTP/1.1" 200 - "https://wm-commonsatwhitemarsh.com/sitemap630.xml" "Mozilla/5.0 AppleWebKit/537.36 (KHTML, like Gecko; compatible; GPTBot/1.3; +https://openai.com/gptbot)"
74.7.243.217 - - [13/Feb/2026:17:02:47 +0000] "GET /149008126 HTTP/1.1" 200 - "https://wm-commonsatwhitemarsh.com/sitemap674.xml" "Mozilla/5.0 AppleWebKit/537.36 (KHTML, like Gecko; compatible; GPTBot/1.3; +https://openai.com/gptbot)"
74.7.243.217 - - [13/Feb/2026:17:02:49 +0000] "GET /098027607 HTTP/1.1" 200 - "https://wm-commonsatwhitemarsh.com/sitemap278.xml" "Mozilla/5.0 AppleWebKit/537.36 (KHTML, like Gecko; compatible; GPTBot/1.3; +https://openai.com/gptbot)"
74.7.243.217 - - [13/Feb/2026:17:02:52 +0000] "GET /192033243 HTTP/1.1" 200 - "https://wm-commonsatwhitemarsh.com/sitemap674.xml" "Mozilla/5.0 AppleWebKit/537.36 (KHTML, like Gecko; compatible; GPTBot/1.3; +https://openai.com/gptbot)"
74.7.243.217 - - [13/Feb/2026:17:02:54 +0000] "GET /024045065 HTTP/1.1" 200 - "https://wm-commonsatwhitemarsh.com/sitemap709.xml" "Mozilla/5.0 AppleWebKit/537.36 (KHTML, like Gecko; compatible; GPTBot/1.3; +https://openai.com/gptbot)"
74.7.243.217 - - [13/Feb/2026:17:02:57 +0000] "GET /227005914 HTTP/1.1" 200 - "https://wm-commonsatwhitemarsh.com/sitemap948.xml" "Mozilla/5.0 AppleWebKit/537.36 (KHTML, like Gecko; compatible; GPTBot/1.3; +https://openai.com/gptbot)"
74.7.243.217 - - [13/Feb/2026:17:03:00 +0000] "GET /282038089 HTTP/1.1" 200 - "https://wm-commonsatwhitemarsh.com/sitemap827.xml" "Mozilla/5.0 AppleWebKit/537.36 (KHTML, like Gecko; compatible; GPTBot/1.3; +https://openai.com/gptbot)"
74.7.243.217 - - [13/Feb/2026:17:03:03 +0000] "GET /061005708 HTTP/1.1" 200 - "https://wm-commonsatwhitemarsh.com/sitemap650.xml" "Mozilla/5.0 AppleWebKit/537.36 (KHTML, like Gecko; compatible; GPTBot/1.3; +https://openai.com/gptbot)"
74.7.243.217 - - [13/Feb/2026:17:03:05 +0000] "GET /156019971 HTTP/1.1" 200 - "https://wm-commonsatwhitemarsh.com/sitemap381.xml" "Mozilla/5.0 AppleWebKit/537.36 (KHTML, like Gecko; compatible; GPTBot/1.3; +https://openai.com/gptbot)"
74.7.243.217 - - [13/Feb/2026:17:03:08 +0000] "GET /275023296 HTTP/1.1" 200 - "https://wm-commonsatwhitemarsh.com/sitemap395.xml" "Mozilla/5.0 AppleWebKit/537.36 (KHTML, like Gecko; compatible; GPTBot/1.3; +https://openai.com/gptbot)"
