74.7.242.31 - - [13/Feb/2026:16:36:51 +0000] "GET /buy.php?detail/22501388690290 HTTP/1.1" 200 127379 "https://mohamionline.com/buy.php?detail/11100286093125" "Mozilla/5.0 AppleWebKit/537.36 (KHTML, like Gecko; compatible; GPTBot/1.3; +https://openai.com/gptbot)"
74.7.242.31 - - [13/Feb/2026:16:36:54 +0000] "GET /buy.php?detail/11001747523108 HTTP/1.1" 200 123637 "https://mohamionline.com/buy.php?detail/11001666878627" "Mozilla/5.0 AppleWebKit/537.36 (KHTML, like Gecko; compatible; GPTBot/1.3; +https://openai.com/gptbot)"
114.119.153.209 - - [13/Feb/2026:16:37:00 +0000] "GET /goods.php?shop/pg/21tennis/21379 HTTP/1.1" 404 - "http://mohamionline.com/goods.php?sitemap803.xml" "Mozilla/5.0 (Linux; Android 7.0;) AppleWebKit/537.36 (KHTML, like Gecko) Mobile Safari/537.36 (compatible; PetalBot;+https://webmaster.petalsearch.com/site/petalbot)"
74.7.242.31 - - [13/Feb/2026:16:36:57 +0000] "GET /buy.php?detail/10001672881386 HTTP/1.1" 200 129956 "https://mohamionline.com/buy.php?detail/10001655328112" "Mozilla/5.0 AppleWebKit/537.36 (KHTML, like Gecko; compatible; GPTBot/1.3; +https://openai.com/gptbot)"
74.7.242.31 - - [13/Feb/2026:16:37:00 +0000] "GET /buy.php?detail/11001667472166 HTTP/1.1" 200 119340 "https://mohamionline.com/buy.php?detail/11002283302465" "Mozilla/5.0 AppleWebKit/537.36 (KHTML, like Gecko; compatible; GPTBot/1.3; +https://openai.com/gptbot)"
74.7.242.31 - - [13/Feb/2026:16:37:03 +0000] "GET /buy.php?detail/22204825035371 HTTP/1.1" 200 143357 "https://mohamionline.com/buy.php?detail/22204805616099" "Mozilla/5.0 AppleWebKit/537.36 (KHTML, like Gecko; compatible; GPTBot/1.3; +https://openai.com/gptbot)"
74.7.242.31 - - [13/Feb/2026:16:37:07 +0000] "GET /buy.php?detail/12202203517910 HTTP/1.1" 200 120635 "https://mohamionline.com/buy.php?detail/22603643878706" "Mozilla/5.0 AppleWebKit/537.36 (KHTML, like Gecko; compatible; GPTBot/1.3; +https://openai.com/gptbot)"
74.7.242.31 - - [13/Feb/2026:16:37:10 +0000] "GET /buy.php?detail/00500057650891 HTTP/1.1" 200 118960 "https://mohamionline.com/buy.php?detail/00500194754074" "Mozilla/5.0 AppleWebKit/537.36 (KHTML, like Gecko; compatible; GPTBot/1.3; +https://openai.com/gptbot)"
74.7.242.31 - - [13/Feb/2026:16:37:13 +0000] "GET /buy.php?detail/22100739936224 HTTP/1.1" 200 125215 "https://mohamionline.com/buy.php?detail/16700726692720" "Mozilla/5.0 AppleWebKit/537.36 (KHTML, like Gecko; compatible; GPTBot/1.3; +https://openai.com/gptbot)"
74.7.242.31 - - [13/Feb/2026:16:37:16 +0000] "GET /buy.php?detail/10001657940446 HTTP/1.1" 200 121919 "https://mohamionline.com/buy.php?goods/100016579" "Mozilla/5.0 AppleWebKit/537.36 (KHTML, like Gecko; compatible; GPTBot/1.3; +https://openai.com/gptbot)"
74.7.242.31 - - [13/Feb/2026:16:37:19 +0000] "GET /buy.php?detail/10004686490992 HTTP/1.1" 200 127391 "https://mohamionline.com/buy.php?detail/10004839922553" "Mozilla/5.0 AppleWebKit/537.36 (KHTML, like Gecko; compatible; GPTBot/1.3; +https://openai.com/gptbot)"
74.7.242.31 - - [13/Feb/2026:16:37:22 +0000] "GET /buy.php?detail/10004686521103 HTTP/1.1" 200 128274 "https://mohamionline.com/buy.php?detail/10004839922553" "Mozilla/5.0 AppleWebKit/537.36 (KHTML, like Gecko; compatible; GPTBot/1.3; +https://openai.com/gptbot)"
74.7.242.31 - - [13/Feb/2026:16:37:26 +0000] "GET /buy.php?detail/14801954619218 HTTP/1.1" 200 118811 "https://mohamionline.com/buy.php?goods/148000592" "Mozilla/5.0 AppleWebKit/537.36 (KHTML, like Gecko; compatible; GPTBot/1.3; +https://openai.com/gptbot)"
74.7.242.31 - - [13/Feb/2026:16:37:30 +0000] "GET /buy.php?goods/241027746 HTTP/1.1" 200 123353 "https://mohamionline.com/buy.php?detail/11001747523108" "Mozilla/5.0 AppleWebKit/537.36 (KHTML, like Gecko; compatible; GPTBot/1.3; +https://openai.com/gptbot)"
74.7.242.31 - - [13/Feb/2026:16:37:32 +0000] "GET /buy.php?detail/05800196470518 HTTP/1.1" 200 121760 "https://mohamionline.com/buy.php?detail/05800180742571" "Mozilla/5.0 AppleWebKit/537.36 (KHTML, like Gecko; compatible; GPTBot/1.3; +https://openai.com/gptbot)"
74.7.242.31 - - [13/Feb/2026:16:37:35 +0000] "GET /buy.php?goods/108031826 HTTP/1.1" 200 127495 "https://mohamionline.com/buy.php?detail/11001667472166" "Mozilla/5.0 AppleWebKit/537.36 (KHTML, like Gecko; compatible; GPTBot/1.3; +https://openai.com/gptbot)"
74.7.242.31 - - [13/Feb/2026:16:37:38 +0000] "GET /buy.php?jp/058001964.html HTTP/1.1" 200 121760 "https://mohamionline.com/buy.php?detail/05800196470518" "Mozilla/5.0 AppleWebKit/537.36 (KHTML, like Gecko; compatible; GPTBot/1.3; +https://openai.com/gptbot)"
74.7.242.31 - - [13/Feb/2026:16:37:41 +0000] "GET /buy.php?detail/02402632869060 HTTP/1.1" 200 123594 "https://mohamionline.com/buy.php?detail/22204825035371" "Mozilla/5.0 AppleWebKit/537.36 (KHTML, like Gecko; compatible; GPTBot/1.3; +https://openai.com/gptbot)"
74.7.242.31 - - [13/Feb/2026:16:37:44 +0000] "GET /buy.php?detail/14801021300216 HTTP/1.1" 200 119549 "https://mohamionline.com/buy.php?detail/14800068301521" "Mozilla/5.0 AppleWebKit/537.36 (KHTML, like Gecko; compatible; GPTBot/1.3; +https://openai.com/gptbot)"
74.7.242.31 - - [13/Feb/2026:16:37:47 +0000] "GET /buy.php?detail/132042969939 HTTP/1.1" 200 117977 "https://mohamionline.com/buy.php?detail/00500057650891" "Mozilla/5.0 AppleWebKit/537.36 (KHTML, like Gecko; compatible; GPTBot/1.3; +https://openai.com/gptbot)"
74.7.242.31 - - [13/Feb/2026:16:37:50 +0000] "GET /buy.php?detail/11401651263434 HTTP/1.1" 200 117677 "https://mohamionline.com/buy.php?detail/00500057650891" "Mozilla/5.0 AppleWebKit/537.36 (KHTML, like Gecko; compatible; GPTBot/1.3; +https://openai.com/gptbot)"
74.7.242.31 - - [13/Feb/2026:16:37:53 +0000] "GET /buy.php?detail/00500103278596 HTTP/1.1" 200 122433 "https://mohamionline.com/buy.php?detail/00500057650891" "Mozilla/5.0 AppleWebKit/537.36 (KHTML, like Gecko; compatible; GPTBot/1.3; +https://openai.com/gptbot)"
74.7.242.31 - - [13/Feb/2026:16:37:56 +0000] "GET /buy.php?detail/10004409376454 HTTP/1.1" 200 126423 "https://mohamionline.com/buy.php?detail/10004686490992" "Mozilla/5.0 AppleWebKit/537.36 (KHTML, like Gecko; compatible; GPTBot/1.3; +https://openai.com/gptbot)"
74.7.242.31 - - [13/Feb/2026:16:37:59 +0000] "GET /buy.php?detail/22401963090954 HTTP/1.1" 200 117002 "https://mohamionline.com/buy.php?detail/10004686521103" "Mozilla/5.0 AppleWebKit/537.36 (KHTML, like Gecko; compatible; GPTBot/1.3; +https://openai.com/gptbot)"
66.249.66.6 - - [13/Feb/2026:16:38:05 +0000] "GET /header.php?merchandises/37310971814 HTTP/1.1" 404 - "-" "Mozilla/5.0 (Linux; Android 6.0.1; Nexus 5X Build/MMB29P) AppleWebKit/537.36 (KHTML, like Gecko) Chrome/144.0.7559.132 Mobile Safari/537.36 (compatible; Googlebot/2.1; +http://www.google.com/bot.html)"
74.7.242.31 - - [13/Feb/2026:16:38:02 +0000] "GET /buy.php?detail/14801992592452 HTTP/1.1" 200 118921 "https://mohamionline.com/buy.php?detail/14801954619218" "Mozilla/5.0 AppleWebKit/537.36 (KHTML, like Gecko; compatible; GPTBot/1.3; +https://openai.com/gptbot)"
74.7.242.31 - - [13/Feb/2026:16:38:06 +0000] "GET /buy.php?detail/24100039850112 HTTP/1.1" 200 124248 "https://mohamionline.com/buy.php?goods/241027746" "Mozilla/5.0 AppleWebKit/537.36 (KHTML, like Gecko; compatible; GPTBot/1.3; +https://openai.com/gptbot)"
74.7.242.31 - - [13/Feb/2026:16:38:09 +0000] "GET /buy.php?detail/10004676925289 HTTP/1.1" 200 126807 "https://mohamionline.com/buy.php?detail/10004686521103" "Mozilla/5.0 AppleWebKit/537.36 (KHTML, like Gecko; compatible; GPTBot/1.3; +https://openai.com/gptbot)"
74.7.242.31 - - [13/Feb/2026:16:38:13 +0000] "GET /buy.php?detail/0580016973628 HTTP/1.1" 200 117164 "https://mohamionline.com/buy.php?jp/058001964.html" "Mozilla/5.0 AppleWebKit/537.36 (KHTML, like Gecko; compatible; GPTBot/1.3; +https://openai.com/gptbot)"
74.7.242.31 - - [13/Feb/2026:16:38:16 +0000] "GET /buy.php?detail/08004687444393 HTTP/1.1" 200 122606 "https://mohamionline.com/buy.php?detail/02402632869060" "Mozilla/5.0 AppleWebKit/537.36 (KHTML, like Gecko; compatible; GPTBot/1.3; +https://openai.com/gptbot)"
114.119.136.141 - - [13/Feb/2026:16:38:22 +0000] "GET /goods.php?shop/pg/21manual/17541 HTTP/1.1" 404 - "http://mohamionline.com/goods.php?sitemap803.xml" "Mozilla/5.0 (Linux; Android 7.0;) AppleWebKit/537.36 (KHTML, like Gecko) Mobile Safari/537.36 (compatible; PetalBot;+https://webmaster.petalsearch.com/site/petalbot)"
74.7.242.31 - - [13/Feb/2026:16:38:19 +0000] "GET /buy.php?detail/05800169964501 HTTP/1.1" 200 123235 "https://mohamionline.com/buy.php?jp/058001964.html" "Mozilla/5.0 AppleWebKit/537.36 (KHTML, like Gecko; compatible; GPTBot/1.3; +https://openai.com/gptbot)"
74.7.242.31 - - [13/Feb/2026:16:38:24 +0000] "GET /buy.php?detail/05800170174036 HTTP/1.1" 200 119221 "https://mohamionline.com/buy.php?jp/058001964.html" "Mozilla/5.0 AppleWebKit/537.36 (KHTML, like Gecko; compatible; GPTBot/1.3; +https://openai.com/gptbot)"
74.7.242.31 - - [13/Feb/2026:16:38:28 +0000] "GET /buy.php?detail/13303340981534 HTTP/1.1" 200 119925 "https://mohamionline.com/buy.php?detail/11401651263434" "Mozilla/5.0 AppleWebKit/537.36 (KHTML, like Gecko; compatible; GPTBot/1.3; +https://openai.com/gptbot)"
74.7.242.31 - - [13/Feb/2026:16:38:31 +0000] "GET /buy.php?goods/257011574 HTTP/1.1" 200 121704 "https://mohamionline.com/buy.php?detail/00500103278596" "Mozilla/5.0 AppleWebKit/537.36 (KHTML, like Gecko; compatible; GPTBot/1.3; +https://openai.com/gptbot)"
74.7.242.31 - - [13/Feb/2026:16:38:34 +0000] "GET /buy.php?detail/10004028976485 HTTP/1.1" 200 126465 "https://mohamionline.com/buy.php?detail/10004409376454" "Mozilla/5.0 AppleWebKit/537.36 (KHTML, like Gecko; compatible; GPTBot/1.3; +https://openai.com/gptbot)"
216.244.66.200 - - [13/Feb/2026:16:38:38 +0000] "GET /beta/moh2/index.php?option=com_k2&view=itemlist&task=user&id=21524 HTTP/1.1" 404 - "-" "Mozilla/5.0 (compatible; DotBot/1.2; +https://opensiteexplorer.org/dotbot; help@moz.com)"
216.244.66.200 - - [13/Feb/2026:16:38:39 +0000] "GET /beta/moh2/index.php?option=com_k2&view=itemlist&task=user&id=28005 HTTP/1.1" 404 - "-" "Mozilla/5.0 (compatible; DotBot/1.2; +https://opensiteexplorer.org/dotbot; help@moz.com)"
216.244.66.200 - - [13/Feb/2026:16:38:40 +0000] "GET /index.php?option=com_k2view=itemid=249:%D9%85%D8%AD%D8%A7%D9%81%D8%B8%D8%A9-%D8%A7%D9%84%D8%AC%D9%8A%D8%B2%D8%A9p=guid=on HTTP/1.1" 404 - "-" "Mozilla/5.0 (compatible; DotBot/1.2; +https://opensiteexplorer.org/dotbot; help@moz.com)"
74.7.242.31 - - [13/Feb/2026:16:38:37 +0000] "GET /buy.php?detail/10004028683642 HTTP/1.1" 200 125024 "https://mohamionline.com/buy.php?detail/10004409376454" "Mozilla/5.0 AppleWebKit/537.36 (KHTML, like Gecko; compatible; GPTBot/1.3; +https://openai.com/gptbot)"
74.7.242.31 - - [13/Feb/2026:16:38:41 +0000] "GET /buy.php?detail/1890093406689 HTTP/1.1" 200 118771 "https://mohamionline.com/buy.php?detail/14801992592452" "Mozilla/5.0 AppleWebKit/537.36 (KHTML, like Gecko; compatible; GPTBot/1.3; +https://openai.com/gptbot)"
74.7.242.31 - - [13/Feb/2026:16:38:44 +0000] "GET /buy.php?detail/06200622710248 HTTP/1.1" 200 118918 "https://mohamionline.com/buy.php?detail/06200772512691" "Mozilla/5.0 AppleWebKit/537.36 (KHTML, like Gecko; compatible; GPTBot/1.3; +https://openai.com/gptbot)"
74.7.242.31 - - [13/Feb/2026:16:38:47 +0000] "GET /buy.php?detail/10004703651508 HTTP/1.1" 200 126989 "https://mohamionline.com/buy.php?detail/10004676925289" "Mozilla/5.0 AppleWebKit/537.36 (KHTML, like Gecko; compatible; GPTBot/1.3; +https://openai.com/gptbot)"
74.7.242.31 - - [13/Feb/2026:16:38:50 +0000] "GET /buy.php?detail/04404785380339 HTTP/1.1" 200 120471 "https://mohamionline.com/buy.php?detail/10004676925289" "Mozilla/5.0 AppleWebKit/537.36 (KHTML, like Gecko; compatible; GPTBot/1.3; +https://openai.com/gptbot)"
65.109.118.212 - - [13/Feb/2026:16:38:53 +0000] "GET /robots.txt HTTP/1.1" 404 - "-" "Mozilla/5.0 (compatible; AwarioBot/1.0; +https://awario.com/bots.html)"
65.109.118.212 - - [13/Feb/2026:16:38:54 +0000] "GET /?sitemap237.xml HTTP/1.1" 200 5171 "-" "Mozilla/5.0 (compatible; AwarioBot/1.0; +https://awario.com/bots.html)"
74.7.242.31 - - [13/Feb/2026:16:38:54 +0000] "GET /buy.php?detail/08004417236083 HTTP/1.1" 200 122504 "https://mohamionline.com/buy.php?detail/08004687444393" "Mozilla/5.0 AppleWebKit/537.36 (KHTML, like Gecko; compatible; GPTBot/1.3; +https://openai.com/gptbot)"
65.109.118.212 - - [13/Feb/2026:16:39:00 +0000] "GET /?sitemap45.xml HTTP/1.1" 200 5171 "-" "Mozilla/5.0 (compatible; AwarioBot/1.0; +https://awario.com/bots.html)"
74.7.242.31 - - [13/Feb/2026:16:38:57 +0000] "GET /buy.php?detail/23201623252443 HTTP/1.1" 200 119131 "https://mohamionline.com/buy.php?detail/23201660457466" "Mozilla/5.0 AppleWebKit/537.36 (KHTML, like Gecko; compatible; GPTBot/1.3; +https://openai.com/gptbot)"
74.7.242.31 - - [13/Feb/2026:16:39:01 +0000] "GET /buy.php?detail/10803123608312 HTTP/1.1" 200 121228 "https://mohamionline.com/buy.php?goods/108031826" "Mozilla/5.0 AppleWebKit/537.36 (KHTML, like Gecko; compatible; GPTBot/1.3; +https://openai.com/gptbot)"
65.109.118.212 - - [13/Feb/2026:16:39:04 +0000] "GET /?sitemap710.xml HTTP/1.1" 200 5171 "-" "Mozilla/5.0 (compatible; AwarioBot/1.0; +https://awario.com/bots.html)"
66.249.66.204 - - [13/Feb/2026:16:39:05 +0000] "GET /header.php?merchandises/90710913825 HTTP/1.1" 404 - "-" "Mozilla/5.0 (Linux; Android 6.0.1; Nexus 5X Build/MMB29P) AppleWebKit/537.36 (KHTML, like Gecko) Chrome/144.0.7559.132 Mobile Safari/537.36 (compatible; Googlebot/2.1; +http://www.google.com/bot.html)"
65.109.118.212 - - [13/Feb/2026:16:39:06 +0000] "GET /?sitemap865.xml HTTP/1.1" 200 5171 "-" "Mozilla/5.0 (compatible; AwarioBot/1.0; +https://awario.com/bots.html)"
74.7.242.31 - - [13/Feb/2026:16:39:04 +0000] "GET /buy.php?detail/25003306169348 HTTP/1.1" 200 126926 "https://mohamionline.com/buy.php?detail/21901984086446" "Mozilla/5.0 AppleWebKit/537.36 (KHTML, like Gecko; compatible; GPTBot/1.3; +https://openai.com/gptbot)"
65.109.118.212 - - [13/Feb/2026:16:39:08 +0000] "GET /?sitemap995.xml HTTP/1.1" 200 5171 "-" "Mozilla/5.0 (compatible; AwarioBot/1.0; +https://awario.com/bots.html)"
65.109.118.212 - - [13/Feb/2026:16:39:10 +0000] "GET /?sitemapindex.xml HTTP/1.1" 200 5171 "-" "Mozilla/5.0 (compatible; AwarioBot/1.0; +https://awario.com/bots.html)"
74.7.242.31 - - [13/Feb/2026:16:39:07 +0000] "GET /buy.php?detail/25701117364142 HTTP/1.1" 200 121865 "https://mohamionline.com/buy.php?goods/257011574" "Mozilla/5.0 AppleWebKit/537.36 (KHTML, like Gecko; compatible; GPTBot/1.3; +https://openai.com/gptbot)"
74.7.242.31 - - [13/Feb/2026:16:39:10 +0000] "GET /buy.php?detail/25701115374968 HTTP/1.1" 200 121098 "https://mohamionline.com/buy.php?goods/257011574" "Mozilla/5.0 AppleWebKit/537.36 (KHTML, like Gecko; compatible; GPTBot/1.3; +https://openai.com/gptbot)"
65.109.118.212 - - [13/Feb/2026:16:39:16 +0000] "GET /goods.php?sitemap803.xml HTTP/1.1" 404 - "-" "Mozilla/5.0 (compatible; AwarioBot/1.0; +https://awario.com/bots.html)"
74.7.242.31 - - [13/Feb/2026:16:39:13 +0000] "GET /buy.php?detail/10004155824781 HTTP/1.1" 200 124659 "https://mohamionline.com/buy.php?detail/10004028683642" "Mozilla/5.0 AppleWebKit/537.36 (KHTML, like Gecko; compatible; GPTBot/1.3; +https://openai.com/gptbot)"
74.7.242.31 - - [13/Feb/2026:16:39:16 +0000] "GET /buy.php?detail/23802786924771 HTTP/1.1" 200 119638 "https://mohamionline.com/buy.php?detail/22100739936224" "Mozilla/5.0 AppleWebKit/537.36 (KHTML, like Gecko; compatible; GPTBot/1.3; +https://openai.com/gptbot)"
74.7.242.31 - - [13/Feb/2026:16:39:20 +0000] "GET /buy.php?detail/07800326026158 HTTP/1.1" 200 161712 "https://mohamionline.com/buy.php?detail/06200622710248" "Mozilla/5.0 AppleWebKit/537.36 (KHTML, like Gecko; compatible; GPTBot/1.3; +https://openai.com/gptbot)"
74.7.242.31 - - [13/Feb/2026:16:39:23 +0000] "GET /buy.php?detail/22900457232183 HTTP/1.1" 200 128661 "https://mohamionline.com/buy.php?detail/22401963090954" "Mozilla/5.0 AppleWebKit/537.36 (KHTML, like Gecko; compatible; GPTBot/1.3; +https://openai.com/gptbot)"
74.7.242.31 - - [13/Feb/2026:16:39:26 +0000] "GET /buy.php?detail/05800195073346 HTTP/1.1" 200 129453 "https://mohamionline.com/buy.php?detail/05800180742571" "Mozilla/5.0 AppleWebKit/537.36 (KHTML, like Gecko; compatible; GPTBot/1.3; +https://openai.com/gptbot)"
74.7.242.31 - - [13/Feb/2026:16:39:30 +0000] "GET /buy.php?detail/01500685425723 HTTP/1.1" 200 122893 "https://mohamionline.com/buy.php?detail/01500720171229" "Mozilla/5.0 AppleWebKit/537.36 (KHTML, like Gecko; compatible; GPTBot/1.3; +https://openai.com/gptbot)"
74.7.242.31 - - [13/Feb/2026:16:39:34 +0000] "GET /buy.php?detail/23201611890122 HTTP/1.1" 200 119079 "https://mohamionline.com/buy.php?detail/23201623252443" "Mozilla/5.0 AppleWebKit/537.36 (KHTML, like Gecko; compatible; GPTBot/1.3; +https://openai.com/gptbot)"
74.7.242.31 - - [13/Feb/2026:16:39:37 +0000] "GET /buy.php?jp/005032240.html HTTP/1.1" 200 127417 "https://mohamionline.com/buy.php?detail/10803123608312" "Mozilla/5.0 AppleWebKit/537.36 (KHTML, like Gecko; compatible; GPTBot/1.3; +https://openai.com/gptbot)"
74.7.242.31 - - [13/Feb/2026:16:39:40 +0000] "GET /buy.php?detail/08004601079708 HTTP/1.1" 200 122561 "https://mohamionline.com/buy.php?detail/10803123608312" "Mozilla/5.0 AppleWebKit/537.36 (KHTML, like Gecko; compatible; GPTBot/1.3; +https://openai.com/gptbot)"
74.7.242.31 - - [13/Feb/2026:16:39:44 +0000] "GET /buy.php?detail/07503571586049 HTTP/1.1" 200 119531 "https://mohamionline.com/buy.php?detail/00500103278596" "Mozilla/5.0 AppleWebKit/537.36 (KHTML, like Gecko; compatible; GPTBot/1.3; +https://openai.com/gptbot)"
114.119.153.209 - - [13/Feb/2026:16:39:48 +0000] "GET /goods.php?shop/pg/21lift/27979 HTTP/1.1" 404 - "http://mohamionline.com/goods.php?sitemap803.xml" "Mozilla/5.0 (Linux; Android 7.0;) AppleWebKit/537.36 (KHTML, like Gecko) Mobile Safari/537.36 (compatible; PetalBot;+https://webmaster.petalsearch.com/site/petalbot)"
74.7.242.31 - - [13/Feb/2026:16:39:47 +0000] "GET /buy.php?detail/22600872272420 HTTP/1.1" 200 116806 "https://mohamionline.com/buy.php?detail/25701115374968" "Mozilla/5.0 AppleWebKit/537.36 (KHTML, like Gecko; compatible; GPTBot/1.3; +https://openai.com/gptbot)"
74.7.242.31 - - [13/Feb/2026:16:39:50 +0000] "GET /buy.php?detail/05900044765062 HTTP/1.1" 200 119754 "https://mohamionline.com/buy.php?detail/10004155824781" "Mozilla/5.0 AppleWebKit/537.36 (KHTML, like Gecko; compatible; GPTBot/1.3; +https://openai.com/gptbot)"
74.7.242.31 - - [13/Feb/2026:16:39:53 +0000] "GET /buy.php?detail/10004491433485 HTTP/1.1" 200 127042 "https://mohamionline.com/buy.php?detail/10004155824781" "Mozilla/5.0 AppleWebKit/537.36 (KHTML, like Gecko; compatible; GPTBot/1.3; +https://openai.com/gptbot)"
74.7.242.31 - - [13/Feb/2026:16:39:56 +0000] "GET /buy.php?detail/07800336610068 HTTP/1.1" 200 123397 "https://mohamionline.com/buy.php?detail/07800326026158" "Mozilla/5.0 AppleWebKit/537.36 (KHTML, like Gecko; compatible; GPTBot/1.3; +https://openai.com/gptbot)"
74.7.242.31 - - [13/Feb/2026:16:39:59 +0000] "GET /buy.php?detail/03501033851683 HTTP/1.1" 200 118615 "https://mohamionline.com/buy.php?detail/23802786924771" "Mozilla/5.0 AppleWebKit/537.36 (KHTML, like Gecko; compatible; GPTBot/1.3; +https://openai.com/gptbot)"
74.7.242.31 - - [13/Feb/2026:16:40:02 +0000] "GET /buy.php?detail/05800133132628 HTTP/1.1" 200 128157 "https://mohamionline.com/buy.php?detail/05800195073346" "Mozilla/5.0 AppleWebKit/537.36 (KHTML, like Gecko; compatible; GPTBot/1.3; +https://openai.com/gptbot)"
74.7.242.31 - - [13/Feb/2026:16:40:05 +0000] "GET /buy.php?detail/10804673054990 HTTP/1.1" 200 120672 "https://mohamionline.com/buy.php?detail/01500685425723" "Mozilla/5.0 AppleWebKit/537.36 (KHTML, like Gecko; compatible; GPTBot/1.3; +https://openai.com/gptbot)"
74.7.242.31 - - [13/Feb/2026:16:40:08 +0000] "GET /buy.php?detail/23201616091344 HTTP/1.1" 200 122587 "https://mohamionline.com/buy.php?detail/23201611890122" "Mozilla/5.0 AppleWebKit/537.36 (KHTML, like Gecko; compatible; GPTBot/1.3; +https://openai.com/gptbot)"
74.7.242.31 - - [13/Feb/2026:16:40:12 +0000] "GET /buy.php?detail/03803863963936 HTTP/1.1" 200 121599 "https://mohamionline.com/buy.php?detail/03803889660862" "Mozilla/5.0 AppleWebKit/537.36 (KHTML, like Gecko; compatible; GPTBot/1.3; +https://openai.com/gptbot)"
74.7.242.31 - - [13/Feb/2026:16:40:15 +0000] "GET /buy.php?goods/080045360 HTTP/1.1" 200 123567 "https://mohamionline.com/buy.php?detail/08004601079708" "Mozilla/5.0 AppleWebKit/537.36 (KHTML, like Gecko; compatible; GPTBot/1.3; +https://openai.com/gptbot)"
74.7.242.31 - - [13/Feb/2026:16:40:19 +0000] "GET /buy.php?detail/08004534820017 HTTP/1.1" 200 122944 "https://mohamionline.com/buy.php?detail/08004601079708" "Mozilla/5.0 AppleWebKit/537.36 (KHTML, like Gecko; compatible; GPTBot/1.3; +https://openai.com/gptbot)"
47.82.11.117 - - [13/Feb/2026:16:40:21 +0000] "GET /shopdetail/69710936911 HTTP/1.1" 404 - "https://mohamionline.com/" "Mozilla/5.0 (Macintosh; Intel Mac OS X 10_15_7) AppleWebKit/537.36 (KHTML, like Gecko) Chrome/134.0.0.0 Safari/537.36"
74.7.242.31 - - [13/Feb/2026:16:40:21 +0000] "GET /buy.php?detail/01804481077147 HTTP/1.1" 200 119017 "https://mohamionline.com/buy.php?detail/06603160253849" "Mozilla/5.0 AppleWebKit/537.36 (KHTML, like Gecko; compatible; GPTBot/1.3; +https://openai.com/gptbot)"
74.7.242.31 - - [13/Feb/2026:16:40:25 +0000] "GET /buy.php?detail/05900047839317 HTTP/1.1" 200 122714 "https://mohamionline.com/buy.php?detail/05900044765062" "Mozilla/5.0 AppleWebKit/537.36 (KHTML, like Gecko; compatible; GPTBot/1.3; +https://openai.com/gptbot)"
74.7.242.31 - - [13/Feb/2026:16:40:29 +0000] "GET /buy.php?jp/100044914.html HTTP/1.1" 200 125635 "https://mohamionline.com/buy.php?detail/10004491433485" "Mozilla/5.0 AppleWebKit/537.36 (KHTML, like Gecko; compatible; GPTBot/1.3; +https://openai.com/gptbot)"
74.7.242.31 - - [13/Feb/2026:16:40:33 +0000] "GET /buy.php?detail/158039757690 HTTP/1.1" 200 125018 "https://mohamionline.com/buy.php?detail/07800336610068" "Mozilla/5.0 AppleWebKit/537.36 (KHTML, like Gecko; compatible; GPTBot/1.3; +https://openai.com/gptbot)"
74.7.242.31 - - [13/Feb/2026:16:40:36 +0000] "GET /buy.php?detail/03501033301169 HTTP/1.1" 200 118616 "https://mohamionline.com/buy.php?detail/03501033851683" "Mozilla/5.0 AppleWebKit/537.36 (KHTML, like Gecko; compatible; GPTBot/1.3; +https://openai.com/gptbot)"
74.7.242.31 - - [13/Feb/2026:16:40:39 +0000] "GET /buy.php?detail/10003988253006 HTTP/1.1" 200 128756 "https://mohamionline.com/buy.php?detail/10004491433485" "Mozilla/5.0 AppleWebKit/537.36 (KHTML, like Gecko; compatible; GPTBot/1.3; +https://openai.com/gptbot)"
74.7.242.31 - - [13/Feb/2026:16:40:41 +0000] "GET /buy.php?detail/10003987362969 HTTP/1.1" 200 127744 "https://mohamionline.com/buy.php?detail/10004491433485" "Mozilla/5.0 AppleWebKit/537.36 (KHTML, like Gecko; compatible; GPTBot/1.3; +https://openai.com/gptbot)"
74.7.242.31 - - [13/Feb/2026:16:40:44 +0000] "GET /buy.php?detail/23201652362561 HTTP/1.1" 200 121370 "https://mohamionline.com/buy.php?detail/23201616091344" "Mozilla/5.0 AppleWebKit/537.36 (KHTML, like Gecko; compatible; GPTBot/1.3; +https://openai.com/gptbot)"
74.7.242.31 - - [13/Feb/2026:16:40:47 +0000] "GET /buy.php?detail/03803823632825 HTTP/1.1" 200 139642 "https://mohamionline.com/buy.php?detail/03803863963936" "Mozilla/5.0 AppleWebKit/537.36 (KHTML, like Gecko; compatible; GPTBot/1.3; +https://openai.com/gptbot)"
74.7.242.31 - - [13/Feb/2026:16:40:51 +0000] "GET /buy.php?detail/03803824178193 HTTP/1.1" 200 138940 "https://mohamionline.com/buy.php?detail/03803863963936" "Mozilla/5.0 AppleWebKit/537.36 (KHTML, like Gecko; compatible; GPTBot/1.3; +https://openai.com/gptbot)"
74.7.242.31 - - [13/Feb/2026:16:40:53 +0000] "GET /buy.php?detail/17801061117851 HTTP/1.1" 200 121375 "https://mohamionline.com/buy.php?detail/08004534820017" "Mozilla/5.0 AppleWebKit/537.36 (KHTML, like Gecko; compatible; GPTBot/1.3; +https://openai.com/gptbot)"
74.7.242.31 - - [13/Feb/2026:16:40:57 +0000] "GET /buy.php?detail/05800196113746 HTTP/1.1" 200 121552 "https://mohamionline.com/buy.php?detail/05800133132628" "Mozilla/5.0 AppleWebKit/537.36 (KHTML, like Gecko; compatible; GPTBot/1.3; +https://openai.com/gptbot)"
74.7.242.31 - - [13/Feb/2026:16:40:59 +0000] "GET /buy.php?detail/05900046965727 HTTP/1.1" 200 118998 "https://mohamionline.com/buy.php?detail/05900047839317" "Mozilla/5.0 AppleWebKit/537.36 (KHTML, like Gecko; compatible; GPTBot/1.3; +https://openai.com/gptbot)"
74.7.242.31 - - [13/Feb/2026:16:41:02 +0000] "GET /buy.php?detail/07704968333339 HTTP/1.1" 200 127993 "https://mohamionline.com/buy.php?detail/07704987535399" "Mozilla/5.0 AppleWebKit/537.36 (KHTML, like Gecko; compatible; GPTBot/1.3; +https://openai.com/gptbot)"
74.7.242.31 - - [13/Feb/2026:16:41:05 +0000] "GET /buy.php?jp/158039777.html HTTP/1.1" 200 121008 "https://mohamionline.com/buy.php?detail/158039757690" "Mozilla/5.0 AppleWebKit/537.36 (KHTML, like Gecko; compatible; GPTBot/1.3; +https://openai.com/gptbot)"
74.7.242.31 - - [13/Feb/2026:16:41:08 +0000] "GET /buy.php?detail/03501035569080 HTTP/1.1" 200 121338 "https://mohamionline.com/buy.php?detail/03501033301169" "Mozilla/5.0 AppleWebKit/537.36 (KHTML, like Gecko; compatible; GPTBot/1.3; +https://openai.com/gptbot)"
69.30.223.218 - - [13/Feb/2026:16:41:13 +0000] "GET /wp-content/pla25a50/edit.php HTTP/1.1" 404 - "http://mohamionline.com/wp-content/pla25a50/edit.php" "Mozilla/5.0 (Windows NT 10.0; Win64; x64) AppleWebKit/537.36 (KHTML, like Gecko) Chrome/58.0.3029.110 Safari/537.3"
74.7.242.31 - - [13/Feb/2026:16:41:11 +0000] "GET /buy.php?detail/10004250987470 HTTP/1.1" 200 127876 "https://mohamionline.com/buy.php?detail/10003988253006" "Mozilla/5.0 AppleWebKit/537.36 (KHTML, like Gecko; compatible; GPTBot/1.3; +https://openai.com/gptbot)"
74.7.242.31 - - [13/Feb/2026:16:41:14 +0000] "GET /buy.php?detail/21103493491364 HTTP/1.1" 200 118473 "https://mohamionline.com/buy.php?detail/10003988253006" "Mozilla/5.0 AppleWebKit/537.36 (KHTML, like Gecko; compatible; GPTBot/1.3; +https://openai.com/gptbot)"
74.7.242.31 - - [13/Feb/2026:16:41:17 +0000] "GET /buy.php?detail/07202050127788 HTTP/1.1" 200 126931 "https://mohamionline.com/buy.php?detail/23201652362561" "Mozilla/5.0 AppleWebKit/537.36 (KHTML, like Gecko; compatible; GPTBot/1.3; +https://openai.com/gptbot)"
74.7.242.31 - - [13/Feb/2026:16:41:20 +0000] "GET /buy.php?detail/03800904947369 HTTP/1.1" 200 121840 "https://mohamionline.com/buy.php?detail/03800989835549" "Mozilla/5.0 AppleWebKit/537.36 (KHTML, like Gecko; compatible; GPTBot/1.3; +https://openai.com/gptbot)"
74.7.242.31 - - [13/Feb/2026:16:41:24 +0000] "GET /buy.php?goods/038038704 HTTP/1.1" 200 136425 "https://mohamionline.com/buy.php?detail/03803824178193" "Mozilla/5.0 AppleWebKit/537.36 (KHTML, like Gecko; compatible; GPTBot/1.3; +https://openai.com/gptbot)"
74.7.242.31 - - [13/Feb/2026:16:41:27 +0000] "GET /buy.php?detail/03803870290573 HTTP/1.1" 200 121826 "https://mohamionline.com/buy.php?detail/03803824178193" "Mozilla/5.0 AppleWebKit/537.36 (KHTML, like Gecko; compatible; GPTBot/1.3; +https://openai.com/gptbot)"
74.7.242.31 - - [13/Feb/2026:16:41:30 +0000] "GET /buy.php?jp/058001711.html HTTP/1.1" 200 122043 "https://mohamionline.com/buy.php?detail/05800196113746" "Mozilla/5.0 AppleWebKit/537.36 (KHTML, like Gecko; compatible; GPTBot/1.3; +https://openai.com/gptbot)"
74.7.242.31 - - [13/Feb/2026:16:41:33 +0000] "GET /buy.php?detail/29301005060904 HTTP/1.1" 200 141291 "https://mohamionline.com/buy.php?detail/14202391591077" "Mozilla/5.0 AppleWebKit/537.36 (KHTML, like Gecko; compatible; GPTBot/1.3; +https://openai.com/gptbot)"
74.7.242.31 - - [13/Feb/2026:16:41:36 +0000] "GET /buy.php?detail/25500367751620 HTTP/1.1" 200 118933 "https://mohamionline.com/buy.php?detail/2550036490341" "Mozilla/5.0 AppleWebKit/537.36 (KHTML, like Gecko; compatible; GPTBot/1.3; +https://openai.com/gptbot)"
74.7.242.31 - - [13/Feb/2026:16:41:39 +0000] "GET /buy.php?goods/276015029 HTTP/1.1" 200 121447 "https://mohamionline.com/buy.php?jp/158039777.html" "Mozilla/5.0 AppleWebKit/537.36 (KHTML, like Gecko; compatible; GPTBot/1.3; +https://openai.com/gptbot)"
74.7.242.31 - - [13/Feb/2026:16:41:42 +0000] "GET /buy.php?detail/18701616699489 HTTP/1.1" 200 122507 "https://mohamionline.com/buy.php?jp/158039777.html" "Mozilla/5.0 AppleWebKit/537.36 (KHTML, like Gecko; compatible; GPTBot/1.3; +https://openai.com/gptbot)"
74.7.241.182 - - [13/Feb/2026:16:41:46 +0000] "GET /robots.txt HTTP/1.1" 404 - "-" "Mozilla/5.0 (Macintosh; Intel Mac OS X 10_15_7) AppleWebKit/537.36 (KHTML, like Gecko) Chrome/131.0.0.0 Safari/537.36; compatible; OAI-SearchBot/1.3; robots.txt; +https://openai.com/searchbot"
74.7.242.31 - - [13/Feb/2026:16:41:46 +0000] "GET /buy.php?detail/29903433688693 HTTP/1.1" 200 119542 "https://mohamionline.com/buy.php?detail/23201660457466" "Mozilla/5.0 AppleWebKit/537.36 (KHTML, like Gecko; compatible; GPTBot/1.3; +https://openai.com/gptbot)"
74.7.242.31 - - [13/Feb/2026:16:41:49 +0000] "GET /buy.php?detail/211034855501 HTTP/1.1" 200 118795 "https://mohamionline.com/buy.php?detail/21103493491364" "Mozilla/5.0 AppleWebKit/537.36 (KHTML, like Gecko; compatible; GPTBot/1.3; +https://openai.com/gptbot)"
114.119.155.180 - - [13/Feb/2026:16:41:52 +0000] "GET /goods.php?shop/pg/21knee/32989 HTTP/1.1" 404 - "http://mohamionline.com/goods.php?sitemap803.xml" "Mozilla/5.0 (Linux; Android 7.0;) AppleWebKit/537.36 (KHTML, like Gecko) Mobile Safari/537.36 (compatible; PetalBot;+https://webmaster.petalsearch.com/site/petalbot)"
74.7.242.31 - - [13/Feb/2026:16:41:51 +0000] "GET /buy.php?detail/21103484948876 HTTP/1.1" 200 116823 "https://mohamionline.com/buy.php?detail/21103493491364" "Mozilla/5.0 AppleWebKit/537.36 (KHTML, like Gecko; compatible; GPTBot/1.3; +https://openai.com/gptbot)"
74.7.242.31 - - [13/Feb/2026:16:41:55 +0000] "GET /buy.php?detail/01401172324768 HTTP/1.1" 200 126224 "https://mohamionline.com/buy.php?detail/07202050127788" "Mozilla/5.0 AppleWebKit/537.36 (KHTML, like Gecko; compatible; GPTBot/1.3; +https://openai.com/gptbot)"
74.7.242.31 - - [13/Feb/2026:16:41:58 +0000] "GET /buy.php?detail/03803808809148 HTTP/1.1" 200 121135 "https://mohamionline.com/buy.php?goods/038038704" "Mozilla/5.0 AppleWebKit/537.36 (KHTML, like Gecko; compatible; GPTBot/1.3; +https://openai.com/gptbot)"
74.7.242.31 - - [13/Feb/2026:16:42:01 +0000] "GET /buy.php?detail/03803890087305 HTTP/1.1" 200 136160 "https://mohamionline.com/buy.php?detail/03803870290573" "Mozilla/5.0 AppleWebKit/537.36 (KHTML, like Gecko; compatible; GPTBot/1.3; +https://openai.com/gptbot)"
74.7.242.31 - - [13/Feb/2026:16:42:04 +0000] "GET /buy.php?detail/05800100311293 HTTP/1.1" 200 143840 "https://mohamionline.com/buy.php?jp/058001711.html" "Mozilla/5.0 AppleWebKit/537.36 (KHTML, like Gecko; compatible; GPTBot/1.3; +https://openai.com/gptbot)"
74.7.242.31 - - [13/Feb/2026:16:42:07 +0000] "GET /buy.php?detail/06602850038075 HTTP/1.1" 200 126260 "https://mohamionline.com/buy.php?detail/06602841843653" "Mozilla/5.0 AppleWebKit/537.36 (KHTML, like Gecko; compatible; GPTBot/1.3; +https://openai.com/gptbot)"
74.7.242.31 - - [13/Feb/2026:16:42:10 +0000] "GET /buy.php?detail/07700477358696 HTTP/1.1" 200 119698 "https://mohamionline.com/buy.php?detail/25500367751620" "Mozilla/5.0 AppleWebKit/537.36 (KHTML, like Gecko; compatible; GPTBot/1.3; +https://openai.com/gptbot)"
74.7.242.31 - - [13/Feb/2026:16:42:15 +0000] "GET /buy.php?detail/15003943955554 HTTP/1.1" 200 120919 "https://mohamionline.com/buy.php?goods/276015029" "Mozilla/5.0 AppleWebKit/537.36 (KHTML, like Gecko; compatible; GPTBot/1.3; +https://openai.com/gptbot)"
74.7.242.31 - - [13/Feb/2026:16:42:18 +0000] "GET /buy.php?detail/18701334410941 HTTP/1.1" 200 119561 "https://mohamionline.com/buy.php?detail/18701616699489" "Mozilla/5.0 AppleWebKit/537.36 (KHTML, like Gecko; compatible; GPTBot/1.3; +https://openai.com/gptbot)"
74.7.242.31 - - [13/Feb/2026:16:42:21 +0000] "GET /buy.php?detail/23903082619619 HTTP/1.1" 200 120031 "https://mohamionline.com/buy.php?detail/25500367751620" "Mozilla/5.0 AppleWebKit/537.36 (KHTML, like Gecko; compatible; GPTBot/1.3; +https://openai.com/gptbot)"
74.7.242.31 - - [13/Feb/2026:16:42:25 +0000] "GET /buy.php?detail/21103455945102 HTTP/1.1" 200 131266 "https://mohamionline.com/buy.php?detail/211034855501" "Mozilla/5.0 AppleWebKit/537.36 (KHTML, like Gecko; compatible; GPTBot/1.3; +https://openai.com/gptbot)"
74.7.242.31 - - [13/Feb/2026:16:42:28 +0000] "GET /buy.php?detail/21103455386863 HTTP/1.1" 200 131542 "https://mohamionline.com/buy.php?detail/211034855501" "Mozilla/5.0 AppleWebKit/537.36 (KHTML, like Gecko; compatible; GPTBot/1.3; +https://openai.com/gptbot)"
114.119.153.209 - - [13/Feb/2026:16:42:33 +0000] "GET /goods.php?shop/pg/219ourselves/17575 HTTP/1.1" 404 - "http://mohamionline.com/goods.php?sitemap803.xml" "Mozilla/5.0 (Linux; Android 7.0;) AppleWebKit/537.36 (KHTML, like Gecko) Mobile Safari/537.36 (compatible; PetalBot;+https://webmaster.petalsearch.com/site/petalbot)"
74.7.242.31 - - [13/Feb/2026:16:42:31 +0000] "GET /buy.php?detail/17101033187404 HTTP/1.1" 200 156975 "https://mohamionline.com/buy.php?detail/211034855501" "Mozilla/5.0 AppleWebKit/537.36 (KHTML, like Gecko; compatible; GPTBot/1.3; +https://openai.com/gptbot)"
74.7.242.31 - - [13/Feb/2026:16:42:35 +0000] "GET /buy.php?detail/03803871100284 HTTP/1.1" 200 137806 "https://mohamionline.com/buy.php?detail/03803808809148" "Mozilla/5.0 AppleWebKit/537.36 (KHTML, like Gecko; compatible; GPTBot/1.3; +https://openai.com/gptbot)"
74.7.242.31 - - [13/Feb/2026:16:42:38 +0000] "GET /buy.php?detail/03803844645866 HTTP/1.1" 200 159184 "https://mohamionline.com/buy.php?detail/03803890087305" "Mozilla/5.0 AppleWebKit/537.36 (KHTML, like Gecko; compatible; GPTBot/1.3; +https://openai.com/gptbot)"
74.7.242.31 - - [13/Feb/2026:16:42:41 +0000] "GET /buy.php?detail/05800180182777 HTTP/1.1" 200 123959 "https://mohamionline.com/buy.php?detail/05800100311293" "Mozilla/5.0 AppleWebKit/537.36 (KHTML, like Gecko; compatible; GPTBot/1.3; +https://openai.com/gptbot)"
74.7.242.31 - - [13/Feb/2026:16:42:44 +0000] "GET /buy.php?detail/06604612191166 HTTP/1.1" 200 125124 "https://mohamionline.com/buy.php?detail/06602850038075" "Mozilla/5.0 AppleWebKit/537.36 (KHTML, like Gecko; compatible; GPTBot/1.3; +https://openai.com/gptbot)"
74.7.242.31 - - [13/Feb/2026:16:42:47 +0000] "GET /buy.php?detail/07700449998483 HTTP/1.1" 200 119305 "https://mohamionline.com/buy.php?detail/07700477358696" "Mozilla/5.0 AppleWebKit/537.36 (KHTML, like Gecko; compatible; GPTBot/1.3; +https://openai.com/gptbot)"
74.7.242.31 - - [13/Feb/2026:16:42:50 +0000] "GET /buy.php?detail/08704006804126 HTTP/1.1" 200 120839 "https://mohamionline.com/buy.php?detail/06602850038075" "Mozilla/5.0 AppleWebKit/537.36 (KHTML, like Gecko; compatible; GPTBot/1.3; +https://openai.com/gptbot)"
74.7.242.31 - - [13/Feb/2026:16:42:53 +0000] "GET /buy.php?detail/06604613207605 HTTP/1.1" 200 125707 "https://mohamionline.com/buy.php?detail/06602850038075" "Mozilla/5.0 AppleWebKit/537.36 (KHTML, like Gecko; compatible; GPTBot/1.3; +https://openai.com/gptbot)"
74.7.242.31 - - [13/Feb/2026:16:42:56 +0000] "GET /buy.php?detail/23903043879389 HTTP/1.1" 200 119143 "https://mohamionline.com/buy.php?detail/23903082619619" "Mozilla/5.0 AppleWebKit/537.36 (KHTML, like Gecko; compatible; GPTBot/1.3; +https://openai.com/gptbot)"
74.7.242.31 - - [13/Feb/2026:16:42:59 +0000] "GET /buy.php?detail/21103444252669 HTTP/1.1" 200 123958 "https://mohamionline.com/buy.php?detail/21103455945102" "Mozilla/5.0 AppleWebKit/537.36 (KHTML, like Gecko; compatible; GPTBot/1.3; +https://openai.com/gptbot)"
74.7.242.31 - - [13/Feb/2026:16:43:02 +0000] "GET /buy.php?detail/18701216655879 HTTP/1.1" 200 121512 "https://mohamionline.com/buy.php?detail/18701334410941" "Mozilla/5.0 AppleWebKit/537.36 (KHTML, like Gecko; compatible; GPTBot/1.3; +https://openai.com/gptbot)"
74.7.242.31 - - [13/Feb/2026:16:43:05 +0000] "GET /buy.php?detail/17101076012960 HTTP/1.1" 200 151679 "https://mohamionline.com/buy.php?detail/17101033187404" "Mozilla/5.0 AppleWebKit/537.36 (KHTML, like Gecko; compatible; GPTBot/1.3; +https://openai.com/gptbot)"
74.7.242.31 - - [13/Feb/2026:16:43:08 +0000] "GET /buy.php?detail/15400270250285 HTTP/1.1" 200 126031 "https://mohamionline.com/buy.php?detail/03803871100284" "Mozilla/5.0 AppleWebKit/537.36 (KHTML, like Gecko; compatible; GPTBot/1.3; +https://openai.com/gptbot)"
74.7.242.31 - - [13/Feb/2026:16:43:11 +0000] "GET /buy.php?detail/05603875227187 HTTP/1.1" 200 132292 "https://mohamionline.com/buy.php?detail/05800100311293" "Mozilla/5.0 AppleWebKit/537.36 (KHTML, like Gecko; compatible; GPTBot/1.3; +https://openai.com/gptbot)"
74.7.242.31 - - [13/Feb/2026:16:43:14 +0000] "GET /buy.php?detail/05800130576404 HTTP/1.1" 200 129134 "https://mohamionline.com/buy.php?detail/05800180182777" "Mozilla/5.0 AppleWebKit/537.36 (KHTML, like Gecko; compatible; GPTBot/1.3; +https://openai.com/gptbot)"
74.7.242.31 - - [13/Feb/2026:16:43:18 +0000] "GET /buy.php?goods/066046121 HTTP/1.1" 200 125819 "https://mohamionline.com/buy.php?detail/06604612191166" "Mozilla/5.0 AppleWebKit/537.36 (KHTML, like Gecko; compatible; GPTBot/1.3; +https://openai.com/gptbot)"
74.7.242.31 - - [13/Feb/2026:16:43:21 +0000] "GET /buy.php?detail/19501625624604 HTTP/1.1" 200 120416 "https://mohamionline.com/buy.php?detail/03803844645866" "Mozilla/5.0 AppleWebKit/537.36 (KHTML, like Gecko; compatible; GPTBot/1.3; +https://openai.com/gptbot)"
74.7.242.31 - - [13/Feb/2026:16:43:24 +0000] "GET /buy.php?detail/08704017779147 HTTP/1.1" 200 119791 "https://mohamionline.com/buy.php?detail/08704006804126" "Mozilla/5.0 AppleWebKit/537.36 (KHTML, like Gecko; compatible; GPTBot/1.3; +https://openai.com/gptbot)"
74.7.242.31 - - [13/Feb/2026:16:43:27 +0000] "GET /buy.php?detail/06602858909852 HTTP/1.1" 200 124953 "https://mohamionline.com/buy.php?detail/06604613207605" "Mozilla/5.0 AppleWebKit/537.36 (KHTML, like Gecko; compatible; GPTBot/1.3; +https://openai.com/gptbot)"
74.7.242.31 - - [13/Feb/2026:16:43:30 +0000] "GET /buy.php?detail/03803870976224 HTTP/1.1" 200 137182 "https://mohamionline.com/buy.php?detail/03803844645866" "Mozilla/5.0 AppleWebKit/537.36 (KHTML, like Gecko; compatible; GPTBot/1.3; +https://openai.com/gptbot)"
74.7.242.31 - - [13/Feb/2026:16:43:33 +0000] "GET /buy.php?detail/22201019397214 HTTP/1.1" 200 123065 "https://mohamionline.com/buy.php?detail/21103444252669" "Mozilla/5.0 AppleWebKit/537.36 (KHTML, like Gecko; compatible; GPTBot/1.3; +https://openai.com/gptbot)"
74.7.242.31 - - [13/Feb/2026:16:43:36 +0000] "GET /buy.php?detail/27304437273943 HTTP/1.1" 200 120177 "https://mohamionline.com/buy.php?detail/18701216655879" "Mozilla/5.0 AppleWebKit/537.36 (KHTML, like Gecko; compatible; GPTBot/1.3; +https://openai.com/gptbot)"
74.7.242.31 - - [13/Feb/2026:16:43:39 +0000] "GET /buy.php?goods/171010449 HTTP/1.1" 200 150482 "https://mohamionline.com/buy.php?detail/17101076012960" "Mozilla/5.0 AppleWebKit/537.36 (KHTML, like Gecko; compatible; GPTBot/1.3; +https://openai.com/gptbot)"
74.7.242.31 - - [13/Feb/2026:16:43:42 +0000] "GET /buy.php?detail/15400015670906 HTTP/1.1" 200 122551 "https://mohamionline.com/buy.php?detail/15400270250285" "Mozilla/5.0 AppleWebKit/537.36 (KHTML, like Gecko; compatible; GPTBot/1.3; +https://openai.com/gptbot)"
66.249.66.33 - - [13/Feb/2026:16:43:47 +0000] "GET /header.php?merchandises/99510985533 HTTP/1.1" 404 - "-" "Mozilla/5.0 (Linux; Android 6.0.1; Nexus 5X Build/MMB29P) AppleWebKit/537.36 (KHTML, like Gecko) Chrome/144.0.7559.132 Mobile Safari/537.36 (compatible; Googlebot/2.1; +http://www.google.com/bot.html)"
74.7.242.31 - - [13/Feb/2026:16:43:45 +0000] "GET /buy.php?detail/12402250228967 HTTP/1.1" 200 141128 "https://mohamionline.com/buy.php?detail/07700477358696" "Mozilla/5.0 AppleWebKit/537.36 (KHTML, like Gecko; compatible; GPTBot/1.3; +https://openai.com/gptbot)"
74.7.242.31 - - [13/Feb/2026:16:43:48 +0000] "GET /buy.php?detail/26603004724506 HTTP/1.1" 200 128186 "https://mohamionline.com/buy.php?detail/06604612191166" "Mozilla/5.0 AppleWebKit/537.36 (KHTML, like Gecko; compatible; GPTBot/1.3; +https://openai.com/gptbot)"
74.7.242.31 - - [13/Feb/2026:16:43:51 +0000] "GET /buy.php?detail/10501317377481 HTTP/1.1" 200 119236 "https://mohamionline.com/buy.php?detail/11101275503789" "Mozilla/5.0 AppleWebKit/537.36 (KHTML, like Gecko; compatible; GPTBot/1.3; +https://openai.com/gptbot)"
74.7.242.31 - - [13/Feb/2026:16:43:53 +0000] "GET /buy.php?detail/13000272520651 HTTP/1.1" 200 119547 "https://mohamionline.com/buy.php?detail/19501625624604" "Mozilla/5.0 AppleWebKit/537.36 (KHTML, like Gecko; compatible; GPTBot/1.3; +https://openai.com/gptbot)"
114.119.149.237 - - [13/Feb/2026:16:43:56 +0000] "GET /goods.php?shop/pg/219lawsuit/35795 HTTP/1.1" 404 - "http://mohamionline.com/goods.php?sitemap803.xml" "Mozilla/5.0 (Linux; Android 7.0;) AppleWebKit/537.36 (KHTML, like Gecko) Mobile Safari/537.36 (compatible; PetalBot;+https://webmaster.petalsearch.com/site/petalbot)"
74.7.242.31 - - [13/Feb/2026:16:43:56 +0000] "GET /buy.php?detail/08704036592034 HTTP/1.1" 200 135467 "https://mohamionline.com/buy.php?detail/08704017779147" "Mozilla/5.0 AppleWebKit/537.36 (KHTML, like Gecko; compatible; GPTBot/1.3; +https://openai.com/gptbot)"
74.7.242.31 - - [13/Feb/2026:16:43:59 +0000] "GET /buy.php?detail/19501619073456 HTTP/1.1" 200 124131 "https://mohamionline.com/buy.php?detail/19501625624604" "Mozilla/5.0 AppleWebKit/537.36 (KHTML, like Gecko; compatible; GPTBot/1.3; +https://openai.com/gptbot)"
74.7.242.31 - - [13/Feb/2026:16:44:02 +0000] "GET /buy.php?detail/05903600322010 HTTP/1.1" 200 118572 "https://mohamionline.com/buy.php?detail/03803870976224" "Mozilla/5.0 AppleWebKit/537.36 (KHTML, like Gecko; compatible; GPTBot/1.3; +https://openai.com/gptbot)"
74.7.242.31 - - [13/Feb/2026:16:44:05 +0000] "GET /buy.php?detail/28904822850404 HTTP/1.1" 200 132176 "https://mohamionline.com/buy.php?detail/22201019397214" "Mozilla/5.0 AppleWebKit/537.36 (KHTML, like Gecko; compatible; GPTBot/1.3; +https://openai.com/gptbot)"
74.7.242.31 - - [13/Feb/2026:16:44:08 +0000] "GET /buy.php?detail/17501690018120 HTTP/1.1" 200 129264 "https://mohamionline.com/buy.php?detail/03803870976224" "Mozilla/5.0 AppleWebKit/537.36 (KHTML, like Gecko; compatible; GPTBot/1.3; +https://openai.com/gptbot)"
74.7.242.31 - - [13/Feb/2026:16:44:11 +0000] "GET /buy.php?goods/222009831 HTTP/1.1" 200 137220 "https://mohamionline.com/buy.php?detail/22201019397214" "Mozilla/5.0 AppleWebKit/537.36 (KHTML, like Gecko; compatible; GPTBot/1.3; +https://openai.com/gptbot)"
66.249.66.198 - - [13/Feb/2026:16:44:16 +0000] "GET /header.php?merchandises/205109260927 HTTP/1.1" 404 - "-" "Mozilla/5.0 (Linux; Android 6.0.1; Nexus 5X Build/MMB29P) AppleWebKit/537.36 (KHTML, like Gecko) Chrome/144.0.7559.132 Mobile Safari/537.36 (compatible; Googlebot/2.1; +http://www.google.com/bot.html)"
74.7.242.31 - - [13/Feb/2026:16:44:14 +0000] "GET /buy.php?detail/22302460430489 HTTP/1.1" 200 119036 "https://mohamionline.com/buy.php?detail/15400015670906" "Mozilla/5.0 AppleWebKit/537.36 (KHTML, like Gecko; compatible; GPTBot/1.3; +https://openai.com/gptbot)"
74.7.242.31 - - [13/Feb/2026:16:44:18 +0000] "GET /buy.php?detail/12402340496445 HTTP/1.1" 200 130643 "https://mohamionline.com/buy.php?detail/12402250228967" "Mozilla/5.0 AppleWebKit/537.36 (KHTML, like Gecko; compatible; GPTBot/1.3; +https://openai.com/gptbot)"
74.7.242.31 - - [13/Feb/2026:16:44:20 +0000] "GET /buy.php?detail/07503150738762 HTTP/1.1" 200 129850 "https://mohamionline.com/buy.php?detail/12402250228967" "Mozilla/5.0 AppleWebKit/537.36 (KHTML, like Gecko; compatible; GPTBot/1.3; +https://openai.com/gptbot)"
74.7.242.31 - - [13/Feb/2026:16:44:23 +0000] "GET /buy.php?detail/16503675859216 HTTP/1.1" 200 119659 "https://mohamionline.com/buy.php?detail/10501317377481" "Mozilla/5.0 AppleWebKit/537.36 (KHTML, like Gecko; compatible; GPTBot/1.3; +https://openai.com/gptbot)"
74.7.242.31 - - [13/Feb/2026:16:44:27 +0000] "GET /buy.php?detail/13000263537367 HTTP/1.1" 200 119460 "https://mohamionline.com/buy.php?detail/13000272520651" "Mozilla/5.0 AppleWebKit/537.36 (KHTML, like Gecko; compatible; GPTBot/1.3; +https://openai.com/gptbot)"
74.7.242.31 - - [13/Feb/2026:16:44:30 +0000] "GET /buy.php?detail/27600924058040 HTTP/1.1" 200 122676 "https://mohamionline.com/buy.php?detail/13000272520651" "Mozilla/5.0 AppleWebKit/537.36 (KHTML, like Gecko; compatible; GPTBot/1.3; +https://openai.com/gptbot)"
74.7.242.31 - - [13/Feb/2026:16:44:33 +0000] "GET /buy.php?detail/19501616565809 HTTP/1.1" 200 131514 "https://mohamionline.com/buy.php?detail/19501619073456" "Mozilla/5.0 AppleWebKit/537.36 (KHTML, like Gecko; compatible; GPTBot/1.3; +https://openai.com/gptbot)"
74.7.242.31 - - [13/Feb/2026:16:44:36 +0000] "GET /buy.php?detail/05903126155150 HTTP/1.1" 200 119037 "https://mohamionline.com/buy.php?detail/05903600322010" "Mozilla/5.0 AppleWebKit/537.36 (KHTML, like Gecko; compatible; GPTBot/1.3; +https://openai.com/gptbot)"
43.130.100.35 - - [13/Feb/2026:16:44:41 +0000] "GET /?C=N;O=A HTTP/1.1" 200 5171 "-" "Mozilla/5.0 (iPhone; CPU iPhone OS 13_2_3 like Mac OS X) AppleWebKit/605.1.15 (KHTML, like Gecko) Version/13.0.3 Mobile/15E148 Safari/604.1"
74.7.242.31 - - [13/Feb/2026:16:44:39 +0000] "GET /buy.php?detail/19802024927838 HTTP/1.1" 200 118184 "https://mohamionline.com/buy.php?detail/13000272520651" "Mozilla/5.0 AppleWebKit/537.36 (KHTML, like Gecko; compatible; GPTBot/1.3; +https://openai.com/gptbot)"
74.7.242.31 - - [13/Feb/2026:16:44:42 +0000] "GET /buy.php?detail/24303098555295 HTTP/1.1" 200 118878 "https://mohamionline.com/buy.php?detail/17501690018120" "Mozilla/5.0 AppleWebKit/537.36 (KHTML, like Gecko; compatible; GPTBot/1.3; +https://openai.com/gptbot)"
74.7.242.31 - - [13/Feb/2026:16:44:45 +0000] "GET /buy.php?detail/22201055380736 HTTP/1.1" 200 123277 "https://mohamionline.com/buy.php?goods/222009831" "Mozilla/5.0 AppleWebKit/537.36 (KHTML, like Gecko; compatible; GPTBot/1.3; +https://openai.com/gptbot)"
74.7.242.31 - - [13/Feb/2026:16:44:47 +0000] "GET /buy.php?goods/223027900 HTTP/1.1" 200 119649 "https://mohamionline.com/buy.php?detail/22302460430489" "Mozilla/5.0 AppleWebKit/537.36 (KHTML, like Gecko; compatible; GPTBot/1.3; +https://openai.com/gptbot)"
74.7.242.31 - - [13/Feb/2026:16:44:50 +0000] "GET /buy.php?detail/10704565050331 HTTP/1.1" 200 124357 "https://mohamionline.com/buy.php?detail/17501690018120" "Mozilla/5.0 AppleWebKit/537.36 (KHTML, like Gecko; compatible; GPTBot/1.3; +https://openai.com/gptbot)"
74.7.242.31 - - [13/Feb/2026:16:44:53 +0000] "GET /buy.php?detail/28904893948637 HTTP/1.1" 200 120409 "https://mohamionline.com/buy.php?detail/28904822850404" "Mozilla/5.0 AppleWebKit/537.36 (KHTML, like Gecko; compatible; GPTBot/1.3; +https://openai.com/gptbot)"
74.7.242.31 - - [13/Feb/2026:16:44:57 +0000] "GET /buy.php?detail/16503571685010 HTTP/1.1" 200 119185 "https://mohamionline.com/buy.php?detail/16503675859216" "Mozilla/5.0 AppleWebKit/537.36 (KHTML, like Gecko; compatible; GPTBot/1.3; +https://openai.com/gptbot)"
74.7.242.31 - - [13/Feb/2026:16:45:00 +0000] "GET /buy.php?detail/13000158545388 HTTP/1.1" 200 117856 "https://mohamionline.com/buy.php?detail/13000263537367" "Mozilla/5.0 AppleWebKit/537.36 (KHTML, like Gecko; compatible; GPTBot/1.3; +https://openai.com/gptbot)"
74.7.242.31 - - [13/Feb/2026:16:45:03 +0000] "GET /buy.php?goods/276005340 HTTP/1.1" 200 121453 "https://mohamionline.com/buy.php?detail/27600924058040" "Mozilla/5.0 AppleWebKit/537.36 (KHTML, like Gecko; compatible; GPTBot/1.3; +https://openai.com/gptbot)"
74.7.242.31 - - [13/Feb/2026:16:45:06 +0000] "GET /buy.php?detail/19501616652788 HTTP/1.1" 200 128666 "https://mohamionline.com/buy.php?detail/19501619073456" "Mozilla/5.0 AppleWebKit/537.36 (KHTML, like Gecko; compatible; GPTBot/1.3; +https://openai.com/gptbot)"
74.7.242.31 - - [13/Feb/2026:16:45:09 +0000] "GET /buy.php?detail/05901626105618 HTTP/1.1" 200 118571 "https://mohamionline.com/buy.php?detail/05903126155150" "Mozilla/5.0 AppleWebKit/537.36 (KHTML, like Gecko; compatible; GPTBot/1.3; +https://openai.com/gptbot)"
74.7.242.31 - - [13/Feb/2026:16:45:12 +0000] "GET /buy.php?detail/19501616781338 HTTP/1.1" 200 123457 "https://mohamionline.com/buy.php?detail/19501619073456" "Mozilla/5.0 AppleWebKit/537.36 (KHTML, like Gecko; compatible; GPTBot/1.3; +https://openai.com/gptbot)"
74.7.242.31 - - [13/Feb/2026:16:45:16 +0000] "GET /buy.php?detail/24303798759919 HTTP/1.1" 200 120576 "https://mohamionline.com/buy.php?detail/24303098555295" "Mozilla/5.0 AppleWebKit/537.36 (KHTML, like Gecko; compatible; GPTBot/1.3; +https://openai.com/gptbot)"
114.119.149.237 - - [13/Feb/2026:16:45:20 +0000] "GET /goods.php?shop/pg/219interesting/13927 HTTP/1.1" 404 - "http://mohamionline.com/goods.php?sitemap803.xml" "Mozilla/5.0 (Linux; Android 7.0;) AppleWebKit/537.36 (KHTML, like Gecko) Mobile Safari/537.36 (compatible; PetalBot;+https://webmaster.petalsearch.com/site/petalbot)"
103.65.237.216 - - [13/Feb/2026:16:45:20 +0000] "GET /sftp-config.json HTTP/1.1" 404 - "-" "Mozilla/5.0 (Macintosh; Intel Mac OS X 10.15; rv:77.0) Gecko/20100101 Firefox/77.0"
103.65.237.216 - - [13/Feb/2026:16:45:21 +0000] "GET /.vscode/sftp.json HTTP/1.1" 404 - "-" "Mozilla/5.0 (Macintosh; Intel Mac OS X 10.15; rv:77.0) Gecko/20100101 Firefox/77.0"
74.7.242.31 - - [13/Feb/2026:16:45:19 +0000] "GET /buy.php?detail/22200977198680 HTTP/1.1" 200 139029 "https://mohamionline.com/buy.php?detail/22201055380736" "Mozilla/5.0 AppleWebKit/537.36 (KHTML, like Gecko; compatible; GPTBot/1.3; +https://openai.com/gptbot)"
74.7.242.31 - - [13/Feb/2026:16:45:22 +0000] "GET /buy.php?detail/22200976763623 HTTP/1.1" 200 127264 "https://mohamionline.com/buy.php?detail/22201055380736" "Mozilla/5.0 AppleWebKit/537.36 (KHTML, like Gecko; compatible; GPTBot/1.3; +https://openai.com/gptbot)"
