74.7.242.31 - - [13/Feb/2026:14:39:14 +0000] "GET /buy.php?detail/23801731053980 HTTP/1.1" 200 123509 "https://mohamionline.com/buy.php?detail/25604052393293" "Mozilla/5.0 AppleWebKit/537.36 (KHTML, like Gecko; compatible; GPTBot/1.3; +https://openai.com/gptbot)"
74.7.242.31 - - [13/Feb/2026:14:39:17 +0000] "GET /buy.php?detail/10102255573690 HTTP/1.1" 200 140433 "https://mohamionline.com/buy.php?detail/10102269197606" "Mozilla/5.0 AppleWebKit/537.36 (KHTML, like Gecko; compatible; GPTBot/1.3; +https://openai.com/gptbot)"
74.7.242.31 - - [13/Feb/2026:14:39:20 +0000] "GET /buy.php?detail/20004521468272 HTTP/1.1" 200 125682 "https://mohamionline.com/buy.php?detail/23202008480598" "Mozilla/5.0 AppleWebKit/537.36 (KHTML, like Gecko; compatible; GPTBot/1.3; +https://openai.com/gptbot)"
74.7.242.31 - - [13/Feb/2026:14:39:23 +0000] "GET /buy.php?detail/23202355949076 HTTP/1.1" 200 117498 "https://mohamionline.com/buy.php?detail/23202008480598" "Mozilla/5.0 AppleWebKit/537.36 (KHTML, like Gecko; compatible; GPTBot/1.3; +https://openai.com/gptbot)"
74.7.242.31 - - [13/Feb/2026:14:39:26 +0000] "GET /buy.php?detail/10102281065735 HTTP/1.1" 200 122535 "https://mohamionline.com/buy.php?detail/10102226517292" "Mozilla/5.0 AppleWebKit/537.36 (KHTML, like Gecko; compatible; GPTBot/1.3; +https://openai.com/gptbot)"
216.244.66.200 - - [13/Feb/2026:14:39:30 +0000] "GET /?option=com_k2&view=item&id=172:%D8%A7%D9%84%D9%83%D8%AA%D8%A7%D8%A8-%D8%A7%D9%84%D8%B1%D8%A7%D8%A8%D8%B9--%D8%A7%D9%84%D8%A8%D8%A7%D8%A8-%D8%A7%D9%84%D8%B3%D8%A7%D8%AF%D8%B3-%D8%A7%D9%84%D8%A8%D8%A7%D8%A8-%D8%A7%D9%84%25... HTTP/1.1" 200 5171 "-" "Mozilla/5.0 (compatible; DotBot/1.2; +https://opensiteexplorer.org/dotbot; help@moz.com)"
216.244.66.200 - - [13/Feb/2026:14:39:31 +0000] "GET /?option=com_k2&view=item&id=261%3A%D9%85%D8%AD%D8%A7%D9%81%D8%B8%D8%A9-%D8%AF%D9%85%D9%8A%D8%A7%D8%B7&limitstart=3270 HTTP/1.1" 200 5171 "-" "Mozilla/5.0 (compatible; DotBot/1.2; +https://opensiteexplorer.org/dotbot; help@moz.com)"
74.7.242.31 - - [13/Feb/2026:14:39:29 +0000] "GET /buy.php?detail/05902994923943 HTTP/1.1" 200 118587 "https://mohamionline.com/buy.php?detail/10403623144486" "Mozilla/5.0 AppleWebKit/537.36 (KHTML, like Gecko; compatible; GPTBot/1.3; +https://openai.com/gptbot)"
216.244.66.200 - - [13/Feb/2026:14:39:32 +0000] "GET /?option=com_k2&view=item&id=377%3A%C3%83%C6%92%C3%A2%E2%80%9E%C2%A2%C3%83%C2%A2%C3%A2%E2%80%9A%C2%AC%C3%85%C2%A1%C3%83%C6%92%C3%8B%C5%93%C3%83%E2%80%9A%C3%82%C2%A7%C3%83%C6%92%C3%8B%C5%93%C3%83%E2%80%9A%C3%82%C2%A6&limitstart=4070 HTTP/1.1" 200 5171 "-" "Mozilla/5.0 (compatible; DotBot/1.2; +https://opensiteexplorer.org/dotbot; help@moz.com)"
216.244.66.200 - - [13/Feb/2026:14:39:33 +0000] "GET /?option=com_mailto&tmpl=component&link=aHR0cDovL21vaGFtaW9ubGluZS5jb20vaW5kZXgucGhwP29wdGlvbj1jb21fazImdmlldz1pdGVtJmlkPTI4NjrZhdmD2KfYqtioLdin2YTYtNmH2LEt2KfZhNi52YLYp9ix2Yot2YjYp9mE2CUmbGltaXRzdGFydD0xNDA= HTTP/1.1" 200 5171 "-" "Mozilla/5.0 (compatible; DotBot/1.2; +https://opensiteexplorer.org/dotbot; help@moz.com)"
74.7.242.31 - - [13/Feb/2026:14:39:32 +0000] "GET /buy.php?detail/10102280424066 HTTP/1.1" 200 122958 "https://mohamionline.com/buy.php?detail/10102276410373" "Mozilla/5.0 AppleWebKit/537.36 (KHTML, like Gecko; compatible; GPTBot/1.3; +https://openai.com/gptbot)"
216.244.66.200 - - [13/Feb/2026:14:39:34 +0000] "GET /index.php?option=com_mailto&tmpl=component&link=aHR0cDovL21vaGFtaW9ubGluZS5jb20vaW5kZXgucGhwP29wdGlvbj1jb21fazImdmlldz1pdGVtJmlkPTI5NDrYudmG2KfZiNmK2YYt2YTYrNin2YYt2YHYti3Yp9mE2YXZhtin2LLYudin2KotMiZsaW1pdHN0YXJ0PTE4MzA= HTTP/1.1" 404 - "-" "Mozilla/5.0 (compatible; DotBot/1.2; +https://opensiteexplorer.org/dotbot; help@moz.com)"
216.244.66.200 - - [13/Feb/2026:14:39:35 +0000] "GET /index.php?option=com_mailto&tmpl=component&link=aHR0cDovL21vaGFtaW9ubGluZS5jb20vaW5kZXgucGhwP29wdGlvbj1jb21fazImdmlldz1pdGVtJmlkPTI5NDrYudmG2KfZiNmK2YYt2YTYrNin2YYt2YHYti3Yp9mE2YXZhtin2LLYudin2KotMiZsaW1pdHN0YXJ0PTcw HTTP/1.1" 404 - "-" "Mozilla/5.0 (compatible; DotBot/1.2; +https://opensiteexplorer.org/dotbot; help@moz.com)"
216.244.66.200 - - [13/Feb/2026:14:39:36 +0000] "GET /index.php?option=com_mailto&tmpl=component&link=aHR0cDovL21vaGFtaW9ubGluZS5jb20vaW5kZXgucGhwP29wdGlvbj1jb21fazImdmlldz1pdGVtJmlkPTM2MDrDuMK5w7nigJrDuMKvLcO4wrLDucuGw7jCp8O4wqwtw7jCucO4wrHDucKBw7nFoSZsaW1pdHN0YXJ0PTI5MA== HTTP/1.1" 404 - "-" "Mozilla/5.0 (compatible; DotBot/1.2; +https://opensiteexplorer.org/dotbot; help@moz.com)"
216.244.66.200 - - [13/Feb/2026:14:39:36 +0000] "GET /index.php?option=com_mailto&tmpl=component&link=aHR0cDovL21vaGFtaW9ubGluZS5jb20vaW5kZXgucGhwP29wdGlvbj1jb21fazImdmlldz1pdGVtJmlkPTM3NTrDuMK5w7nigJrDuMKvLcO54oCgw7jCtMO4wrEtw7nGksO4wqrDuMKnw7jCqF1SYWxwaCZsaW1pdHN0YXJ0PTk1MA== HTTP/1.1" 404 - "-" "Mozilla/5.0 (compatible; DotBot/1.2; +https://opensiteexplorer.org/dotbot; help@moz.com)"
74.7.242.31 - - [13/Feb/2026:14:39:34 +0000] "GET /buy.php?detail/049044951163 HTTP/1.1" 200 118731 "https://mohamionline.com/buy.php?detail/04904508513401" "Mozilla/5.0 AppleWebKit/537.36 (KHTML, like Gecko; compatible; GPTBot/1.3; +https://openai.com/gptbot)"
160.187.210.79 - - [13/Feb/2026:14:39:40 +0000] "GET /txets.php HTTP/1.1" 404 - "-" "Mozlila/5.0 (Linux; Android 7.0; SM-G892A Bulid/NRD90M; wv) AppleWebKit/537.36 (KHTML, like Gecko) Version/4.0 Chrome/60.0.3112.107 Moblie Safari/537.36"
74.7.242.31 - - [13/Feb/2026:14:39:38 +0000] "GET /buy.php?detail/18400569842526 HTTP/1.1" 200 121508 "https://mohamionline.com/buy.php?detail/04904508513401" "Mozilla/5.0 AppleWebKit/537.36 (KHTML, like Gecko; compatible; GPTBot/1.3; +https://openai.com/gptbot)"
74.7.242.31 - - [13/Feb/2026:14:39:40 +0000] "GET /buy.php?detail/04904477403114 HTTP/1.1" 200 126186 "https://mohamionline.com/buy.php?detail/04904508171331" "Mozilla/5.0 AppleWebKit/537.36 (KHTML, like Gecko; compatible; GPTBot/1.3; +https://openai.com/gptbot)"
74.7.242.31 - - [13/Feb/2026:14:39:43 +0000] "GET /buy.php?detail/04904496656910 HTTP/1.1" 200 119187 "https://mohamionline.com/buy.php?detail/04904508513401" "Mozilla/5.0 AppleWebKit/537.36 (KHTML, like Gecko; compatible; GPTBot/1.3; +https://openai.com/gptbot)"
74.7.242.31 - - [13/Feb/2026:14:39:46 +0000] "GET /buy.php?detail/23800201275235 HTTP/1.1" 200 124762 "https://mohamionline.com/buy.php?detail/23801731053980" "Mozilla/5.0 AppleWebKit/537.36 (KHTML, like Gecko; compatible; GPTBot/1.3; +https://openai.com/gptbot)"
74.7.242.31 - - [13/Feb/2026:14:39:48 +0000] "GET /buy.php?detail/04904476946548 HTTP/1.1" 200 122038 "https://mohamionline.com/buy.php?detail/04904508171331" "Mozilla/5.0 AppleWebKit/537.36 (KHTML, like Gecko; compatible; GPTBot/1.3; +https://openai.com/gptbot)"
74.7.242.31 - - [13/Feb/2026:14:39:49 +0000] "GET /buy.php?detail/20004247366164 HTTP/1.1" 200 144640 "https://mohamionline.com/buy.php?detail/20004521468272" "Mozilla/5.0 AppleWebKit/537.36 (KHTML, like Gecko; compatible; GPTBot/1.3; +https://openai.com/gptbot)"
74.7.242.31 - - [13/Feb/2026:14:39:52 +0000] "GET /buy.php?detail/23202069954728 HTTP/1.1" 200 117656 "https://mohamionline.com/buy.php?detail/23202355949076" "Mozilla/5.0 AppleWebKit/537.36 (KHTML, like Gecko; compatible; GPTBot/1.3; +https://openai.com/gptbot)"
114.119.155.180 - - [13/Feb/2026:14:39:56 +0000] "GET /goods.php?shop/pg/234cousin/23256 HTTP/1.1" 404 - "http://mohamionline.com/goods.php?sitemap803.xml" "Mozilla/5.0 (Linux; Android 7.0;) AppleWebKit/537.36 (KHTML, like Gecko) Mobile Safari/537.36 (compatible; PetalBot;+https://webmaster.petalsearch.com/site/petalbot)"
74.7.242.31 - - [13/Feb/2026:14:39:54 +0000] "GET /buy.php?detail/10102249574211 HTTP/1.1" 200 120815 "https://mohamionline.com/buy.php?detail/10102281065735" "Mozilla/5.0 AppleWebKit/537.36 (KHTML, like Gecko; compatible; GPTBot/1.3; +https://openai.com/gptbot)"
74.7.242.31 - - [13/Feb/2026:14:39:57 +0000] "GET /buy.php?detail/05901313614208 HTTP/1.1" 200 119587 "https://mohamionline.com/buy.php?detail/05902994923943" "Mozilla/5.0 AppleWebKit/537.36 (KHTML, like Gecko; compatible; GPTBot/1.3; +https://openai.com/gptbot)"
74.7.242.31 - - [13/Feb/2026:14:39:58 +0000] "GET /buy.php?detail/23800201734175 HTTP/1.1" 200 125968 "https://mohamionline.com/buy.php?detail/23801731053980" "Mozilla/5.0 AppleWebKit/537.36 (KHTML, like Gecko; compatible; GPTBot/1.3; +https://openai.com/gptbot)"
74.7.242.31 - - [13/Feb/2026:14:40:00 +0000] "GET /buy.php?detail/04104272430671 HTTP/1.1" 200 119505 "https://mohamionline.com/buy.php?detail/049044951163" "Mozilla/5.0 AppleWebKit/537.36 (KHTML, like Gecko; compatible; GPTBot/1.3; +https://openai.com/gptbot)"
74.7.242.31 - - [13/Feb/2026:14:40:03 +0000] "GET /buy.php?detail/21101721850680 HTTP/1.1" 200 151685 "https://mohamionline.com/buy.php?detail/049044951163" "Mozilla/5.0 AppleWebKit/537.36 (KHTML, like Gecko; compatible; GPTBot/1.3; +https://openai.com/gptbot)"
74.7.242.31 - - [13/Feb/2026:14:40:05 +0000] "GET /buy.php?detail/04904465697873 HTTP/1.1" 200 120659 "https://mohamionline.com/buy.php?detail/049044951163" "Mozilla/5.0 AppleWebKit/537.36 (KHTML, like Gecko; compatible; GPTBot/1.3; +https://openai.com/gptbot)"
74.7.242.31 - - [13/Feb/2026:14:40:08 +0000] "GET /buy.php?detail/04904432909505 HTTP/1.1" 200 145409 "https://mohamionline.com/buy.php?detail/04904496656910" "Mozilla/5.0 AppleWebKit/537.36 (KHTML, like Gecko; compatible; GPTBot/1.3; +https://openai.com/gptbot)"
74.7.242.31 - - [13/Feb/2026:14:40:11 +0000] "GET /buy.php?detail/10102315254300 HTTP/1.1" 200 154051 "https://mohamionline.com/buy.php?detail/10102255573690" "Mozilla/5.0 AppleWebKit/537.36 (KHTML, like Gecko; compatible; GPTBot/1.3; +https://openai.com/gptbot)"
74.7.242.31 - - [13/Feb/2026:14:40:14 +0000] "GET /buy.php?detail/04904430989388 HTTP/1.1" 200 120537 "https://mohamionline.com/buy.php?detail/04904476946548" "Mozilla/5.0 AppleWebKit/537.36 (KHTML, like Gecko; compatible; GPTBot/1.3; +https://openai.com/gptbot)"
74.7.242.31 - - [13/Feb/2026:14:40:17 +0000] "GET /buy.php?detail/20003762883680 HTTP/1.1" 200 121944 "https://mohamionline.com/buy.php?detail/20004247366164" "Mozilla/5.0 AppleWebKit/537.36 (KHTML, like Gecko; compatible; GPTBot/1.3; +https://openai.com/gptbot)"
74.7.242.31 - - [13/Feb/2026:14:40:20 +0000] "GET /buy.php?detail/23202069015706 HTTP/1.1" 200 117584 "https://mohamionline.com/buy.php?detail/23202355949076" "Mozilla/5.0 AppleWebKit/537.36 (KHTML, like Gecko; compatible; GPTBot/1.3; +https://openai.com/gptbot)"
74.7.242.31 - - [13/Feb/2026:14:40:23 +0000] "GET /buy.php?jp/200037628.html HTTP/1.1" 200 122541 "https://mohamionline.com/buy.php?detail/20003762883680" "Mozilla/5.0 AppleWebKit/537.36 (KHTML, like Gecko; compatible; GPTBot/1.3; +https://openai.com/gptbot)"
216.244.66.200 - - [13/Feb/2026:14:40:28 +0000] "GET /?option=com_k2&view=item&id=303%3A%D8%B5%D9%8A%D8%BA%D8%A9-%D8%A7%D9%86%D8%B0%D8%A7%D8%B1-%D8%A7%D9%84%D8%AA%D9%83%D9%84%D9%8A%D9%81-%D8%A8%D8%A7%D9%84%D9%88%D9%81%D8%A7%D8%A1-%D8%A8%D8%A7%D9%84%D9%82%D9%8A%D9%85%D8%A9-%D8%A7%D9%84%D8%A5%D9%8A%D8%AC%D8%A7%D8%B1%D9%8A%D8%A9&limitstart=630 HTTP/1.1" 200 5171 "-" "Mozilla/5.0 (compatible; DotBot/1.2; +https://opensiteexplorer.org/dotbot; help@moz.com)"
74.7.242.31 - - [13/Feb/2026:14:40:26 +0000] "GET /buy.php?detail/101022159050 HTTP/1.1" 200 152833 "https://mohamionline.com/buy.php?detail/10102249574211" "Mozilla/5.0 AppleWebKit/537.36 (KHTML, like Gecko; compatible; GPTBot/1.3; +https://openai.com/gptbot)"
216.244.66.200 - - [13/Feb/2026:14:40:29 +0000] "GET /index.php?option=com_mailto&tmpl=component&link=aHR0cDovL21vaGFtaW9ubGluZS5jb20vaW5kZXgucGhwP29wdGlvbj1jb21fazImdmlldz1pdGVtJmlkPTI4NDrZhdmD2KfYqtioLdin2YTYtNmH2LEt2KfZhNi52YLYp9ix2Yot2YjYp9mE2KrZiNir2YrZgi3YqNin2YTYrNmK2LLYqS3ZiNin2YTZgtmE2YrZiNio2YrYqSZsaW1pdHN0YXJ0PTIw HTTP/1.1" 404 - "-" "Mozilla/5.0 (compatible; DotBot/1.2; +https://opensiteexplorer.org/dotbot; help@moz.com)"
74.7.242.31 - - [13/Feb/2026:14:40:28 +0000] "GET /buy.php?detail/10102216135083 HTTP/1.1" 200 141570 "https://mohamionline.com/buy.php?detail/10102249574211" "Mozilla/5.0 AppleWebKit/537.36 (KHTML, like Gecko; compatible; GPTBot/1.3; +https://openai.com/gptbot)"
74.7.242.31 - - [13/Feb/2026:14:40:32 +0000] "GET /buy.php?detail/04904465211575 HTTP/1.1" 200 119426 "https://mohamionline.com/buy.php?detail/049044951163" "Mozilla/5.0 AppleWebKit/537.36 (KHTML, like Gecko; compatible; GPTBot/1.3; +https://openai.com/gptbot)"
74.7.242.31 - - [13/Feb/2026:14:40:34 +0000] "GET /buy.php?detail/04104729177148 HTTP/1.1" 200 122079 "https://mohamionline.com/buy.php?detail/04104272430671" "Mozilla/5.0 AppleWebKit/537.36 (KHTML, like Gecko; compatible; GPTBot/1.3; +https://openai.com/gptbot)"
74.7.242.31 - - [13/Feb/2026:14:40:35 +0000] "GET /buy.php?detail/17101740498334 HTTP/1.1" 200 120988 "https://mohamionline.com/buy.php?detail/04104272430671" "Mozilla/5.0 AppleWebKit/537.36 (KHTML, like Gecko; compatible; GPTBot/1.3; +https://openai.com/gptbot)"
74.7.242.31 - - [13/Feb/2026:14:40:38 +0000] "GET /buy.php?detail/18402187130226 HTTP/1.1" 200 118829 "https://mohamionline.com/buy.php?detail/18400569842526" "Mozilla/5.0 AppleWebKit/537.36 (KHTML, like Gecko; compatible; GPTBot/1.3; +https://openai.com/gptbot)"
74.7.242.31 - - [13/Feb/2026:14:40:41 +0000] "GET /buy.php?detail/00400786902514 HTTP/1.1" 200 132756 "https://mohamionline.com/buy.php?detail/00400532210529" "Mozilla/5.0 AppleWebKit/537.36 (KHTML, like Gecko; compatible; GPTBot/1.3; +https://openai.com/gptbot)"
74.7.242.31 - - [13/Feb/2026:14:40:44 +0000] "GET /buy.php?detail/10102257736581 HTTP/1.1" 200 122387 "https://mohamionline.com/buy.php?detail/10102315254300" "Mozilla/5.0 AppleWebKit/537.36 (KHTML, like Gecko; compatible; GPTBot/1.3; +https://openai.com/gptbot)"
74.7.242.31 - - [13/Feb/2026:14:40:47 +0000] "GET /buy.php?goods/049044752 HTTP/1.1" 200 124737 "https://mohamionline.com/buy.php?detail/04904430989388" "Mozilla/5.0 AppleWebKit/537.36 (KHTML, like Gecko; compatible; GPTBot/1.3; +https://openai.com/gptbot)"
74.7.242.31 - - [13/Feb/2026:14:40:49 +0000] "GET /buy.php?detail/20004415273107 HTTP/1.1" 200 125879 "https://mohamionline.com/buy.php?detail/20003762883680" "Mozilla/5.0 AppleWebKit/537.36 (KHTML, like Gecko; compatible; GPTBot/1.3; +https://openai.com/gptbot)"
74.7.242.31 - - [13/Feb/2026:14:40:51 +0000] "GET /buy.php?detail/20004486862575 HTTP/1.1" 200 123216 "https://mohamionline.com/buy.php?jp/200037628.html" "Mozilla/5.0 AppleWebKit/537.36 (KHTML, like Gecko; compatible; GPTBot/1.3; +https://openai.com/gptbot)"
74.7.242.31 - - [13/Feb/2026:14:40:53 +0000] "GET /buy.php?detail/20004415173752 HTTP/1.1" 200 120693 "https://mohamionline.com/buy.php?detail/20003762883680" "Mozilla/5.0 AppleWebKit/537.36 (KHTML, like Gecko; compatible; GPTBot/1.3; +https://openai.com/gptbot)"
74.7.242.31 - - [13/Feb/2026:14:40:54 +0000] "GET /buy.php?detail/20004415889388 HTTP/1.1" 200 125521 "https://mohamionline.com/buy.php?detail/20003762883680" "Mozilla/5.0 AppleWebKit/537.36 (KHTML, like Gecko; compatible; GPTBot/1.3; +https://openai.com/gptbot)"
74.7.242.31 - - [13/Feb/2026:14:40:57 +0000] "GET /buy.php?detail/23202155425220 HTTP/1.1" 200 118028 "https://mohamionline.com/buy.php?detail/23202069015706" "Mozilla/5.0 AppleWebKit/537.36 (KHTML, like Gecko; compatible; GPTBot/1.3; +https://openai.com/gptbot)"
74.7.242.31 - - [13/Feb/2026:14:41:00 +0000] "GET /buy.php?detail/10102339939276 HTTP/1.1" 200 120213 "https://mohamionline.com/buy.php?detail/10102216135083" "Mozilla/5.0 AppleWebKit/537.36 (KHTML, like Gecko; compatible; GPTBot/1.3; +https://openai.com/gptbot)"
74.7.242.31 - - [13/Feb/2026:14:41:03 +0000] "GET /buy.php?detail/22204112818630 HTTP/1.1" 200 119361 "https://mohamionline.com/buy.php?detail/17101740498334" "Mozilla/5.0 AppleWebKit/537.36 (KHTML, like Gecko; compatible; GPTBot/1.3; +https://openai.com/gptbot)"
74.7.242.31 - - [13/Feb/2026:14:41:05 +0000] "GET /buy.php?detail/09101046871525 HTTP/1.1" 200 119845 "https://mohamionline.com/buy.php?detail/17101740498334" "Mozilla/5.0 AppleWebKit/537.36 (KHTML, like Gecko; compatible; GPTBot/1.3; +https://openai.com/gptbot)"
74.7.242.31 - - [13/Feb/2026:14:41:08 +0000] "GET /buy.php?detail/18404659240934 HTTP/1.1" 200 119880 "https://mohamionline.com/buy.php?detail/18402187130226" "Mozilla/5.0 AppleWebKit/537.36 (KHTML, like Gecko; compatible; GPTBot/1.3; +https://openai.com/gptbot)"
74.7.242.31 - - [13/Feb/2026:14:41:11 +0000] "GET /buy.php?detail/10102382488772 HTTP/1.1" 200 130478 "https://mohamionline.com/buy.php?detail/101022159050" "Mozilla/5.0 AppleWebKit/537.36 (KHTML, like Gecko; compatible; GPTBot/1.3; +https://openai.com/gptbot)"
74.7.241.182 - - [13/Feb/2026:14:41:14 +0000] "GET /robots.txt HTTP/1.1" 404 - "-" "Mozilla/5.0 (Macintosh; Intel Mac OS X 10_15_7) AppleWebKit/537.36 (KHTML, like Gecko) Chrome/131.0.0.0 Safari/537.36; compatible; OAI-SearchBot/1.3; robots.txt; +https://openai.com/searchbot"
74.7.242.31 - - [13/Feb/2026:14:41:14 +0000] "GET /buy.php?detail/00400664457230 HTTP/1.1" 200 121678 "https://mohamionline.com/buy.php?detail/00400786902514" "Mozilla/5.0 AppleWebKit/537.36 (KHTML, like Gecko; compatible; GPTBot/1.3; +https://openai.com/gptbot)"
74.7.242.31 - - [13/Feb/2026:14:41:17 +0000] "GET /buy.php?detail/17902435291916 HTTP/1.1" 200 119222 "https://mohamionline.com/buy.php?detail/20004415273107" "Mozilla/5.0 AppleWebKit/537.36 (KHTML, like Gecko; compatible; GPTBot/1.3; +https://openai.com/gptbot)"
114.119.141.191 - - [13/Feb/2026:14:41:20 +0000] "GET /goods.php?shop/pg/234build/5266 HTTP/1.1" 404 - "http://mohamionline.com/goods.php?sitemap803.xml" "Mozilla/5.0 (Linux; Android 7.0;) AppleWebKit/537.36 (KHTML, like Gecko) Mobile Safari/537.36 (compatible; PetalBot;+https://webmaster.petalsearch.com/site/petalbot)"
66.249.66.167 - - [13/Feb/2026:14:41:21 +0000] "GET /header.php?merchandises/99510959110 HTTP/1.1" 404 - "-" "Mozilla/5.0 (Linux; Android 6.0.1; Nexus 5X Build/MMB29P) AppleWebKit/537.36 (KHTML, like Gecko) Chrome/144.0.7559.132 Mobile Safari/537.36 (compatible; Googlebot/2.1; +http://www.google.com/bot.html)"
74.7.242.31 - - [13/Feb/2026:14:41:19 +0000] "GET /buy.php?detail/10102342467371 HTTP/1.1" 200 121151 "https://mohamionline.com/buy.php?detail/10102216135083" "Mozilla/5.0 AppleWebKit/537.36 (KHTML, like Gecko; compatible; GPTBot/1.3; +https://openai.com/gptbot)"
74.7.242.31 - - [13/Feb/2026:14:41:22 +0000] "GET /buy.php?detail/20003468008599 HTTP/1.1" 200 126849 "https://mohamionline.com/buy.php?detail/20004415173752" "Mozilla/5.0 AppleWebKit/537.36 (KHTML, like Gecko; compatible; GPTBot/1.3; +https://openai.com/gptbot)"
216.244.66.200 - - [13/Feb/2026:14:41:27 +0000] "GET /index.php?option=com_mailto&tmpl=component&link=aHR0cDovL21vaGFtaW9ubGluZS5jb20vaW5kZXgucGhwP29wdGlvbj1jb21fazImdmlldz1pdGVtJmlkPTE3NTrDuMKnw7nigJ7DucaSw7jCqsO4wqfDuMKoLcO4wqfDueKAnsO4wqfDucuGw7nigJ4tLcO4wqfDueKAnsO4wqjDuMKnw7jCqC3DuMKnw7nigJ7DuMKnw7nLhsO54oCeJmxpbWl0c3RhcnQ9MTg5MA== HTTP/1.1" 404 - "-" "Mozilla/5.0 (compatible; DotBot/1.2; +https://opensiteexplorer.org/dotbot; help@moz.com)"
216.244.66.200 - - [13/Feb/2026:14:41:28 +0000] "GET /index.php?option=com_mailto&tmpl=component&link=aHR0cDovL21vaGFtaW9ubGluZS5jb20vaW5kZXgucGhwP29wdGlvbj1jb21fazImdmlldz1pdGVtJmlkPTI5MzrZhdmD2KfYqtioLdin2YTYtNmH2LEt2KfZhNi52YLYp9ix2Yot2YjYp9mE2KrZiNir2YrZgi3YqNmF2LHYs9mKLdmF2LfYsdmI2K0t2Ygt2KzZhtmI2Kgt2LPZitmG2KfYoSZsaW1pdHN0YXJ0PTEzNDA= HTTP/1.1" 404 - "-" "Mozilla/5.0 (compatible; DotBot/1.2; +https://opensiteexplorer.org/dotbot; help@moz.com)"
74.7.242.31 - - [13/Feb/2026:14:41:25 +0000] "GET /buy.php?detail/20003863809697 HTTP/1.1" 200 126519 "https://mohamionline.com/buy.php?detail/20004415889388" "Mozilla/5.0 AppleWebKit/537.36 (KHTML, like Gecko; compatible; GPTBot/1.3; +https://openai.com/gptbot)"
74.7.242.31 - - [13/Feb/2026:14:41:28 +0000] "GET /buy.php?detail/20003863412093 HTTP/1.1" 200 125374 "https://mohamionline.com/buy.php?detail/20004415889388" "Mozilla/5.0 AppleWebKit/537.36 (KHTML, like Gecko; compatible; GPTBot/1.3; +https://openai.com/gptbot)"
74.7.242.31 - - [13/Feb/2026:14:41:30 +0000] "GET /buy.php?detail/20003863927216 HTTP/1.1" 200 124775 "https://mohamionline.com/buy.php?detail/20004415889388" "Mozilla/5.0 AppleWebKit/537.36 (KHTML, like Gecko; compatible; GPTBot/1.3; +https://openai.com/gptbot)"
74.7.242.31 - - [13/Feb/2026:14:41:34 +0000] "GET /buy.php?detail/20003467401562 HTTP/1.1" 200 126639 "https://mohamionline.com/buy.php?detail/20004415173752" "Mozilla/5.0 AppleWebKit/537.36 (KHTML, like Gecko; compatible; GPTBot/1.3; +https://openai.com/gptbot)"
74.7.242.31 - - [13/Feb/2026:14:41:36 +0000] "GET /buy.php?detail/22204112676890 HTTP/1.1" 200 118900 "https://mohamionline.com/buy.php?detail/22204112818630" "Mozilla/5.0 AppleWebKit/537.36 (KHTML, like Gecko; compatible; GPTBot/1.3; +https://openai.com/gptbot)"
74.7.242.31 - - [13/Feb/2026:14:41:39 +0000] "GET /buy.php?detail/18402290994340 HTTP/1.1" 200 118893 "https://mohamionline.com/buy.php?detail/18404659240934" "Mozilla/5.0 AppleWebKit/537.36 (KHTML, like Gecko; compatible; GPTBot/1.3; +https://openai.com/gptbot)"
74.7.242.31 - - [13/Feb/2026:14:41:42 +0000] "GET /buy.php?detail/10102383090147 HTTP/1.1" 200 121252 "https://mohamionline.com/buy.php?detail/101022159050" "Mozilla/5.0 AppleWebKit/537.36 (KHTML, like Gecko; compatible; GPTBot/1.3; +https://openai.com/gptbot)"
74.7.242.31 - - [13/Feb/2026:14:41:45 +0000] "GET /buy.php?detail/24500286023954 HTTP/1.1" 200 121534 "https://mohamionline.com/buy.php?detail/04304366051353" "Mozilla/5.0 AppleWebKit/537.36 (KHTML, like Gecko; compatible; GPTBot/1.3; +https://openai.com/gptbot)"
74.7.242.31 - - [13/Feb/2026:14:41:48 +0000] "GET /buy.php?detail/10102306594941 HTTP/1.1" 200 130644 "https://mohamionline.com/buy.php?detail/10102295749604" "Mozilla/5.0 AppleWebKit/537.36 (KHTML, like Gecko; compatible; GPTBot/1.3; +https://openai.com/gptbot)"
74.7.242.31 - - [13/Feb/2026:14:41:51 +0000] "GET /buy.php?detail/02904260248178 HTTP/1.1" 200 119339 "https://mohamionline.com/buy.php?detail/04904432909505" "Mozilla/5.0 AppleWebKit/537.36 (KHTML, like Gecko; compatible; GPTBot/1.3; +https://openai.com/gptbot)"
74.7.242.31 - - [13/Feb/2026:14:41:53 +0000] "GET /buy.php?detail/20003771429678 HTTP/1.1" 200 138678 "https://mohamionline.com/buy.php?detail/20003468008599" "Mozilla/5.0 AppleWebKit/537.36 (KHTML, like Gecko; compatible; GPTBot/1.3; +https://openai.com/gptbot)"
74.7.242.31 - - [13/Feb/2026:14:41:57 +0000] "GET /buy.php?detail/20003770884570 HTTP/1.1" 200 121511 "https://mohamionline.com/buy.php?detail/20003468008599" "Mozilla/5.0 AppleWebKit/537.36 (KHTML, like Gecko; compatible; GPTBot/1.3; +https://openai.com/gptbot)"
74.7.242.31 - - [13/Feb/2026:14:42:00 +0000] "GET /buy.php?detail/20003643193323 HTTP/1.1" 200 125761 "https://mohamionline.com/buy.php?detail/20003863809697" "Mozilla/5.0 AppleWebKit/537.36 (KHTML, like Gecko; compatible; GPTBot/1.3; +https://openai.com/gptbot)"
74.7.242.31 - - [13/Feb/2026:14:42:03 +0000] "GET /buy.php?detail/20004118313302 HTTP/1.1" 200 123522 "https://mohamionline.com/buy.php?detail/20003863927216" "Mozilla/5.0 AppleWebKit/537.36 (KHTML, like Gecko; compatible; GPTBot/1.3; +https://openai.com/gptbot)"
74.7.242.31 - - [13/Feb/2026:14:42:06 +0000] "GET /buy.php?detail/20003740471085 HTTP/1.1" 200 121751 "https://mohamionline.com/buy.php?detail/20003467401562" "Mozilla/5.0 AppleWebKit/537.36 (KHTML, like Gecko; compatible; GPTBot/1.3; +https://openai.com/gptbot)"
146.70.132.138 - - [13/Feb/2026:14:42:08 +0000] "GET / HTTP/1.1" 200 5171 "-" "python-requests/2.31.0"
74.7.242.31 - - [13/Feb/2026:14:42:08 +0000] "GET /buy.php?detail/20004121852864 HTTP/1.1" 200 121007 "https://mohamionline.com/buy.php?detail/20003863927216" "Mozilla/5.0 AppleWebKit/537.36 (KHTML, like Gecko; compatible; GPTBot/1.3; +https://openai.com/gptbot)"
74.7.242.31 - - [13/Feb/2026:14:42:11 +0000] "GET /buy.php?detail/20004121508774 HTTP/1.1" 200 125613 "https://mohamionline.com/buy.php?detail/20003863927216" "Mozilla/5.0 AppleWebKit/537.36 (KHTML, like Gecko; compatible; GPTBot/1.3; +https://openai.com/gptbot)"
74.7.242.31 - - [13/Feb/2026:14:42:13 +0000] "GET /buy.php?detail/20003640679911 HTTP/1.1" 200 122423 "https://mohamionline.com/buy.php?detail/20003863809697" "Mozilla/5.0 AppleWebKit/537.36 (KHTML, like Gecko; compatible; GPTBot/1.3; +https://openai.com/gptbot)"
74.7.242.31 - - [13/Feb/2026:14:42:16 +0000] "GET /buy.php?detail/15904982359428 HTTP/1.1" 200 125067 "https://mohamionline.com/buy.php?detail/20003468008599" "Mozilla/5.0 AppleWebKit/537.36 (KHTML, like Gecko; compatible; GPTBot/1.3; +https://openai.com/gptbot)"
74.7.242.31 - - [13/Feb/2026:14:42:19 +0000] "GET /buy.php?detail/10102364161949 HTTP/1.1" 200 121108 "https://mohamionline.com/buy.php?detail/10102306594941" "Mozilla/5.0 AppleWebKit/537.36 (KHTML, like Gecko; compatible; GPTBot/1.3; +https://openai.com/gptbot)"
74.7.242.31 - - [13/Feb/2026:14:42:22 +0000] "GET /buy.php?detail/10102365123396 HTTP/1.1" 200 120401 "https://mohamionline.com/buy.php?detail/10102306594941" "Mozilla/5.0 AppleWebKit/537.36 (KHTML, like Gecko; compatible; GPTBot/1.3; +https://openai.com/gptbot)"
74.7.242.31 - - [13/Feb/2026:14:42:25 +0000] "GET /buy.php?detail/200041094915 HTTP/1.1" 200 121914 "https://mohamionline.com/buy.php?detail/20003771429678" "Mozilla/5.0 AppleWebKit/537.36 (KHTML, like Gecko; compatible; GPTBot/1.3; +https://openai.com/gptbot)"
74.7.242.31 - - [13/Feb/2026:14:42:28 +0000] "GET /buy.php?detail/20003849529400 HTTP/1.1" 200 126135 "https://mohamionline.com/buy.php?detail/20003770884570" "Mozilla/5.0 AppleWebKit/537.36 (KHTML, like Gecko; compatible; GPTBot/1.3; +https://openai.com/gptbot)"
74.7.242.31 - - [13/Feb/2026:14:42:29 +0000] "GET /buy.php?detail/20004519325756 HTTP/1.1" 200 124694 "https://mohamionline.com/buy.php?detail/20003643193323" "Mozilla/5.0 AppleWebKit/537.36 (KHTML, like Gecko; compatible; GPTBot/1.3; +https://openai.com/gptbot)"
74.7.242.31 - - [13/Feb/2026:14:42:32 +0000] "GET /buy.php?detail/20003664673997 HTTP/1.1" 200 120960 "https://mohamionline.com/buy.php?detail/20004118313302" "Mozilla/5.0 AppleWebKit/537.36 (KHTML, like Gecko; compatible; GPTBot/1.3; +https://openai.com/gptbot)"
74.7.242.31 - - [13/Feb/2026:14:42:35 +0000] "GET /buy.php?detail/20003851716164 HTTP/1.1" 200 126621 "https://mohamionline.com/buy.php?detail/20003740471085" "Mozilla/5.0 AppleWebKit/537.36 (KHTML, like Gecko; compatible; GPTBot/1.3; +https://openai.com/gptbot)"
74.7.242.31 - - [13/Feb/2026:14:42:37 +0000] "GET /buy.php?detail/20003852026985 HTTP/1.1" 200 126242 "https://mohamionline.com/buy.php?detail/20003740471085" "Mozilla/5.0 AppleWebKit/537.36 (KHTML, like Gecko; compatible; GPTBot/1.3; +https://openai.com/gptbot)"
74.7.242.31 - - [13/Feb/2026:14:42:40 +0000] "GET /buy.php?detail/20004108711527 HTTP/1.1" 200 124408 "https://mohamionline.com/buy.php?detail/20003771429678" "Mozilla/5.0 AppleWebKit/537.36 (KHTML, like Gecko; compatible; GPTBot/1.3; +https://openai.com/gptbot)"
114.119.155.180 - - [13/Feb/2026:14:42:44 +0000] "GET /goods.php?shop/pg/233top/48861 HTTP/1.1" 404 - "http://mohamionline.com/goods.php?sitemap803.xml" "Mozilla/5.0 (Linux; Android 7.0;) AppleWebKit/537.36 (KHTML, like Gecko) Mobile Safari/537.36 (compatible; PetalBot;+https://webmaster.petalsearch.com/site/petalbot)"
74.7.242.31 - - [13/Feb/2026:14:42:43 +0000] "GET /buy.php?goods/252045902 HTTP/1.1" 200 133331 "https://mohamionline.com/buy.php?detail/20003640679911" "Mozilla/5.0 AppleWebKit/537.36 (KHTML, like Gecko; compatible; GPTBot/1.3; +https://openai.com/gptbot)"
74.7.242.31 - - [13/Feb/2026:14:42:45 +0000] "GET /buy.php?detail/20003938299784 HTTP/1.1" 200 126725 "https://mohamionline.com/buy.php?detail/20003640679911" "Mozilla/5.0 AppleWebKit/537.36 (KHTML, like Gecko; compatible; GPTBot/1.3; +https://openai.com/gptbot)"
74.7.242.31 - - [13/Feb/2026:14:42:46 +0000] "GET /buy.php?detail/10102244423509 HTTP/1.1" 200 121124 "https://mohamionline.com/buy.php?detail/10102364161949" "Mozilla/5.0 AppleWebKit/537.36 (KHTML, like Gecko; compatible; GPTBot/1.3; +https://openai.com/gptbot)"
74.7.242.31 - - [13/Feb/2026:14:42:48 +0000] "GET /buy.php?detail/20003850165120 HTTP/1.1" 200 124224 "https://mohamionline.com/buy.php?detail/20003770884570" "Mozilla/5.0 AppleWebKit/537.36 (KHTML, like Gecko; compatible; GPTBot/1.3; +https://openai.com/gptbot)"
74.7.242.31 - - [13/Feb/2026:14:42:50 +0000] "GET /buy.php?detail/20004378582570 HTTP/1.1" 200 126519 "https://mohamionline.com/buy.php?detail/200041094915" "Mozilla/5.0 AppleWebKit/537.36 (KHTML, like Gecko; compatible; GPTBot/1.3; +https://openai.com/gptbot)"
74.7.242.31 - - [13/Feb/2026:14:42:52 +0000] "GET /buy.php?detail/20004380632704 HTTP/1.1" 200 126074 "https://mohamionline.com/buy.php?detail/200041094915" "Mozilla/5.0 AppleWebKit/537.36 (KHTML, like Gecko; compatible; GPTBot/1.3; +https://openai.com/gptbot)"
74.7.242.31 - - [13/Feb/2026:14:42:55 +0000] "GET /buy.php?detail/20003664085145 HTTP/1.1" 200 123891 "https://mohamionline.com/buy.php?detail/20004118313302" "Mozilla/5.0 AppleWebKit/537.36 (KHTML, like Gecko; compatible; GPTBot/1.3; +https://openai.com/gptbot)"
74.7.242.31 - - [13/Feb/2026:14:42:57 +0000] "GET /buy.php?detail/20004013519908 HTTP/1.1" 200 122127 "https://mohamionline.com/buy.php?detail/20003664673997" "Mozilla/5.0 AppleWebKit/537.36 (KHTML, like Gecko; compatible; GPTBot/1.3; +https://openai.com/gptbot)"
74.7.242.31 - - [13/Feb/2026:14:43:00 +0000] "GET /buy.php?detail/20802424041050 HTTP/1.1" 200 130588 "https://mohamionline.com/buy.php?detail/10102365123396" "Mozilla/5.0 AppleWebKit/537.36 (KHTML, like Gecko; compatible; GPTBot/1.3; +https://openai.com/gptbot)"
74.7.242.31 - - [13/Feb/2026:14:43:03 +0000] "GET /buy.php?detail/04704538677668 HTTP/1.1" 200 120573 "https://mohamionline.com/buy.php?detail/20003740471085" "Mozilla/5.0 AppleWebKit/537.36 (KHTML, like Gecko; compatible; GPTBot/1.3; +https://openai.com/gptbot)"
74.7.242.31 - - [13/Feb/2026:14:43:06 +0000] "GET /buy.php?detail/20003895692602 HTTP/1.1" 200 126655 "https://mohamionline.com/buy.php?detail/20004108711527" "Mozilla/5.0 AppleWebKit/537.36 (KHTML, like Gecko; compatible; GPTBot/1.3; +https://openai.com/gptbot)"
74.7.242.31 - - [13/Feb/2026:14:43:08 +0000] "GET /buy.php?detail/20003895185561 HTTP/1.1" 200 132485 "https://mohamionline.com/buy.php?detail/20004108711527" "Mozilla/5.0 AppleWebKit/537.36 (KHTML, like Gecko; compatible; GPTBot/1.3; +https://openai.com/gptbot)"
216.244.66.200 - - [13/Feb/2026:14:43:12 +0000] "GET /?option=com_k2&view=item&id=159%3A%3F%3F%3F%3F%3F%3F-%3F%3F%3F%3F%3F--%3F%3F%3F%3F%3F-%3F%3F%3F%3F%3F%3F--%3F%3F%3F%3F%3F-%3F%3F%3F%3F%3F%3F-%3F%3F%3F-%3F%3F%3F%3F%3F-%3F%3F%3F%3F%3F%3F-%3F%3F%3F-%3F%3F%3F%3F%3F-%3F%3F%3F%3F%3F%3F-%3F%3F%3F-%3F%3F%3F%3F%3F-%3F%3F%3F%3F%3F%3F-%3F%3F%3F-%3F%3F%3F%3F%3F-%3F%3F%3F%3F%3F%3F-%3F%3F%3F&count=41%5DTieTry&limitstart=3740 HTTP/1.1" 200 5171 "-" "Mozilla/5.0 (compatible; DotBot/1.2; +https://opensiteexplorer.org/dotbot; help@moz.com)"
43.157.98.187 - - [13/Feb/2026:14:43:12 +0000] "GET /config.php HTTP/1.1" 200 1092 "-" "Mozilla/5.0 (iPhone; CPU iPhone OS 13_2_3 like Mac OS X) AppleWebKit/605.1.15 (KHTML, like Gecko) Version/13.0.3 Mobile/15E148 Safari/604.1"
216.244.66.200 - - [13/Feb/2026:14:43:13 +0000] "GET /?option=com_k2&view=item&id=287:%D9%85%D9%83%D8%A7%D8%AA%D8%A8-%D8%A7%D9%84%D8%B4%D9%87%D8%B1-%D8%A7%D9%84%D8%B9%D9%82%D8%A7%D8%B1%D9%8A-%D9%88%D8%A7%D9%84%D8%AA%D9%88%D8%AB%D9%8A%D9%82-%D8%A8%D8%A7%D9%84%D8%BA%D8%B1%D8%A8%D9%8A%D8%A9-%D9%88-%D9%83%D9%81%D8%B1-%D8%A7%D9%84%D8%B4%D9%8A%D8%AE HTTP/1.1" 200 5171 "-" "Mozilla/5.0 (compatible; DotBot/1.2; +https://opensiteexplorer.org/dotbot; help@moz.com)"
216.244.66.200 - - [13/Feb/2026:14:43:14 +0000] "GET /index.php?option=com_mailto&tmpl=component&link=aHR0cDovL21vaGFtaW9ubGluZS5jb20vaW5kZXgucGhwP29wdGlvbj1jb21fazImdmlldz1pdGVtJmlkPTI4MzpkOTg1ZDk4M2Q4YTdkOGFhZDhhOC1kOGE3ZDk4NGQ4YjRkOTg3ZDhiMS1kOGE3ZDk4NGQ4YjlkOTgyZDhhN2Q4YjFkOThhLWQ5ODhkOGE3ZDk4NGQ4YWFkOTg4ZDhhYmQ5OGFkOTgyLWQ4YThkOGE3ZDk4NGQ4YThkOGFkZDk4 HTTP/1.1" 404 - "-" "Mozilla/5.0 (compatible; DotBot/1.2; +https://opensiteexplorer.org/dotbot; help@moz.com)"
74.7.242.31 - - [13/Feb/2026:14:43:11 +0000] "GET /buy.php?detail/15404167411876 HTTP/1.1" 200 141886 "https://mohamionline.com/buy.php?detail/20003938299784" "Mozilla/5.0 AppleWebKit/537.36 (KHTML, like Gecko; compatible; GPTBot/1.3; +https://openai.com/gptbot)"
74.7.242.31 - - [13/Feb/2026:14:43:14 +0000] "GET /buy.php?detail/10102318092011 HTTP/1.1" 200 120875 "https://mohamionline.com/buy.php?detail/10102244423509" "Mozilla/5.0 AppleWebKit/537.36 (KHTML, like Gecko; compatible; GPTBot/1.3; +https://openai.com/gptbot)"
74.7.242.31 - - [13/Feb/2026:14:43:17 +0000] "GET /buy.php?jp/154041674.html HTTP/1.1" 200 141548 "https://mohamionline.com/buy.php?detail/15404167411876" "Mozilla/5.0 AppleWebKit/537.36 (KHTML, like Gecko; compatible; GPTBot/1.3; +https://openai.com/gptbot)"
74.7.242.31 - - [13/Feb/2026:14:43:20 +0000] "GET /buy.php?detail/20004503577371 HTTP/1.1" 200 126190 "https://mohamionline.com/buy.php?detail/20003850165120" "Mozilla/5.0 AppleWebKit/537.36 (KHTML, like Gecko; compatible; GPTBot/1.3; +https://openai.com/gptbot)"
74.7.242.31 - - [13/Feb/2026:14:43:23 +0000] "GET /buy.php?detail/20004564227627 HTTP/1.1" 200 123691 "https://mohamionline.com/buy.php?detail/20004378582570" "Mozilla/5.0 AppleWebKit/537.36 (KHTML, like Gecko; compatible; GPTBot/1.3; +https://openai.com/gptbot)"
74.7.242.31 - - [13/Feb/2026:14:43:25 +0000] "GET /buy.php?detail/20004490626968 HTTP/1.1" 200 125045 "https://mohamionline.com/buy.php?detail/20004380632704" "Mozilla/5.0 AppleWebKit/537.36 (KHTML, like Gecko; compatible; GPTBot/1.3; +https://openai.com/gptbot)"
134.122.176.9 - - [13/Feb/2026:14:43:29 +0000] "GET /admin.php HTTP/1.1" 404 - "http://www.mohamionline.com/admin.php" "Mozilla/4.0 (compatible; MSIE 9.0; Windows NT 6.1)"
74.7.242.31 - - [13/Feb/2026:14:43:28 +0000] "GET /buy.php?detail/20004539425984 HTTP/1.1" 200 121512 "https://mohamionline.com/buy.php?detail/20003664085145" "Mozilla/5.0 AppleWebKit/537.36 (KHTML, like Gecko; compatible; GPTBot/1.3; +https://openai.com/gptbot)"
74.7.242.31 - - [13/Feb/2026:14:43:31 +0000] "GET /buy.php?detail/20003429609158 HTTP/1.1" 200 135532 "https://mohamionline.com/buy.php?detail/20004013519908" "Mozilla/5.0 AppleWebKit/537.36 (KHTML, like Gecko; compatible; GPTBot/1.3; +https://openai.com/gptbot)"
74.7.242.31 - - [13/Feb/2026:14:43:34 +0000] "GET /buy.php?detail/20004537388350 HTTP/1.1" 200 121394 "https://mohamionline.com/buy.php?detail/20003664085145" "Mozilla/5.0 AppleWebKit/537.36 (KHTML, like Gecko; compatible; GPTBot/1.3; +https://openai.com/gptbot)"
74.7.242.31 - - [13/Feb/2026:14:43:36 +0000] "GET /buy.php?detail/07800047477525 HTTP/1.1" 200 120864 "https://mohamionline.com/buy.php?detail/04704538677668" "Mozilla/5.0 AppleWebKit/537.36 (KHTML, like Gecko; compatible; GPTBot/1.3; +https://openai.com/gptbot)"
74.7.242.31 - - [13/Feb/2026:14:43:39 +0000] "GET /buy.php?detail/20004228181160 HTTP/1.1" 200 125024 "https://mohamionline.com/buy.php?detail/20003895692602" "Mozilla/5.0 AppleWebKit/537.36 (KHTML, like Gecko; compatible; GPTBot/1.3; +https://openai.com/gptbot)"
74.7.242.31 - - [13/Feb/2026:14:43:42 +0000] "GET /buy.php?detail/20003373228489 HTTP/1.1" 200 130545 "https://mohamionline.com/buy.php?detail/20003895185561" "Mozilla/5.0 AppleWebKit/537.36 (KHTML, like Gecko; compatible; GPTBot/1.3; +https://openai.com/gptbot)"
74.7.242.31 - - [13/Feb/2026:14:43:44 +0000] "GET /buy.php?detail/20004232239583 HTTP/1.1" 200 121566 "https://mohamionline.com/buy.php?detail/20003895692602" "Mozilla/5.0 AppleWebKit/537.36 (KHTML, like Gecko; compatible; GPTBot/1.3; +https://openai.com/gptbot)"
74.7.242.31 - - [13/Feb/2026:14:43:47 +0000] "GET /buy.php?detail/20003428043836 HTTP/1.1" 200 122624 "https://mohamionline.com/buy.php?detail/20004013519908" "Mozilla/5.0 AppleWebKit/537.36 (KHTML, like Gecko; compatible; GPTBot/1.3; +https://openai.com/gptbot)"
74.7.242.31 - - [13/Feb/2026:14:43:50 +0000] "GET /buy.php?detail/20003481591044 HTTP/1.1" 200 121000 "https://mohamionline.com/buy.php?detail/20004503577371" "Mozilla/5.0 AppleWebKit/537.36 (KHTML, like Gecko; compatible; GPTBot/1.3; +https://openai.com/gptbot)"
74.7.242.31 - - [13/Feb/2026:14:43:54 +0000] "GET /buy.php?detail/00501474056654 HTTP/1.1" 200 125075 "https://mohamionline.com/buy.php?jp/154041674.html" "Mozilla/5.0 AppleWebKit/537.36 (KHTML, like Gecko; compatible; GPTBot/1.3; +https://openai.com/gptbot)"
74.7.242.31 - - [13/Feb/2026:14:43:57 +0000] "GET /buy.php?detail/20003909783065 HTTP/1.1" 200 124913 "https://mohamionline.com/buy.php?detail/20004490626968" "Mozilla/5.0 AppleWebKit/537.36 (KHTML, like Gecko; compatible; GPTBot/1.3; +https://openai.com/gptbot)"
74.7.242.31 - - [13/Feb/2026:14:43:59 +0000] "GET /buy.php?detail/20003660665486 HTTP/1.1" 200 120887 "https://mohamionline.com/buy.php?detail/20004539425984" "Mozilla/5.0 AppleWebKit/537.36 (KHTML, like Gecko; compatible; GPTBot/1.3; +https://openai.com/gptbot)"
74.7.242.31 - - [13/Feb/2026:14:44:03 +0000] "GET /buy.php?detail/20003909488086 HTTP/1.1" 200 124985 "https://mohamionline.com/buy.php?detail/20004490626968" "Mozilla/5.0 AppleWebKit/537.36 (KHTML, like Gecko; compatible; GPTBot/1.3; +https://openai.com/gptbot)"
114.119.137.94 - - [13/Feb/2026:14:44:06 +0000] "GET /goods.php?shop/pg/233today/46007 HTTP/1.1" 404 - "http://mohamionline.com/goods.php?sitemap803.xml" "Mozilla/5.0 (Linux; Android 7.0;) AppleWebKit/537.36 (KHTML, like Gecko) Mobile Safari/537.36 (compatible; PetalBot;+https://webmaster.petalsearch.com/site/petalbot)"
74.7.242.31 - - [13/Feb/2026:14:44:05 +0000] "GET /buy.php?detail/20004163775113 HTTP/1.1" 200 120687 "https://mohamionline.com/buy.php?detail/20004537388350" "Mozilla/5.0 AppleWebKit/537.36 (KHTML, like Gecko; compatible; GPTBot/1.3; +https://openai.com/gptbot)"
74.7.242.31 - - [13/Feb/2026:14:44:07 +0000] "GET /buy.php?detail/07800039210211 HTTP/1.1" 200 120820 "https://mohamionline.com/buy.php?detail/07800047477525" "Mozilla/5.0 AppleWebKit/537.36 (KHTML, like Gecko; compatible; GPTBot/1.3; +https://openai.com/gptbot)"
74.7.242.31 - - [13/Feb/2026:14:44:10 +0000] "GET /buy.php?detail/20003358465029 HTTP/1.1" 200 126173 "https://mohamionline.com/buy.php?detail/20004228181160" "Mozilla/5.0 AppleWebKit/537.36 (KHTML, like Gecko; compatible; GPTBot/1.3; +https://openai.com/gptbot)"
74.7.242.31 - - [13/Feb/2026:14:44:14 +0000] "GET /buy.php?goods/109030844 HTTP/1.1" 200 136480 "https://mohamionline.com/buy.php?detail/20003373228489" "Mozilla/5.0 AppleWebKit/537.36 (KHTML, like Gecko; compatible; GPTBot/1.3; +https://openai.com/gptbot)"
74.7.242.31 - - [13/Feb/2026:14:44:16 +0000] "GET /buy.php?detail/25002014320350 HTTP/1.1" 200 127855 "https://mohamionline.com/buy.php?detail/20004539425984" "Mozilla/5.0 AppleWebKit/537.36 (KHTML, like Gecko; compatible; GPTBot/1.3; +https://openai.com/gptbot)"
74.7.242.31 - - [13/Feb/2026:14:44:19 +0000] "GET /buy.php?detail/20003393239365 HTTP/1.1" 200 125305 "https://mohamionline.com/buy.php?detail/20004232239583" "Mozilla/5.0 AppleWebKit/537.36 (KHTML, like Gecko; compatible; GPTBot/1.3; +https://openai.com/gptbot)"
74.7.242.31 - - [13/Feb/2026:14:44:22 +0000] "GET /buy.php?detail/20003682757150 HTTP/1.1" 200 125912 "https://mohamionline.com/buy.php?detail/20003481591044" "Mozilla/5.0 AppleWebKit/537.36 (KHTML, like Gecko; compatible; GPTBot/1.3; +https://openai.com/gptbot)"
74.7.242.31 - - [13/Feb/2026:14:44:25 +0000] "GET /buy.php?detail/15404123394232 HTTP/1.1" 200 128190 "https://mohamionline.com/buy.php?jp/154041674.html" "Mozilla/5.0 AppleWebKit/537.36 (KHTML, like Gecko; compatible; GPTBot/1.3; +https://openai.com/gptbot)"
74.7.242.31 - - [13/Feb/2026:14:44:27 +0000] "GET /buy.php?detail/18101044913069 HTTP/1.1" 200 119731 "https://mohamionline.com/buy.php?detail/10102318092011" "Mozilla/5.0 AppleWebKit/537.36 (KHTML, like Gecko; compatible; GPTBot/1.3; +https://openai.com/gptbot)"
146.70.132.138 - - [13/Feb/2026:14:44:30 +0000] "GET / HTTP/1.1" 200 5171 "-" "python-requests/2.31.0"
74.7.242.31 - - [13/Feb/2026:14:44:29 +0000] "GET /buy.php?detail/20004539944014 HTTP/1.1" 200 121249 "https://mohamionline.com/buy.php?detail/20003660665486" "Mozilla/5.0 AppleWebKit/537.36 (KHTML, like Gecko; compatible; GPTBot/1.3; +https://openai.com/gptbot)"
74.7.242.31 - - [13/Feb/2026:14:44:32 +0000] "GET /buy.php?detail/20004476555527 HTTP/1.1" 200 127774 "https://mohamionline.com/buy.php?detail/20003373228489" "Mozilla/5.0 AppleWebKit/537.36 (KHTML, like Gecko; compatible; GPTBot/1.3; +https://openai.com/gptbot)"
74.7.242.31 - - [13/Feb/2026:14:44:35 +0000] "GET /buy.php?detail/20004119399407 HTTP/1.1" 200 121056 "https://mohamionline.com/buy.php?detail/20004163775113" "Mozilla/5.0 AppleWebKit/537.36 (KHTML, like Gecko; compatible; GPTBot/1.3; +https://openai.com/gptbot)"
74.7.242.31 - - [13/Feb/2026:14:44:38 +0000] "GET /buy.php?jp/078000392.html HTTP/1.1" 200 122173 "https://mohamionline.com/buy.php?detail/07800039210211" "Mozilla/5.0 AppleWebKit/537.36 (KHTML, like Gecko; compatible; GPTBot/1.3; +https://openai.com/gptbot)"
74.7.242.31 - - [13/Feb/2026:14:44:40 +0000] "GET /buy.php?detail/07800042607986 HTTP/1.1" 200 124182 "https://mohamionline.com/buy.php?detail/07800039210211" "Mozilla/5.0 AppleWebKit/537.36 (KHTML, like Gecko; compatible; GPTBot/1.3; +https://openai.com/gptbot)"
74.7.242.31 - - [13/Feb/2026:14:44:44 +0000] "GET /buy.php?detail/15001836294401 HTTP/1.1" 200 122331 "https://mohamionline.com/buy.php?detail/20004163775113" "Mozilla/5.0 AppleWebKit/537.36 (KHTML, like Gecko; compatible; GPTBot/1.3; +https://openai.com/gptbot)"
74.7.242.31 - - [13/Feb/2026:14:44:47 +0000] "GET /buy.php?detail/10903084408932 HTTP/1.1" 200 136478 "https://mohamionline.com/buy.php?goods/109030844" "Mozilla/5.0 AppleWebKit/537.36 (KHTML, like Gecko; compatible; GPTBot/1.3; +https://openai.com/gptbot)"
74.7.242.31 - - [13/Feb/2026:14:44:50 +0000] "GET /buy.php?detail/20004120037469 HTTP/1.1" 200 125472 "https://mohamionline.com/buy.php?detail/20004163775113" "Mozilla/5.0 AppleWebKit/537.36 (KHTML, like Gecko; compatible; GPTBot/1.3; +https://openai.com/gptbot)"
74.7.242.31 - - [13/Feb/2026:14:44:53 +0000] "GET /buy.php?detail/20004403868905 HTTP/1.1" 200 126235 "https://mohamionline.com/buy.php?detail/20003682757150" "Mozilla/5.0 AppleWebKit/537.36 (KHTML, like Gecko; compatible; GPTBot/1.3; +https://openai.com/gptbot)"
74.7.242.31 - - [13/Feb/2026:14:44:56 +0000] "GET /buy.php?detail/25002235010268 HTTP/1.1" 200 121944 "https://mohamionline.com/buy.php?detail/25002014320350" "Mozilla/5.0 AppleWebKit/537.36 (KHTML, like Gecko; compatible; GPTBot/1.3; +https://openai.com/gptbot)"
74.7.242.31 - - [13/Feb/2026:14:44:58 +0000] "GET /buy.php?detail/18100961863010 HTTP/1.1" 200 119101 "https://mohamionline.com/buy.php?detail/18101044913069" "Mozilla/5.0 AppleWebKit/537.36 (KHTML, like Gecko; compatible; GPTBot/1.3; +https://openai.com/gptbot)"
74.7.242.31 - - [13/Feb/2026:14:45:00 +0000] "GET /buy.php?detail/23101056059493 HTTP/1.1" 200 120390 "https://mohamionline.com/buy.php?detail/20004539944014" "Mozilla/5.0 AppleWebKit/537.36 (KHTML, like Gecko; compatible; GPTBot/1.3; +https://openai.com/gptbot)"
74.7.242.31 - - [13/Feb/2026:14:45:03 +0000] "GET /buy.php?detail/20004025049803 HTTP/1.1" 200 120693 "https://mohamionline.com/buy.php?detail/20004539944014" "Mozilla/5.0 AppleWebKit/537.36 (KHTML, like Gecko; compatible; GPTBot/1.3; +https://openai.com/gptbot)"
74.7.242.31 - - [13/Feb/2026:14:45:05 +0000] "GET /buy.php?detail/20003523122195 HTTP/1.1" 200 146906 "https://mohamionline.com/buy.php?detail/20004476555527" "Mozilla/5.0 AppleWebKit/537.36 (KHTML, like Gecko; compatible; GPTBot/1.3; +https://openai.com/gptbot)"
74.7.242.31 - - [13/Feb/2026:14:45:08 +0000] "GET /buy.php?detail/20004021798939 HTTP/1.1" 200 126089 "https://mohamionline.com/buy.php?detail/20004539944014" "Mozilla/5.0 AppleWebKit/537.36 (KHTML, like Gecko; compatible; GPTBot/1.3; +https://openai.com/gptbot)"
74.7.242.31 - - [13/Feb/2026:14:45:10 +0000] "GET /buy.php?detail/18100962712765 HTTP/1.1" 200 119822 "https://mohamionline.com/buy.php?detail/18101044913069" "Mozilla/5.0 AppleWebKit/537.36 (KHTML, like Gecko; compatible; GPTBot/1.3; +https://openai.com/gptbot)"
74.7.242.31 - - [13/Feb/2026:14:45:13 +0000] "GET /buy.php?goods/200041626 HTTP/1.1" 200 122065 "https://mohamionline.com/buy.php?detail/20004537388350" "Mozilla/5.0 AppleWebKit/537.36 (KHTML, like Gecko; compatible; GPTBot/1.3; +https://openai.com/gptbot)"
74.7.242.31 - - [13/Feb/2026:14:45:15 +0000] "GET /buy.php?goods/078000164 HTTP/1.1" 200 122181 "https://mohamionline.com/buy.php?jp/078000392.html" "Mozilla/5.0 AppleWebKit/537.36 (KHTML, like Gecko; compatible; GPTBot/1.3; +https://openai.com/gptbot)"
74.7.242.31 - - [13/Feb/2026:14:45:18 +0000] "GET /buy.php?detail/20004332100608 HTTP/1.1" 200 126587 "https://mohamionline.com/buy.php?detail/20004120037469" "Mozilla/5.0 AppleWebKit/537.36 (KHTML, like Gecko; compatible; GPTBot/1.3; +https://openai.com/gptbot)"
74.7.242.31 - - [13/Feb/2026:14:45:22 +0000] "GET /buy.php?detail/20004329708785 HTTP/1.1" 200 123748 "https://mohamionline.com/buy.php?detail/20004120037469" "Mozilla/5.0 AppleWebKit/537.36 (KHTML, like Gecko; compatible; GPTBot/1.3; +https://openai.com/gptbot)"
74.7.242.31 - - [13/Feb/2026:14:45:24 +0000] "GET /buy.php?detail/23100104447130 HTTP/1.1" 200 123700 "https://mohamionline.com/buy.php?detail/25002235010268" "Mozilla/5.0 AppleWebKit/537.36 (KHTML, like Gecko; compatible; GPTBot/1.3; +https://openai.com/gptbot)"
74.7.242.31 - - [13/Feb/2026:14:45:27 +0000] "GET /buy.php?detail/18101038692493 HTTP/1.1" 200 118745 "https://mohamionline.com/buy.php?detail/18100961863010" "Mozilla/5.0 AppleWebKit/537.36 (KHTML, like Gecko; compatible; GPTBot/1.3; +https://openai.com/gptbot)"
114.119.149.237 - - [13/Feb/2026:14:45:30 +0000] "GET /goods.php?shop/pg/233swallow/23069 HTTP/1.1" 404 - "http://mohamionline.com/goods.php?sitemap803.xml" "Mozilla/5.0 (Linux; Android 7.0;) AppleWebKit/537.36 (KHTML, like Gecko) Mobile Safari/537.36 (compatible; PetalBot;+https://webmaster.petalsearch.com/site/petalbot)"
74.7.242.31 - - [13/Feb/2026:14:45:30 +0000] "GET /buy.php?detail/23101783705553 HTTP/1.1" 200 119427 "https://mohamionline.com/buy.php?detail/23101056059493" "Mozilla/5.0 AppleWebKit/537.36 (KHTML, like Gecko; compatible; GPTBot/1.3; +https://openai.com/gptbot)"
74.7.242.31 - - [13/Feb/2026:14:45:33 +0000] "GET /buy.php?detail/01904177413418 HTTP/1.1" 200 125294 "https://mohamionline.com/buy.php?detail/20004025049803" "Mozilla/5.0 AppleWebKit/537.36 (KHTML, like Gecko; compatible; GPTBot/1.3; +https://openai.com/gptbot)"
74.7.242.31 - - [13/Feb/2026:14:45:35 +0000] "GET /buy.php?detail/20003328746689 HTTP/1.1" 200 151552 "https://mohamionline.com/buy.php?detail/20003523122195" "Mozilla/5.0 AppleWebKit/537.36 (KHTML, like Gecko; compatible; GPTBot/1.3; +https://openai.com/gptbot)"
74.7.242.31 - - [13/Feb/2026:14:45:38 +0000] "GET /buy.php?detail/20004196551416 HTTP/1.1" 200 125186 "https://mohamionline.com/buy.php?detail/20004021798939" "Mozilla/5.0 AppleWebKit/537.36 (KHTML, like Gecko; compatible; GPTBot/1.3; +https://openai.com/gptbot)"
74.7.242.31 - - [13/Feb/2026:14:45:41 +0000] "GET /buy.php?detail/27002563100646 HTTP/1.1" 200 119830 "https://mohamionline.com/buy.php?goods/252045902" "Mozilla/5.0 AppleWebKit/537.36 (KHTML, like Gecko; compatible; GPTBot/1.3; +https://openai.com/gptbot)"
74.7.242.31 - - [13/Feb/2026:14:45:43 +0000] "GET /buy.php?goods/200041965 HTTP/1.1" 200 124639 "https://mohamionline.com/buy.php?detail/20004196551416" "Mozilla/5.0 AppleWebKit/537.36 (KHTML, like Gecko; compatible; GPTBot/1.3; +https://openai.com/gptbot)"
74.7.242.31 - - [13/Feb/2026:14:45:46 +0000] "GET /buy.php?detail/17801032176150 HTTP/1.1" 200 117375 "https://mohamionline.com/buy.php?detail/00501474056654" "Mozilla/5.0 AppleWebKit/537.36 (KHTML, like Gecko; compatible; GPTBot/1.3; +https://openai.com/gptbot)"
74.7.242.31 - - [13/Feb/2026:14:45:49 +0000] "GET /buy.php?detail/07800035649848 HTTP/1.1" 200 121413 "https://mohamionline.com/buy.php?goods/078000164" "Mozilla/5.0 AppleWebKit/537.36 (KHTML, like Gecko; compatible; GPTBot/1.3; +https://openai.com/gptbot)"
74.7.242.31 - - [13/Feb/2026:14:45:51 +0000] "GET /buy.php?detail/15404106549825 HTTP/1.1" 200 128902 "https://mohamionline.com/buy.php?detail/15404167411876" "Mozilla/5.0 AppleWebKit/537.36 (KHTML, like Gecko; compatible; GPTBot/1.3; +https://openai.com/gptbot)"
74.7.242.31 - - [13/Feb/2026:14:45:54 +0000] "GET /buy.php?detail/200033450392 HTTP/1.1" 200 121831 "https://mohamionline.com/buy.php?detail/20004329708785" "Mozilla/5.0 AppleWebKit/537.36 (KHTML, like Gecko; compatible; GPTBot/1.3; +https://openai.com/gptbot)"
74.7.242.31 - - [13/Feb/2026:14:45:56 +0000] "GET /buy.php?detail/14602941903719 HTTP/1.1" 200 120483 "https://mohamionline.com/buy.php?detail/09101046871525" "Mozilla/5.0 AppleWebKit/537.36 (KHTML, like Gecko; compatible; GPTBot/1.3; +https://openai.com/gptbot)"
74.7.242.31 - - [13/Feb/2026:14:45:58 +0000] "GET /buy.php?detail/04904508746719 HTTP/1.1" 200 128398 "https://mohamionline.com/buy.php?detail/04904477403114" "Mozilla/5.0 AppleWebKit/537.36 (KHTML, like Gecko; compatible; GPTBot/1.3; +https://openai.com/gptbot)"
74.7.242.31 - - [13/Feb/2026:14:46:01 +0000] "GET /buy.php?detail/23101111049434 HTTP/1.1" 200 119779 "https://mohamionline.com/buy.php?detail/23101783705553" "Mozilla/5.0 AppleWebKit/537.36 (KHTML, like Gecko; compatible; GPTBot/1.3; +https://openai.com/gptbot)"
74.7.242.31 - - [13/Feb/2026:14:46:04 +0000] "GET /buy.php?detail/02003396539254 HTTP/1.1" 200 119263 "https://mohamionline.com/buy.php?detail/01904177413418" "Mozilla/5.0 AppleWebKit/537.36 (KHTML, like Gecko; compatible; GPTBot/1.3; +https://openai.com/gptbot)"
