74.7.242.31 - - [13/Feb/2026:14:52:38 +0000] "GET /buy.php?detail/20003860144364 HTTP/1.1" 200 125529 "https://mohamionline.com/buy.php?detail/20003343573753" "Mozilla/5.0 AppleWebKit/537.36 (KHTML, like Gecko; compatible; GPTBot/1.3; +https://openai.com/gptbot)"
74.7.242.31 - - [13/Feb/2026:14:52:40 +0000] "GET /buy.php?detail/20003852671863 HTTP/1.1" 200 127518 "https://mohamionline.com/buy.php?detail/20004344667352" "Mozilla/5.0 AppleWebKit/537.36 (KHTML, like Gecko; compatible; GPTBot/1.3; +https://openai.com/gptbot)"
74.7.242.31 - - [13/Feb/2026:14:52:43 +0000] "GET /buy.php?detail/20003853779128 HTTP/1.1" 200 125882 "https://mohamionline.com/buy.php?detail/20004344667352" "Mozilla/5.0 AppleWebKit/537.36 (KHTML, like Gecko; compatible; GPTBot/1.3; +https://openai.com/gptbot)"
74.7.242.31 - - [13/Feb/2026:14:52:46 +0000] "GET /buy.php?detail/20004150608019 HTTP/1.1" 200 133410 "https://mohamionline.com/buy.php?detail/20004056353198" "Mozilla/5.0 AppleWebKit/537.36 (KHTML, like Gecko; compatible; GPTBot/1.3; +https://openai.com/gptbot)"
74.7.242.31 - - [13/Feb/2026:14:52:48 +0000] "GET /buy.php?detail/10302037403407 HTTP/1.1" 200 120602 "https://mohamionline.com/buy.php?detail/10301765243331" "Mozilla/5.0 AppleWebKit/537.36 (KHTML, like Gecko; compatible; GPTBot/1.3; +https://openai.com/gptbot)"
74.7.242.31 - - [13/Feb/2026:14:52:51 +0000] "GET /buy.php?detail/20004231848964 HTTP/1.1" 200 122449 "https://mohamionline.com/buy.php?detail/20004466641889" "Mozilla/5.0 AppleWebKit/537.36 (KHTML, like Gecko; compatible; GPTBot/1.3; +https://openai.com/gptbot)"
74.7.242.31 - - [13/Feb/2026:14:52:53 +0000] "GET /buy.php?detail/20004077842835 HTTP/1.1" 200 125211 "https://mohamionline.com/buy.php?detail/20004053831810" "Mozilla/5.0 AppleWebKit/537.36 (KHTML, like Gecko; compatible; GPTBot/1.3; +https://openai.com/gptbot)"
74.7.242.31 - - [13/Feb/2026:14:52:57 +0000] "GET /buy.php?detail/06203279967227 HTTP/1.1" 200 133813 "https://mohamionline.com/buy.php?detail/20004346063051" "Mozilla/5.0 AppleWebKit/537.36 (KHTML, like Gecko; compatible; GPTBot/1.3; +https://openai.com/gptbot)"
74.7.242.31 - - [13/Feb/2026:14:52:59 +0000] "GET /buy.php?detail/22203932305583 HTTP/1.1" 200 121517 "https://mohamionline.com/buy.php?goods/148041199" "Mozilla/5.0 AppleWebKit/537.36 (KHTML, like Gecko; compatible; GPTBot/1.3; +https://openai.com/gptbot)"
74.7.242.31 - - [13/Feb/2026:14:53:01 +0000] "GET /buy.php?detail/14803867338718 HTTP/1.1" 200 118481 "https://mohamionline.com/buy.php?goods/148041199" "Mozilla/5.0 AppleWebKit/537.36 (KHTML, like Gecko; compatible; GPTBot/1.3; +https://openai.com/gptbot)"
74.7.242.31 - - [13/Feb/2026:14:53:04 +0000] "GET /buy.php?detail/20003548444979 HTTP/1.1" 200 131460 "https://mohamionline.com/buy.php?detail/20003860994892" "Mozilla/5.0 AppleWebKit/537.36 (KHTML, like Gecko; compatible; GPTBot/1.3; +https://openai.com/gptbot)"
74.7.242.31 - - [13/Feb/2026:14:53:06 +0000] "GET /buy.php?detail/20004118939390 HTTP/1.1" 200 124157 "https://mohamionline.com/buy.php?detail/20003862138718" "Mozilla/5.0 AppleWebKit/537.36 (KHTML, like Gecko; compatible; GPTBot/1.3; +https://openai.com/gptbot)"
74.7.242.31 - - [13/Feb/2026:14:53:09 +0000] "GET /buy.php?detail/14803867070493 HTTP/1.1" 200 118284 "https://mohamionline.com/buy.php?goods/148041199" "Mozilla/5.0 AppleWebKit/537.36 (KHTML, like Gecko; compatible; GPTBot/1.3; +https://openai.com/gptbot)"
74.7.242.31 - - [13/Feb/2026:14:53:11 +0000] "GET /buy.php?detail/20004298261312 HTTP/1.1" 200 126049 "https://mohamionline.com/buy.php?detail/20003853779128" "Mozilla/5.0 AppleWebKit/537.36 (KHTML, like Gecko; compatible; GPTBot/1.3; +https://openai.com/gptbot)"
74.7.242.31 - - [13/Feb/2026:14:53:13 +0000] "GET /buy.php?detail/14400825515999 HTTP/1.1" 200 166495 "https://mohamionline.com/buy.php?detail/20004150608019" "Mozilla/5.0 AppleWebKit/537.36 (KHTML, like Gecko; compatible; GPTBot/1.3; +https://openai.com/gptbot)"
74.7.242.31 - - [13/Feb/2026:14:53:15 +0000] "GET /buy.php?detail/00400789638872 HTTP/1.1" 200 129100 "https://mohamionline.com/buy.php?detail/00400550921115" "Mozilla/5.0 AppleWebKit/537.36 (KHTML, like Gecko; compatible; GPTBot/1.3; +https://openai.com/gptbot)"
74.7.242.31 - - [13/Feb/2026:14:53:18 +0000] "GET /buy.php?detail/11301356843849 HTTP/1.1" 200 125917 "https://mohamionline.com/buy.php?detail/20003343573753" "Mozilla/5.0 AppleWebKit/537.36 (KHTML, like Gecko; compatible; GPTBot/1.3; +https://openai.com/gptbot)"
216.244.66.200 - - [13/Feb/2026:14:53:22 +0000] "GET /?view=article&type=raw&catid=81%3A2012-03-24-01-28-10&id=397%3A2012-03-24-01-33-10&tmpl=component&print=1&layout=default&page=&option=com_content&Itemid=233 HTTP/1.1" 200 5171 "-" "Mozilla/5.0 (compatible; DotBot/1.2; +https://opensiteexplorer.org/dotbot; help@moz.com)"
74.7.242.31 - - [13/Feb/2026:14:53:21 +0000] "GET /buy.php?detail/14803866742483 HTTP/1.1" 200 118747 "https://mohamionline.com/buy.php?goods/148041199" "Mozilla/5.0 AppleWebKit/537.36 (KHTML, like Gecko; compatible; GPTBot/1.3; +https://openai.com/gptbot)"
74.7.242.31 - - [13/Feb/2026:14:53:24 +0000] "GET /buy.php?detail/02701730593693 HTTP/1.1" 200 118314 "https://mohamionline.com/buy.php?detail/06203279967227" "Mozilla/5.0 AppleWebKit/537.36 (KHTML, like Gecko; compatible; GPTBot/1.3; +https://openai.com/gptbot)"
74.7.242.31 - - [13/Feb/2026:14:53:27 +0000] "GET /buy.php?detail/22203940547216 HTTP/1.1" 200 120610 "https://mohamionline.com/buy.php?detail/22203932305583" "Mozilla/5.0 AppleWebKit/537.36 (KHTML, like Gecko; compatible; GPTBot/1.3; +https://openai.com/gptbot)"
74.7.242.31 - - [13/Feb/2026:14:53:30 +0000] "GET /buy.php?detail/07801655327116 HTTP/1.1" 200 127332 "https://mohamionline.com/buy.php?detail/14803867338718" "Mozilla/5.0 AppleWebKit/537.36 (KHTML, like Gecko; compatible; GPTBot/1.3; +https://openai.com/gptbot)"
74.7.242.31 - - [13/Feb/2026:14:53:33 +0000] "GET /buy.php?detail/20003525795885 HTTP/1.1" 200 146535 "https://mohamionline.com/buy.php?detail/20003548444979" "Mozilla/5.0 AppleWebKit/537.36 (KHTML, like Gecko; compatible; GPTBot/1.3; +https://openai.com/gptbot)"
74.7.242.31 - - [13/Feb/2026:14:53:35 +0000] "GET /buy.php?detail/20003532056453 HTTP/1.1" 200 126550 "https://mohamionline.com/buy.php?detail/20004118939390" "Mozilla/5.0 AppleWebKit/537.36 (KHTML, like Gecko; compatible; GPTBot/1.3; +https://openai.com/gptbot)"
74.7.242.31 - - [13/Feb/2026:14:53:38 +0000] "GET /buy.php?detail/20304702029658 HTTP/1.1" 200 125807 "https://mohamionline.com/buy.php?detail/20003548444979" "Mozilla/5.0 AppleWebKit/537.36 (KHTML, like Gecko; compatible; GPTBot/1.3; +https://openai.com/gptbot)"
74.7.242.31 - - [13/Feb/2026:14:53:40 +0000] "GET /buy.php?detail/20004003579855 HTTP/1.1" 200 127073 "https://mohamionline.com/buy.php?detail/20004298261312" "Mozilla/5.0 AppleWebKit/537.36 (KHTML, like Gecko; compatible; GPTBot/1.3; +https://openai.com/gptbot)"
74.7.242.31 - - [13/Feb/2026:14:53:44 +0000] "GET /buy.php?detail/22303836933659 HTTP/1.1" 200 120697 "https://mohamionline.com/buy.php?detail/14400825515999" "Mozilla/5.0 AppleWebKit/537.36 (KHTML, like Gecko; compatible; GPTBot/1.3; +https://openai.com/gptbot)"
74.7.242.31 - - [13/Feb/2026:14:53:45 +0000] "GET /buy.php?jp/150002307.html HTTP/1.1" 200 120724 "https://mohamionline.com/buy.php?detail/00400789638872" "Mozilla/5.0 AppleWebKit/537.36 (KHTML, like Gecko; compatible; GPTBot/1.3; +https://openai.com/gptbot)"
74.7.242.31 - - [13/Feb/2026:14:53:48 +0000] "GET /buy.php?detail/00400811500906 HTTP/1.1" 200 119788 "https://mohamionline.com/buy.php?detail/00400789638872" "Mozilla/5.0 AppleWebKit/537.36 (KHTML, like Gecko; compatible; GPTBot/1.3; +https://openai.com/gptbot)"
114.119.141.191 - - [13/Feb/2026:14:53:50 +0000] "GET /goods.php?shop/pg/232scientific/41808 HTTP/1.1" 404 - "http://mohamionline.com/goods.php?sitemap803.xml" "Mozilla/5.0 (Linux; Android 7.0;) AppleWebKit/537.36 (KHTML, like Gecko) Mobile Safari/537.36 (compatible; PetalBot;+https://webmaster.petalsearch.com/site/petalbot)"
74.7.242.31 - - [13/Feb/2026:14:53:49 +0000] "GET /buy.php?detail/15100039558960 HTTP/1.1" 200 118587 "https://mohamionline.com/buy.php?detail/14803866742483" "Mozilla/5.0 AppleWebKit/537.36 (KHTML, like Gecko; compatible; GPTBot/1.3; +https://openai.com/gptbot)"
74.7.242.31 - - [13/Feb/2026:14:53:51 +0000] "GET /buy.php?detail/14801228885569 HTTP/1.1" 200 118643 "https://mohamionline.com/buy.php?detail/14803866742483" "Mozilla/5.0 AppleWebKit/537.36 (KHTML, like Gecko; compatible; GPTBot/1.3; +https://openai.com/gptbot)"
74.7.242.31 - - [13/Feb/2026:14:53:53 +0000] "GET /buy.php?detail/00400810740622 HTTP/1.1" 200 126969 "https://mohamionline.com/buy.php?detail/00400789638872" "Mozilla/5.0 AppleWebKit/537.36 (KHTML, like Gecko; compatible; GPTBot/1.3; +https://openai.com/gptbot)"
74.7.242.31 - - [13/Feb/2026:14:53:56 +0000] "GET /buy.php?detail/11301337159550 HTTP/1.1" 200 124840 "https://mohamionline.com/buy.php?detail/11301356843849" "Mozilla/5.0 AppleWebKit/537.36 (KHTML, like Gecko; compatible; GPTBot/1.3; +https://openai.com/gptbot)"
74.7.242.31 - - [13/Feb/2026:14:53:57 +0000] "GET /buy.php?detail/00101311958071 HTTP/1.1" 200 121030 "https://mohamionline.com/buy.php?detail/22203940547216" "Mozilla/5.0 AppleWebKit/537.36 (KHTML, like Gecko; compatible; GPTBot/1.3; +https://openai.com/gptbot)"
74.7.242.31 - - [13/Feb/2026:14:54:00 +0000] "GET /buy.php?goods/113013371 HTTP/1.1" 200 125685 "https://mohamionline.com/buy.php?detail/11301337159550" "Mozilla/5.0 AppleWebKit/537.36 (KHTML, like Gecko; compatible; GPTBot/1.3; +https://openai.com/gptbot)"
43.166.246.180 - - [13/Feb/2026:14:54:05 +0000] "GET /ooexuqdm.php HTTP/1.1" 200 158 "-" "Mozilla/5.0 (iPhone; CPU iPhone OS 13_2_3 like Mac OS X) AppleWebKit/605.1.15 (KHTML, like Gecko) Version/13.0.3 Mobile/15E148 Safari/604.1"
74.7.242.31 - - [13/Feb/2026:14:54:03 +0000] "GET /buy.php?detail/14801228501898 HTTP/1.1" 200 118900 "https://mohamionline.com/buy.php?detail/14803866742483" "Mozilla/5.0 AppleWebKit/537.36 (KHTML, like Gecko; compatible; GPTBot/1.3; +https://openai.com/gptbot)"
74.7.242.31 - - [13/Feb/2026:14:54:06 +0000] "GET /buy.php?detail/00400810987795 HTTP/1.1" 200 124881 "https://mohamionline.com/buy.php?detail/00400789638872" "Mozilla/5.0 AppleWebKit/537.36 (KHTML, like Gecko; compatible; GPTBot/1.3; +https://openai.com/gptbot)"
193.36.224.13 - - [13/Feb/2026:14:54:09 +0000] "POST /wp-login.php HTTP/1.1" 404 - "http://mohamionline.com/wp-admin/" "Mozilla/5.0 (Windows NT 10.0; Win64; x64) AppleWebKit/537.36 (KHTML, like Gecko) Chrome/90.0.4430.85 Safari/537.36"
193.36.224.13 - - [13/Feb/2026:14:54:09 +0000] "GET /wp-admin/ HTTP/1.1" 404 - "http://mohamionline.com/wp-admin/" "Mozilla/5.0 (Windows NT 10.0; Win64; x64) AppleWebKit/537.36 (KHTML, like Gecko) Chrome/90.0.4430.85 Safari/537.36"
136.144.19.203 - - [13/Feb/2026:14:54:09 +0000] "POST /wp-login.php HTTP/1.1" 404 - "http://mohamionline.com/wp-admin/" "Mozilla/5.0 (Windows NT 10.0; Win64; x64) AppleWebKit/537.36 (KHTML, like Gecko) Chrome/90.0.4430.85 Safari/537.36"
136.144.19.203 - - [13/Feb/2026:14:54:09 +0000] "GET /wp-admin/ HTTP/1.1" 404 - "http://mohamionline.com/wp-admin/" "Mozilla/5.0 (Windows NT 10.0; Win64; x64) AppleWebKit/537.36 (KHTML, like Gecko) Chrome/90.0.4430.85 Safari/537.36"
216.24.219.173 - - [13/Feb/2026:14:54:09 +0000] "POST /wp-login.php HTTP/1.1" 404 - "http://mohamionline.com/wp-admin/" "Mozilla/5.0 (Windows NT 10.0; Win64; x64) AppleWebKit/537.36 (KHTML, like Gecko) Chrome/90.0.4430.85 Safari/537.36"
216.24.219.173 - - [13/Feb/2026:14:54:09 +0000] "GET /wp-admin/ HTTP/1.1" 404 - "http://mohamionline.com/wp-admin/" "Mozilla/5.0 (Windows NT 10.0; Win64; x64) AppleWebKit/537.36 (KHTML, like Gecko) Chrome/90.0.4430.85 Safari/537.36"
193.36.224.13 - - [13/Feb/2026:14:54:10 +0000] "POST /wp-login.php HTTP/1.1" 404 - "http://mohamionline.com/wp-admin/" "Mozilla/5.0 (Windows NT 10.0; Win64; x64) AppleWebKit/537.36 (KHTML, like Gecko) Chrome/90.0.4430.85 Safari/537.36"
193.36.224.13 - - [13/Feb/2026:14:54:10 +0000] "GET /wp-admin/ HTTP/1.1" 404 - "http://mohamionline.com/wp-admin/" "Mozilla/5.0 (Windows NT 10.0; Win64; x64) AppleWebKit/537.36 (KHTML, like Gecko) Chrome/90.0.4430.85 Safari/537.36"
74.7.242.31 - - [13/Feb/2026:14:54:08 +0000] "GET /buy.php?detail/20004066464837 HTTP/1.1" 200 126178 "https://mohamionline.com/buy.php?detail/20004003579855" "Mozilla/5.0 AppleWebKit/537.36 (KHTML, like Gecko; compatible; GPTBot/1.3; +https://openai.com/gptbot)"
74.7.242.31 - - [13/Feb/2026:14:54:10 +0000] "GET /buy.php?detail/12001225218344 HTTP/1.1" 200 120575 "https://mohamionline.com/buy.php?detail/20004003579855" "Mozilla/5.0 AppleWebKit/537.36 (KHTML, like Gecko; compatible; GPTBot/1.3; +https://openai.com/gptbot)"
74.7.242.31 - - [13/Feb/2026:14:54:13 +0000] "GET /buy.php?goods/150003118 HTTP/1.1" 200 132414 "https://mohamionline.com/buy.php?jp/150002307.html" "Mozilla/5.0 AppleWebKit/537.36 (KHTML, like Gecko; compatible; GPTBot/1.3; +https://openai.com/gptbot)"
74.7.242.31 - - [13/Feb/2026:14:54:16 +0000] "GET /buy.php?detail/215015346691 HTTP/1.1" 200 117857 "https://mohamionline.com/buy.php?jp/150002307.html" "Mozilla/5.0 AppleWebKit/537.36 (KHTML, like Gecko; compatible; GPTBot/1.3; +https://openai.com/gptbot)"
74.7.242.31 - - [13/Feb/2026:14:54:19 +0000] "GET /buy.php?detail/15000230743412 HTTP/1.1" 200 123296 "https://mohamionline.com/buy.php?jp/150002307.html" "Mozilla/5.0 AppleWebKit/537.36 (KHTML, like Gecko; compatible; GPTBot/1.3; +https://openai.com/gptbot)"
74.7.242.31 - - [13/Feb/2026:14:54:22 +0000] "GET /buy.php?detail/02100110910628 HTTP/1.1" 200 137016 "https://mohamionline.com/buy.php?detail/00400811500906" "Mozilla/5.0 AppleWebKit/537.36 (KHTML, like Gecko; compatible; GPTBot/1.3; +https://openai.com/gptbot)"
74.7.242.31 - - [13/Feb/2026:14:54:24 +0000] "GET /buy.php?detail/00400536200683 HTTP/1.1" 200 159870 "https://mohamionline.com/buy.php?detail/00400811500906" "Mozilla/5.0 AppleWebKit/537.36 (KHTML, like Gecko; compatible; GPTBot/1.3; +https://openai.com/gptbot)"
74.7.242.31 - - [13/Feb/2026:14:54:27 +0000] "GET /buy.php?detail/11301359796603 HTTP/1.1" 200 125286 "https://mohamionline.com/buy.php?detail/11301337159550" "Mozilla/5.0 AppleWebKit/537.36 (KHTML, like Gecko; compatible; GPTBot/1.3; +https://openai.com/gptbot)"
74.7.242.31 - - [13/Feb/2026:14:54:30 +0000] "GET /buy.php?detail/12604889173932 HTTP/1.1" 200 123086 "https://mohamionline.com/buy.php?goods/113013371" "Mozilla/5.0 AppleWebKit/537.36 (KHTML, like Gecko; compatible; GPTBot/1.3; +https://openai.com/gptbot)"
74.7.242.31 - - [13/Feb/2026:14:54:33 +0000] "GET /buy.php?detail/00101274991129 HTTP/1.1" 200 118523 "https://mohamionline.com/buy.php?detail/00101311958071" "Mozilla/5.0 AppleWebKit/537.36 (KHTML, like Gecko; compatible; GPTBot/1.3; +https://openai.com/gptbot)"
74.7.242.31 - - [13/Feb/2026:14:54:36 +0000] "GET /buy.php?detail/00400535493961 HTTP/1.1" 200 130002 "https://mohamionline.com/buy.php?detail/00400811500906" "Mozilla/5.0 AppleWebKit/537.36 (KHTML, like Gecko; compatible; GPTBot/1.3; +https://openai.com/gptbot)"
74.7.242.31 - - [13/Feb/2026:14:54:38 +0000] "GET /buy.php?detail/20003321490963 HTTP/1.1" 200 148278 "https://mohamionline.com/buy.php?detail/20004066464837" "Mozilla/5.0 AppleWebKit/537.36 (KHTML, like Gecko; compatible; GPTBot/1.3; +https://openai.com/gptbot)"
74.7.242.31 - - [13/Feb/2026:14:54:40 +0000] "GET /buy.php?detail/06501758847965 HTTP/1.1" 200 127219 "https://mohamionline.com/buy.php?detail/14803866742483" "Mozilla/5.0 AppleWebKit/537.36 (KHTML, like Gecko; compatible; GPTBot/1.3; +https://openai.com/gptbot)"
74.7.242.31 - - [13/Feb/2026:14:54:43 +0000] "GET /buy.php?detail/15000446406036 HTTP/1.1" 200 127816 "https://mohamionline.com/buy.php?goods/150003118" "Mozilla/5.0 AppleWebKit/537.36 (KHTML, like Gecko; compatible; GPTBot/1.3; +https://openai.com/gptbot)"
74.7.242.31 - - [13/Feb/2026:14:54:46 +0000] "GET /buy.php?goods/061037649 HTTP/1.1" 200 118442 "https://mohamionline.com/buy.php?detail/215015346691" "Mozilla/5.0 AppleWebKit/537.36 (KHTML, like Gecko; compatible; GPTBot/1.3; +https://openai.com/gptbot)"
74.7.242.31 - - [13/Feb/2026:14:54:48 +0000] "GET /buy.php?detail/15000445903696 HTTP/1.1" 200 127172 "https://mohamionline.com/buy.php?goods/150003118" "Mozilla/5.0 AppleWebKit/537.36 (KHTML, like Gecko; compatible; GPTBot/1.3; +https://openai.com/gptbot)"
74.7.242.31 - - [13/Feb/2026:14:54:50 +0000] "GET /buy.php?detail/15000445303186 HTTP/1.1" 200 130770 "https://mohamionline.com/buy.php?goods/150003118" "Mozilla/5.0 AppleWebKit/537.36 (KHTML, like Gecko; compatible; GPTBot/1.3; +https://openai.com/gptbot)"
74.7.242.31 - - [13/Feb/2026:14:54:52 +0000] "GET /buy.php?detail/00101274772088 HTTP/1.1" 200 119122 "https://mohamionline.com/buy.php?detail/00101311958071" "Mozilla/5.0 AppleWebKit/537.36 (KHTML, like Gecko; compatible; GPTBot/1.3; +https://openai.com/gptbot)"
216.244.66.200 - - [13/Feb/2026:14:54:55 +0000] "GET /index.php?option=com_k2&view=item&id=82:%D8%A7%D9%84%D8%A8%D8%A7%D8%A8-%D8%A7%D9%84%D8%AE%D8%A7%D9%85%D8%B3-%D8%A7%D9%84%D9%81%D8%B5%D9%84-%D8%A7%D9%84%D8%AA%D8%A7%D8%B3%D8%B9-%D8%A7%D9%84%D9%81%D8%B5%D9%84-%D8%A7%D9%84%D8%B9%D8%A7%D8%B4%D8%B1-%D9%85%D9%86-%D8%A7%D9%84%D9%85%D8%A7%D8%AF%D8%A9-725-772 HTTP/1.1" 404 - "-" "Mozilla/5.0 (compatible; DotBot/1.2; +https://opensiteexplorer.org/dotbot; help@moz.com)"
74.7.242.31 - - [13/Feb/2026:14:54:54 +0000] "GET /buy.php?detail/05704140248857 HTTP/1.1" 200 126236 "https://mohamionline.com/buy.php?detail/11301359796603" "Mozilla/5.0 AppleWebKit/537.36 (KHTML, like Gecko; compatible; GPTBot/1.3; +https://openai.com/gptbot)"
74.7.242.31 - - [13/Feb/2026:14:54:56 +0000] "GET /buy.php?detail/14801218211879 HTTP/1.1" 200 122626 "https://mohamionline.com/buy.php?detail/14801228501898" "Mozilla/5.0 AppleWebKit/537.36 (KHTML, like Gecko; compatible; GPTBot/1.3; +https://openai.com/gptbot)"
74.7.242.31 - - [13/Feb/2026:14:54:58 +0000] "GET /buy.php?detail/00101376208064 HTTP/1.1" 200 119513 "https://mohamionline.com/buy.php?detail/00101274991129" "Mozilla/5.0 AppleWebKit/537.36 (KHTML, like Gecko; compatible; GPTBot/1.3; +https://openai.com/gptbot)"
74.7.242.31 - - [13/Feb/2026:14:55:02 +0000] "GET /buy.php?detail/00400587842526 HTTP/1.1" 200 125506 "https://mohamionline.com/buy.php?detail/00400535493961" "Mozilla/5.0 AppleWebKit/537.36 (KHTML, like Gecko; compatible; GPTBot/1.3; +https://openai.com/gptbot)"
74.7.242.31 - - [13/Feb/2026:14:55:05 +0000] "GET /buy.php?detail/20003408951004 HTTP/1.1" 200 123255 "https://mohamionline.com/buy.php?detail/20003321490963" "Mozilla/5.0 AppleWebKit/537.36 (KHTML, like Gecko; compatible; GPTBot/1.3; +https://openai.com/gptbot)"
74.7.242.31 - - [13/Feb/2026:14:55:08 +0000] "GET /buy.php?detail/20003409775890 HTTP/1.1" 200 140935 "https://mohamionline.com/buy.php?detail/20003321490963" "Mozilla/5.0 AppleWebKit/537.36 (KHTML, like Gecko; compatible; GPTBot/1.3; +https://openai.com/gptbot)"
74.7.242.31 - - [13/Feb/2026:14:55:11 +0000] "GET /buy.php?detail/18800422228471 HTTP/1.1" 200 120354 "https://mohamionline.com/buy.php?detail/14400825515999" "Mozilla/5.0 AppleWebKit/537.36 (KHTML, like Gecko; compatible; GPTBot/1.3; +https://openai.com/gptbot)"
114.119.153.209 - - [13/Feb/2026:14:55:14 +0000] "GET /goods.php?shop/pg/232invasion/29698 HTTP/1.1" 404 - "http://mohamionline.com/goods.php?sitemap803.xml" "Mozilla/5.0 (Linux; Android 7.0;) AppleWebKit/537.36 (KHTML, like Gecko) Mobile Safari/537.36 (compatible; PetalBot;+https://webmaster.petalsearch.com/site/petalbot)"
74.7.242.31 - - [13/Feb/2026:14:55:14 +0000] "GET /buy.php?detail/13501642802121 HTTP/1.1" 200 127139 "https://mohamionline.com/buy.php?detail/02100110910628" "Mozilla/5.0 AppleWebKit/537.36 (KHTML, like Gecko; compatible; GPTBot/1.3; +https://openai.com/gptbot)"
74.7.242.31 - - [13/Feb/2026:14:55:16 +0000] "GET /buy.php?detail/15000354593938 HTTP/1.1" 200 125658 "https://mohamionline.com/buy.php?detail/15000445903696" "Mozilla/5.0 AppleWebKit/537.36 (KHTML, like Gecko; compatible; GPTBot/1.3; +https://openai.com/gptbot)"
74.7.242.31 - - [13/Feb/2026:14:55:18 +0000] "GET /buy.php?detail/26101030976337 HTTP/1.1" 200 119026 "https://mohamionline.com/buy.php?detail/15000445303186" "Mozilla/5.0 AppleWebKit/537.36 (KHTML, like Gecko; compatible; GPTBot/1.3; +https://openai.com/gptbot)"
66.249.66.196 - - [13/Feb/2026:14:55:21 +0000] "GET /header.php?merchandises/907109478005 HTTP/1.1" 404 - "-" "Mozilla/5.0 (Linux; Android 6.0.1; Nexus 5X Build/MMB29P) AppleWebKit/537.36 (KHTML, like Gecko) Chrome/144.0.7559.132 Mobile Safari/537.36 (compatible; Googlebot/2.1; +http://www.google.com/bot.html)"
74.7.242.31 - - [13/Feb/2026:14:55:21 +0000] "GET /buy.php?detail/25003224258190 HTTP/1.1" 200 121831 "https://mohamionline.com/buy.php?detail/14803867338718" "Mozilla/5.0 AppleWebKit/537.36 (KHTML, like Gecko; compatible; GPTBot/1.3; +https://openai.com/gptbot)"
74.7.242.31 - - [13/Feb/2026:14:55:23 +0000] "GET /buy.php?detail/22700348770072 HTTP/1.1" 200 140016 "https://mohamionline.com/buy.php?detail/20003862138718" "Mozilla/5.0 AppleWebKit/537.36 (KHTML, like Gecko; compatible; GPTBot/1.3; +https://openai.com/gptbot)"
74.7.242.31 - - [13/Feb/2026:14:55:26 +0000] "GET /buy.php?detail/07601924409448 HTTP/1.1" 200 126317 "https://mohamionline.com/buy.php?detail/14801218211879" "Mozilla/5.0 AppleWebKit/537.36 (KHTML, like Gecko; compatible; GPTBot/1.3; +https://openai.com/gptbot)"
74.7.242.31 - - [13/Feb/2026:14:55:29 +0000] "GET /buy.php?detail/16203516443820 HTTP/1.1" 200 137132 "https://mohamionline.com/buy.php?detail/00101376208064" "Mozilla/5.0 AppleWebKit/537.36 (KHTML, like Gecko; compatible; GPTBot/1.3; +https://openai.com/gptbot)"
74.7.242.31 - - [13/Feb/2026:14:55:32 +0000] "GET /buy.php?detail/00101338084812 HTTP/1.1" 200 121192 "https://mohamionline.com/buy.php?detail/00101376208064" "Mozilla/5.0 AppleWebKit/537.36 (KHTML, like Gecko; compatible; GPTBot/1.3; +https://openai.com/gptbot)"
74.7.242.31 - - [13/Feb/2026:14:55:34 +0000] "GET /buy.php?detail/09701401490290 HTTP/1.1" 200 118668 "https://mohamionline.com/buy.php?detail/20004466641889" "Mozilla/5.0 AppleWebKit/537.36 (KHTML, like Gecko; compatible; GPTBot/1.3; +https://openai.com/gptbot)"
74.7.242.31 - - [13/Feb/2026:14:55:36 +0000] "GET /buy.php?detail/00400608111468 HTTP/1.1" 200 127083 "https://mohamionline.com/buy.php?detail/00400827318270" "Mozilla/5.0 AppleWebKit/537.36 (KHTML, like Gecko; compatible; GPTBot/1.3; +https://openai.com/gptbot)"
74.7.242.31 - - [13/Feb/2026:14:55:39 +0000] "GET /buy.php?detail/15000410605120 HTTP/1.1" 200 125653 "https://mohamionline.com/buy.php?detail/15000230743412" "Mozilla/5.0 AppleWebKit/537.36 (KHTML, like Gecko; compatible; GPTBot/1.3; +https://openai.com/gptbot)"
74.7.242.31 - - [13/Feb/2026:14:55:42 +0000] "GET /buy.php?detail/19704744743846 HTTP/1.1" 200 135301 "https://mohamionline.com/buy.php?detail/17101740498334" "Mozilla/5.0 AppleWebKit/537.36 (KHTML, like Gecko; compatible; GPTBot/1.3; +https://openai.com/gptbot)"
74.7.242.31 - - [13/Feb/2026:14:55:45 +0000] "GET /buy.php?detail/15000420594032 HTTP/1.1" 200 123313 "https://mohamionline.com/buy.php?detail/15000354593938" "Mozilla/5.0 AppleWebKit/537.36 (KHTML, like Gecko; compatible; GPTBot/1.3; +https://openai.com/gptbot)"
74.7.242.31 - - [13/Feb/2026:14:55:48 +0000] "GET /buy.php?detail/28003294296560 HTTP/1.1" 200 124737 "https://mohamionline.com/buy.php?detail/15000354593938" "Mozilla/5.0 AppleWebKit/537.36 (KHTML, like Gecko; compatible; GPTBot/1.3; +https://openai.com/gptbot)"
74.7.242.31 - - [13/Feb/2026:14:55:52 +0000] "GET /buy.php?detail/26604688496845 HTTP/1.1" 200 127804 "https://mohamionline.com/buy.php?detail/25003224258190" "Mozilla/5.0 AppleWebKit/537.36 (KHTML, like Gecko; compatible; GPTBot/1.3; +https://openai.com/gptbot)"
74.7.242.31 - - [13/Feb/2026:14:55:55 +0000] "GET /buy.php?detail/20801636403643 HTTP/1.1" 200 130996 "https://mohamionline.com/buy.php?detail/10102321252281" "Mozilla/5.0 AppleWebKit/537.36 (KHTML, like Gecko; compatible; GPTBot/1.3; +https://openai.com/gptbot)"
74.7.242.31 - - [13/Feb/2026:14:55:58 +0000] "GET /buy.php?detail/00400476930052 HTTP/1.1" 200 134877 "https://mohamionline.com/buy.php?detail/00400587842526" "Mozilla/5.0 AppleWebKit/537.36 (KHTML, like Gecko; compatible; GPTBot/1.3; +https://openai.com/gptbot)"
74.7.242.31 - - [13/Feb/2026:14:56:01 +0000] "GET /buy.php?jp/208016364.html HTTP/1.1" 200 130635 "https://mohamionline.com/buy.php?detail/20801636403643" "Mozilla/5.0 AppleWebKit/537.36 (KHTML, like Gecko; compatible; GPTBot/1.3; +https://openai.com/gptbot)"
74.7.242.31 - - [13/Feb/2026:14:56:02 +0000] "GET /buy.php?detail/21501509231651 HTTP/1.1" 200 118278 "https://mohamionline.com/buy.php?detail/215015346691" "Mozilla/5.0 AppleWebKit/537.36 (KHTML, like Gecko; compatible; GPTBot/1.3; +https://openai.com/gptbot)"
74.7.242.31 - - [13/Feb/2026:14:56:05 +0000] "GET /buy.php?detail/17303181260316 HTTP/1.1" 200 121794 "https://mohamionline.com/buy.php?detail/17302880425733" "Mozilla/5.0 AppleWebKit/537.36 (KHTML, like Gecko; compatible; GPTBot/1.3; +https://openai.com/gptbot)"
74.7.242.31 - - [13/Feb/2026:14:56:08 +0000] "GET /buy.php?detail/14104159042016 HTTP/1.1" 200 117122 "https://mohamionline.com/buy.php?detail/09701401490290" "Mozilla/5.0 AppleWebKit/537.36 (KHTML, like Gecko; compatible; GPTBot/1.3; +https://openai.com/gptbot)"
74.7.242.31 - - [13/Feb/2026:14:56:11 +0000] "GET /buy.php?detail/09701417866470 HTTP/1.1" 200 119824 "https://mohamionline.com/buy.php?detail/09701401490290" "Mozilla/5.0 AppleWebKit/537.36 (KHTML, like Gecko; compatible; GPTBot/1.3; +https://openai.com/gptbot)"
74.7.242.31 - - [13/Feb/2026:14:56:14 +0000] "GET /buy.php?jp/150003970.html HTTP/1.1" 200 124692 "https://mohamionline.com/buy.php?detail/15000410605120" "Mozilla/5.0 AppleWebKit/537.36 (KHTML, like Gecko; compatible; GPTBot/1.3; +https://openai.com/gptbot)"
74.7.242.31 - - [13/Feb/2026:14:56:16 +0000] "GET /buy.php?detail/19704620470627 HTTP/1.1" 200 158078 "https://mohamionline.com/buy.php?detail/19704744743846" "Mozilla/5.0 AppleWebKit/537.36 (KHTML, like Gecko; compatible; GPTBot/1.3; +https://openai.com/gptbot)"
74.7.242.31 - - [13/Feb/2026:14:56:19 +0000] "GET /buy.php?detail/01101474313478 HTTP/1.1" 200 120359 "https://mohamionline.com/buy.php?detail/09701401490290" "Mozilla/5.0 AppleWebKit/537.36 (KHTML, like Gecko; compatible; GPTBot/1.3; +https://openai.com/gptbot)"
74.7.242.31 - - [13/Feb/2026:14:56:23 +0000] "GET /buy.php?detail/28002996625994 HTTP/1.1" 200 118650 "https://mohamionline.com/buy.php?detail/28003294296560" "Mozilla/5.0 AppleWebKit/537.36 (KHTML, like Gecko; compatible; GPTBot/1.3; +https://openai.com/gptbot)"
69.30.223.218 - - [13/Feb/2026:14:56:27 +0000] "GET /wp-content/pla25a50/edit.php HTTP/1.1" 404 - "http://mohamionline.com/wp-content/pla25a50/edit.php" "Mozilla/5.0 (Windows NT 10.0; Win64; x64) AppleWebKit/537.36 (KHTML, like Gecko) Chrome/58.0.3029.110 Safari/537.3"
114.119.155.180 - - [13/Feb/2026:14:56:43 +0000] "GET /goods.php?shop/pg/232girlfriend/40580 HTTP/1.1" 404 - "http://mohamionline.com/goods.php?sitemap803.xml" "Mozilla/5.0 (Linux; Android 7.0;) AppleWebKit/537.36 (KHTML, like Gecko) Mobile Safari/537.36 (compatible; PetalBot;+https://webmaster.petalsearch.com/site/petalbot)"
74.7.242.31 - - [13/Feb/2026:14:56:27 +0000] "GET /buy.php?detail/07603646984798 HTTP/1.1" 200 119035 "https://mohamionline.com/buy.php?detail/15000420594032" "Mozilla/5.0 AppleWebKit/537.36 (KHTML, like Gecko; compatible; GPTBot/1.3; +https://openai.com/gptbot)"
74.7.242.31 - - [13/Feb/2026:14:57:18 +0000] "GET /buy.php?goods/174046349 HTTP/1.1" 200 119308 "https://mohamionline.com/buy.php?jp/208016364.html" "Mozilla/5.0 AppleWebKit/537.36 (KHTML, like Gecko; compatible; GPTBot/1.3; +https://openai.com/gptbot)"
74.7.242.31 - - [13/Feb/2026:14:56:48 +0000] "GET /buy.php?detail/20801872626027 HTTP/1.1" 200 131193 "https://mohamionline.com/buy.php?detail/20801636403643" "Mozilla/5.0 AppleWebKit/537.36 (KHTML, like Gecko; compatible; GPTBot/1.3; +https://openai.com/gptbot)"
74.7.242.31 - - [13/Feb/2026:14:57:21 +0000] "GET /buy.php?detail/21501532758196 HTTP/1.1" 200 118107 "https://mohamionline.com/buy.php?detail/21501509231651" "Mozilla/5.0 AppleWebKit/537.36 (KHTML, like Gecko; compatible; GPTBot/1.3; +https://openai.com/gptbot)"
74.7.242.31 - - [13/Feb/2026:14:57:34 +0000] "GET /buy.php?detail/24200436268575 HTTP/1.1" 200 140530 "https://mohamionline.com/buy.php?detail/17303181260316" "Mozilla/5.0 AppleWebKit/537.36 (KHTML, like Gecko; compatible; GPTBot/1.3; +https://openai.com/gptbot)"
114.119.144.143 - - [13/Feb/2026:14:58:02 +0000] "GET /goods.php?shop/pg/232basis/19856 HTTP/1.1" 404 - "http://mohamionline.com/goods.php?sitemap803.xml" "Mozilla/5.0 (Linux; Android 7.0;) AppleWebKit/537.36 (KHTML, like Gecko) Mobile Safari/537.36 (compatible; PetalBot;+https://webmaster.petalsearch.com/site/petalbot)"
216.244.66.200 - - [13/Feb/2026:14:58:07 +0000] "GET /beta/moh2/index.php?option=com_k2&view=itemlist&task=user&id=4144 HTTP/1.1" 404 - "-" "Mozilla/5.0 (compatible; DotBot/1.2; +https://opensiteexplorer.org/dotbot; help@moz.com)"
74.7.242.31 - - [13/Feb/2026:14:58:23 +0000] "GET /buy.php?detail/21501532133049 HTTP/1.1" 200 119610 "https://mohamionline.com/buy.php?detail/21501509231651" "Mozilla/5.0 AppleWebKit/537.36 (KHTML, like Gecko; compatible; GPTBot/1.3; +https://openai.com/gptbot)"
74.7.242.31 - - [13/Feb/2026:14:58:27 +0000] "GET /buy.php?detail/00400447401896 HTTP/1.1" 200 144950 "https://mohamionline.com/buy.php?detail/00400476930052" "Mozilla/5.0 AppleWebKit/537.36 (KHTML, like Gecko; compatible; GPTBot/1.3; +https://openai.com/gptbot)"
74.7.242.31 - - [13/Feb/2026:14:57:53 +0000] "GET /buy.php?detail/14104110377356 HTTP/1.1" 200 118044 "https://mohamionline.com/buy.php?detail/14104159042016" "Mozilla/5.0 AppleWebKit/537.36 (KHTML, like Gecko; compatible; GPTBot/1.3; +https://openai.com/gptbot)"
74.7.242.31 - - [13/Feb/2026:14:58:30 +0000] "GET /buy.php?detail/10001810834210 HTTP/1.1" 200 123613 "https://mohamionline.com/buy.php?detail/20801636403643" "Mozilla/5.0 AppleWebKit/537.36 (KHTML, like Gecko; compatible; GPTBot/1.3; +https://openai.com/gptbot)"
74.7.242.31 - - [13/Feb/2026:14:58:33 +0000] "GET /buy.php?detail/16004819821198 HTTP/1.1" 200 121928 "https://mohamionline.com/buy.php?detail/21501509231651" "Mozilla/5.0 AppleWebKit/537.36 (KHTML, like Gecko; compatible; GPTBot/1.3; +https://openai.com/gptbot)"
162.254.32.78 - - [13/Feb/2026:14:58:36 +0000] "GET /.well-known/acme-challenge/DCV_T7K-8_VZ3R15RFY29ZEKQK97X9C9 HTTP/1.1" 200 64 "-" "Cpanel-HTTP-Client/1.0"
74.7.242.31 - - [13/Feb/2026:14:58:35 +0000] "GET /buy.php?detail/09003323815723 HTTP/1.1" 200 123023 "https://mohamionline.com/buy.php?detail/28002996625994" "Mozilla/5.0 AppleWebKit/537.36 (KHTML, like Gecko; compatible; GPTBot/1.3; +https://openai.com/gptbot)"
216.244.66.200 - - [13/Feb/2026:14:58:38 +0000] "GET /beta/moh2/index.php?option=com_k2&view=itemlist&task=user&id=10741 HTTP/1.1" 404 - "-" "Mozilla/5.0 (compatible; DotBot/1.2; +https://opensiteexplorer.org/dotbot; help@moz.com)"
216.244.66.200 - - [13/Feb/2026:14:58:40 +0000] "GET /beta/moh2/index.php?option=com_k2&view=itemlist&task=user&id=27757 HTTP/1.1" 404 - "-" "Mozilla/5.0 (compatible; DotBot/1.2; +https://opensiteexplorer.org/dotbot; help@moz.com)"
74.7.242.31 - - [13/Feb/2026:14:58:38 +0000] "GET /buy.php?detail/07603606227078 HTTP/1.1" 200 118693 "https://mohamionline.com/buy.php?detail/07603646984798" "Mozilla/5.0 AppleWebKit/537.36 (KHTML, like Gecko; compatible; GPTBot/1.3; +https://openai.com/gptbot)"
74.7.242.31 - - [13/Feb/2026:14:58:41 +0000] "GET /buy.php?detail/07603609072466 HTTP/1.1" 200 120735 "https://mohamionline.com/buy.php?detail/07603646984798" "Mozilla/5.0 AppleWebKit/537.36 (KHTML, like Gecko; compatible; GPTBot/1.3; +https://openai.com/gptbot)"
74.7.242.31 - - [13/Feb/2026:14:58:44 +0000] "GET /buy.php?detail/29003723384037 HTTP/1.1" 200 118895 "https://mohamionline.com/buy.php?detail/20003373228489" "Mozilla/5.0 AppleWebKit/537.36 (KHTML, like Gecko; compatible; GPTBot/1.3; +https://openai.com/gptbot)"
74.7.242.31 - - [13/Feb/2026:14:58:47 +0000] "GET /buy.php?detail/24201613600246 HTTP/1.1" 200 122561 "https://mohamionline.com/buy.php?detail/21501532758196" "Mozilla/5.0 AppleWebKit/537.36 (KHTML, like Gecko; compatible; GPTBot/1.3; +https://openai.com/gptbot)"
74.7.242.31 - - [13/Feb/2026:14:58:49 +0000] "GET /buy.php?detail/24202596963667 HTTP/1.1" 200 125303 "https://mohamionline.com/buy.php?detail/24200436268575" "Mozilla/5.0 AppleWebKit/537.36 (KHTML, like Gecko; compatible; GPTBot/1.3; +https://openai.com/gptbot)"
74.7.242.31 - - [13/Feb/2026:14:58:50 +0000] "GET /buy.php?detail/22904841010123 HTTP/1.1" 200 120922 "https://mohamionline.com/buy.php?jp/150003970.html" "Mozilla/5.0 AppleWebKit/537.36 (KHTML, like Gecko; compatible; GPTBot/1.3; +https://openai.com/gptbot)"
74.7.242.31 - - [13/Feb/2026:14:58:54 +0000] "GET /buy.php?detail/28103626517033 HTTP/1.1" 200 129616 "https://mohamionline.com/buy.php?detail/21501532133049" "Mozilla/5.0 AppleWebKit/537.36 (KHTML, like Gecko; compatible; GPTBot/1.3; +https://openai.com/gptbot)"
74.7.242.31 - - [13/Feb/2026:14:58:56 +0000] "GET /buy.php?goods/004006700 HTTP/1.1" 200 120781 "https://mohamionline.com/buy.php?detail/00400447401896" "Mozilla/5.0 AppleWebKit/537.36 (KHTML, like Gecko; compatible; GPTBot/1.3; +https://openai.com/gptbot)"
74.7.242.31 - - [13/Feb/2026:14:58:58 +0000] "GET /buy.php?detail/11903330765130 HTTP/1.1" 200 120582 "https://mohamionline.com/buy.php?detail/00400447401896" "Mozilla/5.0 AppleWebKit/537.36 (KHTML, like Gecko; compatible; GPTBot/1.3; +https://openai.com/gptbot)"
74.7.242.31 - - [13/Feb/2026:14:59:01 +0000] "GET /buy.php?detail/00400670624358 HTTP/1.1" 200 135201 "https://mohamionline.com/buy.php?detail/00400447401896" "Mozilla/5.0 AppleWebKit/537.36 (KHTML, like Gecko; compatible; GPTBot/1.3; +https://openai.com/gptbot)"
74.7.242.31 - - [13/Feb/2026:14:59:04 +0000] "GET /buy.php?goods/090033058 HTTP/1.1" 200 122097 "https://mohamionline.com/buy.php?detail/09003323815723" "Mozilla/5.0 AppleWebKit/537.36 (KHTML, like Gecko; compatible; GPTBot/1.3; +https://openai.com/gptbot)"
162.254.32.78 - - [13/Feb/2026:14:59:09 +0000] "GET /.well-known/acme-challenge/INEP_QN30GOWNYTLMMO47W-MU9KWOD3Q HTTP/1.1" 200 64 "-" "Cpanel-HTTP-Client/1.0"
74.7.242.31 - - [13/Feb/2026:14:59:07 +0000] "GET /buy.php?detail/16500872878100 HTTP/1.1" 200 118022 "https://mohamionline.com/buy.php?detail/09003323815723" "Mozilla/5.0 AppleWebKit/537.36 (KHTML, like Gecko; compatible; GPTBot/1.3; +https://openai.com/gptbot)"
74.7.242.31 - - [13/Feb/2026:14:59:10 +0000] "GET /buy.php?detail/18703589183871 HTTP/1.1" 200 138659 "https://mohamionline.com/buy.php?detail/07603606227078" "Mozilla/5.0 AppleWebKit/537.36 (KHTML, like Gecko; compatible; GPTBot/1.3; +https://openai.com/gptbot)"
74.7.242.31 - - [13/Feb/2026:14:59:13 +0000] "GET /buy.php?detail/03802598020849 HTTP/1.1" 200 119003 "https://mohamionline.com/buy.php?detail/09101046871525" "Mozilla/5.0 AppleWebKit/537.36 (KHTML, like Gecko; compatible; GPTBot/1.3; +https://openai.com/gptbot)"
74.7.242.31 - - [13/Feb/2026:14:59:16 +0000] "GET /buy.php?detail/08002371002741 HTTP/1.1" 200 131954 "https://mohamionline.com/buy.php?detail/20003397228840" "Mozilla/5.0 AppleWebKit/537.36 (KHTML, like Gecko; compatible; GPTBot/1.3; +https://openai.com/gptbot)"
74.7.242.31 - - [13/Feb/2026:14:59:19 +0000] "GET /buy.php?detail/242003985630 HTTP/1.1" 200 127297 "https://mohamionline.com/buy.php?detail/24202596963667" "Mozilla/5.0 AppleWebKit/537.36 (KHTML, like Gecko; compatible; GPTBot/1.3; +https://openai.com/gptbot)"
114.119.153.209 - - [13/Feb/2026:14:59:24 +0000] "GET /goods.php?shop/pg/231withdrawal/22683 HTTP/1.1" 404 - "http://mohamionline.com/goods.php?sitemap803.xml" "Mozilla/5.0 (Linux; Android 7.0;) AppleWebKit/537.36 (KHTML, like Gecko) Mobile Safari/537.36 (compatible; PetalBot;+https://webmaster.petalsearch.com/site/petalbot)"
74.7.242.31 - - [13/Feb/2026:14:59:22 +0000] "GET /buy.php?detail/12101987317354 HTTP/1.1" 200 153935 "https://mohamionline.com/buy.php?detail/24202596963667" "Mozilla/5.0 AppleWebKit/537.36 (KHTML, like Gecko; compatible; GPTBot/1.3; +https://openai.com/gptbot)"
74.7.242.31 - - [13/Feb/2026:14:59:25 +0000] "GET /buy.php?detail/18201823536109 HTTP/1.1" 200 122770 "https://mohamionline.com/buy.php?detail/20004356399448" "Mozilla/5.0 AppleWebKit/537.36 (KHTML, like Gecko; compatible; GPTBot/1.3; +https://openai.com/gptbot)"
74.7.242.31 - - [13/Feb/2026:14:59:28 +0000] "GET /buy.php?detail/13601094804280 HTTP/1.1" 200 118564 "https://mohamionline.com/buy.php?detail/13602865546547" "Mozilla/5.0 AppleWebKit/537.36 (KHTML, like Gecko; compatible; GPTBot/1.3; +https://openai.com/gptbot)"
74.7.242.31 - - [13/Feb/2026:14:59:31 +0000] "GET /buy.php?detail/29704724859706 HTTP/1.1" 200 129486 "https://mohamionline.com/buy.php?detail/11903330765130" "Mozilla/5.0 AppleWebKit/537.36 (KHTML, like Gecko; compatible; GPTBot/1.3; +https://openai.com/gptbot)"
74.7.242.31 - - [13/Feb/2026:14:59:33 +0000] "GET /buy.php?detail/00102758251752 HTTP/1.1" 200 119604 "https://mohamionline.com/buy.php?detail/00400670624358" "Mozilla/5.0 AppleWebKit/537.36 (KHTML, like Gecko; compatible; GPTBot/1.3; +https://openai.com/gptbot)"
74.7.242.31 - - [13/Feb/2026:14:59:35 +0000] "GET /buy.php?detail/19900030377378 HTTP/1.1" 200 121210 "https://mohamionline.com/buy.php?goods/090033058" "Mozilla/5.0 AppleWebKit/537.36 (KHTML, like Gecko; compatible; GPTBot/1.3; +https://openai.com/gptbot)"
74.7.242.31 - - [13/Feb/2026:14:59:37 +0000] "GET /buy.php?detail/04904438615439 HTTP/1.1" 200 120760 "https://mohamionline.com/buy.php?detail/04904465211575" "Mozilla/5.0 AppleWebKit/537.36 (KHTML, like Gecko; compatible; GPTBot/1.3; +https://openai.com/gptbot)"
74.7.242.31 - - [13/Feb/2026:14:59:39 +0000] "GET /buy.php?detail/04904486145775 HTTP/1.1" 200 126795 "https://mohamionline.com/buy.php?detail/04904474732939" "Mozilla/5.0 AppleWebKit/537.36 (KHTML, like Gecko; compatible; GPTBot/1.3; +https://openai.com/gptbot)"
74.7.242.31 - - [13/Feb/2026:14:59:42 +0000] "GET /buy.php?detail/14703903376326 HTTP/1.1" 200 116961 "https://mohamionline.com/buy.php?detail/18101038692493" "Mozilla/5.0 AppleWebKit/537.36 (KHTML, like Gecko; compatible; GPTBot/1.3; +https://openai.com/gptbot)"
74.7.242.31 - - [13/Feb/2026:14:59:45 +0000] "GET /buy.php?detail/08002302763750 HTTP/1.1" 200 131359 "https://mohamionline.com/buy.php?detail/08002371002741" "Mozilla/5.0 AppleWebKit/537.36 (KHTML, like Gecko; compatible; GPTBot/1.3; +https://openai.com/gptbot)"
74.7.242.31 - - [13/Feb/2026:14:59:47 +0000] "GET /buy.php?detail/16704526723367 HTTP/1.1" 200 120655 "https://mohamionline.com/buy.php?detail/08002371002741" "Mozilla/5.0 AppleWebKit/537.36 (KHTML, like Gecko; compatible; GPTBot/1.3; +https://openai.com/gptbot)"
74.7.242.31 - - [13/Feb/2026:14:59:50 +0000] "GET /buy.php?detail/24202596123965 HTTP/1.1" 200 122075 "https://mohamionline.com/buy.php?detail/24200436268575" "Mozilla/5.0 AppleWebKit/537.36 (KHTML, like Gecko; compatible; GPTBot/1.3; +https://openai.com/gptbot)"
74.7.242.31 - - [13/Feb/2026:14:59:52 +0000] "GET /buy.php?detail/18201991954395 HTTP/1.1" 200 151724 "https://mohamionline.com/buy.php?detail/18201823536109" "Mozilla/5.0 AppleWebKit/537.36 (KHTML, like Gecko; compatible; GPTBot/1.3; +https://openai.com/gptbot)"
74.7.242.31 - - [13/Feb/2026:14:59:54 +0000] "GET /buy.php?detail/18504380974500 HTTP/1.1" 200 119986 "https://mohamionline.com/buy.php?detail/18504311383331" "Mozilla/5.0 AppleWebKit/537.36 (KHTML, like Gecko; compatible; GPTBot/1.3; +https://openai.com/gptbot)"
74.7.242.31 - - [13/Feb/2026:14:59:56 +0000] "GET /buy.php?detail/00400563842939 HTTP/1.1" 200 132036 "https://mohamionline.com/buy.php?detail/00400459048533" "Mozilla/5.0 AppleWebKit/537.36 (KHTML, like Gecko; compatible; GPTBot/1.3; +https://openai.com/gptbot)"
74.7.242.31 - - [13/Feb/2026:14:59:59 +0000] "GET /buy.php?detail/01101473851789 HTTP/1.1" 200 119593 "https://mohamionline.com/buy.php?detail/01101474313478" "Mozilla/5.0 AppleWebKit/537.36 (KHTML, like Gecko; compatible; GPTBot/1.3; +https://openai.com/gptbot)"
74.7.242.31 - - [13/Feb/2026:15:00:02 +0000] "GET /buy.php?detail/16500859908034 HTTP/1.1" 200 118783 "https://mohamionline.com/buy.php?detail/16500872878100" "Mozilla/5.0 AppleWebKit/537.36 (KHTML, like Gecko; compatible; GPTBot/1.3; +https://openai.com/gptbot)"
74.7.242.31 - - [13/Feb/2026:15:00:05 +0000] "GET /buy.php?detail/04904450565684 HTTP/1.1" 200 123323 "https://mohamionline.com/buy.php?detail/04904438615439" "Mozilla/5.0 AppleWebKit/537.36 (KHTML, like Gecko; compatible; GPTBot/1.3; +https://openai.com/gptbot)"
74.7.242.31 - - [13/Feb/2026:15:00:08 +0000] "GET /buy.php?detail/04904451953970 HTTP/1.1" 200 119228 "https://mohamionline.com/buy.php?detail/04904486145775" "Mozilla/5.0 AppleWebKit/537.36 (KHTML, like Gecko; compatible; GPTBot/1.3; +https://openai.com/gptbot)"
74.7.242.31 - - [13/Feb/2026:15:00:11 +0000] "GET /buy.php?goods/147037587 HTTP/1.1" 200 116850 "https://mohamionline.com/buy.php?detail/14703903376326" "Mozilla/5.0 AppleWebKit/537.36 (KHTML, like Gecko; compatible; GPTBot/1.3; +https://openai.com/gptbot)"
66.249.66.7 - - [13/Feb/2026:15:00:17 +0000] "GET /header.php?merchandises/592109150600 HTTP/1.1" 404 - "-" "Mozilla/5.0 (Linux; Android 6.0.1; Nexus 5X Build/MMB29P) AppleWebKit/537.36 (KHTML, like Gecko) Chrome/144.0.7559.132 Mobile Safari/537.36 (compatible; Googlebot/2.1; +http://www.google.com/bot.html)"
74.7.242.31 - - [13/Feb/2026:15:00:15 +0000] "GET /buy.php?detail/08002221239848 HTTP/1.1" 200 153045 "https://mohamionline.com/buy.php?detail/08002302763750" "Mozilla/5.0 AppleWebKit/537.36 (KHTML, like Gecko; compatible; GPTBot/1.3; +https://openai.com/gptbot)"
74.7.242.31 - - [13/Feb/2026:15:00:18 +0000] "GET /buy.php?detail/02001784412781 HTTP/1.1" 200 119229 "https://mohamionline.com/buy.php?detail/08002302763750" "Mozilla/5.0 AppleWebKit/537.36 (KHTML, like Gecko; compatible; GPTBot/1.3; +https://openai.com/gptbot)"
74.7.242.31 - - [13/Feb/2026:15:00:21 +0000] "GET /buy.php?detail/20101434044998 HTTP/1.1" 200 139118 "https://mohamionline.com/buy.php?detail/08002302763750" "Mozilla/5.0 AppleWebKit/537.36 (KHTML, like Gecko; compatible; GPTBot/1.3; +https://openai.com/gptbot)"
74.7.242.31 - - [13/Feb/2026:15:00:24 +0000] "GET /buy.php?detail/26100616928396 HTTP/1.1" 200 119138 "https://mohamionline.com/buy.php?detail/18201991954395" "Mozilla/5.0 AppleWebKit/537.36 (KHTML, like Gecko; compatible; GPTBot/1.3; +https://openai.com/gptbot)"
74.7.242.31 - - [13/Feb/2026:15:00:27 +0000] "GET /buy.php?detail/09100622764191 HTTP/1.1" 200 118046 "https://mohamionline.com/buy.php?detail/18504380974500" "Mozilla/5.0 AppleWebKit/537.36 (KHTML, like Gecko; compatible; GPTBot/1.3; +https://openai.com/gptbot)"
74.7.242.31 - - [13/Feb/2026:15:00:30 +0000] "GET /buy.php?detail/14601878826027 HTTP/1.1" 200 124635 "https://mohamionline.com/buy.php?detail/18504380974500" "Mozilla/5.0 AppleWebKit/537.36 (KHTML, like Gecko; compatible; GPTBot/1.3; +https://openai.com/gptbot)"
74.7.242.31 - - [13/Feb/2026:15:00:33 +0000] "GET /buy.php?detail/01101529515841 HTTP/1.1" 200 123006 "https://mohamionline.com/buy.php?detail/01101473851789" "Mozilla/5.0 AppleWebKit/537.36 (KHTML, like Gecko; compatible; GPTBot/1.3; +https://openai.com/gptbot)"
74.7.242.31 - - [13/Feb/2026:15:00:36 +0000] "GET /buy.php?detail/16500812600509 HTTP/1.1" 200 118405 "https://mohamionline.com/buy.php?detail/16500859908034" "Mozilla/5.0 AppleWebKit/537.36 (KHTML, like Gecko; compatible; GPTBot/1.3; +https://openai.com/gptbot)"
74.7.242.31 - - [13/Feb/2026:15:00:39 +0000] "GET /buy.php?detail/04904495896668 HTTP/1.1" 200 120384 "https://mohamionline.com/buy.php?detail/04904450565684" "Mozilla/5.0 AppleWebKit/537.36 (KHTML, like Gecko; compatible; GPTBot/1.3; +https://openai.com/gptbot)"
74.7.242.31 - - [13/Feb/2026:15:00:42 +0000] "GET /buy.php?detail/21002192766983 HTTP/1.1" 200 127499 "https://mohamionline.com/buy.php?detail/04904451953970" "Mozilla/5.0 AppleWebKit/537.36 (KHTML, like Gecko; compatible; GPTBot/1.3; +https://openai.com/gptbot)"
74.7.242.31 - - [13/Feb/2026:15:00:45 +0000] "GET /buy.php?detail/01101528301861 HTTP/1.1" 200 123029 "https://mohamionline.com/buy.php?detail/01101473851789" "Mozilla/5.0 AppleWebKit/537.36 (KHTML, like Gecko; compatible; GPTBot/1.3; +https://openai.com/gptbot)"
74.7.242.31 - - [13/Feb/2026:15:00:48 +0000] "GET /buy.php?detail/10200128089084 HTTP/1.1" 200 119701 "https://mohamionline.com/buy.php?detail/08002221239848" "Mozilla/5.0 AppleWebKit/537.36 (KHTML, like Gecko; compatible; GPTBot/1.3; +https://openai.com/gptbot)"
114.119.144.143 - - [13/Feb/2026:15:00:50 +0000] "GET /goods.php?shop/pg/231team/40715 HTTP/1.1" 404 - "http://mohamionline.com/goods.php?sitemap803.xml" "Mozilla/5.0 (Linux; Android 7.0;) AppleWebKit/537.36 (KHTML, like Gecko) Mobile Safari/537.36 (compatible; PetalBot;+https://webmaster.petalsearch.com/site/petalbot)"
74.7.242.31 - - [13/Feb/2026:15:00:50 +0000] "GET /buy.php?detail/04604687232477 HTTP/1.1" 200 119937 "https://mohamionline.com/buy.php?detail/04904450565684" "Mozilla/5.0 AppleWebKit/537.36 (KHTML, like Gecko; compatible; GPTBot/1.3; +https://openai.com/gptbot)"
74.7.242.31 - - [13/Feb/2026:15:00:53 +0000] "GET /buy.php?detail/29000356396870 HTTP/1.1" 200 117864 "https://mohamionline.com/buy.php?detail/20101434044998" "Mozilla/5.0 AppleWebKit/537.36 (KHTML, like Gecko; compatible; GPTBot/1.3; +https://openai.com/gptbot)"
74.7.242.31 - - [13/Feb/2026:15:00:56 +0000] "GET /buy.php?detail/26402585886194 HTTP/1.1" 200 147185 "https://mohamionline.com/buy.php?detail/20101434044998" "Mozilla/5.0 AppleWebKit/537.36 (KHTML, like Gecko; compatible; GPTBot/1.3; +https://openai.com/gptbot)"
74.7.242.31 - - [13/Feb/2026:15:00:59 +0000] "GET /buy.php?detail/20101377319424 HTTP/1.1" 200 123400 "https://mohamionline.com/buy.php?detail/20101434044998" "Mozilla/5.0 AppleWebKit/537.36 (KHTML, like Gecko; compatible; GPTBot/1.3; +https://openai.com/gptbot)"
74.7.242.31 - - [13/Feb/2026:15:01:02 +0000] "GET /buy.php?detail/05403316961671 HTTP/1.1" 200 120349 "https://mohamionline.com/buy.php?detail/14601878826027" "Mozilla/5.0 AppleWebKit/537.36 (KHTML, like Gecko; compatible; GPTBot/1.3; +https://openai.com/gptbot)"
74.7.242.31 - - [13/Feb/2026:15:01:06 +0000] "GET /buy.php?detail/26101226549134 HTTP/1.1" 200 120103 "https://mohamionline.com/buy.php?detail/26100616928396" "Mozilla/5.0 AppleWebKit/537.36 (KHTML, like Gecko; compatible; GPTBot/1.3; +https://openai.com/gptbot)"
74.7.242.31 - - [13/Feb/2026:15:01:09 +0000] "GET /buy.php?detail/04104730769089 HTTP/1.1" 200 120685 "https://mohamionline.com/buy.php?detail/04104272430671" "Mozilla/5.0 AppleWebKit/537.36 (KHTML, like Gecko; compatible; GPTBot/1.3; +https://openai.com/gptbot)"
74.7.242.31 - - [13/Feb/2026:15:01:12 +0000] "GET /buy.php?detail/0060401232385 HTTP/1.1" 200 123317 "https://mohamionline.com/buy.php?detail/04904495896668" "Mozilla/5.0 AppleWebKit/537.36 (KHTML, like Gecko; compatible; GPTBot/1.3; +https://openai.com/gptbot)"
47.82.11.72 - - [13/Feb/2026:15:01:16 +0000] "GET /shopdetail/97010910820 HTTP/1.1" 404 - "https://mohamionline.com/" "Mozilla/5.0 (Windows NT 10.0; Win64; x64) AppleWebKit/537.36 (KHTML, like Gecko) Chrome/133.0.0.0 Safari/537.36"
74.7.242.31 - - [13/Feb/2026:15:01:16 +0000] "GET /buy.php?detail/24703207090024 HTTP/1.1" 200 119610 "https://mohamionline.com/buy.php?detail/21002192766983" "Mozilla/5.0 AppleWebKit/537.36 (KHTML, like Gecko; compatible; GPTBot/1.3; +https://openai.com/gptbot)"
74.7.241.182 - - [13/Feb/2026:15:01:20 +0000] "GET /robots.txt HTTP/1.1" 404 - "-" "Mozilla/5.0 (Macintosh; Intel Mac OS X 10_15_7) AppleWebKit/537.36 (KHTML, like Gecko) Chrome/131.0.0.0 Safari/537.36; compatible; OAI-SearchBot/1.3; robots.txt; +https://openai.com/searchbot"
74.7.242.31 - - [13/Feb/2026:15:01:20 +0000] "GET /buy.php?detail/01101589662463 HTTP/1.1" 200 126813 "https://mohamionline.com/buy.php?detail/01101528301861" "Mozilla/5.0 AppleWebKit/537.36 (KHTML, like Gecko; compatible; GPTBot/1.3; +https://openai.com/gptbot)"
74.7.242.31 - - [13/Feb/2026:15:01:23 +0000] "GET /buy.php?detail/21001451141702 HTTP/1.1" 200 130961 "https://mohamionline.com/buy.php?detail/21002192766983" "Mozilla/5.0 AppleWebKit/537.36 (KHTML, like Gecko; compatible; GPTBot/1.3; +https://openai.com/gptbot)"
74.7.242.31 - - [13/Feb/2026:15:01:26 +0000] "GET /buy.php?detail/04604747989595 HTTP/1.1" 200 119419 "https://mohamionline.com/buy.php?detail/04604687232477" "Mozilla/5.0 AppleWebKit/537.36 (KHTML, like Gecko; compatible; GPTBot/1.3; +https://openai.com/gptbot)"
74.7.242.31 - - [13/Feb/2026:15:01:29 +0000] "GET /buy.php?detail/13000111806547 HTTP/1.1" 200 122077 "https://mohamionline.com/buy.php?detail/29000356396870" "Mozilla/5.0 AppleWebKit/537.36 (KHTML, like Gecko; compatible; GPTBot/1.3; +https://openai.com/gptbot)"
74.7.242.31 - - [13/Feb/2026:15:01:31 +0000] "GET /buy.php?detail/20002354041125 HTTP/1.1" 200 119845 "https://mohamionline.com/buy.php?detail/29000356396870" "Mozilla/5.0 AppleWebKit/537.36 (KHTML, like Gecko; compatible; GPTBot/1.3; +https://openai.com/gptbot)"
74.7.242.31 - - [13/Feb/2026:15:01:34 +0000] "GET /buy.php?detail/04604748280865 HTTP/1.1" 200 119535 "https://mohamionline.com/buy.php?detail/04604687232477" "Mozilla/5.0 AppleWebKit/537.36 (KHTML, like Gecko; compatible; GPTBot/1.3; +https://openai.com/gptbot)"
74.7.242.31 - - [13/Feb/2026:15:01:36 +0000] "GET /buy.php?detail/28304839737030 HTTP/1.1" 200 120532 "https://mohamionline.com/buy.php?detail/10200128089084" "Mozilla/5.0 AppleWebKit/537.36 (KHTML, like Gecko; compatible; GPTBot/1.3; +https://openai.com/gptbot)"
