74.7.242.31 - - [13/Feb/2026:16:19:30 +0000] "GET /buy.php?detail/25101255426474 HTTP/1.1" 200 125423 "https://mohamionline.com/buy.php?detail/25101281920255" "Mozilla/5.0 AppleWebKit/537.36 (KHTML, like Gecko; compatible; GPTBot/1.3; +https://openai.com/gptbot)"
74.7.242.31 - - [13/Feb/2026:16:19:33 +0000] "GET /buy.php?detail/08000173242594 HTTP/1.1" 200 121504 "https://mohamionline.com/buy.php?detail/1130117337976" "Mozilla/5.0 AppleWebKit/537.36 (KHTML, like Gecko; compatible; GPTBot/1.3; +https://openai.com/gptbot)"
74.7.242.31 - - [13/Feb/2026:16:19:36 +0000] "GET /buy.php?detail/26402606044872 HTTP/1.1" 200 127859 "https://mohamionline.com/buy.php?detail/26402624819899" "Mozilla/5.0 AppleWebKit/537.36 (KHTML, like Gecko; compatible; GPTBot/1.3; +https://openai.com/gptbot)"
74.7.242.31 - - [13/Feb/2026:16:19:40 +0000] "GET /buy.php?detail/26402632956444 HTTP/1.1" 200 118525 "https://mohamionline.com/buy.php?detail/26402624210437" "Mozilla/5.0 AppleWebKit/537.36 (KHTML, like Gecko; compatible; GPTBot/1.3; +https://openai.com/gptbot)"
74.7.242.31 - - [13/Feb/2026:16:19:43 +0000] "GET /buy.php?detail/09103664329132 HTTP/1.1" 200 117145 "https://mohamionline.com/buy.php?detail/1130117337976" "Mozilla/5.0 AppleWebKit/537.36 (KHTML, like Gecko; compatible; GPTBot/1.3; +https://openai.com/gptbot)"
74.7.242.31 - - [13/Feb/2026:16:19:47 +0000] "GET /buy.php?detail/09604530560343 HTTP/1.1" 200 119991 "https://mohamionline.com/buy.php?detail/16500016129412" "Mozilla/5.0 AppleWebKit/537.36 (KHTML, like Gecko; compatible; GPTBot/1.3; +https://openai.com/gptbot)"
74.7.242.31 - - [13/Feb/2026:16:19:50 +0000] "GET /buy.php?detail/1650006701767 HTTP/1.1" 200 119347 "https://mohamionline.com/buy.php?detail/16500016289069" "Mozilla/5.0 AppleWebKit/537.36 (KHTML, like Gecko; compatible; GPTBot/1.3; +https://openai.com/gptbot)"
74.7.242.31 - - [13/Feb/2026:16:19:54 +0000] "GET /buy.php?jp/096045305.html HTTP/1.1" 200 119490 "https://mohamionline.com/buy.php?detail/09604530560343" "Mozilla/5.0 AppleWebKit/537.36 (KHTML, like Gecko; compatible; GPTBot/1.3; +https://openai.com/gptbot)"
74.7.242.31 - - [13/Feb/2026:16:19:58 +0000] "GET /buy.php?detail/16500066823518 HTTP/1.1" 200 120251 "https://mohamionline.com/buy.php?detail/16500016289069" "Mozilla/5.0 AppleWebKit/537.36 (KHTML, like Gecko; compatible; GPTBot/1.3; +https://openai.com/gptbot)"
74.7.242.31 - - [13/Feb/2026:16:20:02 +0000] "GET /buy.php?detail/16500067273414 HTTP/1.1" 200 119742 "https://mohamionline.com/buy.php?detail/16500016289069" "Mozilla/5.0 AppleWebKit/537.36 (KHTML, like Gecko; compatible; GPTBot/1.3; +https://openai.com/gptbot)"
74.7.242.31 - - [13/Feb/2026:16:20:05 +0000] "GET /buy.php?detail/16500009150132 HTTP/1.1" 200 120187 "https://mohamionline.com/buy.php?detail/16500016129412" "Mozilla/5.0 AppleWebKit/537.36 (KHTML, like Gecko; compatible; GPTBot/1.3; +https://openai.com/gptbot)"
74.7.242.31 - - [13/Feb/2026:16:20:08 +0000] "GET /buy.php?detail/26402668957688 HTTP/1.1" 200 119707 "https://mohamionline.com/buy.php?detail/26402669433019" "Mozilla/5.0 AppleWebKit/537.36 (KHTML, like Gecko; compatible; GPTBot/1.3; +https://openai.com/gptbot)"
74.7.242.31 - - [13/Feb/2026:16:20:12 +0000] "GET /buy.php?detail/25101328954012 HTTP/1.1" 200 120616 "https://mohamionline.com/buy.php?detail/25101255243564" "Mozilla/5.0 AppleWebKit/537.36 (KHTML, like Gecko; compatible; GPTBot/1.3; +https://openai.com/gptbot)"
114.119.155.180 - - [13/Feb/2026:16:20:14 +0000] "GET /goods.php?shop/pg/222clearly/22324 HTTP/1.1" 404 - "http://mohamionline.com/goods.php?sitemap803.xml" "Mozilla/5.0 (Linux; Android 7.0;) AppleWebKit/537.36 (KHTML, like Gecko) Mobile Safari/537.36 (compatible; PetalBot;+https://webmaster.petalsearch.com/site/petalbot)"
74.7.242.31 - - [13/Feb/2026:16:20:15 +0000] "GET /buy.php?detail/08000158407164 HTTP/1.1" 200 122923 "https://mohamionline.com/buy.php?detail/08000173242594" "Mozilla/5.0 AppleWebKit/537.36 (KHTML, like Gecko; compatible; GPTBot/1.3; +https://openai.com/gptbot)"
74.7.242.31 - - [13/Feb/2026:16:20:17 +0000] "GET /buy.php?detail/16500066975060 HTTP/1.1" 200 120505 "https://mohamionline.com/buy.php?detail/16500016289069" "Mozilla/5.0 AppleWebKit/537.36 (KHTML, like Gecko; compatible; GPTBot/1.3; +https://openai.com/gptbot)"
74.7.242.31 - - [13/Feb/2026:16:20:20 +0000] "GET /buy.php?detail/26402667466164 HTTP/1.1" 200 120414 "https://mohamionline.com/buy.php?detail/26402632956444" "Mozilla/5.0 AppleWebKit/537.36 (KHTML, like Gecko; compatible; GPTBot/1.3; +https://openai.com/gptbot)"
74.7.242.31 - - [13/Feb/2026:16:20:23 +0000] "GET /buy.php?detail/26402665703471 HTTP/1.1" 200 118617 "https://mohamionline.com/buy.php?detail/26402632956444" "Mozilla/5.0 AppleWebKit/537.36 (KHTML, like Gecko; compatible; GPTBot/1.3; +https://openai.com/gptbot)"
47.82.11.84 - - [13/Feb/2026:16:20:27 +0000] "GET /shopdetail/833109472131 HTTP/1.1" 404 - "https://mohamionline.com/" "Mozilla/5.0 (Windows NT 10.0; Win64; x64) AppleWebKit/537.36 (KHTML, like Gecko) Chrome/135.0.0.0 Safari/537.36"
74.7.242.31 - - [13/Feb/2026:16:20:27 +0000] "GET /buy.php?detail/11301187413025 HTTP/1.1" 200 121442 "https://mohamionline.com/buy.php?detail/1130117337976" "Mozilla/5.0 AppleWebKit/537.36 (KHTML, like Gecko; compatible; GPTBot/1.3; +https://openai.com/gptbot)"
74.7.242.31 - - [13/Feb/2026:16:20:30 +0000] "GET /buy.php?detail/16500053634895 HTTP/1.1" 200 119300 "https://mohamionline.com/buy.php?detail/1650006701767" "Mozilla/5.0 AppleWebKit/537.36 (KHTML, like Gecko; compatible; GPTBot/1.3; +https://openai.com/gptbot)"
47.82.11.124 - - [13/Feb/2026:16:20:35 +0000] "GET /shopdetail/779109278972 HTTP/1.1" 404 - "https://mohamionline.com/" "Mozilla/5.0 (Windows NT 10.0; Win64; x64) AppleWebKit/537.36 (KHTML, like Gecko) Chrome/135.0.0.0 Safari/537.36"
74.7.242.31 - - [13/Feb/2026:16:20:33 +0000] "GET /buy.php?detail/22100015758824 HTTP/1.1" 200 119364 "https://mohamionline.com/buy.php?detail/16500066823518" "Mozilla/5.0 AppleWebKit/537.36 (KHTML, like Gecko; compatible; GPTBot/1.3; +https://openai.com/gptbot)"
74.7.242.31 - - [13/Feb/2026:16:20:36 +0000] "GET /buy.php?detail/16500028047617 HTTP/1.1" 200 119433 "https://mohamionline.com/buy.php?detail/16500066823518" "Mozilla/5.0 AppleWebKit/537.36 (KHTML, like Gecko; compatible; GPTBot/1.3; +https://openai.com/gptbot)"
74.7.242.31 - - [13/Feb/2026:16:20:39 +0000] "GET /buy.php?detail/06602841843653 HTTP/1.1" 200 126957 "https://mohamionline.com/buy.php?detail/16500009150132" "Mozilla/5.0 AppleWebKit/537.36 (KHTML, like Gecko; compatible; GPTBot/1.3; +https://openai.com/gptbot)"
74.7.242.31 - - [13/Feb/2026:16:20:42 +0000] "GET /buy.php?detail/26402650075656 HTTP/1.1" 200 121570 "https://mohamionline.com/buy.php?detail/26402668957688" "Mozilla/5.0 AppleWebKit/537.36 (KHTML, like Gecko; compatible; GPTBot/1.3; +https://openai.com/gptbot)"
74.7.242.31 - - [13/Feb/2026:16:20:45 +0000] "GET /buy.php?detail/26402650931530 HTTP/1.1" 200 128812 "https://mohamionline.com/buy.php?detail/26402668957688" "Mozilla/5.0 AppleWebKit/537.36 (KHTML, like Gecko; compatible; GPTBot/1.3; +https://openai.com/gptbot)"
74.7.242.31 - - [13/Feb/2026:16:20:47 +0000] "GET /buy.php?detail/25101238271625 HTTP/1.1" 200 119627 "https://mohamionline.com/buy.php?detail/25101328954012" "Mozilla/5.0 AppleWebKit/537.36 (KHTML, like Gecko; compatible; GPTBot/1.3; +https://openai.com/gptbot)"
74.7.242.31 - - [13/Feb/2026:16:20:50 +0000] "GET /buy.php?detail/16500072709813 HTTP/1.1" 200 120886 "https://mohamionline.com/buy.php?detail/16500066975060" "Mozilla/5.0 AppleWebKit/537.36 (KHTML, like Gecko; compatible; GPTBot/1.3; +https://openai.com/gptbot)"
74.7.242.31 - - [13/Feb/2026:16:20:53 +0000] "GET /buy.php?detail/26402661162509 HTTP/1.1" 200 117714 "https://mohamionline.com/buy.php?detail/26402667466164" "Mozilla/5.0 AppleWebKit/537.36 (KHTML, like Gecko; compatible; GPTBot/1.3; +https://openai.com/gptbot)"
47.82.11.63 - - [13/Feb/2026:16:20:59 +0000] "GET /shopdetail/648109429940 HTTP/1.1" 404 - "https://mohamionline.com/" "Mozilla/5.0 (Macintosh; Intel Mac OS X 10_15_7) AppleWebKit/537.36 (KHTML, like Gecko) Chrome/116.0.0.0 Safari/537.36"
74.7.242.31 - - [13/Feb/2026:16:20:56 +0000] "GET /buy.php?detail/16503952337016 HTTP/1.1" 200 121726 "https://mohamionline.com/buy.php?detail/26402667466164" "Mozilla/5.0 AppleWebKit/537.36 (KHTML, like Gecko; compatible; GPTBot/1.3; +https://openai.com/gptbot)"
74.7.242.31 - - [13/Feb/2026:16:20:59 +0000] "GET /buy.php?jp/113011090.html HTTP/1.1" 200 121829 "https://mohamionline.com/buy.php?detail/11301187413025" "Mozilla/5.0 AppleWebKit/537.36 (KHTML, like Gecko; compatible; GPTBot/1.3; +https://openai.com/gptbot)"
74.7.242.31 - - [13/Feb/2026:16:21:02 +0000] "GET /buy.php?detail/26402649753673 HTTP/1.1" 200 126640 "https://mohamionline.com/buy.php?detail/26402668957688" "Mozilla/5.0 AppleWebKit/537.36 (KHTML, like Gecko; compatible; GPTBot/1.3; +https://openai.com/gptbot)"
74.7.242.31 - - [13/Feb/2026:16:21:05 +0000] "GET /buy.php?detail/11301109767624 HTTP/1.1" 200 124983 "https://mohamionline.com/buy.php?detail/11301187413025" "Mozilla/5.0 AppleWebKit/537.36 (KHTML, like Gecko; compatible; GPTBot/1.3; +https://openai.com/gptbot)"
74.7.242.31 - - [13/Feb/2026:16:21:08 +0000] "GET /buy.php?detail/16500050131689 HTTP/1.1" 200 120363 "https://mohamionline.com/buy.php?detail/16500028047617" "Mozilla/5.0 AppleWebKit/537.36 (KHTML, like Gecko; compatible; GPTBot/1.3; +https://openai.com/gptbot)"
74.7.242.31 - - [13/Feb/2026:16:21:11 +0000] "GET /buy.php?detail/16500050224073 HTTP/1.1" 200 119589 "https://mohamionline.com/buy.php?detail/16500028047617" "Mozilla/5.0 AppleWebKit/537.36 (KHTML, like Gecko; compatible; GPTBot/1.3; +https://openai.com/gptbot)"
74.7.242.31 - - [13/Feb/2026:16:21:14 +0000] "GET /buy.php?detail/10404157465036 HTTP/1.1" 200 120441 "https://mohamionline.com/buy.php?detail/26402650075656" "Mozilla/5.0 AppleWebKit/537.36 (KHTML, like Gecko; compatible; GPTBot/1.3; +https://openai.com/gptbot)"
74.7.242.31 - - [13/Feb/2026:16:21:17 +0000] "GET /buy.php?detail/02900538044436 HTTP/1.1" 200 117201 "https://mohamionline.com/buy.php?detail/26402650931530" "Mozilla/5.0 AppleWebKit/537.36 (KHTML, like Gecko; compatible; GPTBot/1.3; +https://openai.com/gptbot)"
74.7.242.31 - - [13/Feb/2026:16:21:21 +0000] "GET /buy.php?detail/26402633635430 HTTP/1.1" 200 119426 "https://mohamionline.com/buy.php?detail/26402650931530" "Mozilla/5.0 AppleWebKit/537.36 (KHTML, like Gecko; compatible; GPTBot/1.3; +https://openai.com/gptbot)"
74.7.242.31 - - [13/Feb/2026:16:21:24 +0000] "GET /buy.php?detail/11604218321388 HTTP/1.1" 200 120965 "https://mohamionline.com/buy.php?detail/16500072709813" "Mozilla/5.0 AppleWebKit/537.36 (KHTML, like Gecko; compatible; GPTBot/1.3; +https://openai.com/gptbot)"
74.7.242.31 - - [13/Feb/2026:16:21:27 +0000] "GET /buy.php?detail/26402633843787 HTTP/1.1" 200 119581 "https://mohamionline.com/buy.php?detail/26402650931530" "Mozilla/5.0 AppleWebKit/537.36 (KHTML, like Gecko; compatible; GPTBot/1.3; +https://openai.com/gptbot)"
74.7.242.31 - - [13/Feb/2026:16:21:31 +0000] "GET /buy.php?detail/25702238585904 HTTP/1.1" 200 131109 "https://mohamionline.com/buy.php?detail/26402650075656" "Mozilla/5.0 AppleWebKit/537.36 (KHTML, like Gecko; compatible; GPTBot/1.3; +https://openai.com/gptbot)"
74.7.242.31 - - [13/Feb/2026:16:21:34 +0000] "GET /buy.php?detail/21900291890709 HTTP/1.1" 200 124721 "https://mohamionline.com/buy.php?jp/113011090.html" "Mozilla/5.0 AppleWebKit/537.36 (KHTML, like Gecko; compatible; GPTBot/1.3; +https://openai.com/gptbot)"
114.119.155.10 - - [13/Feb/2026:16:21:39 +0000] "GET /goods.php?shop/pg/222aide/34624 HTTP/1.1" 404 - "http://mohamionline.com/goods.php?sitemap803.xml" "Mozilla/5.0 (Linux; Android 7.0;) AppleWebKit/537.36 (KHTML, like Gecko) Mobile Safari/537.36 (compatible; PetalBot;+https://webmaster.petalsearch.com/site/petalbot)"
74.7.242.31 - - [13/Feb/2026:16:21:37 +0000] "GET /buy.php?detail/26402612310375 HTTP/1.1" 200 122187 "https://mohamionline.com/buy.php?detail/26402649753673" "Mozilla/5.0 AppleWebKit/537.36 (KHTML, like Gecko; compatible; GPTBot/1.3; +https://openai.com/gptbot)"
74.7.241.182 - - [13/Feb/2026:16:21:40 +0000] "GET /robots.txt HTTP/1.1" 404 - "-" "Mozilla/5.0 (Macintosh; Intel Mac OS X 10_15_7) AppleWebKit/537.36 (KHTML, like Gecko) Chrome/131.0.0.0 Safari/537.36; compatible; OAI-SearchBot/1.3; robots.txt; +https://openai.com/searchbot"
74.7.242.31 - - [13/Feb/2026:16:21:40 +0000] "GET /buy.php?detail/07702082018394 HTTP/1.1" 200 118513 "https://mohamionline.com/buy.php?detail/16500016289069" "Mozilla/5.0 AppleWebKit/537.36 (KHTML, like Gecko; compatible; GPTBot/1.3; +https://openai.com/gptbot)"
74.7.242.31 - - [13/Feb/2026:16:21:43 +0000] "GET /buy.php?detail/16500056695886 HTTP/1.1" 200 120055 "https://mohamionline.com/buy.php?detail/16500050131689" "Mozilla/5.0 AppleWebKit/537.36 (KHTML, like Gecko; compatible; GPTBot/1.3; +https://openai.com/gptbot)"
74.7.242.31 - - [13/Feb/2026:16:21:46 +0000] "GET /buy.php?detail/07000636588267 HTTP/1.1" 200 120300 "https://mohamionline.com/buy.php?detail/16500050224073" "Mozilla/5.0 AppleWebKit/537.36 (KHTML, like Gecko; compatible; GPTBot/1.3; +https://openai.com/gptbot)"
74.7.242.31 - - [13/Feb/2026:16:21:49 +0000] "GET /buy.php?detail/16500057279165 HTTP/1.1" 200 120545 "https://mohamionline.com/buy.php?detail/16500050131689" "Mozilla/5.0 AppleWebKit/537.36 (KHTML, like Gecko; compatible; GPTBot/1.3; +https://openai.com/gptbot)"
74.7.242.31 - - [13/Feb/2026:16:21:52 +0000] "GET /buy.php?detail/029005409598 HTTP/1.1" 200 118511 "https://mohamionline.com/buy.php?detail/02900538044436" "Mozilla/5.0 AppleWebKit/537.36 (KHTML, like Gecko; compatible; GPTBot/1.3; +https://openai.com/gptbot)"
74.7.242.31 - - [13/Feb/2026:16:21:55 +0000] "GET /buy.php?goods/264026551 HTTP/1.1" 200 127328 "https://mohamionline.com/buy.php?detail/26402633635430" "Mozilla/5.0 AppleWebKit/537.36 (KHTML, like Gecko; compatible; GPTBot/1.3; +https://openai.com/gptbot)"
74.7.242.31 - - [13/Feb/2026:16:21:59 +0000] "GET /buy.php?detail/26402655937940 HTTP/1.1" 200 124374 "https://mohamionline.com/buy.php?detail/26402633635430" "Mozilla/5.0 AppleWebKit/537.36 (KHTML, like Gecko; compatible; GPTBot/1.3; +https://openai.com/gptbot)"
74.7.242.31 - - [13/Feb/2026:16:22:03 +0000] "GET /buy.php?detail/20601125114420 HTTP/1.1" 200 118366 "https://mohamionline.com/buy.php?detail/26402633843787" "Mozilla/5.0 AppleWebKit/537.36 (KHTML, like Gecko; compatible; GPTBot/1.3; +https://openai.com/gptbot)"
74.7.242.31 - - [13/Feb/2026:16:22:06 +0000] "GET /buy.php?detail/07803522224215 HTTP/1.1" 200 121680 "https://mohamionline.com/buy.php?detail/16500050131689" "Mozilla/5.0 AppleWebKit/537.36 (KHTML, like Gecko; compatible; GPTBot/1.3; +https://openai.com/gptbot)"
74.7.242.31 - - [13/Feb/2026:16:22:08 +0000] "GET /buy.php?detail/20301730204786 HTTP/1.1" 200 124181 "https://mohamionline.com/buy.php?detail/20301503153976" "Mozilla/5.0 AppleWebKit/537.36 (KHTML, like Gecko; compatible; GPTBot/1.3; +https://openai.com/gptbot)"
74.7.242.31 - - [13/Feb/2026:16:22:12 +0000] "GET /buy.php?detail/14500408302451 HTTP/1.1" 200 120665 "https://mohamionline.com/buy.php?detail/26402612310375" "Mozilla/5.0 AppleWebKit/537.36 (KHTML, like Gecko; compatible; GPTBot/1.3; +https://openai.com/gptbot)"
74.7.242.31 - - [13/Feb/2026:16:22:15 +0000] "GET /buy.php?detail/07702048460848 HTTP/1.1" 200 124041 "https://mohamionline.com/buy.php?detail/07702082018394" "Mozilla/5.0 AppleWebKit/537.36 (KHTML, like Gecko; compatible; GPTBot/1.3; +https://openai.com/gptbot)"
74.7.242.31 - - [13/Feb/2026:16:22:19 +0000] "GET /buy.php?detail/16500063452438 HTTP/1.1" 200 119762 "https://mohamionline.com/buy.php?detail/16500056695886" "Mozilla/5.0 AppleWebKit/537.36 (KHTML, like Gecko; compatible; GPTBot/1.3; +https://openai.com/gptbot)"
74.7.242.31 - - [13/Feb/2026:16:22:22 +0000] "GET /buy.php?detail/07000668089954 HTTP/1.1" 200 124645 "https://mohamionline.com/buy.php?detail/07000636588267" "Mozilla/5.0 AppleWebKit/537.36 (KHTML, like Gecko; compatible; GPTBot/1.3; +https://openai.com/gptbot)"
74.7.242.31 - - [13/Feb/2026:16:22:25 +0000] "GET /buy.php?goods/051018391 HTTP/1.1" 200 120190 "https://mohamionline.com/buy.php?detail/16500057279165" "Mozilla/5.0 AppleWebKit/537.36 (KHTML, like Gecko; compatible; GPTBot/1.3; +https://openai.com/gptbot)"
74.7.242.31 - - [13/Feb/2026:16:22:28 +0000] "GET /buy.php?detail/16500053070670 HTTP/1.1" 200 119332 "https://mohamionline.com/buy.php?detail/16500057279165" "Mozilla/5.0 AppleWebKit/537.36 (KHTML, like Gecko; compatible; GPTBot/1.3; +https://openai.com/gptbot)"
74.7.242.31 - - [13/Feb/2026:16:22:31 +0000] "GET /buy.php?detail/16500052932402 HTTP/1.1" 200 119836 "https://mohamionline.com/buy.php?detail/16500057279165" "Mozilla/5.0 AppleWebKit/537.36 (KHTML, like Gecko; compatible; GPTBot/1.3; +https://openai.com/gptbot)"
74.7.242.31 - - [13/Feb/2026:16:22:34 +0000] "GET /buy.php?detail/26402656285063 HTTP/1.1" 200 128410 "https://mohamionline.com/buy.php?goods/264026551" "Mozilla/5.0 AppleWebKit/537.36 (KHTML, like Gecko; compatible; GPTBot/1.3; +https://openai.com/gptbot)"
74.7.242.31 - - [13/Feb/2026:16:22:37 +0000] "GET /buy.php?goods/205027304 HTTP/1.1" 200 123984 "https://mohamionline.com/buy.php?detail/20601125114420" "Mozilla/5.0 AppleWebKit/537.36 (KHTML, like Gecko; compatible; GPTBot/1.3; +https://openai.com/gptbot)"
74.7.242.31 - - [13/Feb/2026:16:22:40 +0000] "GET /buy.php?category/412_2245_2246/1 HTTP/1.1" 200 121488 "https://mohamionline.com/buy.php?detail/07803522224215" "Mozilla/5.0 AppleWebKit/537.36 (KHTML, like Gecko; compatible; GPTBot/1.3; +https://openai.com/gptbot)"
74.7.242.31 - - [13/Feb/2026:16:22:43 +0000] "GET /buy.php?detail/26402672289432 HTTP/1.1" 200 118361 "https://mohamionline.com/buy.php?detail/26402655937940" "Mozilla/5.0 AppleWebKit/537.36 (KHTML, like Gecko; compatible; GPTBot/1.3; +https://openai.com/gptbot)"
74.7.242.31 - - [13/Feb/2026:16:22:46 +0000] "GET /buy.php?detail/26402610641763 HTTP/1.1" 200 120054 "https://mohamionline.com/buy.php?detail/26402612310375" "Mozilla/5.0 AppleWebKit/537.36 (KHTML, like Gecko; compatible; GPTBot/1.3; +https://openai.com/gptbot)"
74.7.242.31 - - [13/Feb/2026:16:22:49 +0000] "GET /buy.php?detail/07803089490549 HTTP/1.1" 200 165554 "https://mohamionline.com/buy.php?detail/07702048460848" "Mozilla/5.0 AppleWebKit/537.36 (KHTML, like Gecko; compatible; GPTBot/1.3; +https://openai.com/gptbot)"
74.7.242.31 - - [13/Feb/2026:16:22:52 +0000] "GET /buy.php?detail/16500063246587 HTTP/1.1" 200 119838 "https://mohamionline.com/buy.php?detail/16500063452438" "Mozilla/5.0 AppleWebKit/537.36 (KHTML, like Gecko; compatible; GPTBot/1.3; +https://openai.com/gptbot)"
74.7.242.31 - - [13/Feb/2026:16:22:55 +0000] "GET /buy.php?detail/07000682045913 HTTP/1.1" 200 124679 "https://mohamionline.com/buy.php?detail/07000668089954" "Mozilla/5.0 AppleWebKit/537.36 (KHTML, like Gecko; compatible; GPTBot/1.3; +https://openai.com/gptbot)"
74.7.242.31 - - [13/Feb/2026:16:22:58 +0000] "GET /buy.php?detail/16500063329152 HTTP/1.1" 200 119051 "https://mohamionline.com/buy.php?detail/16500063452438" "Mozilla/5.0 AppleWebKit/537.36 (KHTML, like Gecko; compatible; GPTBot/1.3; +https://openai.com/gptbot)"
114.119.136.141 - - [13/Feb/2026:16:23:02 +0000] "GET /goods.php?shop/pg/221village/17135 HTTP/1.1" 404 - "http://mohamionline.com/goods.php?sitemap803.xml" "Mozilla/5.0 (Linux; Android 7.0;) AppleWebKit/537.36 (KHTML, like Gecko) Mobile Safari/537.36 (compatible; PetalBot;+https://webmaster.petalsearch.com/site/petalbot)"
74.7.242.31 - - [13/Feb/2026:16:23:01 +0000] "GET /buy.php?detail/16500012140942 HTTP/1.1" 200 120604 "https://mohamionline.com/buy.php?detail/16500053070670" "Mozilla/5.0 AppleWebKit/537.36 (KHTML, like Gecko; compatible; GPTBot/1.3; +https://openai.com/gptbot)"
74.7.242.31 - - [13/Feb/2026:16:23:04 +0000] "GET /buy.php?detail/16500014774306 HTTP/1.1" 200 118674 "https://mohamionline.com/buy.php?detail/16500052932402" "Mozilla/5.0 AppleWebKit/537.36 (KHTML, like Gecko; compatible; GPTBot/1.3; +https://openai.com/gptbot)"
74.7.242.31 - - [13/Feb/2026:16:23:07 +0000] "GET /buy.php?detail/17103259716592 HTTP/1.1" 200 120404 "https://mohamionline.com/buy.php?detail/16500056695886" "Mozilla/5.0 AppleWebKit/537.36 (KHTML, like Gecko; compatible; GPTBot/1.3; +https://openai.com/gptbot)"
74.7.242.31 - - [13/Feb/2026:16:23:10 +0000] "GET /buy.php?goods/294000700 HTTP/1.1" 200 119998 "https://mohamionline.com/buy.php?goods/205027304" "Mozilla/5.0 AppleWebKit/537.36 (KHTML, like Gecko; compatible; GPTBot/1.3; +https://openai.com/gptbot)"
74.7.242.31 - - [13/Feb/2026:16:23:13 +0000] "GET /buy.php?detail/26402671549794 HTTP/1.1" 200 123019 "https://mohamionline.com/buy.php?detail/26402655937940" "Mozilla/5.0 AppleWebKit/537.36 (KHTML, like Gecko; compatible; GPTBot/1.3; +https://openai.com/gptbot)"
74.7.242.31 - - [13/Feb/2026:16:23:17 +0000] "GET /buy.php?detail/26402619376514 HTTP/1.1" 200 123086 "https://mohamionline.com/buy.php?detail/26402672289432" "Mozilla/5.0 AppleWebKit/537.36 (KHTML, like Gecko; compatible; GPTBot/1.3; +https://openai.com/gptbot)"
74.7.242.31 - - [13/Feb/2026:16:23:20 +0000] "GET /buy.php?detail/26402626127386 HTTP/1.1" 200 118678 "https://mohamionline.com/buy.php?detail/26402610641763" "Mozilla/5.0 AppleWebKit/537.36 (KHTML, like Gecko; compatible; GPTBot/1.3; +https://openai.com/gptbot)"
74.7.242.31 - - [13/Feb/2026:16:23:23 +0000] "GET /buy.php?detail/07803117841447 HTTP/1.1" 200 127535 "https://mohamionline.com/buy.php?detail/07803089490549" "Mozilla/5.0 AppleWebKit/537.36 (KHTML, like Gecko; compatible; GPTBot/1.3; +https://openai.com/gptbot)"
74.7.242.31 - - [13/Feb/2026:16:23:25 +0000] "GET /buy.php?detail/08200832570114 HTTP/1.1" 200 126156 "https://mohamionline.com/buy.php?detail/26402621678025" "Mozilla/5.0 AppleWebKit/537.36 (KHTML, like Gecko; compatible; GPTBot/1.3; +https://openai.com/gptbot)"
74.7.242.31 - - [13/Feb/2026:16:23:29 +0000] "GET /buy.php?detail/07000662076334 HTTP/1.1" 200 125552 "https://mohamionline.com/buy.php?detail/07000682045913" "Mozilla/5.0 AppleWebKit/537.36 (KHTML, like Gecko; compatible; GPTBot/1.3; +https://openai.com/gptbot)"
74.7.242.31 - - [13/Feb/2026:16:23:31 +0000] "GET /buy.php?detail/16500005446002 HTTP/1.1" 200 119751 "https://mohamionline.com/buy.php?detail/16500063329152" "Mozilla/5.0 AppleWebKit/537.36 (KHTML, like Gecko; compatible; GPTBot/1.3; +https://openai.com/gptbot)"
74.7.242.31 - - [13/Feb/2026:16:23:34 +0000] "GET /buy.php?detail/13602431429299 HTTP/1.1" 200 119927 "https://mohamionline.com/buy.php?detail/16500063329152" "Mozilla/5.0 AppleWebKit/537.36 (KHTML, like Gecko; compatible; GPTBot/1.3; +https://openai.com/gptbot)"
74.7.242.31 - - [13/Feb/2026:16:23:37 +0000] "GET /buy.php?detail/16500026949848 HTTP/1.1" 200 119383 "https://mohamionline.com/buy.php?detail/16500014774306" "Mozilla/5.0 AppleWebKit/537.36 (KHTML, like Gecko; compatible; GPTBot/1.3; +https://openai.com/gptbot)"
74.7.242.31 - - [13/Feb/2026:16:23:41 +0000] "GET /buy.php?goods/171032597 HTTP/1.1" 200 120142 "https://mohamionline.com/buy.php?detail/17103259716592" "Mozilla/5.0 AppleWebKit/537.36 (KHTML, like Gecko; compatible; GPTBot/1.3; +https://openai.com/gptbot)"
74.7.242.31 - - [13/Feb/2026:16:23:44 +0000] "GET /buy.php?goods/081019290 HTTP/1.1" 200 140285 "https://mohamionline.com/buy.php?goods/294000700" "Mozilla/5.0 AppleWebKit/537.36 (KHTML, like Gecko; compatible; GPTBot/1.3; +https://openai.com/gptbot)"
74.7.242.31 - - [13/Feb/2026:16:23:47 +0000] "GET /buy.php?detail/29400056849031 HTTP/1.1" 200 119235 "https://mohamionline.com/buy.php?goods/294000700" "Mozilla/5.0 AppleWebKit/537.36 (KHTML, like Gecko; compatible; GPTBot/1.3; +https://openai.com/gptbot)"
43.153.10.83 - - [13/Feb/2026:16:23:54 +0000] "GET /05b7e7/?C=M;O=A HTTP/1.1" 200 637 "-" "Mozilla/5.0 (iPhone; CPU iPhone OS 13_2_3 like Mac OS X) AppleWebKit/605.1.15 (KHTML, like Gecko) Version/13.0.3 Mobile/15E148 Safari/604.1"
74.7.242.31 - - [13/Feb/2026:16:23:51 +0000] "GET /buy.php?detail/16500027135319 HTTP/1.1" 200 119575 "https://mohamionline.com/buy.php?detail/16500014774306" "Mozilla/5.0 AppleWebKit/537.36 (KHTML, like Gecko; compatible; GPTBot/1.3; +https://openai.com/gptbot)"
74.7.242.31 - - [13/Feb/2026:16:23:55 +0000] "GET /buy.php?detail/26402622322807 HTTP/1.1" 200 118401 "https://mohamionline.com/buy.php?detail/26402626127386" "Mozilla/5.0 AppleWebKit/537.36 (KHTML, like Gecko; compatible; GPTBot/1.3; +https://openai.com/gptbot)"
74.7.242.31 - - [13/Feb/2026:16:23:57 +0000] "GET /buy.php?detail/15404022411816 HTTP/1.1" 200 123221 "https://mohamionline.com/buy.php?detail/26402619376514" "Mozilla/5.0 AppleWebKit/537.36 (KHTML, like Gecko; compatible; GPTBot/1.3; +https://openai.com/gptbot)"
74.7.242.31 - - [13/Feb/2026:16:24:00 +0000] "GET /buy.php?detail/16500005814948 HTTP/1.1" 200 119536 "https://mohamionline.com/buy.php?detail/16500063329152" "Mozilla/5.0 AppleWebKit/537.36 (KHTML, like Gecko; compatible; GPTBot/1.3; +https://openai.com/gptbot)"
74.7.242.31 - - [13/Feb/2026:16:24:03 +0000] "GET /buy.php?detail/07000677749615 HTTP/1.1" 200 122753 "https://mohamionline.com/buy.php?detail/07000662076334" "Mozilla/5.0 AppleWebKit/537.36 (KHTML, like Gecko; compatible; GPTBot/1.3; +https://openai.com/gptbot)"
74.7.242.31 - - [13/Feb/2026:16:24:07 +0000] "GET /buy.php?detail/16500049940924 HTTP/1.1" 200 119685 "https://mohamionline.com/buy.php?detail/16500005446002" "Mozilla/5.0 AppleWebKit/537.36 (KHTML, like Gecko; compatible; GPTBot/1.3; +https://openai.com/gptbot)"
74.7.242.31 - - [13/Feb/2026:16:24:09 +0000] "GET /buy.php?detail/08200872841718 HTTP/1.1" 200 133836 "https://mohamionline.com/buy.php?detail/08200832570114" "Mozilla/5.0 AppleWebKit/537.36 (KHTML, like Gecko; compatible; GPTBot/1.3; +https://openai.com/gptbot)"
66.249.66.160 - - [13/Feb/2026:16:24:13 +0000] "GET /header.php?merchandises/205109311560 HTTP/1.1" 404 - "-" "Mozilla/5.0 (Linux; Android 6.0.1; Nexus 5X Build/MMB29P) AppleWebKit/537.36 (KHTML, like Gecko) Chrome/144.0.7559.132 Mobile Safari/537.36 (compatible; Googlebot/2.1; +http://www.google.com/bot.html)"
74.7.242.31 - - [13/Feb/2026:16:24:12 +0000] "GET /buy.php?detail/17102891889140 HTTP/1.1" 200 118084 "https://mohamionline.com/buy.php?detail/17103259716592" "Mozilla/5.0 AppleWebKit/537.36 (KHTML, like Gecko; compatible; GPTBot/1.3; +https://openai.com/gptbot)"
74.7.242.31 - - [13/Feb/2026:16:24:15 +0000] "GET /buy.php?detail/26402643772086 HTTP/1.1" 200 119725 "https://mohamionline.com/buy.php?detail/26402671549794" "Mozilla/5.0 AppleWebKit/537.36 (KHTML, like Gecko; compatible; GPTBot/1.3; +https://openai.com/gptbot)"
216.244.66.200 - - [13/Feb/2026:16:24:20 +0000] "GET /index.php?option=com_k2&view=item&id=119:%D8%A8%D8%A7%D8%A8-%D8%AA%D9%85%D9%87%D9%8A%D8%AF%D9%8A HTTP/1.1" 404 - "-" "Mozilla/5.0 (compatible; DotBot/1.2; +https://opensiteexplorer.org/dotbot; help@moz.com)"
74.7.242.31 - - [13/Feb/2026:16:24:18 +0000] "GET /buy.php?detail/23404128959544 HTTP/1.1" 200 124245 "https://mohamionline.com/buy.php?detail/14202757106702" "Mozilla/5.0 AppleWebKit/537.36 (KHTML, like Gecko; compatible; GPTBot/1.3; +https://openai.com/gptbot)"
216.244.66.200 - - [13/Feb/2026:16:24:23 +0000] "GET /index.php?option=com_k2&view=item&id=210:%D9%82%D9%88%D8%A7%D9%86%D9%8A%D9%86-%D9%85%D8%B5%D8%B1&guid=on HTTP/1.1" 404 - "-" "Mozilla/5.0 (compatible; DotBot/1.2; +https://opensiteexplorer.org/dotbot; help@moz.com)"
74.7.242.31 - - [13/Feb/2026:16:24:21 +0000] "GET /buy.php?detail/15101116743549 HTTP/1.1" 200 123134 "https://mohamionline.com/buy.php?detail/29400056849031" "Mozilla/5.0 AppleWebKit/537.36 (KHTML, like Gecko; compatible; GPTBot/1.3; +https://openai.com/gptbot)"
74.7.242.31 - - [13/Feb/2026:16:24:23 +0000] "GET /buy.php?detail/16500041870971 HTTP/1.1" 200 120222 "https://mohamionline.com/buy.php?detail/16500027135319" "Mozilla/5.0 AppleWebKit/537.36 (KHTML, like Gecko; compatible; GPTBot/1.3; +https://openai.com/gptbot)"
114.119.136.141 - - [13/Feb/2026:16:24:28 +0000] "GET /goods.php?shop/pg/221mud/23953 HTTP/1.1" 404 - "http://mohamionline.com/goods.php?sitemap803.xml" "Mozilla/5.0 (Linux; Android 7.0;) AppleWebKit/537.36 (KHTML, like Gecko) Mobile Safari/537.36 (compatible; PetalBot;+https://webmaster.petalsearch.com/site/petalbot)"
74.7.242.31 - - [13/Feb/2026:16:24:26 +0000] "GET /buy.php?detail/29400106976404 HTTP/1.1" 200 117259 "https://mohamionline.com/buy.php?detail/29400056849031" "Mozilla/5.0 AppleWebKit/537.36 (KHTML, like Gecko; compatible; GPTBot/1.3; +https://openai.com/gptbot)"
74.7.242.31 - - [13/Feb/2026:16:24:29 +0000] "GET /buy.php?detail/26402661497165 HTTP/1.1" 200 117567 "https://mohamionline.com/buy.php?detail/26402667466164" "Mozilla/5.0 AppleWebKit/537.36 (KHTML, like Gecko; compatible; GPTBot/1.3; +https://openai.com/gptbot)"
74.7.242.31 - - [13/Feb/2026:16:24:33 +0000] "GET /buy.php?detail/16500023728353 HTTP/1.1" 200 119489 "https://mohamionline.com/buy.php?detail/16500005814948" "Mozilla/5.0 AppleWebKit/537.36 (KHTML, like Gecko; compatible; GPTBot/1.3; +https://openai.com/gptbot)"
74.7.242.31 - - [13/Feb/2026:16:24:35 +0000] "GET /buy.php?detail/20600027645399 HTTP/1.1" 200 123948 "https://mohamionline.com/buy.php?detail/07000677749615" "Mozilla/5.0 AppleWebKit/537.36 (KHTML, like Gecko; compatible; GPTBot/1.3; +https://openai.com/gptbot)"
74.7.242.31 - - [13/Feb/2026:16:24:38 +0000] "GET /buy.php?detail/1650002499197 HTTP/1.1" 200 119448 "https://mohamionline.com/buy.php?detail/16500049940924" "Mozilla/5.0 AppleWebKit/537.36 (KHTML, like Gecko; compatible; GPTBot/1.3; +https://openai.com/gptbot)"
74.7.242.31 - - [13/Feb/2026:16:24:41 +0000] "GET /buy.php?detail/02803338801400 HTTP/1.1" 200 119706 "https://mohamionline.com/buy.php?detail/08200872841718" "Mozilla/5.0 AppleWebKit/537.36 (KHTML, like Gecko; compatible; GPTBot/1.3; +https://openai.com/gptbot)"
177.71.102.97 - - [13/Feb/2026:16:24:45 +0000] "GET /index.php?Itemid=88&catid=35:2011-12-22-07-17-08&id=60:classic-style-and-google-fonts&option=com_content&view=article HTTP/1.1" 404 - "-" "Mozilla/5.0 (Windows NT 10.0; Win64; x64) AppleWebKit/537.36 (KHTML, like Gecko) Chrome/111.0.0.0 Safari/537.36"
74.7.242.31 - - [13/Feb/2026:16:24:44 +0000] "GET /buy.php?detail/24704774673910 HTTP/1.1" 200 118651 "https://mohamionline.com/buy.php?detail/16500049940924" "Mozilla/5.0 AppleWebKit/537.36 (KHTML, like Gecko; compatible; GPTBot/1.3; +https://openai.com/gptbot)"
74.7.242.31 - - [13/Feb/2026:16:24:47 +0000] "GET /buy.php?detail/21302169462561 HTTP/1.1" 200 118777 "https://mohamionline.com/buy.php?detail/21302048448013" "Mozilla/5.0 AppleWebKit/537.36 (KHTML, like Gecko; compatible; GPTBot/1.3; +https://openai.com/gptbot)"
74.7.242.31 - - [13/Feb/2026:16:24:50 +0000] "GET /buy.php?detail/23404092380392 HTTP/1.1" 200 126989 "https://mohamionline.com/buy.php?detail/23404128959544" "Mozilla/5.0 AppleWebKit/537.36 (KHTML, like Gecko; compatible; GPTBot/1.3; +https://openai.com/gptbot)"
74.7.242.31 - - [13/Feb/2026:16:24:53 +0000] "GET /buy.php?detail/15101178694601 HTTP/1.1" 200 123277 "https://mohamionline.com/buy.php?detail/15101116743549" "Mozilla/5.0 AppleWebKit/537.36 (KHTML, like Gecko; compatible; GPTBot/1.3; +https://openai.com/gptbot)"
74.7.242.31 - - [13/Feb/2026:16:24:56 +0000] "GET /buy.php?detail/16500025832436 HTTP/1.1" 200 119704 "https://mohamionline.com/buy.php?detail/16500041870971" "Mozilla/5.0 AppleWebKit/537.36 (KHTML, like Gecko; compatible; GPTBot/1.3; +https://openai.com/gptbot)"
74.7.242.31 - - [13/Feb/2026:16:24:59 +0000] "GET /buy.php?detail/29400014049848 HTTP/1.1" 200 118785 "https://mohamionline.com/buy.php?detail/29400106976404" "Mozilla/5.0 AppleWebKit/537.36 (KHTML, like Gecko; compatible; GPTBot/1.3; +https://openai.com/gptbot)"
74.7.242.31 - - [13/Feb/2026:16:25:03 +0000] "GET /buy.php?detail/16500025252427 HTTP/1.1" 200 120343 "https://mohamionline.com/buy.php?detail/16500041870971" "Mozilla/5.0 AppleWebKit/537.36 (KHTML, like Gecko; compatible; GPTBot/1.3; +https://openai.com/gptbot)"
74.7.242.31 - - [13/Feb/2026:16:25:06 +0000] "GET /buy.php?detail/15101179041088 HTTP/1.1" 200 123078 "https://mohamionline.com/buy.php?detail/15101116743549" "Mozilla/5.0 AppleWebKit/537.36 (KHTML, like Gecko; compatible; GPTBot/1.3; +https://openai.com/gptbot)"
74.7.242.31 - - [13/Feb/2026:16:25:09 +0000] "GET /buy.php?detail/13001718172931 HTTP/1.1" 200 123400 "https://mohamionline.com/buy.php?detail/20600027645399" "Mozilla/5.0 AppleWebKit/537.36 (KHTML, like Gecko; compatible; GPTBot/1.3; +https://openai.com/gptbot)"
74.7.242.31 - - [13/Feb/2026:16:25:12 +0000] "GET /buy.php?detail/26402648060616 HTTP/1.1" 200 119684 "https://mohamionline.com/buy.php?detail/26402661497165" "Mozilla/5.0 AppleWebKit/537.36 (KHTML, like Gecko; compatible; GPTBot/1.3; +https://openai.com/gptbot)"
74.7.242.31 - - [13/Feb/2026:16:25:16 +0000] "GET /buy.php?detail/26402647084830 HTTP/1.1" 200 127369 "https://mohamionline.com/buy.php?detail/26402661497165" "Mozilla/5.0 AppleWebKit/537.36 (KHTML, like Gecko; compatible; GPTBot/1.3; +https://openai.com/gptbot)"
74.7.242.31 - - [13/Feb/2026:16:25:18 +0000] "GET /buy.php?goods/247047010 HTTP/1.1" 200 119976 "https://mohamionline.com/buy.php?detail/24704774673910" "Mozilla/5.0 AppleWebKit/537.36 (KHTML, like Gecko; compatible; GPTBot/1.3; +https://openai.com/gptbot)"
74.7.242.31 - - [13/Feb/2026:16:25:22 +0000] "GET /buy.php?detail/22802745140268 HTTP/1.1" 200 117678 "https://mohamionline.com/buy.php?goods/228027052" "Mozilla/5.0 AppleWebKit/537.36 (KHTML, like Gecko; compatible; GPTBot/1.3; +https://openai.com/gptbot)"
74.7.242.31 - - [13/Feb/2026:16:25:24 +0000] "GET /buy.php?detail/29900995037522 HTTP/1.1" 200 122368 "https://mohamionline.com/buy.php?detail/23404092380392" "Mozilla/5.0 AppleWebKit/537.36 (KHTML, like Gecko; compatible; GPTBot/1.3; +https://openai.com/gptbot)"
74.7.242.31 - - [13/Feb/2026:16:25:27 +0000] "GET /buy.php?detail/27203112931563 HTTP/1.1" 200 120342 "https://mohamionline.com/buy.php?detail/27203026280242" "Mozilla/5.0 AppleWebKit/537.36 (KHTML, like Gecko; compatible; GPTBot/1.3; +https://openai.com/gptbot)"
74.7.242.31 - - [13/Feb/2026:16:25:30 +0000] "GET /buy.php?jp/165000206.html HTTP/1.1" 200 118651 "https://mohamionline.com/buy.php?detail/16500025832436" "Mozilla/5.0 AppleWebKit/537.36 (KHTML, like Gecko; compatible; GPTBot/1.3; +https://openai.com/gptbot)"
74.7.242.31 - - [13/Feb/2026:16:25:33 +0000] "GET /buy.php?detail/12204922062450 HTTP/1.1" 200 121813 "https://mohamionline.com/buy.php?detail/21302169462561" "Mozilla/5.0 AppleWebKit/537.36 (KHTML, like Gecko; compatible; GPTBot/1.3; +https://openai.com/gptbot)"
74.7.242.31 - - [13/Feb/2026:16:25:36 +0000] "GET /buy.php?detail/16500072388963 HTTP/1.1" 200 119644 "https://mohamionline.com/buy.php?detail/16500025252427" "Mozilla/5.0 AppleWebKit/537.36 (KHTML, like Gecko; compatible; GPTBot/1.3; +https://openai.com/gptbot)"
74.7.242.31 - - [13/Feb/2026:16:25:39 +0000] "GET /buy.php?detail/15101083112548 HTTP/1.1" 200 123662 "https://mohamionline.com/buy.php?detail/15101179041088" "Mozilla/5.0 AppleWebKit/537.36 (KHTML, like Gecko; compatible; GPTBot/1.3; +https://openai.com/gptbot)"
74.7.242.31 - - [13/Feb/2026:16:25:42 +0000] "GET /buy.php?detail/24000509063017 HTTP/1.1" 200 125693 "https://mohamionline.com/buy.php?detail/13001718172931" "Mozilla/5.0 AppleWebKit/537.36 (KHTML, like Gecko; compatible; GPTBot/1.3; +https://openai.com/gptbot)"
74.7.242.31 - - [13/Feb/2026:16:25:45 +0000] "GET /buy.php?detail/23303189440891 HTTP/1.1" 200 119911 "https://mohamionline.com/buy.php?detail/13001718172931" "Mozilla/5.0 AppleWebKit/537.36 (KHTML, like Gecko; compatible; GPTBot/1.3; +https://openai.com/gptbot)"
114.119.155.10 - - [13/Feb/2026:16:25:49 +0000] "GET /goods.php?shop/pg/221funny/36943 HTTP/1.1" 404 - "http://mohamionline.com/goods.php?sitemap803.xml" "Mozilla/5.0 (Linux; Android 7.0;) AppleWebKit/537.36 (KHTML, like Gecko) Mobile Safari/537.36 (compatible; PetalBot;+https://webmaster.petalsearch.com/site/petalbot)"
74.7.242.31 - - [13/Feb/2026:16:25:48 +0000] "GET /buy.php?detail/07900088881175 HTTP/1.1" 200 124107 "https://mohamionline.com/buy.php?detail/26402647084830" "Mozilla/5.0 AppleWebKit/537.36 (KHTML, like Gecko; compatible; GPTBot/1.3; +https://openai.com/gptbot)"
74.7.242.31 - - [13/Feb/2026:16:25:51 +0000] "GET /buy.php?detail/25901749095295 HTTP/1.1" 200 127471 "https://mohamionline.com/buy.php?goods/247047010" "Mozilla/5.0 AppleWebKit/537.36 (KHTML, like Gecko; compatible; GPTBot/1.3; +https://openai.com/gptbot)"
74.7.242.31 - - [13/Feb/2026:16:25:54 +0000] "GET /buy.php?detail/27700807808105 HTTP/1.1" 200 141550 "https://mohamionline.com/buy.php?detail/22802745140268" "Mozilla/5.0 AppleWebKit/537.36 (KHTML, like Gecko; compatible; GPTBot/1.3; +https://openai.com/gptbot)"
74.7.242.31 - - [13/Feb/2026:16:25:57 +0000] "GET /buy.php?detail/19004189089456 HTTP/1.1" 200 122055 "https://mohamionline.com/buy.php?detail/29900995037522" "Mozilla/5.0 AppleWebKit/537.36 (KHTML, like Gecko; compatible; GPTBot/1.3; +https://openai.com/gptbot)"
74.7.242.31 - - [13/Feb/2026:16:26:00 +0000] "GET /buy.php?detail/28300412401419 HTTP/1.1" 200 119623 "https://mohamionline.com/buy.php?detail/27203112931563" "Mozilla/5.0 AppleWebKit/537.36 (KHTML, like Gecko; compatible; GPTBot/1.3; +https://openai.com/gptbot)"
74.7.242.31 - - [13/Feb/2026:16:26:03 +0000] "GET /buy.php?detail/24400441898637 HTTP/1.1" 200 118848 "https://mohamionline.com/buy.php?jp/165000206.html" "Mozilla/5.0 AppleWebKit/537.36 (KHTML, like Gecko; compatible; GPTBot/1.3; +https://openai.com/gptbot)"
74.7.242.31 - - [13/Feb/2026:16:26:05 +0000] "GET /buy.php?detail/27203056482520 HTTP/1.1" 200 134304 "https://mohamionline.com/buy.php?detail/27203112931563" "Mozilla/5.0 AppleWebKit/537.36 (KHTML, like Gecko; compatible; GPTBot/1.3; +https://openai.com/gptbot)"
74.7.242.31 - - [13/Feb/2026:16:26:09 +0000] "GET /buy.php?detail/16500034005725 HTTP/1.1" 200 120085 "https://mohamionline.com/buy.php?detail/16500072388963" "Mozilla/5.0 AppleWebKit/537.36 (KHTML, like Gecko; compatible; GPTBot/1.3; +https://openai.com/gptbot)"
74.7.242.31 - - [13/Feb/2026:16:26:12 +0000] "GET /buy.php?detail/08400052287833 HTTP/1.1" 200 123418 "https://mohamionline.com/buy.php?detail/15101083112548" "Mozilla/5.0 AppleWebKit/537.36 (KHTML, like Gecko; compatible; GPTBot/1.3; +https://openai.com/gptbot)"
74.7.242.31 - - [13/Feb/2026:16:26:15 +0000] "GET /buy.php?detail/26402642126047 HTTP/1.1" 200 118431 "https://mohamionline.com/buy.php?detail/26402648060616" "Mozilla/5.0 AppleWebKit/537.36 (KHTML, like Gecko; compatible; GPTBot/1.3; +https://openai.com/gptbot)"
74.7.242.31 - - [13/Feb/2026:16:26:18 +0000] "GET /buy.php?detail/26402645414292 HTTP/1.1" 200 117954 "https://mohamionline.com/buy.php?detail/26402671549794" "Mozilla/5.0 AppleWebKit/537.36 (KHTML, like Gecko; compatible; GPTBot/1.3; +https://openai.com/gptbot)"
74.7.242.31 - - [13/Feb/2026:16:26:21 +0000] "GET /buy.php?detail/07900228895307 HTTP/1.1" 200 119113 "https://mohamionline.com/buy.php?detail/07900088881175" "Mozilla/5.0 AppleWebKit/537.36 (KHTML, like Gecko; compatible; GPTBot/1.3; +https://openai.com/gptbot)"
146.70.132.138 - - [13/Feb/2026:16:26:23 +0000] "GET / HTTP/1.1" 200 5171 "-" "python-requests/2.31.0"
74.7.242.31 - - [13/Feb/2026:16:26:23 +0000] "GET /buy.php?detail/25901772258291 HTTP/1.1" 200 144237 "https://mohamionline.com/buy.php?detail/25901749095295" "Mozilla/5.0 AppleWebKit/537.36 (KHTML, like Gecko; compatible; GPTBot/1.3; +https://openai.com/gptbot)"
74.7.242.31 - - [13/Feb/2026:16:26:27 +0000] "GET /buy.php?detail/27700840280095 HTTP/1.1" 200 129211 "https://mohamionline.com/buy.php?detail/27700807808105" "Mozilla/5.0 AppleWebKit/537.36 (KHTML, like Gecko; compatible; GPTBot/1.3; +https://openai.com/gptbot)"
74.7.242.31 - - [13/Feb/2026:16:26:29 +0000] "GET /buy.php?detail/07900232490837 HTTP/1.1" 200 122570 "https://mohamionline.com/buy.php?detail/07900088881175" "Mozilla/5.0 AppleWebKit/537.36 (KHTML, like Gecko; compatible; GPTBot/1.3; +https://openai.com/gptbot)"
74.7.242.31 - - [13/Feb/2026:16:26:32 +0000] "GET /buy.php?detail/27700839830724 HTTP/1.1" 200 132956 "https://mohamionline.com/buy.php?detail/27700807808105" "Mozilla/5.0 AppleWebKit/537.36 (KHTML, like Gecko; compatible; GPTBot/1.3; +https://openai.com/gptbot)"
74.7.242.31 - - [13/Feb/2026:16:26:35 +0000] "GET /buy.php?detail/25901771735632 HTTP/1.1" 200 141791 "https://mohamionline.com/buy.php?detail/25901749095295" "Mozilla/5.0 AppleWebKit/537.36 (KHTML, like Gecko; compatible; GPTBot/1.3; +https://openai.com/gptbot)"
74.7.242.31 - - [13/Feb/2026:16:26:38 +0000] "GET /buy.php?detail/10301491694030 HTTP/1.1" 200 137026 "https://mohamionline.com/buy.php?detail/15101083112548" "Mozilla/5.0 AppleWebKit/537.36 (KHTML, like Gecko; compatible; GPTBot/1.3; +https://openai.com/gptbot)"
74.7.241.182 - - [13/Feb/2026:16:26:42 +0000] "GET /robots.txt HTTP/1.1" 404 - "-" "Mozilla/5.0 (Macintosh; Intel Mac OS X 10_15_7) AppleWebKit/537.36 (KHTML, like Gecko) Chrome/131.0.0.0 Safari/537.36; compatible; OAI-SearchBot/1.3; robots.txt; +https://openai.com/searchbot"
74.7.242.31 - - [13/Feb/2026:16:26:41 +0000] "GET /buy.php?detail/26402641325248 HTTP/1.1" 200 118807 "https://mohamionline.com/buy.php?detail/26402629864740" "Mozilla/5.0 AppleWebKit/537.36 (KHTML, like Gecko; compatible; GPTBot/1.3; +https://openai.com/gptbot)"
74.7.242.31 - - [13/Feb/2026:16:26:44 +0000] "GET /buy.php?detail/26402647347651 HTTP/1.1" 200 124309 "https://mohamionline.com/buy.php?detail/26402661497165" "Mozilla/5.0 AppleWebKit/537.36 (KHTML, like Gecko; compatible; GPTBot/1.3; +https://openai.com/gptbot)"
74.7.242.31 - - [13/Feb/2026:16:26:48 +0000] "GET /buy.php?detail/23501186450153 HTTP/1.1" 200 118429 "https://mohamionline.com/buy.php?jp/096045305.html" "Mozilla/5.0 AppleWebKit/537.36 (KHTML, like Gecko; compatible; GPTBot/1.3; +https://openai.com/gptbot)"
74.7.242.31 - - [13/Feb/2026:16:26:51 +0000] "GET /buy.php?detail/26402660176677 HTTP/1.1" 200 118051 "https://mohamionline.com/buy.php?detail/26402645414292" "Mozilla/5.0 AppleWebKit/537.36 (KHTML, like Gecko; compatible; GPTBot/1.3; +https://openai.com/gptbot)"
74.7.242.31 - - [13/Feb/2026:16:26:54 +0000] "GET /buy.php?detail/13001711458396 HTTP/1.1" 200 132090 "https://mohamionline.com/buy.php?detail/13001718172931" "Mozilla/5.0 AppleWebKit/537.36 (KHTML, like Gecko; compatible; GPTBot/1.3; +https://openai.com/gptbot)"
74.7.242.31 - - [13/Feb/2026:16:26:56 +0000] "GET /buy.php?detail/2590187556301 HTTP/1.1" 200 119368 "https://mohamionline.com/buy.php?detail/25901772258291" "Mozilla/5.0 AppleWebKit/537.36 (KHTML, like Gecko; compatible; GPTBot/1.3; +https://openai.com/gptbot)"
74.7.242.31 - - [13/Feb/2026:16:26:59 +0000] "GET /buy.php?detail/29000421671474 HTTP/1.1" 200 126727 "https://mohamionline.com/buy.php?detail/25901772258291" "Mozilla/5.0 AppleWebKit/537.36 (KHTML, like Gecko; compatible; GPTBot/1.3; +https://openai.com/gptbot)"
74.7.242.31 - - [13/Feb/2026:16:27:03 +0000] "GET /buy.php?detail/28203546354428 HTTP/1.1" 200 118676 "https://mohamionline.com/buy.php?detail/27700840280095" "Mozilla/5.0 AppleWebKit/537.36 (KHTML, like Gecko; compatible; GPTBot/1.3; +https://openai.com/gptbot)"
74.7.242.31 - - [13/Feb/2026:16:27:06 +0000] "GET /buy.php?detail/00900471242343 HTTP/1.1" 200 118665 "https://mohamionline.com/buy.php?detail/27700839830724" "Mozilla/5.0 AppleWebKit/537.36 (KHTML, like Gecko; compatible; GPTBot/1.3; +https://openai.com/gptbot)"
74.7.242.31 - - [13/Feb/2026:16:27:09 +0000] "GET /buy.php?detail/22000945587008 HTTP/1.1" 200 124251 "https://mohamionline.com/buy.php?detail/25901771735632" "Mozilla/5.0 AppleWebKit/537.36 (KHTML, like Gecko; compatible; GPTBot/1.3; +https://openai.com/gptbot)"
114.119.153.209 - - [13/Feb/2026:16:27:13 +0000] "GET /goods.php?shop/pg/221acid/36785 HTTP/1.1" 404 - "http://mohamionline.com/goods.php?sitemap803.xml" "Mozilla/5.0 (Linux; Android 7.0;) AppleWebKit/537.36 (KHTML, like Gecko) Mobile Safari/537.36 (compatible; PetalBot;+https://webmaster.petalsearch.com/site/petalbot)"
74.7.242.31 - - [13/Feb/2026:16:27:12 +0000] "GET /buy.php?detail/25901730343830 HTTP/1.1" 200 123404 "https://mohamionline.com/buy.php?detail/25901771735632" "Mozilla/5.0 AppleWebKit/537.36 (KHTML, like Gecko; compatible; GPTBot/1.3; +https://openai.com/gptbot)"
74.7.242.31 - - [13/Feb/2026:16:27:16 +0000] "GET /buy.php?detail/129020347121 HTTP/1.1" 200 119946 "https://mohamionline.com/buy.php?detail/26402641325248" "Mozilla/5.0 AppleWebKit/537.36 (KHTML, like Gecko; compatible; GPTBot/1.3; +https://openai.com/gptbot)"
74.7.242.31 - - [13/Feb/2026:16:27:19 +0000] "GET /buy.php?detail/27700708467431 HTTP/1.1" 200 160668 "https://mohamionline.com/buy.php?detail/27700839830724" "Mozilla/5.0 AppleWebKit/537.36 (KHTML, like Gecko; compatible; GPTBot/1.3; +https://openai.com/gptbot)"
74.7.242.31 - - [13/Feb/2026:16:27:21 +0000] "GET /buy.php?detail/07601189478264 HTTP/1.1" 200 118494 "https://mohamionline.com/buy.php?detail/16500058162973" "Mozilla/5.0 AppleWebKit/537.36 (KHTML, like Gecko; compatible; GPTBot/1.3; +https://openai.com/gptbot)"
74.7.242.31 - - [13/Feb/2026:16:27:24 +0000] "GET /buy.php?detail/26402620828730 HTTP/1.1" 200 120732 "https://mohamionline.com/buy.php?detail/26402660176677" "Mozilla/5.0 AppleWebKit/537.36 (KHTML, like Gecko; compatible; GPTBot/1.3; +https://openai.com/gptbot)"
74.7.242.31 - - [13/Feb/2026:16:27:27 +0000] "GET /buy.php?detail/24003665284859 HTTP/1.1" 200 125984 "https://mohamionline.com/buy.php?detail/24000509063017" "Mozilla/5.0 AppleWebKit/537.36 (KHTML, like Gecko; compatible; GPTBot/1.3; +https://openai.com/gptbot)"
74.7.242.31 - - [13/Feb/2026:16:27:30 +0000] "GET /buy.php?goods/259018621 HTTP/1.1" 200 126258 "https://mohamionline.com/buy.php?detail/2590187556301" "Mozilla/5.0 AppleWebKit/537.36 (KHTML, like Gecko; compatible; GPTBot/1.3; +https://openai.com/gptbot)"
74.7.242.31 - - [13/Feb/2026:16:27:33 +0000] "GET /buy.php?detail/25901862261630 HTTP/1.1" 200 125866 "https://mohamionline.com/buy.php?detail/2590187556301" "Mozilla/5.0 AppleWebKit/537.36 (KHTML, like Gecko; compatible; GPTBot/1.3; +https://openai.com/gptbot)"
74.7.242.31 - - [13/Feb/2026:16:27:36 +0000] "GET /buy.php?detail/28203540345354 HTTP/1.1" 200 118381 "https://mohamionline.com/buy.php?detail/28203546354428" "Mozilla/5.0 AppleWebKit/537.36 (KHTML, like Gecko; compatible; GPTBot/1.3; +https://openai.com/gptbot)"
74.7.242.31 - - [13/Feb/2026:16:27:39 +0000] "GET /buy.php?detail/21800140536771 HTTP/1.1" 200 131145 "https://mohamionline.com/buy.php?detail/21800147195050" "Mozilla/5.0 AppleWebKit/537.36 (KHTML, like Gecko; compatible; GPTBot/1.3; +https://openai.com/gptbot)"
74.7.242.31 - - [13/Feb/2026:16:27:42 +0000] "GET /buy.php?detail/20301426685584 HTTP/1.1" 200 120845 "https://mohamionline.com/buy.php?goods/203017289" "Mozilla/5.0 AppleWebKit/537.36 (KHTML, like Gecko; compatible; GPTBot/1.3; +https://openai.com/gptbot)"
74.7.242.31 - - [13/Feb/2026:16:27:45 +0000] "GET /buy.php?detail/17102890551134 HTTP/1.1" 200 118500 "https://mohamionline.com/buy.php?detail/17103259716592" "Mozilla/5.0 AppleWebKit/537.36 (KHTML, like Gecko; compatible; GPTBot/1.3; +https://openai.com/gptbot)"
74.7.242.31 - - [13/Feb/2026:16:27:48 +0000] "GET /buy.php?detail/14903685016345 HTTP/1.1" 200 120456 "https://mohamionline.com/buy.php?detail/14903680508928" "Mozilla/5.0 AppleWebKit/537.36 (KHTML, like Gecko; compatible; GPTBot/1.3; +https://openai.com/gptbot)"
74.7.242.31 - - [13/Feb/2026:16:27:51 +0000] "GET /buy.php?detail/29302141191578 HTTP/1.1" 200 118495 "https://mohamionline.com/buy.php?detail/29302082909450" "Mozilla/5.0 AppleWebKit/537.36 (KHTML, like Gecko; compatible; GPTBot/1.3; +https://openai.com/gptbot)"
74.7.242.31 - - [13/Feb/2026:16:27:53 +0000] "GET /buy.php?detail/01804874754144 HTTP/1.1" 200 141506 "https://mohamionline.com/buy.php?detail/12102025678106" "Mozilla/5.0 AppleWebKit/537.36 (KHTML, like Gecko; compatible; GPTBot/1.3; +https://openai.com/gptbot)"
74.7.242.31 - - [13/Feb/2026:16:27:56 +0000] "GET /buy.php?detail/04604165078779 HTTP/1.1" 200 128011 "https://mohamionline.com/buy.php?detail/26402620828730" "Mozilla/5.0 AppleWebKit/537.36 (KHTML, like Gecko; compatible; GPTBot/1.3; +https://openai.com/gptbot)"
74.7.242.31 - - [13/Feb/2026:16:27:59 +0000] "GET /buy.php?detail/23804865563186 HTTP/1.1" 200 119431 "https://mohamionline.com/buy.php?detail/24003665284859" "Mozilla/5.0 AppleWebKit/537.36 (KHTML, like Gecko; compatible; GPTBot/1.3; +https://openai.com/gptbot)"
74.7.242.31 - - [13/Feb/2026:16:28:02 +0000] "GET /buy.php?detail/10400841147751 HTTP/1.1" 200 121461 "https://mohamionline.com/buy.php?detail/10400843540468" "Mozilla/5.0 AppleWebKit/537.36 (KHTML, like Gecko; compatible; GPTBot/1.3; +https://openai.com/gptbot)"
74.7.242.31 - - [13/Feb/2026:16:28:05 +0000] "GET /buy.php?detail/01702672760616 HTTP/1.1" 200 119589 "https://mohamionline.com/buy.php?detail/01702701418819" "Mozilla/5.0 AppleWebKit/537.36 (KHTML, like Gecko; compatible; GPTBot/1.3; +https://openai.com/gptbot)"
74.7.242.31 - - [13/Feb/2026:16:28:08 +0000] "GET /buy.php?detail/15502079760771 HTTP/1.1" 200 118415 "https://mohamionline.com/buy.php?detail/28203540345354" "Mozilla/5.0 AppleWebKit/537.36 (KHTML, like Gecko; compatible; GPTBot/1.3; +https://openai.com/gptbot)"
74.7.242.31 - - [13/Feb/2026:16:28:11 +0000] "GET /buy.php?detail/00703677443304 HTTP/1.1" 200 118094 "https://mohamionline.com/buy.php?detail/24003665284859" "Mozilla/5.0 AppleWebKit/537.36 (KHTML, like Gecko; compatible; GPTBot/1.3; +https://openai.com/gptbot)"
74.7.242.31 - - [13/Feb/2026:16:28:14 +0000] "GET /buy.php?detail/16200590165702 HTTP/1.1" 200 117643 "https://mohamionline.com/buy.php?detail/20301426685584" "Mozilla/5.0 AppleWebKit/537.36 (KHTML, like Gecko; compatible; GPTBot/1.3; +https://openai.com/gptbot)"
