74.7.242.31 - - [13/Feb/2026:17:03:06 +0000] "GET /buy.php?detail/12203890323386 HTTP/1.1" 200 124017 "https://mohamionline.com/buy.php?detail/29404467099996" "Mozilla/5.0 AppleWebKit/537.36 (KHTML, like Gecko; compatible; GPTBot/1.3; +https://openai.com/gptbot)"
69.30.223.218 - - [13/Feb/2026:17:03:11 +0000] "GET /wp-content/pla25a50/edit.php HTTP/1.1" 404 - "http://mohamionline.com/wp-content/pla25a50/edit.php" "Mozilla/5.0 (Windows NT 10.0; Win64; x64) AppleWebKit/537.36 (KHTML, like Gecko) Chrome/58.0.3029.110 Safari/537.3"
74.7.242.31 - - [13/Feb/2026:17:03:09 +0000] "GET /buy.php?detail/24201340360201 HTTP/1.1" 200 123555 "https://mohamionline.com/buy.php?detail/07100781081359" "Mozilla/5.0 AppleWebKit/537.36 (KHTML, like Gecko; compatible; GPTBot/1.3; +https://openai.com/gptbot)"
74.7.242.31 - - [13/Feb/2026:17:03:12 +0000] "GET /buy.php?detail/10000372279455 HTTP/1.1" 200 120260 "https://mohamionline.com/buy.php?detail/10000374734432" "Mozilla/5.0 AppleWebKit/537.36 (KHTML, like Gecko; compatible; GPTBot/1.3; +https://openai.com/gptbot)"
74.7.242.31 - - [13/Feb/2026:17:03:15 +0000] "GET /buy.php?detail/20000537314185 HTTP/1.1" 200 139819 "https://mohamionline.com/buy.php?detail/09504968343094" "Mozilla/5.0 AppleWebKit/537.36 (KHTML, like Gecko; compatible; GPTBot/1.3; +https://openai.com/gptbot)"
74.7.242.31 - - [13/Feb/2026:17:03:18 +0000] "GET /buy.php?detail/08000053751514 HTTP/1.1" 200 123278 "https://mohamionline.com/buy.php?detail/08000013554238" "Mozilla/5.0 AppleWebKit/537.36 (KHTML, like Gecko; compatible; GPTBot/1.3; +https://openai.com/gptbot)"
74.7.242.31 - - [13/Feb/2026:17:03:21 +0000] "GET /buy.php?detail/25000877160565 HTTP/1.1" 200 119712 "https://mohamionline.com/buy.php?detail/25000893112967" "Mozilla/5.0 AppleWebKit/537.36 (KHTML, like Gecko; compatible; GPTBot/1.3; +https://openai.com/gptbot)"
114.119.136.141 - - [13/Feb/2026:17:03:26 +0000] "GET /goods.php?shop/pg/217generous/85 HTTP/1.1" 404 - "http://mohamionline.com/goods.php?sitemap803.xml" "Mozilla/5.0 (Linux; Android 7.0;) AppleWebKit/537.36 (KHTML, like Gecko) Mobile Safari/537.36 (compatible; PetalBot;+https://webmaster.petalsearch.com/site/petalbot)"
74.7.242.31 - - [13/Feb/2026:17:03:24 +0000] "GET /buy.php?detail/25000877084764 HTTP/1.1" 200 119993 "https://mohamionline.com/buy.php?detail/25000893112967" "Mozilla/5.0 AppleWebKit/537.36 (KHTML, like Gecko; compatible; GPTBot/1.3; +https://openai.com/gptbot)"
74.7.242.31 - - [13/Feb/2026:17:03:27 +0000] "GET /buy.php?detail/25000876969405 HTTP/1.1" 200 120542 "https://mohamionline.com/buy.php?detail/25000893112967" "Mozilla/5.0 AppleWebKit/537.36 (KHTML, like Gecko; compatible; GPTBot/1.3; +https://openai.com/gptbot)"
74.7.242.31 - - [13/Feb/2026:17:03:33 +0000] "GET /buy.php?detail/07300392035497 HTTP/1.1" 200 120942 "https://mohamionline.com/buy.php?detail/07100748371855" "Mozilla/5.0 AppleWebKit/537.36 (KHTML, like Gecko; compatible; GPTBot/1.3; +https://openai.com/gptbot)"
74.7.242.31 - - [13/Feb/2026:17:03:37 +0000] "GET /buy.php?detail/16402949497820 HTTP/1.1" 200 119495 "https://mohamionline.com/buy.php?detail/16401507797933" "Mozilla/5.0 AppleWebKit/537.36 (KHTML, like Gecko; compatible; GPTBot/1.3; +https://openai.com/gptbot)"
74.7.242.31 - - [13/Feb/2026:17:03:40 +0000] "GET /buy.php?detail/14301551371579 HTTP/1.1" 200 145628 "https://mohamionline.com/buy.php?detail/143015726536" "Mozilla/5.0 AppleWebKit/537.36 (KHTML, like Gecko; compatible; GPTBot/1.3; +https://openai.com/gptbot)"
66.249.66.33 - - [13/Feb/2026:17:03:44 +0000] "GET /header.php?merchandises/321109360805 HTTP/1.1" 404 - "-" "Mozilla/5.0 (Linux; Android 6.0.1; Nexus 5X Build/MMB29P) AppleWebKit/537.36 (KHTML, like Gecko) Chrome/144.0.7559.132 Mobile Safari/537.36 (compatible; Googlebot/2.1; +http://www.google.com/bot.html)"
74.7.242.31 - - [13/Feb/2026:17:03:43 +0000] "GET /buy.php?jp/123030633.html HTTP/1.1" 200 117936 "https://mohamionline.com/buy.php?detail/12303078132037" "Mozilla/5.0 AppleWebKit/537.36 (KHTML, like Gecko; compatible; GPTBot/1.3; +https://openai.com/gptbot)"
74.7.242.31 - - [13/Feb/2026:17:03:47 +0000] "GET /buy.php?detail/24201333055189 HTTP/1.1" 200 121264 "https://mohamionline.com/buy.php?detail/24201340360201" "Mozilla/5.0 AppleWebKit/537.36 (KHTML, like Gecko; compatible; GPTBot/1.3; +https://openai.com/gptbot)"
74.7.242.31 - - [13/Feb/2026:17:03:51 +0000] "GET /buy.php?detail/10000364217346 HTTP/1.1" 200 120266 "https://mohamionline.com/buy.php?detail/10000372279455" "Mozilla/5.0 AppleWebKit/537.36 (KHTML, like Gecko; compatible; GPTBot/1.3; +https://openai.com/gptbot)"
74.7.242.31 - - [13/Feb/2026:17:03:54 +0000] "GET /buy.php?detail/23803002665664 HTTP/1.1" 200 119521 "https://mohamionline.com/buy.php?detail/20000537314185" "Mozilla/5.0 AppleWebKit/537.36 (KHTML, like Gecko; compatible; GPTBot/1.3; +https://openai.com/gptbot)"
74.7.242.31 - - [13/Feb/2026:17:03:57 +0000] "GET /buy.php?detail/10000364931187 HTTP/1.1" 200 119990 "https://mohamionline.com/buy.php?detail/10000372279455" "Mozilla/5.0 AppleWebKit/537.36 (KHTML, like Gecko; compatible; GPTBot/1.3; +https://openai.com/gptbot)"
74.7.242.31 - - [13/Feb/2026:17:04:00 +0000] "GET /buy.php?detail/25603295408946 HTTP/1.1" 200 119112 "https://mohamionline.com/buy.php?detail/25601749449841" "Mozilla/5.0 AppleWebKit/537.36 (KHTML, like Gecko; compatible; GPTBot/1.3; +https://openai.com/gptbot)"
74.7.242.31 - - [13/Feb/2026:17:04:03 +0000] "GET /buy.php?detail/25000856768697 HTTP/1.1" 200 119043 "https://mohamionline.com/buy.php?detail/25000877084764" "Mozilla/5.0 AppleWebKit/537.36 (KHTML, like Gecko; compatible; GPTBot/1.3; +https://openai.com/gptbot)"
74.7.242.31 - - [13/Feb/2026:17:04:06 +0000] "GET /buy.php?detail/25000857519178 HTTP/1.1" 200 119140 "https://mohamionline.com/buy.php?detail/25000877084764" "Mozilla/5.0 AppleWebKit/537.36 (KHTML, like Gecko; compatible; GPTBot/1.3; +https://openai.com/gptbot)"
74.7.242.31 - - [13/Feb/2026:17:04:09 +0000] "GET /buy.php?detail/02902645178025 HTTP/1.1" 200 144066 "https://mohamionline.com/buy.php?detail/25000876969405" "Mozilla/5.0 AppleWebKit/537.36 (KHTML, like Gecko; compatible; GPTBot/1.3; +https://openai.com/gptbot)"
74.7.242.31 - - [13/Feb/2026:17:04:12 +0000] "GET /buy.php?detail/07003624732621 HTTP/1.1" 200 127704 "https://mohamionline.com/buy.php?detail/16402949497820" "Mozilla/5.0 AppleWebKit/537.36 (KHTML, like Gecko; compatible; GPTBot/1.3; +https://openai.com/gptbot)"
74.7.242.31 - - [13/Feb/2026:17:04:16 +0000] "GET /buy.php?detail/09504967639129 HTTP/1.1" 200 124471 "https://mohamionline.com/buy.php?detail/09504968343094" "Mozilla/5.0 AppleWebKit/537.36 (KHTML, like Gecko; compatible; GPTBot/1.3; +https://openai.com/gptbot)"
43.135.145.77 - - [13/Feb/2026:17:04:19 +0000] "GET /195499__fc72c33/?C=N;O=D HTTP/1.1" 200 655 "-" "Mozilla/5.0 (iPhone; CPU iPhone OS 13_2_3 like Mac OS X) AppleWebKit/605.1.15 (KHTML, like Gecko) Version/13.0.3 Mobile/15E148 Safari/604.1"
74.7.242.31 - - [13/Feb/2026:17:04:19 +0000] "GET /buy.php?detail/15300292708343 HTTP/1.1" 200 119447 "https://mohamionline.com/buy.php?detail/15300370096870" "Mozilla/5.0 AppleWebKit/537.36 (KHTML, like Gecko; compatible; GPTBot/1.3; +https://openai.com/gptbot)"
134.122.133.31 - - [13/Feb/2026:17:04:23 +0000] "GET / HTTP/1.1" 200 5171 "http://www.mohamionline.com" "Googlebot/2.1 (+http://www.googlebot.com/bot.html)"
74.7.242.31 - - [13/Feb/2026:17:04:22 +0000] "GET /buy.php?detail/22201123941181 HTTP/1.1" 200 123762 "https://mohamionline.com/buy.php?detail/24201333055189" "Mozilla/5.0 AppleWebKit/537.36 (KHTML, like Gecko; compatible; GPTBot/1.3; +https://openai.com/gptbot)"
74.7.242.31 - - [13/Feb/2026:17:04:25 +0000] "GET /buy.php?detail/25104470922244 HTTP/1.1" 200 118733 "https://mohamionline.com/buy.php?detail/10000364217346" "Mozilla/5.0 AppleWebKit/537.36 (KHTML, like Gecko; compatible; GPTBot/1.3; +https://openai.com/gptbot)"
74.7.242.31 - - [13/Feb/2026:17:04:28 +0000] "GET /buy.php?detail/24201043747209 HTTP/1.1" 200 125083 "https://mohamionline.com/buy.php?detail/24201333055189" "Mozilla/5.0 AppleWebKit/537.36 (KHTML, like Gecko; compatible; GPTBot/1.3; +https://openai.com/gptbot)"
74.7.242.31 - - [13/Feb/2026:17:04:32 +0000] "GET /buy.php?jp/100004017.html HTTP/1.1" 200 120222 "https://mohamionline.com/buy.php?detail/10000364931187" "Mozilla/5.0 AppleWebKit/537.36 (KHTML, like Gecko; compatible; GPTBot/1.3; +https://openai.com/gptbot)"
74.7.242.31 - - [13/Feb/2026:17:04:35 +0000] "GET /buy.php?detail/10000400665672 HTTP/1.1" 200 121726 "https://mohamionline.com/buy.php?detail/10000364931187" "Mozilla/5.0 AppleWebKit/537.36 (KHTML, like Gecko; compatible; GPTBot/1.3; +https://openai.com/gptbot)"
74.7.242.31 - - [13/Feb/2026:17:04:38 +0000] "GET /buy.php?detail/23803779401313 HTTP/1.1" 200 119814 "https://mohamionline.com/buy.php?detail/23803002665664" "Mozilla/5.0 AppleWebKit/537.36 (KHTML, like Gecko; compatible; GPTBot/1.3; +https://openai.com/gptbot)"
74.7.242.31 - - [13/Feb/2026:17:04:41 +0000] "GET /buy.php?detail/06704334414705 HTTP/1.1" 200 118813 "https://mohamionline.com/buy.php?detail/25000857519178" "Mozilla/5.0 AppleWebKit/537.36 (KHTML, like Gecko; compatible; GPTBot/1.3; +https://openai.com/gptbot)"
74.7.242.31 - - [13/Feb/2026:17:04:44 +0000] "GET /buy.php?detail/12203752172894 HTTP/1.1" 200 145356 "https://mohamionline.com/buy.php?detail/25000827308923" "Mozilla/5.0 AppleWebKit/537.36 (KHTML, like Gecko; compatible; GPTBot/1.3; +https://openai.com/gptbot)"
114.119.137.94 - - [13/Feb/2026:17:04:49 +0000] "GET /goods.php?shop/pg/217coastal/15891 HTTP/1.1" 404 - "http://mohamionline.com/goods.php?sitemap803.xml" "Mozilla/5.0 (Linux; Android 7.0;) AppleWebKit/537.36 (KHTML, like Gecko) Mobile Safari/537.36 (compatible; PetalBot;+https://webmaster.petalsearch.com/site/petalbot)"
74.7.242.31 - - [13/Feb/2026:17:04:49 +0000] "GET /buy.php?detail/13500960469351 HTTP/1.1" 200 118728 "https://mohamionline.com/buy.php?detail/07003624732621" "Mozilla/5.0 AppleWebKit/537.36 (KHTML, like Gecko; compatible; GPTBot/1.3; +https://openai.com/gptbot)"
74.7.242.31 - - [13/Feb/2026:17:04:52 +0000] "GET /buy.php?detail/26701859605455 HTTP/1.1" 200 119247 "https://mohamionline.com/buy.php?detail/04204993014484" "Mozilla/5.0 AppleWebKit/537.36 (KHTML, like Gecko; compatible; GPTBot/1.3; +https://openai.com/gptbot)"
74.7.242.31 - - [13/Feb/2026:17:04:56 +0000] "GET /buy.php?detail/21600210154674 HTTP/1.1" 200 119596 "https://mohamionline.com/buy.php?detail/15300292708343" "Mozilla/5.0 AppleWebKit/537.36 (KHTML, like Gecko; compatible; GPTBot/1.3; +https://openai.com/gptbot)"
74.7.242.31 - - [13/Feb/2026:17:04:59 +0000] "GET /buy.php?detail/15803391217688 HTTP/1.1" 200 126002 "https://mohamionline.com/buy.php?detail/24201333055189" "Mozilla/5.0 AppleWebKit/537.36 (KHTML, like Gecko; compatible; GPTBot/1.3; +https://openai.com/gptbot)"
74.7.242.31 - - [13/Feb/2026:17:05:02 +0000] "GET /buy.php?jp/118000016.html HTTP/1.1" 200 154773 "https://mohamionline.com/buy.php?detail/25104470922244" "Mozilla/5.0 AppleWebKit/537.36 (KHTML, like Gecko; compatible; GPTBot/1.3; +https://openai.com/gptbot)"
154.39.0.12 - - [13/Feb/2026:17:05:06 +0000] "GET /lms/login/index.php HTTP/1.1" 404 - "-" "Mozilla/5.0 (Windows NT 10.0; Win64; x64) AppleWebKit/537.36 (KHTML, like Gecko) Chrome/92.0.4515.131 Safari/537.36"
154.39.0.12 - - [13/Feb/2026:17:05:07 +0000] "POST /lms/login/index.php HTTP/1.1" 404 - "-" "Mozilla/5.0 (Windows NT 10.0; Win64; x64) AppleWebKit/537.36 (KHTML, like Gecko) Chrome/92.0.4515.131 Safari/537.36"
74.7.242.31 - - [13/Feb/2026:17:05:05 +0000] "GET /buy.php?detail/10604629214757 HTTP/1.1" 200 119575 "https://mohamionline.com/buy.php?detail/10604633308799" "Mozilla/5.0 AppleWebKit/537.36 (KHTML, like Gecko; compatible; GPTBot/1.3; +https://openai.com/gptbot)"
74.7.242.31 - - [13/Feb/2026:17:05:08 +0000] "GET /buy.php?detail/10000398712431 HTTP/1.1" 200 120859 "https://mohamionline.com/buy.php?jp/100004017.html" "Mozilla/5.0 AppleWebKit/537.36 (KHTML, like Gecko; compatible; GPTBot/1.3; +https://openai.com/gptbot)"
74.7.242.31 - - [13/Feb/2026:17:05:11 +0000] "GET /buy.php?detail/10000415605120 HTTP/1.1" 200 120013 "https://mohamionline.com/buy.php?detail/10000400665672" "Mozilla/5.0 AppleWebKit/537.36 (KHTML, like Gecko; compatible; GPTBot/1.3; +https://openai.com/gptbot)"
74.7.242.31 - - [13/Feb/2026:17:05:15 +0000] "GET /buy.php?detail/06404958978611 HTTP/1.1" 200 119134 "https://mohamionline.com/buy.php?detail/25203452314745" "Mozilla/5.0 AppleWebKit/537.36 (KHTML, like Gecko; compatible; GPTBot/1.3; +https://openai.com/gptbot)"
74.7.242.31 - - [13/Feb/2026:17:05:19 +0000] "GET /buy.php?detail/022039543219 HTTP/1.1" 200 119196 "https://mohamionline.com/buy.php?detail/06704334414705" "Mozilla/5.0 AppleWebKit/537.36 (KHTML, like Gecko; compatible; GPTBot/1.3; +https://openai.com/gptbot)"
74.7.242.31 - - [13/Feb/2026:17:05:22 +0000] "GET /buy.php?detail/00904855518979 HTTP/1.1" 200 131432 "https://mohamionline.com/buy.php?detail/06704334414705" "Mozilla/5.0 AppleWebKit/537.36 (KHTML, like Gecko; compatible; GPTBot/1.3; +https://openai.com/gptbot)"
74.7.242.31 - - [13/Feb/2026:17:05:25 +0000] "GET /buy.php?detail/13500979769616 HTTP/1.1" 200 118670 "https://mohamionline.com/buy.php?detail/13500960469351" "Mozilla/5.0 AppleWebKit/537.36 (KHTML, like Gecko; compatible; GPTBot/1.3; +https://openai.com/gptbot)"
74.7.242.31 - - [13/Feb/2026:17:05:28 +0000] "GET /buy.php?detail/04601239995720 HTTP/1.1" 200 118145 "https://mohamionline.com/buy.php?detail/26701859605455" "Mozilla/5.0 AppleWebKit/537.36 (KHTML, like Gecko; compatible; GPTBot/1.3; +https://openai.com/gptbot)"
74.7.242.31 - - [13/Feb/2026:17:05:31 +0000] "GET /buy.php?detail/26701927708182 HTTP/1.1" 200 128501 "https://mohamionline.com/buy.php?detail/26701859605455" "Mozilla/5.0 AppleWebKit/537.36 (KHTML, like Gecko; compatible; GPTBot/1.3; +https://openai.com/gptbot)"
74.7.242.31 - - [13/Feb/2026:17:05:35 +0000] "GET /buy.php?detail/15803444133127 HTTP/1.1" 200 124626 "https://mohamionline.com/buy.php?detail/15803391217688" "Mozilla/5.0 AppleWebKit/537.36 (KHTML, like Gecko; compatible; GPTBot/1.3; +https://openai.com/gptbot)"
74.7.242.31 - - [13/Feb/2026:17:05:38 +0000] "GET /buy.php?detail/23302807902523 HTTP/1.1" 200 119325 "https://mohamionline.com/buy.php?jp/118000016.html" "Mozilla/5.0 AppleWebKit/537.36 (KHTML, like Gecko; compatible; GPTBot/1.3; +https://openai.com/gptbot)"
74.7.242.31 - - [13/Feb/2026:17:05:41 +0000] "GET /buy.php?detail/10601697696162 HTTP/1.1" 200 119770 "https://mohamionline.com/buy.php?detail/10604629214757" "Mozilla/5.0 AppleWebKit/537.36 (KHTML, like Gecko; compatible; GPTBot/1.3; +https://openai.com/gptbot)"
74.7.242.31 - - [13/Feb/2026:17:05:45 +0000] "GET /buy.php?detail/10000377079196 HTTP/1.1" 200 122076 "https://mohamionline.com/buy.php?detail/10000398712431" "Mozilla/5.0 AppleWebKit/537.36 (KHTML, like Gecko; compatible; GPTBot/1.3; +https://openai.com/gptbot)"
74.7.242.31 - - [13/Feb/2026:17:05:48 +0000] "GET /buy.php?detail/10000399220628 HTTP/1.1" 200 120486 "https://mohamionline.com/buy.php?detail/10000415605120" "Mozilla/5.0 AppleWebKit/537.36 (KHTML, like Gecko; compatible; GPTBot/1.3; +https://openai.com/gptbot)"
74.7.242.31 - - [13/Feb/2026:17:05:51 +0000] "GET /buy.php?detail/10000375839454 HTTP/1.1" 200 122990 "https://mohamionline.com/buy.php?detail/10000398712431" "Mozilla/5.0 AppleWebKit/537.36 (KHTML, like Gecko; compatible; GPTBot/1.3; +https://openai.com/gptbot)"
74.7.242.31 - - [13/Feb/2026:17:05:54 +0000] "GET /buy.php?detail/02204105199203 HTTP/1.1" 200 119828 "https://mohamionline.com/buy.php?detail/022039543219" "Mozilla/5.0 AppleWebKit/537.36 (KHTML, like Gecko; compatible; GPTBot/1.3; +https://openai.com/gptbot)"
74.7.242.31 - - [13/Feb/2026:17:05:58 +0000] "GET /buy.php?detail/00900518258320 HTTP/1.1" 200 116498 "https://mohamionline.com/buy.php?detail/00904855518979" "Mozilla/5.0 AppleWebKit/537.36 (KHTML, like Gecko; compatible; GPTBot/1.3; +https://openai.com/gptbot)"
74.7.242.31 - - [13/Feb/2026:17:06:01 +0000] "GET /buy.php?detail/20501023530173 HTTP/1.1" 200 120768 "https://mohamionline.com/buy.php?detail/00904855518979" "Mozilla/5.0 AppleWebKit/537.36 (KHTML, like Gecko; compatible; GPTBot/1.3; +https://openai.com/gptbot)"
74.7.242.31 - - [13/Feb/2026:17:06:05 +0000] "GET /buy.php?detail/02204104706485 HTTP/1.1" 200 119857 "https://mohamionline.com/buy.php?detail/022039543219" "Mozilla/5.0 AppleWebKit/537.36 (KHTML, like Gecko; compatible; GPTBot/1.3; +https://openai.com/gptbot)"
74.7.242.31 - - [13/Feb/2026:17:06:08 +0000] "GET /buy.php?detail/17801710840995 HTTP/1.1" 200 134693 "https://mohamionline.com/buy.php?detail/26701927708182" "Mozilla/5.0 AppleWebKit/537.36 (KHTML, like Gecko; compatible; GPTBot/1.3; +https://openai.com/gptbot)"
114.119.137.94 - - [13/Feb/2026:17:06:15 +0000] "GET /goods.php?shop/pg/217boundary/10633 HTTP/1.1" 404 - "http://mohamionline.com/goods.php?sitemap803.xml" "Mozilla/5.0 (Linux; Android 7.0;) AppleWebKit/537.36 (KHTML, like Gecko) Mobile Safari/537.36 (compatible; PetalBot;+https://webmaster.petalsearch.com/site/petalbot)"
74.7.242.31 - - [13/Feb/2026:17:06:13 +0000] "GET /buy.php?goods/274036502 HTTP/1.1" 200 119353 "https://mohamionline.com/buy.php?detail/15803444133127" "Mozilla/5.0 AppleWebKit/537.36 (KHTML, like Gecko; compatible; GPTBot/1.3; +https://openai.com/gptbot)"
74.7.242.31 - - [13/Feb/2026:17:06:16 +0000] "GET /buy.php?detail/15803387933090 HTTP/1.1" 200 120304 "https://mohamionline.com/buy.php?detail/15803444133127" "Mozilla/5.0 AppleWebKit/537.36 (KHTML, like Gecko; compatible; GPTBot/1.3; +https://openai.com/gptbot)"
74.7.242.31 - - [13/Feb/2026:17:06:19 +0000] "GET /buy.php?detail/15803388070200 HTTP/1.1" 200 119144 "https://mohamionline.com/buy.php?detail/15803444133127" "Mozilla/5.0 AppleWebKit/537.36 (KHTML, like Gecko; compatible; GPTBot/1.3; +https://openai.com/gptbot)"
74.7.242.31 - - [13/Feb/2026:17:06:22 +0000] "GET /buy.php?detail/13500998204597 HTTP/1.1" 200 122733 "https://mohamionline.com/buy.php?detail/13500979769616" "Mozilla/5.0 AppleWebKit/537.36 (KHTML, like Gecko; compatible; GPTBot/1.3; +https://openai.com/gptbot)"
74.7.242.31 - - [13/Feb/2026:17:06:25 +0000] "GET /buy.php?detail/26701927458712 HTTP/1.1" 200 118112 "https://mohamionline.com/buy.php?detail/26701859605455" "Mozilla/5.0 AppleWebKit/537.36 (KHTML, like Gecko; compatible; GPTBot/1.3; +https://openai.com/gptbot)"
74.7.242.31 - - [13/Feb/2026:17:06:29 +0000] "GET /buy.php?detail/11004365708266 HTTP/1.1" 200 117307 "https://mohamionline.com/buy.php?detail/15300306555677" "Mozilla/5.0 AppleWebKit/537.36 (KHTML, like Gecko; compatible; GPTBot/1.3; +https://openai.com/gptbot)"
74.7.242.31 - - [13/Feb/2026:17:06:33 +0000] "GET /buy.php?detail/14002569681928 HTTP/1.1" 200 119456 "https://mohamionline.com/buy.php?detail/15803391217688" "Mozilla/5.0 AppleWebKit/537.36 (KHTML, like Gecko; compatible; GPTBot/1.3; +https://openai.com/gptbot)"
74.7.242.31 - - [13/Feb/2026:17:06:36 +0000] "GET /buy.php?detail/00900504247549 HTTP/1.1" 200 117050 "https://mohamionline.com/buy.php?detail/00900518258320" "Mozilla/5.0 AppleWebKit/537.36 (KHTML, like Gecko; compatible; GPTBot/1.3; +https://openai.com/gptbot)"
74.7.242.31 - - [13/Feb/2026:17:06:39 +0000] "GET /buy.php?detail/00900503649176 HTTP/1.1" 200 116729 "https://mohamionline.com/buy.php?detail/00900518258320" "Mozilla/5.0 AppleWebKit/537.36 (KHTML, like Gecko; compatible; GPTBot/1.3; +https://openai.com/gptbot)"
66.249.66.166 - - [13/Feb/2026:17:06:44 +0000] "GET /header.php?market/873721012.shtm HTTP/1.1" 404 - "-" "Mozilla/5.0 (Linux; Android 6.0.1; Nexus 5X Build/MMB29P) AppleWebKit/537.36 (KHTML, like Gecko) Chrome/144.0.7559.132 Mobile Safari/537.36 (compatible; Googlebot/2.1; +http://www.google.com/bot.html)"
74.7.242.31 - - [13/Feb/2026:17:06:43 +0000] "GET /buy.php?detail/01804341377928 HTTP/1.1" 200 118943 "https://mohamionline.com/buy.php?detail/01804285675218" "Mozilla/5.0 AppleWebKit/537.36 (KHTML, like Gecko; compatible; GPTBot/1.3; +https://openai.com/gptbot)"
74.7.242.31 - - [13/Feb/2026:17:06:46 +0000] "GET /buy.php?goods/051029860 HTTP/1.1" 200 120185 "https://mohamionline.com/buy.php?detail/17801710840995" "Mozilla/5.0 AppleWebKit/537.36 (KHTML, like Gecko; compatible; GPTBot/1.3; +https://openai.com/gptbot)"
74.7.242.31 - - [13/Feb/2026:17:06:49 +0000] "GET /buy.php?detail/17801713372931 HTTP/1.1" 200 133411 "https://mohamionline.com/buy.php?detail/17801710840995" "Mozilla/5.0 AppleWebKit/537.36 (KHTML, like Gecko; compatible; GPTBot/1.3; +https://openai.com/gptbot)"
74.7.241.182 - - [13/Feb/2026:17:06:53 +0000] "GET /robots.txt HTTP/1.1" 404 - "-" "Mozilla/5.0 (Macintosh; Intel Mac OS X 10_15_7) AppleWebKit/537.36 (KHTML, like Gecko) Chrome/131.0.0.0 Safari/537.36; compatible; OAI-SearchBot/1.3; robots.txt; +https://openai.com/searchbot"
74.7.242.31 - - [13/Feb/2026:17:06:53 +0000] "GET /buy.php?detail/15803446276224 HTTP/1.1" 200 125892 "https://mohamionline.com/buy.php?detail/15803387933090" "Mozilla/5.0 AppleWebKit/537.36 (KHTML, like Gecko; compatible; GPTBot/1.3; +https://openai.com/gptbot)"
74.7.242.31 - - [13/Feb/2026:17:06:56 +0000] "GET /buy.php?detail/15803445886689 HTTP/1.1" 200 126559 "https://mohamionline.com/buy.php?detail/15803387933090" "Mozilla/5.0 AppleWebKit/537.36 (KHTML, like Gecko; compatible; GPTBot/1.3; +https://openai.com/gptbot)"
74.7.242.31 - - [13/Feb/2026:17:06:59 +0000] "GET /buy.php?detail/18004398429235 HTTP/1.1" 200 129805 "https://mohamionline.com/buy.php?detail/20502495223408" "Mozilla/5.0 AppleWebKit/537.36 (KHTML, like Gecko; compatible; GPTBot/1.3; +https://openai.com/gptbot)"
74.7.242.31 - - [13/Feb/2026:17:07:02 +0000] "GET /buy.php?detail/04601141541181 HTTP/1.1" 200 119331 "https://mohamionline.com/buy.php?detail/26701927458712" "Mozilla/5.0 AppleWebKit/537.36 (KHTML, like Gecko; compatible; GPTBot/1.3; +https://openai.com/gptbot)"
74.7.242.31 - - [13/Feb/2026:17:07:06 +0000] "GET /buy.php?detail/110043230112 HTTP/1.1" 200 118065 "https://mohamionline.com/buy.php?detail/11004365708266" "Mozilla/5.0 AppleWebKit/537.36 (KHTML, like Gecko; compatible; GPTBot/1.3; +https://openai.com/gptbot)"
216.244.66.200 - - [13/Feb/2026:17:07:11 +0000] "GET /?option=com_k2view=itemid=163:%D8%A7%D9%84%D9%83%D8%AA%D8%A7%D8%A8-%D8%A7%D9%84%D8%A7%D9%88%D9%84-%D8%A7%D9%84%D8%A8%D8%A7%D8%A8-%D8%A7%D9%84%D8%AB%D8%A7%D9%84%D8%AB--%D8%A7%D9%84%D9%81%D8%B5%D9%84-%D8%A7%D9%84%D8%A7%D9%88 HTTP/1.1" 200 5171 "-" "Mozilla/5.0 (compatible; DotBot/1.2; +https://opensiteexplorer.org/dotbot; help@moz.com)"
74.7.242.31 - - [13/Feb/2026:17:07:09 +0000] "GET /buy.php?detail/16301011736556 HTTP/1.1" 200 119249 "https://mohamionline.com/buy.php?detail/14002569681928" "Mozilla/5.0 AppleWebKit/537.36 (KHTML, like Gecko; compatible; GPTBot/1.3; +https://openai.com/gptbot)"
74.7.242.31 - - [13/Feb/2026:17:07:12 +0000] "GET /buy.php?detail/00900531417995 HTTP/1.1" 200 117025 "https://mohamionline.com/buy.php?detail/00900504247549" "Mozilla/5.0 AppleWebKit/537.36 (KHTML, like Gecko; compatible; GPTBot/1.3; +https://openai.com/gptbot)"
74.7.242.31 - - [13/Feb/2026:17:07:15 +0000] "GET /buy.php?detail/00900497264461 HTTP/1.1" 200 117326 "https://mohamionline.com/buy.php?detail/00900503649176" "Mozilla/5.0 AppleWebKit/537.36 (KHTML, like Gecko; compatible; GPTBot/1.3; +https://openai.com/gptbot)"
74.7.242.31 - - [13/Feb/2026:17:07:18 +0000] "GET /buy.php?detail/05904662121924 HTTP/1.1" 200 120126 "https://mohamionline.com/buy.php?detail/14002569681928" "Mozilla/5.0 AppleWebKit/537.36 (KHTML, like Gecko; compatible; GPTBot/1.3; +https://openai.com/gptbot)"
74.7.242.31 - - [13/Feb/2026:17:07:21 +0000] "GET /buy.php?detail/05102832092222 HTTP/1.1" 200 118700 "https://mohamionline.com/buy.php?goods/051029860" "Mozilla/5.0 AppleWebKit/537.36 (KHTML, like Gecko; compatible; GPTBot/1.3; +https://openai.com/gptbot)"
74.7.242.31 - - [13/Feb/2026:17:07:24 +0000] "GET /buy.php?detail/08901010062864 HTTP/1.1" 200 119944 "https://mohamionline.com/buy.php?detail/00900503649176" "Mozilla/5.0 AppleWebKit/537.36 (KHTML, like Gecko; compatible; GPTBot/1.3; +https://openai.com/gptbot)"
74.7.242.31 - - [13/Feb/2026:17:07:28 +0000] "GET /buy.php?detail/01204182222270 HTTP/1.1" 200 131358 "https://mohamionline.com/buy.php?detail/00900503649176" "Mozilla/5.0 AppleWebKit/537.36 (KHTML, like Gecko; compatible; GPTBot/1.3; +https://openai.com/gptbot)"
74.7.242.31 - - [13/Feb/2026:17:07:31 +0000] "GET /buy.php?detail/02701480707695 HTTP/1.1" 200 119027 "https://mohamionline.com/buy.php?detail/15803445886689" "Mozilla/5.0 AppleWebKit/537.36 (KHTML, like Gecko; compatible; GPTBot/1.3; +https://openai.com/gptbot)"
114.119.155.10 - - [13/Feb/2026:17:07:36 +0000] "GET /goods.php?shop/pg/217belong/22759 HTTP/1.1" 404 - "http://mohamionline.com/goods.php?sitemap803.xml" "Mozilla/5.0 (Linux; Android 7.0;) AppleWebKit/537.36 (KHTML, like Gecko) Mobile Safari/537.36 (compatible; PetalBot;+https://webmaster.petalsearch.com/site/petalbot)"
74.7.242.31 - - [13/Feb/2026:17:07:34 +0000] "GET /buy.php?detail/26501367259550 HTTP/1.1" 200 135808 "https://mohamionline.com/buy.php?detail/15803445886689" "Mozilla/5.0 AppleWebKit/537.36 (KHTML, like Gecko; compatible; GPTBot/1.3; +https://openai.com/gptbot)"
74.7.242.31 - - [13/Feb/2026:17:07:37 +0000] "GET /buy.php?detail/05704235215906 HTTP/1.1" 200 122473 "https://mohamionline.com/buy.php?detail/25000857519178" "Mozilla/5.0 AppleWebKit/537.36 (KHTML, like Gecko; compatible; GPTBot/1.3; +https://openai.com/gptbot)"
74.7.242.31 - - [13/Feb/2026:17:07:41 +0000] "GET /buy.php?detail/01804294764115 HTTP/1.1" 200 119237 "https://mohamionline.com/buy.php?detail/01804313556563" "Mozilla/5.0 AppleWebKit/537.36 (KHTML, like Gecko; compatible; GPTBot/1.3; +https://openai.com/gptbot)"
74.7.242.31 - - [13/Feb/2026:17:07:44 +0000] "GET /buy.php?detail/16301120066816 HTTP/1.1" 200 120582 "https://mohamionline.com/buy.php?detail/16301011736556" "Mozilla/5.0 AppleWebKit/537.36 (KHTML, like Gecko; compatible; GPTBot/1.3; +https://openai.com/gptbot)"
74.7.242.31 - - [13/Feb/2026:17:07:47 +0000] "GET /buy.php?detail/00900532563606 HTTP/1.1" 200 116675 "https://mohamionline.com/buy.php?detail/00900531417995" "Mozilla/5.0 AppleWebKit/537.36 (KHTML, like Gecko; compatible; GPTBot/1.3; +https://openai.com/gptbot)"
74.7.242.31 - - [13/Feb/2026:17:07:50 +0000] "GET /buy.php?detail/22100934032012 HTTP/1.1" 200 122549 "https://mohamionline.com/buy.php?detail/10000400665672" "Mozilla/5.0 AppleWebKit/537.36 (KHTML, like Gecko; compatible; GPTBot/1.3; +https://openai.com/gptbot)"
74.7.242.31 - - [13/Feb/2026:17:07:53 +0000] "GET /buy.php?detail/0590081293841 HTTP/1.1" 200 119745 "https://mohamionline.com/buy.php?detail/05904662121924" "Mozilla/5.0 AppleWebKit/537.36 (KHTML, like Gecko; compatible; GPTBot/1.3; +https://openai.com/gptbot)"
74.7.242.31 - - [13/Feb/2026:17:07:57 +0000] "GET /buy.php?detail/05900814979053 HTTP/1.1" 200 119784 "https://mohamionline.com/buy.php?detail/05904662121924" "Mozilla/5.0 AppleWebKit/537.36 (KHTML, like Gecko; compatible; GPTBot/1.3; +https://openai.com/gptbot)"
74.7.242.31 - - [13/Feb/2026:17:08:01 +0000] "GET /buy.php?detail/05103163705980 HTTP/1.1" 200 120001 "https://mohamionline.com/buy.php?detail/05102832092222" "Mozilla/5.0 AppleWebKit/537.36 (KHTML, like Gecko; compatible; GPTBot/1.3; +https://openai.com/gptbot)"
74.7.242.31 - - [13/Feb/2026:17:08:04 +0000] "GET /buy.php?detail/05103163285248 HTTP/1.1" 200 121297 "https://mohamionline.com/buy.php?detail/05102832092222" "Mozilla/5.0 AppleWebKit/537.36 (KHTML, like Gecko; compatible; GPTBot/1.3; +https://openai.com/gptbot)"
74.7.242.31 - - [13/Feb/2026:17:08:07 +0000] "GET /buy.php?detail/15300117757091 HTTP/1.1" 200 120556 "https://mohamionline.com/buy.php?detail/25000856768697" "Mozilla/5.0 AppleWebKit/537.36 (KHTML, like Gecko; compatible; GPTBot/1.3; +https://openai.com/gptbot)"
74.7.242.31 - - [13/Feb/2026:17:08:09 +0000] "GET /buy.php?detail/22002127182970 HTTP/1.1" 200 131983 "https://mohamionline.com/buy.php?detail/18200858208034" "Mozilla/5.0 AppleWebKit/537.36 (KHTML, like Gecko; compatible; GPTBot/1.3; +https://openai.com/gptbot)"
74.7.242.31 - - [13/Feb/2026:17:08:12 +0000] "GET /buy.php?detail/26601858151038 HTTP/1.1" 200 143171 "https://mohamionline.com/buy.php?detail/15300292708343" "Mozilla/5.0 AppleWebKit/537.36 (KHTML, like Gecko; compatible; GPTBot/1.3; +https://openai.com/gptbot)"
74.7.242.31 - - [13/Feb/2026:17:08:15 +0000] "GET /buy.php?detail/03704523400563 HTTP/1.1" 200 121712 "https://mohamionline.com/buy.php?detail/03704550943551" "Mozilla/5.0 AppleWebKit/537.36 (KHTML, like Gecko; compatible; GPTBot/1.3; +https://openai.com/gptbot)"
74.7.242.31 - - [13/Feb/2026:17:08:19 +0000] "GET /buy.php?detail/14800352542453 HTTP/1.1" 200 119785 "https://mohamionline.com/buy.php?detail/05700522948806" "Mozilla/5.0 AppleWebKit/537.36 (KHTML, like Gecko; compatible; GPTBot/1.3; +https://openai.com/gptbot)"
74.7.242.31 - - [13/Feb/2026:17:08:22 +0000] "GET /buy.php?jp/037045234.html HTTP/1.1" 200 121154 "https://mohamionline.com/buy.php?detail/03704523400563" "Mozilla/5.0 AppleWebKit/537.36 (KHTML, like Gecko; compatible; GPTBot/1.3; +https://openai.com/gptbot)"
74.7.242.31 - - [13/Feb/2026:17:08:24 +0000] "GET /buy.php?detail/21800122816731 HTTP/1.1" 200 125966 "https://mohamionline.com/buy.php?detail/21800140536771" "Mozilla/5.0 AppleWebKit/537.36 (KHTML, like Gecko; compatible; GPTBot/1.3; +https://openai.com/gptbot)"
216.244.66.200 - - [13/Feb/2026:17:08:29 +0000] "GET /index.php?option=com_k2&view=item&id=133:%D8%A7%D9%84%D8%A8%D8%A7%D8%A8-%D8%A7%D9%84%D8%B1%D8%A7%D8%A8%D8%B9--%D8%A7%D9%84%D9%81%D8%B5%D9%84-%D8%A7%D9%84%D8%AE%D8%A7%D9%85%D8%B3-%D8%A7%D9%84%D9%81%D8%B5%D9%84-%D8%A7%D9 HTTP/1.1" 404 - "-" "Mozilla/5.0 (compatible; DotBot/1.2; +https://opensiteexplorer.org/dotbot; help@moz.com)"
74.7.242.31 - - [13/Feb/2026:17:08:27 +0000] "GET /buy.php?detail/22100944453430 HTTP/1.1" 200 163925 "https://mohamionline.com/buy.php?detail/22100934032012" "Mozilla/5.0 AppleWebKit/537.36 (KHTML, like Gecko; compatible; GPTBot/1.3; +https://openai.com/gptbot)"
216.244.66.200 - - [13/Feb/2026:17:08:32 +0000] "GET /index.php?option=com_k2&view=item&id=302:%D8%25B/contact.php HTTP/1.1" 404 - "-" "Mozilla/5.0 (compatible; DotBot/1.2; +https://opensiteexplorer.org/dotbot; help@moz.com)"
74.7.242.31 - - [13/Feb/2026:17:08:30 +0000] "GET /buy.php?detail/07002528850679 HTTP/1.1" 200 120589 "https://mohamionline.com/buy.php?detail/10000367726161" "Mozilla/5.0 AppleWebKit/537.36 (KHTML, like Gecko; compatible; GPTBot/1.3; +https://openai.com/gptbot)"
74.7.242.31 - - [13/Feb/2026:17:08:33 +0000] "GET /buy.php?detail/22403454923973 HTTP/1.1" 200 120147 "https://mohamionline.com/buy.php?detail/01703270298378" "Mozilla/5.0 AppleWebKit/537.36 (KHTML, like Gecko; compatible; GPTBot/1.3; +https://openai.com/gptbot)"
74.7.242.31 - - [13/Feb/2026:17:08:36 +0000] "GET /buy.php?detail/01101907848803 HTTP/1.1" 200 125120 "https://mohamionline.com/buy.php?detail/05103163705980" "Mozilla/5.0 AppleWebKit/537.36 (KHTML, like Gecko; compatible; GPTBot/1.3; +https://openai.com/gptbot)"
74.7.242.31 - - [13/Feb/2026:17:08:40 +0000] "GET /buy.php?detail/24704605545032 HTTP/1.1" 200 119486 "https://mohamionline.com/buy.php?goods/247047010" "Mozilla/5.0 AppleWebKit/537.36 (KHTML, like Gecko; compatible; GPTBot/1.3; +https://openai.com/gptbot)"
74.7.242.31 - - [13/Feb/2026:17:08:43 +0000] "GET /buy.php?detail/15301984004097 HTTP/1.1" 200 122589 "https://mohamionline.com/buy.php?detail/15300117757091" "Mozilla/5.0 AppleWebKit/537.36 (KHTML, like Gecko; compatible; GPTBot/1.3; +https://openai.com/gptbot)"
74.7.242.31 - - [13/Feb/2026:17:08:46 +0000] "GET /buy.php?detail/22002062311687 HTTP/1.1" 200 132034 "https://mohamionline.com/buy.php?detail/22002127182970" "Mozilla/5.0 AppleWebKit/537.36 (KHTML, like Gecko; compatible; GPTBot/1.3; +https://openai.com/gptbot)"
146.70.132.138 - - [13/Feb/2026:17:08:49 +0000] "GET / HTTP/1.1" 200 5171 "-" "python-requests/2.31.0"
74.7.242.31 - - [13/Feb/2026:17:08:49 +0000] "GET /buy.php?detail/26601763377691 HTTP/1.1" 200 150678 "https://mohamionline.com/buy.php?detail/26601858151038" "Mozilla/5.0 AppleWebKit/537.36 (KHTML, like Gecko; compatible; GPTBot/1.3; +https://openai.com/gptbot)"
74.7.242.31 - - [13/Feb/2026:17:08:52 +0000] "GET /buy.php?detail/03704588108115 HTTP/1.1" 200 125180 "https://mohamionline.com/buy.php?detail/03704523400563" "Mozilla/5.0 AppleWebKit/537.36 (KHTML, like Gecko; compatible; GPTBot/1.3; +https://openai.com/gptbot)"
74.7.242.31 - - [13/Feb/2026:17:08:55 +0000] "GET /buy.php?detail/04901947909524 HTTP/1.1" 200 125220 "https://mohamionline.com/buy.php?detail/03704523400563" "Mozilla/5.0 AppleWebKit/537.36 (KHTML, like Gecko; compatible; GPTBot/1.3; +https://openai.com/gptbot)"
114.119.153.209 - - [13/Feb/2026:17:09:01 +0000] "GET /goods.php?shop/pg/216wish/2518 HTTP/1.1" 404 - "http://mohamionline.com/goods.php?sitemap803.xml" "Mozilla/5.0 (Linux; Android 7.0;) AppleWebKit/537.36 (KHTML, like Gecko) Mobile Safari/537.36 (compatible; PetalBot;+https://webmaster.petalsearch.com/site/petalbot)"
74.7.242.31 - - [13/Feb/2026:17:08:58 +0000] "GET /buy.php?detail/15402436888647 HTTP/1.1" 200 132166 "https://mohamionline.com/buy.php?detail/21800122816731" "Mozilla/5.0 AppleWebKit/537.36 (KHTML, like Gecko; compatible; GPTBot/1.3; +https://openai.com/gptbot)"
74.7.242.31 - - [13/Feb/2026:17:09:02 +0000] "GET /buy.php?detail/22002053420749 HTTP/1.1" 200 129840 "https://mohamionline.com/buy.php?detail/22002127182970" "Mozilla/5.0 AppleWebKit/537.36 (KHTML, like Gecko; compatible; GPTBot/1.3; +https://openai.com/gptbot)"
74.7.242.31 - - [13/Feb/2026:17:09:06 +0000] "GET /buy.php?detail/07002583100646 HTTP/1.1" 200 119969 "https://mohamionline.com/buy.php?detail/07002528850679" "Mozilla/5.0 AppleWebKit/537.36 (KHTML, like Gecko; compatible; GPTBot/1.3; +https://openai.com/gptbot)"
74.7.242.31 - - [13/Feb/2026:17:09:10 +0000] "GET /buy.php?detail/26601760223148 HTTP/1.1" 200 134797 "https://mohamionline.com/buy.php?detail/26601858151038" "Mozilla/5.0 AppleWebKit/537.36 (KHTML, like Gecko; compatible; GPTBot/1.3; +https://openai.com/gptbot)"
74.7.242.31 - - [13/Feb/2026:17:09:12 +0000] "GET /buy.php?detail/01101896624033 HTTP/1.1" 200 125620 "https://mohamionline.com/buy.php?detail/01101907848803" "Mozilla/5.0 AppleWebKit/537.36 (KHTML, like Gecko; compatible; GPTBot/1.3; +https://openai.com/gptbot)"
74.7.242.31 - - [13/Feb/2026:17:09:15 +0000] "GET /buy.php?detail/20002201930266 HTTP/1.1" 200 120744 "https://mohamionline.com/buy.php?jp/037045234.html" "Mozilla/5.0 AppleWebKit/537.36 (KHTML, like Gecko; compatible; GPTBot/1.3; +https://openai.com/gptbot)"
74.7.242.31 - - [13/Feb/2026:17:09:19 +0000] "GET /buy.php?detail/1530196654428 HTTP/1.1" 200 122601 "https://mohamionline.com/buy.php?detail/15301984004097" "Mozilla/5.0 AppleWebKit/537.36 (KHTML, like Gecko; compatible; GPTBot/1.3; +https://openai.com/gptbot)"
74.7.242.31 - - [13/Feb/2026:17:09:22 +0000] "GET /buy.php?detail/15301966776761 HTTP/1.1" 200 123670 "https://mohamionline.com/buy.php?detail/15301984004097" "Mozilla/5.0 AppleWebKit/537.36 (KHTML, like Gecko; compatible; GPTBot/1.3; +https://openai.com/gptbot)"
74.7.242.31 - - [13/Feb/2026:17:09:25 +0000] "GET /buy.php?detail/26601807464669 HTTP/1.1" 200 136403 "https://mohamionline.com/buy.php?detail/26601763377691" "Mozilla/5.0 AppleWebKit/537.36 (KHTML, like Gecko; compatible; GPTBot/1.3; +https://openai.com/gptbot)"
74.7.242.31 - - [13/Feb/2026:17:09:29 +0000] "GET /buy.php?detail/23401540665200 HTTP/1.1" 200 122297 "https://mohamionline.com/buy.php?detail/15301984004097" "Mozilla/5.0 AppleWebKit/537.36 (KHTML, like Gecko; compatible; GPTBot/1.3; +https://openai.com/gptbot)"
74.7.242.31 - - [13/Feb/2026:17:09:32 +0000] "GET /buy.php?detail/29802420842450 HTTP/1.1" 200 123934 "https://mohamionline.com/buy.php?detail/04901947909524" "Mozilla/5.0 AppleWebKit/537.36 (KHTML, like Gecko; compatible; GPTBot/1.3; +https://openai.com/gptbot)"
74.7.242.31 - - [13/Feb/2026:17:09:36 +0000] "GET /buy.php?detail/15402311429614 HTTP/1.1" 200 121252 "https://mohamionline.com/buy.php?detail/15402436888647" "Mozilla/5.0 AppleWebKit/537.36 (KHTML, like Gecko; compatible; GPTBot/1.3; +https://openai.com/gptbot)"
74.7.242.31 - - [13/Feb/2026:17:09:40 +0000] "GET /buy.php?detail/15301966928155 HTTP/1.1" 200 122529 "https://mohamionline.com/buy.php?detail/15301984004097" "Mozilla/5.0 AppleWebKit/537.36 (KHTML, like Gecko; compatible; GPTBot/1.3; +https://openai.com/gptbot)"
74.7.242.31 - - [13/Feb/2026:17:09:43 +0000] "GET /buy.php?detail/22802701705669 HTTP/1.1" 200 119547 "https://mohamionline.com/buy.php?detail/04901947909524" "Mozilla/5.0 AppleWebKit/537.36 (KHTML, like Gecko; compatible; GPTBot/1.3; +https://openai.com/gptbot)"
74.7.242.31 - - [13/Feb/2026:17:09:47 +0000] "GET /buy.php?detail/13302637310437 HTTP/1.1" 200 126457 "https://mohamionline.com/buy.php?detail/26601760223148" "Mozilla/5.0 AppleWebKit/537.36 (KHTML, like Gecko; compatible; GPTBot/1.3; +https://openai.com/gptbot)"
74.7.242.31 - - [13/Feb/2026:17:09:50 +0000] "GET /buy.php?detail/01101914590082 HTTP/1.1" 200 122891 "https://mohamionline.com/buy.php?detail/01101896624033" "Mozilla/5.0 AppleWebKit/537.36 (KHTML, like Gecko; compatible; GPTBot/1.3; +https://openai.com/gptbot)"
74.7.242.31 - - [13/Feb/2026:17:09:53 +0000] "GET /buy.php?detail/26601835412600 HTTP/1.1" 200 126033 "https://mohamionline.com/buy.php?detail/26601760223148" "Mozilla/5.0 AppleWebKit/537.36 (KHTML, like Gecko; compatible; GPTBot/1.3; +https://openai.com/gptbot)"
74.7.242.31 - - [13/Feb/2026:17:09:57 +0000] "GET /buy.php?detail/01101914743726 HTTP/1.1" 200 132722 "https://mohamionline.com/buy.php?detail/01101896624033" "Mozilla/5.0 AppleWebKit/537.36 (KHTML, like Gecko; compatible; GPTBot/1.3; +https://openai.com/gptbot)"
74.7.242.31 - - [13/Feb/2026:17:10:01 +0000] "GET /buy.php?detail/26601837350396 HTTP/1.1" 200 125633 "https://mohamionline.com/buy.php?detail/26601760223148" "Mozilla/5.0 AppleWebKit/537.36 (KHTML, like Gecko; compatible; GPTBot/1.3; +https://openai.com/gptbot)"
107.189.29.231 - - [13/Feb/2026:17:10:07 +0000] "GET /wp-login.php HTTP/1.1" 404 - "-" "Mozilla/5.0 (X11; Ubuntu; Linux x86_64; rv:31.0) Gecko/20100101 Firefox/31.0"
74.7.242.31 - - [13/Feb/2026:17:10:04 +0000] "GET /buy.php?detail/26601758222029 HTTP/1.1" 200 129554 "https://mohamionline.com/buy.php?detail/26601807464669" "Mozilla/5.0 AppleWebKit/537.36 (KHTML, like Gecko; compatible; GPTBot/1.3; +https://openai.com/gptbot)"
74.7.242.31 - - [13/Feb/2026:17:10:07 +0000] "GET /buy.php?detail/27502303501920 HTTP/1.1" 200 119075 "https://mohamionline.com/buy.php?detail/26601807464669" "Mozilla/5.0 AppleWebKit/537.36 (KHTML, like Gecko; compatible; GPTBot/1.3; +https://openai.com/gptbot)"
74.7.242.31 - - [13/Feb/2026:17:10:10 +0000] "GET /buy.php?detail/09301857620506 HTTP/1.1" 200 121453 "https://mohamionline.com/buy.php?detail/07002583100646" "Mozilla/5.0 AppleWebKit/537.36 (KHTML, like Gecko; compatible; GPTBot/1.3; +https://openai.com/gptbot)"
74.7.242.31 - - [13/Feb/2026:17:10:13 +0000] "GET /buy.php?detail/11502314540060 HTTP/1.1" 200 120776 "https://mohamionline.com/buy.php?detail/17903967311673" "Mozilla/5.0 AppleWebKit/537.36 (KHTML, like Gecko; compatible; GPTBot/1.3; +https://openai.com/gptbot)"
74.7.242.31 - - [13/Feb/2026:17:10:17 +0000] "GET /buy.php?detail/16601422972496 HTTP/1.1" 200 130864 "https://mohamionline.com/buy.php?goods/241027746" "Mozilla/5.0 AppleWebKit/537.36 (KHTML, like Gecko; compatible; GPTBot/1.3; +https://openai.com/gptbot)"
74.7.242.31 - - [13/Feb/2026:17:10:20 +0000] "GET /buy.php?detail/02204379739177 HTTP/1.1" 200 119792 "https://mohamionline.com/buy.php?detail/02204105199203" "Mozilla/5.0 AppleWebKit/537.36 (KHTML, like Gecko; compatible; GPTBot/1.3; +https://openai.com/gptbot)"
114.119.155.180 - - [13/Feb/2026:17:10:23 +0000] "GET /goods.php?shop/pg/216proceed/17524 HTTP/1.1" 404 - "http://mohamionline.com/goods.php?sitemap803.xml" "Mozilla/5.0 (Linux; Android 7.0;) AppleWebKit/537.36 (KHTML, like Gecko) Mobile Safari/537.36 (compatible; PetalBot;+https://webmaster.petalsearch.com/site/petalbot)"
74.7.242.31 - - [13/Feb/2026:17:10:23 +0000] "GET /buy.php?detail/28502622092784 HTTP/1.1" 200 120353 "https://mohamionline.com/buy.php?detail/25000808434565" "Mozilla/5.0 AppleWebKit/537.36 (KHTML, like Gecko; compatible; GPTBot/1.3; +https://openai.com/gptbot)"
74.7.242.31 - - [13/Feb/2026:17:10:27 +0000] "GET /buy.php?detail/01101924223986 HTTP/1.1" 200 119902 "https://mohamionline.com/buy.php?detail/01101914590082" "Mozilla/5.0 AppleWebKit/537.36 (KHTML, like Gecko; compatible; GPTBot/1.3; +https://openai.com/gptbot)"
74.7.242.31 - - [13/Feb/2026:17:10:30 +0000] "GET /buy.php?detail/04901584122896 HTTP/1.1" 200 119791 "https://mohamionline.com/buy.php?detail/01101914590082" "Mozilla/5.0 AppleWebKit/537.36 (KHTML, like Gecko; compatible; GPTBot/1.3; +https://openai.com/gptbot)"
74.7.242.31 - - [13/Feb/2026:17:10:33 +0000] "GET /buy.php?detail/01101923014879 HTTP/1.1" 200 129319 "https://mohamionline.com/buy.php?detail/01101914743726" "Mozilla/5.0 AppleWebKit/537.36 (KHTML, like Gecko; compatible; GPTBot/1.3; +https://openai.com/gptbot)"
74.7.242.31 - - [13/Feb/2026:17:10:37 +0000] "GET /buy.php?detail/26601853255279 HTTP/1.1" 200 133531 "https://mohamionline.com/buy.php?detail/26601835412600" "Mozilla/5.0 AppleWebKit/537.36 (KHTML, like Gecko; compatible; GPTBot/1.3; +https://openai.com/gptbot)"
74.7.242.31 - - [13/Feb/2026:17:10:40 +0000] "GET /buy.php?detail/20302959915560 HTTP/1.1" 200 123105 "https://mohamionline.com/buy.php?detail/05903600322010" "Mozilla/5.0 AppleWebKit/537.36 (KHTML, like Gecko; compatible; GPTBot/1.3; +https://openai.com/gptbot)"
74.7.242.31 - - [13/Feb/2026:17:10:44 +0000] "GET /buy.php?detail/03200970303775 HTTP/1.1" 200 143611 "https://mohamionline.com/buy.php?detail/27502303501920" "Mozilla/5.0 AppleWebKit/537.36 (KHTML, like Gecko; compatible; GPTBot/1.3; +https://openai.com/gptbot)"
74.7.242.31 - - [13/Feb/2026:17:10:47 +0000] "GET /buy.php?detail/07101014602611 HTTP/1.1" 200 119150 "https://mohamionline.com/buy.php?detail/27502303501920" "Mozilla/5.0 AppleWebKit/537.36 (KHTML, like Gecko; compatible; GPTBot/1.3; +https://openai.com/gptbot)"
74.7.242.31 - - [13/Feb/2026:17:10:51 +0000] "GET /buy.php?detail/17803511602488 HTTP/1.1" 200 138979 "https://mohamionline.com/buy.php?detail/11502314540060" "Mozilla/5.0 AppleWebKit/537.36 (KHTML, like Gecko; compatible; GPTBot/1.3; +https://openai.com/gptbot)"
74.7.242.31 - - [13/Feb/2026:17:10:54 +0000] "GET /buy.php?detail/16602197064402 HTTP/1.1" 200 130372 "https://mohamionline.com/buy.php?detail/16601422972496" "Mozilla/5.0 AppleWebKit/537.36 (KHTML, like Gecko; compatible; GPTBot/1.3; +https://openai.com/gptbot)"
74.7.242.31 - - [13/Feb/2026:17:10:58 +0000] "GET /buy.php?detail/18503335050703 HTTP/1.1" 200 131286 "https://mohamionline.com/buy.php?detail/02204379739177" "Mozilla/5.0 AppleWebKit/537.36 (KHTML, like Gecko; compatible; GPTBot/1.3; +https://openai.com/gptbot)"
74.7.242.31 - - [13/Feb/2026:17:11:01 +0000] "GET /buy.php?detail/16602197166983 HTTP/1.1" 200 130439 "https://mohamionline.com/buy.php?detail/16601422972496" "Mozilla/5.0 AppleWebKit/537.36 (KHTML, like Gecko; compatible; GPTBot/1.3; +https://openai.com/gptbot)"
74.7.242.31 - - [13/Feb/2026:17:11:05 +0000] "GET /buy.php?detail/29602072834254 HTTP/1.1" 200 119988 "https://mohamionline.com/buy.php?detail/02204379739177" "Mozilla/5.0 AppleWebKit/537.36 (KHTML, like Gecko; compatible; GPTBot/1.3; +https://openai.com/gptbot)"
74.7.242.31 - - [13/Feb/2026:17:11:08 +0000] "GET /buy.php?detail/28004149110390 HTTP/1.1" 200 120283 "https://mohamionline.com/buy.php?detail/04601239995720" "Mozilla/5.0 AppleWebKit/537.36 (KHTML, like Gecko; compatible; GPTBot/1.3; +https://openai.com/gptbot)"
74.7.242.31 - - [13/Feb/2026:17:11:11 +0000] "GET /buy.php?detail/01101895771923 HTTP/1.1" 200 137750 "https://mohamionline.com/buy.php?detail/01101923014879" "Mozilla/5.0 AppleWebKit/537.36 (KHTML, like Gecko; compatible; GPTBot/1.3; +https://openai.com/gptbot)"
74.7.242.31 - - [13/Feb/2026:17:11:14 +0000] "GET /buy.php?detail/02700829574205 HTTP/1.1" 200 119281 "https://mohamionline.com/buy.php?detail/02701480707695" "Mozilla/5.0 AppleWebKit/537.36 (KHTML, like Gecko; compatible; GPTBot/1.3; +https://openai.com/gptbot)"
74.7.242.31 - - [13/Feb/2026:17:11:17 +0000] "GET /buy.php?detail/27903595097531 HTTP/1.1" 200 119034 "https://mohamionline.com/buy.php?detail/27903594593384" "Mozilla/5.0 AppleWebKit/537.36 (KHTML, like Gecko; compatible; GPTBot/1.3; +https://openai.com/gptbot)"
74.7.242.31 - - [13/Feb/2026:17:11:20 +0000] "GET /buy.php?jp/032007033.html HTTP/1.1" 200 132200 "https://mohamionline.com/buy.php?detail/03200970303775" "Mozilla/5.0 AppleWebKit/537.36 (KHTML, like Gecko; compatible; GPTBot/1.3; +https://openai.com/gptbot)"
74.7.242.31 - - [13/Feb/2026:17:11:23 +0000] "GET /buy.php?detail/07104813500041 HTTP/1.1" 200 118223 "https://mohamionline.com/buy.php?detail/07101014602611" "Mozilla/5.0 AppleWebKit/537.36 (KHTML, like Gecko; compatible; GPTBot/1.3; +https://openai.com/gptbot)"
74.7.242.31 - - [13/Feb/2026:17:11:26 +0000] "GET /buy.php?detail/19100196070331 HTTP/1.1" 200 120963 "https://mohamionline.com/buy.php?detail/17803511602488" "Mozilla/5.0 AppleWebKit/537.36 (KHTML, like Gecko; compatible; GPTBot/1.3; +https://openai.com/gptbot)"
74.7.242.31 - - [13/Feb/2026:17:11:30 +0000] "GET /buy.php?detail/12202592210039 HTTP/1.1" 200 127570 "https://mohamionline.com/buy.php?detail/07101014602611" "Mozilla/5.0 AppleWebKit/537.36 (KHTML, like Gecko; compatible; GPTBot/1.3; +https://openai.com/gptbot)"
47.82.11.119 - - [13/Feb/2026:17:11:35 +0000] "GET /shopdetail/871109227470 HTTP/1.1" 404 - "https://mohamionline.com/" "Mozilla/5.0 (X11; Linux x86_64) AppleWebKit/537.36 (KHTML, like Gecko) Chrome/114.0.0.0 Safari/537.36"
74.7.242.31 - - [13/Feb/2026:17:11:33 +0000] "GET /buy.php?detail/25903432163335 HTTP/1.1" 200 131272 "https://mohamionline.com/buy.php?detail/18503335050703" "Mozilla/5.0 AppleWebKit/537.36 (KHTML, like Gecko; compatible; GPTBot/1.3; +https://openai.com/gptbot)"
74.7.242.31 - - [13/Feb/2026:17:11:37 +0000] "GET /buy.php?detail/18503366639514 HTTP/1.1" 200 139686 "https://mohamionline.com/buy.php?detail/18503335050703" "Mozilla/5.0 AppleWebKit/537.36 (KHTML, like Gecko; compatible; GPTBot/1.3; +https://openai.com/gptbot)"
74.7.242.31 - - [13/Feb/2026:17:11:39 +0000] "GET /buy.php?detail/13403728532373 HTTP/1.1" 200 121561 "https://mohamionline.com/buy.php?detail/03200970303775" "Mozilla/5.0 AppleWebKit/537.36 (KHTML, like Gecko; compatible; GPTBot/1.3; +https://openai.com/gptbot)"
74.7.242.31 - - [13/Feb/2026:17:11:42 +0000] "GET /buy.php?detail/06901210214508 HTTP/1.1" 200 117594 "https://mohamionline.com/buy.php?detail/03200970303775" "Mozilla/5.0 AppleWebKit/537.36 (KHTML, like Gecko; compatible; GPTBot/1.3; +https://openai.com/gptbot)"
114.119.137.94 - - [13/Feb/2026:17:11:47 +0000] "GET /goods.php?shop/pg/216jury/40116 HTTP/1.1" 404 - "http://mohamionline.com/goods.php?sitemap803.xml" "Mozilla/5.0 (Linux; Android 7.0;) AppleWebKit/537.36 (KHTML, like Gecko) Mobile Safari/537.36 (compatible; PetalBot;+https://webmaster.petalsearch.com/site/petalbot)"
74.7.242.31 - - [13/Feb/2026:17:11:47 +0000] "GET /buy.php?detail/28004143546288 HTTP/1.1" 200 126614 "https://mohamionline.com/buy.php?detail/28004149110390" "Mozilla/5.0 AppleWebKit/537.36 (KHTML, like Gecko; compatible; GPTBot/1.3; +https://openai.com/gptbot)"
74.7.242.31 - - [13/Feb/2026:17:11:51 +0000] "GET /buy.php?detail/18503366880440 HTTP/1.1" 200 139497 "https://mohamionline.com/buy.php?detail/18503335050703" "Mozilla/5.0 AppleWebKit/537.36 (KHTML, like Gecko; compatible; GPTBot/1.3; +https://openai.com/gptbot)"
74.7.241.182 - - [13/Feb/2026:17:11:54 +0000] "GET /robots.txt HTTP/1.1" 404 - "-" "Mozilla/5.0 (Macintosh; Intel Mac OS X 10_15_7) AppleWebKit/537.36 (KHTML, like Gecko) Chrome/131.0.0.0 Safari/537.36; compatible; OAI-SearchBot/1.3; robots.txt; +https://openai.com/searchbot"
66.249.66.5 - - [13/Feb/2026:17:11:54 +0000] "GET /header.php?merchandises/592109120670 HTTP/1.1" 404 - "-" "Mozilla/5.0 (Linux; Android 6.0.1; Nexus 5X Build/MMB29P) AppleWebKit/537.36 (KHTML, like Gecko) Chrome/144.0.7559.132 Mobile Safari/537.36 (compatible; Googlebot/2.1; +http://www.google.com/bot.html)"
74.7.242.31 - - [13/Feb/2026:17:11:54 +0000] "GET /buy.php?detail/24701036167248 HTTP/1.1" 200 120076 "https://mohamionline.com/buy.php?detail/27903595097531" "Mozilla/5.0 AppleWebKit/537.36 (KHTML, like Gecko; compatible; GPTBot/1.3; +https://openai.com/gptbot)"
74.7.242.31 - - [13/Feb/2026:17:11:57 +0000] "GET /buy.php?detail/03200939459934 HTTP/1.1" 200 128982 "https://mohamionline.com/buy.php?jp/032007033.html" "Mozilla/5.0 AppleWebKit/537.36 (KHTML, like Gecko; compatible; GPTBot/1.3; +https://openai.com/gptbot)"
74.7.242.31 - - [13/Feb/2026:17:12:00 +0000] "GET /buy.php?detail/07101072480620 HTTP/1.1" 200 119478 "https://mohamionline.com/buy.php?detail/07104813500041" "Mozilla/5.0 AppleWebKit/537.36 (KHTML, like Gecko; compatible; GPTBot/1.3; +https://openai.com/gptbot)"
74.7.242.31 - - [13/Feb/2026:17:12:03 +0000] "GET /buy.php?detail/03200939774477 HTTP/1.1" 200 129036 "https://mohamionline.com/buy.php?jp/032007033.html" "Mozilla/5.0 AppleWebKit/537.36 (KHTML, like Gecko; compatible; GPTBot/1.3; +https://openai.com/gptbot)"
74.7.242.31 - - [13/Feb/2026:17:12:06 +0000] "GET /buy.php?detail/07101072857406 HTTP/1.1" 200 118798 "https://mohamionline.com/buy.php?detail/07104813500041" "Mozilla/5.0 AppleWebKit/537.36 (KHTML, like Gecko; compatible; GPTBot/1.3; +https://openai.com/gptbot)"
