74.7.242.31 - - [13/Feb/2026:16:28:17 +0000] "GET /buy.php?detail/20303144091427 HTTP/1.1" 200 121122 "https://mohamionline.com/buy.php?detail/20301426685584" "Mozilla/5.0 AppleWebKit/537.36 (KHTML, like Gecko; compatible; GPTBot/1.3; +https://openai.com/gptbot)"
74.7.242.31 - - [13/Feb/2026:16:28:20 +0000] "GET /buy.php?detail/14903683366453 HTTP/1.1" 200 120215 "https://mohamionline.com/buy.php?detail/14903685016345" "Mozilla/5.0 AppleWebKit/537.36 (KHTML, like Gecko; compatible; GPTBot/1.3; +https://openai.com/gptbot)"
74.7.242.31 - - [13/Feb/2026:16:28:24 +0000] "GET /buy.php?detail/29302028027788 HTTP/1.1" 200 118676 "https://mohamionline.com/buy.php?detail/29302141191578" "Mozilla/5.0 AppleWebKit/537.36 (KHTML, like Gecko; compatible; GPTBot/1.3; +https://openai.com/gptbot)"
74.7.242.31 - - [13/Feb/2026:16:28:27 +0000] "GET /buy.php?detail/10400842324120 HTTP/1.1" 200 120037 "https://mohamionline.com/buy.php?detail/10400843540468" "Mozilla/5.0 AppleWebKit/537.36 (KHTML, like Gecko; compatible; GPTBot/1.3; +https://openai.com/gptbot)"
74.7.242.31 - - [13/Feb/2026:16:28:29 +0000] "GET /buy.php?detail/00901539111229 HTTP/1.1" 200 138775 "https://mohamionline.com/buy.php?detail/04604165078779" "Mozilla/5.0 AppleWebKit/537.36 (KHTML, like Gecko; compatible; GPTBot/1.3; +https://openai.com/gptbot)"
74.7.242.31 - - [13/Feb/2026:16:28:32 +0000] "GET /buy.php?detail/04604159693618 HTTP/1.1" 200 128135 "https://mohamionline.com/buy.php?detail/04604165078779" "Mozilla/5.0 AppleWebKit/537.36 (KHTML, like Gecko; compatible; GPTBot/1.3; +https://openai.com/gptbot)"
114.119.155.10 - - [13/Feb/2026:16:28:36 +0000] "GET /goods.php?shop/pg/220wildlife/33228 HTTP/1.1" 404 - "http://mohamionline.com/goods.php?sitemap803.xml" "Mozilla/5.0 (Linux; Android 7.0;) AppleWebKit/537.36 (KHTML, like Gecko) Mobile Safari/537.36 (compatible; PetalBot;+https://webmaster.petalsearch.com/site/petalbot)"
74.7.242.31 - - [13/Feb/2026:16:28:36 +0000] "GET /buy.php?detail/23804954368545 HTTP/1.1" 200 120157 "https://mohamionline.com/buy.php?detail/23804865563186" "Mozilla/5.0 AppleWebKit/537.36 (KHTML, like Gecko; compatible; GPTBot/1.3; +https://openai.com/gptbot)"
74.7.242.31 - - [13/Feb/2026:16:28:39 +0000] "GET /buy.php?detail/29002674097227 HTTP/1.1" 200 123200 "https://mohamionline.com/buy.php?goods/078038115" "Mozilla/5.0 AppleWebKit/537.36 (KHTML, like Gecko; compatible; GPTBot/1.3; +https://openai.com/gptbot)"
74.7.242.31 - - [13/Feb/2026:16:28:42 +0000] "GET /buy.php?detail/13202266128682 HTTP/1.1" 200 117889 "https://mohamionline.com/buy.php?detail/10302239773999" "Mozilla/5.0 AppleWebKit/537.36 (KHTML, like Gecko; compatible; GPTBot/1.3; +https://openai.com/gptbot)"
74.7.242.31 - - [13/Feb/2026:16:28:45 +0000] "GET /buy.php?detail/16500034165062 HTTP/1.1" 200 120392 "https://mohamionline.com/buy.php?detail/16500061259183" "Mozilla/5.0 AppleWebKit/537.36 (KHTML, like Gecko; compatible; GPTBot/1.3; +https://openai.com/gptbot)"
74.7.242.31 - - [13/Feb/2026:16:28:48 +0000] "GET /buy.php?detail/28303829070984 HTTP/1.1" 200 136779 "https://mohamionline.com/buy.php?detail/26402657015642" "Mozilla/5.0 AppleWebKit/537.36 (KHTML, like Gecko; compatible; GPTBot/1.3; +https://openai.com/gptbot)"
74.7.242.31 - - [13/Feb/2026:16:28:51 +0000] "GET /buy.php?detail/18604056535006 HTTP/1.1" 200 126064 "https://mohamionline.com/buy.php?detail/26402661497165" "Mozilla/5.0 AppleWebKit/537.36 (KHTML, like Gecko; compatible; GPTBot/1.3; +https://openai.com/gptbot)"
74.7.242.31 - - [13/Feb/2026:16:28:54 +0000] "GET /buy.php?detail/23201660457466 HTTP/1.1" 200 121826 "https://mohamionline.com/buy.php?detail/14903683366453" "Mozilla/5.0 AppleWebKit/537.36 (KHTML, like Gecko; compatible; GPTBot/1.3; +https://openai.com/gptbot)"
74.7.242.31 - - [13/Feb/2026:16:28:57 +0000] "GET /buy.php?detail/27704423404479 HTTP/1.1" 200 122005 "https://mohamionline.com/buy.php?detail/29302028027788" "Mozilla/5.0 AppleWebKit/537.36 (KHTML, like Gecko; compatible; GPTBot/1.3; +https://openai.com/gptbot)"
151.244.149.214 - - [13/Feb/2026:16:29:02 +0000] "GET /index.php?Itemid=102&id=279&option=com_content&view=article HTTP/1.1" 404 - "-" "Mozilla/5.0 (Windows NT 5.1; rv:5.0) Gecko/20100101 Firefox/5.0"
74.7.242.31 - - [13/Feb/2026:16:29:00 +0000] "GET /buy.php?detail/01500768981824 HTTP/1.1" 200 120534 "https://mohamionline.com/buy.php?detail/10400842324120" "Mozilla/5.0 AppleWebKit/537.36 (KHTML, like Gecko; compatible; GPTBot/1.3; +https://openai.com/gptbot)"
74.7.242.31 - - [13/Feb/2026:16:29:03 +0000] "GET /buy.php?detail/06200772512691 HTTP/1.1" 200 132041 "https://mohamionline.com/buy.php?detail/15101178694601" "Mozilla/5.0 AppleWebKit/537.36 (KHTML, like Gecko; compatible; GPTBot/1.3; +https://openai.com/gptbot)"
74.7.242.31 - - [13/Feb/2026:16:29:07 +0000] "GET /buy.php?goods/046041217 HTTP/1.1" 200 123633 "https://mohamionline.com/buy.php?detail/04604159693618" "Mozilla/5.0 AppleWebKit/537.36 (KHTML, like Gecko; compatible; GPTBot/1.3; +https://openai.com/gptbot)"
74.7.242.31 - - [13/Feb/2026:16:29:09 +0000] "GET /buy.php?detail/17801748262069 HTTP/1.1" 200 126700 "https://mohamionline.com/buy.php?detail/23804954368545" "Mozilla/5.0 AppleWebKit/537.36 (KHTML, like Gecko; compatible; GPTBot/1.3; +https://openai.com/gptbot)"
74.7.242.31 - - [13/Feb/2026:16:29:12 +0000] "GET /buy.php?detail/29000228950078 HTTP/1.1" 200 140168 "https://mohamionline.com/buy.php?detail/29002674097227" "Mozilla/5.0 AppleWebKit/537.36 (KHTML, like Gecko; compatible; GPTBot/1.3; +https://openai.com/gptbot)"
74.7.242.31 - - [13/Feb/2026:16:29:16 +0000] "GET /buy.php?detail/21901922034707 HTTP/1.1" 200 133429 "https://mohamionline.com/buy.php?detail/23804954368545" "Mozilla/5.0 AppleWebKit/537.36 (KHTML, like Gecko; compatible; GPTBot/1.3; +https://openai.com/gptbot)"
74.7.242.31 - - [13/Feb/2026:16:29:19 +0000] "GET /buy.php?detail/01401848174754 HTTP/1.1" 200 123196 "https://mohamionline.com/buy.php?detail/04604159693618" "Mozilla/5.0 AppleWebKit/537.36 (KHTML, like Gecko; compatible; GPTBot/1.3; +https://openai.com/gptbot)"
74.7.242.31 - - [13/Feb/2026:16:29:22 +0000] "GET /buy.php?detail/22604545975041 HTTP/1.1" 200 119362 "https://mohamionline.com/buy.php?detail/04604159693618" "Mozilla/5.0 AppleWebKit/537.36 (KHTML, like Gecko; compatible; GPTBot/1.3; +https://openai.com/gptbot)"
74.7.242.31 - - [13/Feb/2026:16:29:25 +0000] "GET /buy.php?detail/14801981604698 HTTP/1.1" 200 119361 "https://mohamionline.com/buy.php?detail/18604056535006" "Mozilla/5.0 AppleWebKit/537.36 (KHTML, like Gecko; compatible; GPTBot/1.3; +https://openai.com/gptbot)"
74.7.242.31 - - [13/Feb/2026:16:29:28 +0000] "GET /buy.php?detail/23201623994825 HTTP/1.1" 200 125934 "https://mohamionline.com/buy.php?detail/23201660457466" "Mozilla/5.0 AppleWebKit/537.36 (KHTML, like Gecko; compatible; GPTBot/1.3; +https://openai.com/gptbot)"
74.7.242.31 - - [13/Feb/2026:16:29:31 +0000] "GET /buy.php?detail/27704530009785 HTTP/1.1" 200 127306 "https://mohamionline.com/buy.php?detail/27704423404479" "Mozilla/5.0 AppleWebKit/537.36 (KHTML, like Gecko; compatible; GPTBot/1.3; +https://openai.com/gptbot)"
74.7.242.31 - - [13/Feb/2026:16:29:34 +0000] "GET /buy.php?detail/01500360777446 HTTP/1.1" 200 122169 "https://mohamionline.com/buy.php?detail/01500768981824" "Mozilla/5.0 AppleWebKit/537.36 (KHTML, like Gecko; compatible; GPTBot/1.3; +https://openai.com/gptbot)"
74.7.242.31 - - [13/Feb/2026:16:29:36 +0000] "GET /buy.php?detail/16202212792074 HTTP/1.1" 200 141436 "https://mohamionline.com/buy.php?detail/01500768981824" "Mozilla/5.0 AppleWebKit/537.36 (KHTML, like Gecko; compatible; GPTBot/1.3; +https://openai.com/gptbot)"
74.7.242.31 - - [13/Feb/2026:16:29:39 +0000] "GET /buy.php?detail/27704530706055 HTTP/1.1" 200 126548 "https://mohamionline.com/buy.php?detail/27704423404479" "Mozilla/5.0 AppleWebKit/537.36 (KHTML, like Gecko; compatible; GPTBot/1.3; +https://openai.com/gptbot)"
74.7.242.31 - - [13/Feb/2026:16:29:42 +0000] "GET /buy.php?detail/17801701911738 HTTP/1.1" 200 139453 "https://mohamionline.com/buy.php?detail/17801748262069" "Mozilla/5.0 AppleWebKit/537.36 (KHTML, like Gecko; compatible; GPTBot/1.3; +https://openai.com/gptbot)"
74.7.242.31 - - [13/Feb/2026:16:29:45 +0000] "GET /buy.php?detail/29003244490163 HTTP/1.1" 200 124460 "https://mohamionline.com/buy.php?detail/29000228950078" "Mozilla/5.0 AppleWebKit/537.36 (KHTML, like Gecko; compatible; GPTBot/1.3; +https://openai.com/gptbot)"
74.7.242.31 - - [13/Feb/2026:16:29:48 +0000] "GET /buy.php?detail/17801701885562 HTTP/1.1" 200 130022 "https://mohamionline.com/buy.php?detail/17801748262069" "Mozilla/5.0 AppleWebKit/537.36 (KHTML, like Gecko; compatible; GPTBot/1.3; +https://openai.com/gptbot)"
74.7.242.31 - - [13/Feb/2026:16:29:51 +0000] "GET /buy.php?detail/01401444916031 HTTP/1.1" 200 121695 "https://mohamionline.com/buy.php?detail/01401848174754" "Mozilla/5.0 AppleWebKit/537.36 (KHTML, like Gecko; compatible; GPTBot/1.3; +https://openai.com/gptbot)"
74.7.242.31 - - [13/Feb/2026:16:29:54 +0000] "GET /buy.php?jp/226036332.html HTTP/1.1" 200 119524 "https://mohamionline.com/buy.php?detail/22604545975041" "Mozilla/5.0 AppleWebKit/537.36 (KHTML, like Gecko; compatible; GPTBot/1.3; +https://openai.com/gptbot)"
74.7.242.31 - - [13/Feb/2026:16:29:57 +0000] "GET /buy.php?detail/22602433378891 HTTP/1.1" 200 119428 "https://mohamionline.com/buy.php?detail/22604545975041" "Mozilla/5.0 AppleWebKit/537.36 (KHTML, like Gecko; compatible; GPTBot/1.3; +https://openai.com/gptbot)"
114.119.155.180 - - [13/Feb/2026:16:30:00 +0000] "GET /goods.php?shop/pg/220surprisingly/30534 HTTP/1.1" 404 - "http://mohamionline.com/goods.php?sitemap803.xml" "Mozilla/5.0 (Linux; Android 7.0;) AppleWebKit/537.36 (KHTML, like Gecko) Mobile Safari/537.36 (compatible; PetalBot;+https://webmaster.petalsearch.com/site/petalbot)"
74.7.242.31 - - [13/Feb/2026:16:29:59 +0000] "GET /buy.php?detail/14800068301521 HTTP/1.1" 200 119766 "https://mohamionline.com/buy.php?detail/14801981604698" "Mozilla/5.0 AppleWebKit/537.36 (KHTML, like Gecko; compatible; GPTBot/1.3; +https://openai.com/gptbot)"
74.7.242.31 - - [13/Feb/2026:16:30:02 +0000] "GET /buy.php?detail/14800068233815 HTTP/1.1" 200 119740 "https://mohamionline.com/buy.php?detail/14801981604698" "Mozilla/5.0 AppleWebKit/537.36 (KHTML, like Gecko; compatible; GPTBot/1.3; +https://openai.com/gptbot)"
74.7.242.31 - - [13/Feb/2026:16:30:06 +0000] "GET /buy.php?detail/01500661864550 HTTP/1.1" 200 120198 "https://mohamionline.com/buy.php?detail/01500360777446" "Mozilla/5.0 AppleWebKit/537.36 (KHTML, like Gecko; compatible; GPTBot/1.3; +https://openai.com/gptbot)"
69.30.223.218 - - [13/Feb/2026:16:30:11 +0000] "GET /wp-content/pla25a50/edit.php HTTP/1.1" 404 - "http://mohamionline.com/wp-content/pla25a50/edit.php" "Mozilla/5.0 (Windows NT 10.0; Win64; x64) AppleWebKit/537.36 (KHTML, like Gecko) Chrome/58.0.3029.110 Safari/537.3"
74.7.242.31 - - [13/Feb/2026:16:30:09 +0000] "GET /buy.php?detail/16202227852712 HTTP/1.1" 200 118791 "https://mohamionline.com/buy.php?detail/16202212792074" "Mozilla/5.0 AppleWebKit/537.36 (KHTML, like Gecko; compatible; GPTBot/1.3; +https://openai.com/gptbot)"
74.7.242.31 - - [13/Feb/2026:16:30:12 +0000] "GET /buy.php?detail/16202228465322 HTTP/1.1" 200 119184 "https://mohamionline.com/buy.php?detail/16202212792074" "Mozilla/5.0 AppleWebKit/537.36 (KHTML, like Gecko; compatible; GPTBot/1.3; +https://openai.com/gptbot)"
74.7.242.31 - - [13/Feb/2026:16:30:15 +0000] "GET /buy.php?detail/22602433554154 HTTP/1.1" 200 119169 "https://mohamionline.com/buy.php?detail/22604545975041" "Mozilla/5.0 AppleWebKit/537.36 (KHTML, like Gecko; compatible; GPTBot/1.3; +https://openai.com/gptbot)"
74.7.242.31 - - [13/Feb/2026:16:30:18 +0000] "GET /buy.php?detail/12702320210935 HTTP/1.1" 200 118256 "https://mohamionline.com/buy.php?detail/23201623994825" "Mozilla/5.0 AppleWebKit/537.36 (KHTML, like Gecko; compatible; GPTBot/1.3; +https://openai.com/gptbot)"
74.7.242.31 - - [13/Feb/2026:16:30:21 +0000] "GET /buy.php?detail/17501444364082 HTTP/1.1" 200 120919 "https://mohamionline.com/buy.php?detail/17801701885562" "Mozilla/5.0 AppleWebKit/537.36 (KHTML, like Gecko; compatible; GPTBot/1.3; +https://openai.com/gptbot)"
74.7.242.31 - - [13/Feb/2026:16:30:24 +0000] "GET /buy.php?detail/01400934844050 HTTP/1.1" 200 119708 "https://mohamionline.com/buy.php?detail/01401444916031" "Mozilla/5.0 AppleWebKit/537.36 (KHTML, like Gecko; compatible; GPTBot/1.3; +https://openai.com/gptbot)"
74.7.242.31 - - [13/Feb/2026:16:30:27 +0000] "GET /buy.php?detail/17801733001951 HTTP/1.1" 200 132009 "https://mohamionline.com/buy.php?detail/17801701885562" "Mozilla/5.0 AppleWebKit/537.36 (KHTML, like Gecko; compatible; GPTBot/1.3; +https://openai.com/gptbot)"
74.7.242.31 - - [13/Feb/2026:16:30:30 +0000] "GET /buy.php?detail/037017743507 HTTP/1.1" 200 118689 "https://mohamionline.com/buy.php?detail/22602433378891" "Mozilla/5.0 AppleWebKit/537.36 (KHTML, like Gecko; compatible; GPTBot/1.3; +https://openai.com/gptbot)"
74.7.242.31 - - [13/Feb/2026:16:30:32 +0000] "GET /buy.php?detail/07801770674443 HTTP/1.1" 200 124725 "https://mohamionline.com/buy.php?detail/22602433378891" "Mozilla/5.0 AppleWebKit/537.36 (KHTML, like Gecko; compatible; GPTBot/1.3; +https://openai.com/gptbot)"
74.7.242.31 - - [13/Feb/2026:16:30:35 +0000] "GET /buy.php?detail/14800059084611 HTTP/1.1" 200 119965 "https://mohamionline.com/buy.php?detail/14800068233815" "Mozilla/5.0 AppleWebKit/537.36 (KHTML, like Gecko; compatible; GPTBot/1.3; +https://openai.com/gptbot)"
74.7.242.31 - - [13/Feb/2026:16:30:38 +0000] "GET /buy.php?detail/01500430166884 HTTP/1.1" 200 119490 "https://mohamionline.com/buy.php?detail/01500661864550" "Mozilla/5.0 AppleWebKit/537.36 (KHTML, like Gecko; compatible; GPTBot/1.3; +https://openai.com/gptbot)"
74.7.242.31 - - [13/Feb/2026:16:30:42 +0000] "GET /buy.php?detail/22603643228674 HTTP/1.1" 200 119578 "https://mohamionline.com/buy.php?jp/226036332.html" "Mozilla/5.0 AppleWebKit/537.36 (KHTML, like Gecko; compatible; GPTBot/1.3; +https://openai.com/gptbot)"
66.249.66.166 - - [13/Feb/2026:16:30:44 +0000] "GET /header.php?merchandises/592109178379 HTTP/1.1" 404 - "-" "Mozilla/5.0 (Linux; Android 6.0.1; Nexus 5X Build/MMB29P) AppleWebKit/537.36 (KHTML, like Gecko) Chrome/144.0.7559.132 Mobile Safari/537.36 (compatible; Googlebot/2.1; +http://www.google.com/bot.html)"
74.7.242.31 - - [13/Feb/2026:16:30:44 +0000] "GET /buy.php?detail/16202224022468 HTTP/1.1" 200 119388 "https://mohamionline.com/buy.php?detail/16202228465322" "Mozilla/5.0 AppleWebKit/537.36 (KHTML, like Gecko; compatible; GPTBot/1.3; +https://openai.com/gptbot)"
74.7.242.31 - - [13/Feb/2026:16:30:47 +0000] "GET /buy.php?detail/05800202472600 HTTP/1.1" 200 123103 "https://mohamionline.com/buy.php?detail/22602433554154" "Mozilla/5.0 AppleWebKit/537.36 (KHTML, like Gecko; compatible; GPTBot/1.3; +https://openai.com/gptbot)"
74.7.242.31 - - [13/Feb/2026:16:30:50 +0000] "GET /buy.php?detail/07704970143094 HTTP/1.1" 200 125955 "https://mohamionline.com/buy.php?detail/12702320210935" "Mozilla/5.0 AppleWebKit/537.36 (KHTML, like Gecko; compatible; GPTBot/1.3; +https://openai.com/gptbot)"
74.7.242.31 - - [13/Feb/2026:16:30:53 +0000] "GET /buy.php?detail/17501328865470 HTTP/1.1" 200 121312 "https://mohamionline.com/buy.php?detail/17501444364082" "Mozilla/5.0 AppleWebKit/537.36 (KHTML, like Gecko; compatible; GPTBot/1.3; +https://openai.com/gptbot)"
74.7.242.31 - - [13/Feb/2026:16:30:56 +0000] "GET /buy.php?jp/175013336.html HTTP/1.1" 200 122160 "https://mohamionline.com/buy.php?detail/17501444364082" "Mozilla/5.0 AppleWebKit/537.36 (KHTML, like Gecko; compatible; GPTBot/1.3; +https://openai.com/gptbot)"
74.7.242.31 - - [13/Feb/2026:16:30:59 +0000] "GET /buy.php?detail/00103836018153 HTTP/1.1" 200 118815 "https://mohamionline.com/buy.php?detail/17801733001951" "Mozilla/5.0 AppleWebKit/537.36 (KHTML, like Gecko; compatible; GPTBot/1.3; +https://openai.com/gptbot)"
74.7.242.31 - - [13/Feb/2026:16:31:01 +0000] "GET /buy.php?detail/01401620413471 HTTP/1.1" 200 120740 "https://mohamionline.com/buy.php?detail/01400934844050" "Mozilla/5.0 AppleWebKit/537.36 (KHTML, like Gecko; compatible; GPTBot/1.3; +https://openai.com/gptbot)"
216.244.66.200 - - [13/Feb/2026:16:31:07 +0000] "GET /index.php?option=com_k2&view=item&id=327:%D8%B9%D9%82%D8%AF-%D8%A7%D9%8A%D8%AC%D8%A7%D8%B1-%D9%85%D8%AD%D8%AF%D8%AF-%D8%A7%D9%84%D9%85%D8%AF%D8%A9-%D8%B7%D8%A8%D9%82%D8 HTTP/1.1" 404 - "-" "Mozilla/5.0 (compatible; DotBot/1.2; +https://opensiteexplorer.org/dotbot; help@moz.com)"
74.7.242.31 - - [13/Feb/2026:16:31:04 +0000] "GET /buy.php?detail/04604053731640 HTTP/1.1" 200 123722 "https://mohamionline.com/buy.php?goods/046041217" "Mozilla/5.0 AppleWebKit/537.36 (KHTML, like Gecko; compatible; GPTBot/1.3; +https://openai.com/gptbot)"
216.244.66.200 - - [13/Feb/2026:16:31:10 +0000] "GET /index.php?option=com_k2view=itemid=178:%D8%A7%D9%84%D9%83%D8%AA%D8%A7%D8%A8-%D8%A7%D9%84%D8%A7%D9%88%D9%84--%D8%A7%D9%84%D8%A8%D8%A7%D8%A8-%D8%A7%D9%84%D8%AB%D8%A7%D9 HTTP/1.1" 404 - "-" "Mozilla/5.0 (compatible; DotBot/1.2; +https://opensiteexplorer.org/dotbot; help@moz.com)"
74.7.242.31 - - [13/Feb/2026:16:31:08 +0000] "GET /buy.php?detail/11104489696668 HTTP/1.1" 200 119435 "https://mohamionline.com/buy.php?detail/14800059084611" "Mozilla/5.0 AppleWebKit/537.36 (KHTML, like Gecko; compatible; GPTBot/1.3; +https://openai.com/gptbot)"
74.7.242.31 - - [13/Feb/2026:16:31:11 +0000] "GET /buy.php?detail/01500430446798 HTTP/1.1" 200 118367 "https://mohamionline.com/buy.php?detail/01500661864550" "Mozilla/5.0 AppleWebKit/537.36 (KHTML, like Gecko; compatible; GPTBot/1.3; +https://openai.com/gptbot)"
74.7.242.31 - - [13/Feb/2026:16:31:13 +0000] "GET /buy.php?detail/04504934431359 HTTP/1.1" 200 159912 "https://mohamionline.com/buy.php?detail/27704530706055" "Mozilla/5.0 AppleWebKit/537.36 (KHTML, like Gecko; compatible; GPTBot/1.3; +https://openai.com/gptbot)"
74.7.242.31 - - [13/Feb/2026:16:31:17 +0000] "GET /buy.php?detail/11502728080508 HTTP/1.1" 200 127874 "https://mohamionline.com/buy.php?detail/01500360777446" "Mozilla/5.0 AppleWebKit/537.36 (KHTML, like Gecko; compatible; GPTBot/1.3; +https://openai.com/gptbot)"
74.7.242.31 - - [13/Feb/2026:16:31:19 +0000] "GET /buy.php?detail/05800180742571 HTTP/1.1" 200 124659 "https://mohamionline.com/buy.php?detail/05800202472600" "Mozilla/5.0 AppleWebKit/537.36 (KHTML, like Gecko; compatible; GPTBot/1.3; +https://openai.com/gptbot)"
114.119.155.180 - - [13/Feb/2026:16:31:24 +0000] "GET /goods.php?shop/pg/220running/1106 HTTP/1.1" 404 - "http://mohamionline.com/goods.php?sitemap803.xml" "Mozilla/5.0 (Linux; Android 7.0;) AppleWebKit/537.36 (KHTML, like Gecko) Mobile Safari/537.36 (compatible; PetalBot;+https://webmaster.petalsearch.com/site/petalbot)"
74.7.242.31 - - [13/Feb/2026:16:31:22 +0000] "GET /buy.php?detail/07704987888093 HTTP/1.1" 200 134345 "https://mohamionline.com/buy.php?detail/07704970143094" "Mozilla/5.0 AppleWebKit/537.36 (KHTML, like Gecko; compatible; GPTBot/1.3; +https://openai.com/gptbot)"
74.7.242.31 - - [13/Feb/2026:16:31:25 +0000] "GET /buy.php?detail/05100162143443 HTTP/1.1" 200 124661 "https://mohamionline.com/buy.php?detail/17501328865470" "Mozilla/5.0 AppleWebKit/537.36 (KHTML, like Gecko; compatible; GPTBot/1.3; +https://openai.com/gptbot)"
74.7.242.31 - - [13/Feb/2026:16:31:29 +0000] "GET /buy.php?detail/01001372972047 HTTP/1.1" 200 125826 "https://mohamionline.com/buy.php?jp/175013336.html" "Mozilla/5.0 AppleWebKit/537.36 (KHTML, like Gecko; compatible; GPTBot/1.3; +https://openai.com/gptbot)"
74.7.242.31 - - [13/Feb/2026:16:31:32 +0000] "GET /buy.php?detail/07704987535399 HTTP/1.1" 200 134403 "https://mohamionline.com/buy.php?detail/07704970143094" "Mozilla/5.0 AppleWebKit/537.36 (KHTML, like Gecko; compatible; GPTBot/1.3; +https://openai.com/gptbot)"
74.7.242.31 - - [13/Feb/2026:16:31:34 +0000] "GET /buy.php?detail/01400910945839 HTTP/1.1" 200 139419 "https://mohamionline.com/buy.php?detail/01401620413471" "Mozilla/5.0 AppleWebKit/537.36 (KHTML, like Gecko; compatible; GPTBot/1.3; +https://openai.com/gptbot)"
74.7.242.31 - - [13/Feb/2026:16:31:37 +0000] "GET /buy.php?detail/04604025555128 HTTP/1.1" 200 125690 "https://mohamionline.com/buy.php?detail/04604053731640" "Mozilla/5.0 AppleWebKit/537.36 (KHTML, like Gecko; compatible; GPTBot/1.3; +https://openai.com/gptbot)"
74.7.242.31 - - [13/Feb/2026:16:31:41 +0000] "GET /buy.php?detail/11103590148122 HTTP/1.1" 200 119278 "https://mohamionline.com/buy.php?detail/11104489696668" "Mozilla/5.0 AppleWebKit/537.36 (KHTML, like Gecko; compatible; GPTBot/1.3; +https://openai.com/gptbot)"
74.7.241.182 - - [13/Feb/2026:16:31:44 +0000] "GET /robots.txt HTTP/1.1" 404 - "-" "Mozilla/5.0 (Macintosh; Intel Mac OS X 10_15_7) AppleWebKit/537.36 (KHTML, like Gecko) Chrome/131.0.0.0 Safari/537.36; compatible; OAI-SearchBot/1.3; robots.txt; +https://openai.com/searchbot"
74.7.242.31 - - [13/Feb/2026:16:31:44 +0000] "GET /buy.php?detail/01500781173307 HTTP/1.1" 200 124427 "https://mohamionline.com/buy.php?detail/01500430446798" "Mozilla/5.0 AppleWebKit/537.36 (KHTML, like Gecko; compatible; GPTBot/1.3; +https://openai.com/gptbot)"
74.7.242.31 - - [13/Feb/2026:16:31:47 +0000] "GET /buy.php?goods/148000592 HTTP/1.1" 200 120047 "https://mohamionline.com/buy.php?detail/14800068233815" "Mozilla/5.0 AppleWebKit/537.36 (KHTML, like Gecko; compatible; GPTBot/1.3; +https://openai.com/gptbot)"
74.7.242.31 - - [13/Feb/2026:16:31:50 +0000] "GET /buy.php?detail/22603643878706 HTTP/1.1" 200 120142 "https://mohamionline.com/buy.php?jp/226036332.html" "Mozilla/5.0 AppleWebKit/537.36 (KHTML, like Gecko; compatible; GPTBot/1.3; +https://openai.com/gptbot)"
216.244.66.200 - - [13/Feb/2026:16:31:54 +0000] "GET /?option=com_k2&view=item&id=358:D8B9D982D8AF-D8AAD988D8B2D98AD8B9-D985D986D8AAD8ACD8 HTTP/1.1" 200 5171 "-" "Mozilla/5.0 (compatible; DotBot/1.2; +https://opensiteexplorer.org/dotbot; help@moz.com)"
74.7.242.31 - - [13/Feb/2026:16:31:54 +0000] "GET /buy.php?detail/12001813888768 HTTP/1.1" 200 120186 "https://mohamionline.com/buy.php?detail/05800180742571" "Mozilla/5.0 AppleWebKit/537.36 (KHTML, like Gecko; compatible; GPTBot/1.3; +https://openai.com/gptbot)"
74.7.242.31 - - [13/Feb/2026:16:31:56 +0000] "GET /buy.php?detail/21901989322857 HTTP/1.1" 200 119472 "https://mohamionline.com/buy.php?detail/21901922034707" "Mozilla/5.0 AppleWebKit/537.36 (KHTML, like Gecko; compatible; GPTBot/1.3; +https://openai.com/gptbot)"
74.7.242.31 - - [13/Feb/2026:16:31:59 +0000] "GET /buy.php?detail/05100154384371 HTTP/1.1" 200 118893 "https://mohamionline.com/buy.php?detail/05100162143443" "Mozilla/5.0 AppleWebKit/537.36 (KHTML, like Gecko; compatible; GPTBot/1.3; +https://openai.com/gptbot)"
74.7.242.31 - - [13/Feb/2026:16:32:02 +0000] "GET /buy.php?detail/01001278256592 HTTP/1.1" 200 125973 "https://mohamionline.com/buy.php?detail/01001372972047" "Mozilla/5.0 AppleWebKit/537.36 (KHTML, like Gecko; compatible; GPTBot/1.3; +https://openai.com/gptbot)"
74.7.242.31 - - [13/Feb/2026:16:32:05 +0000] "GET /buy.php?detail/17801733925037 HTTP/1.1" 200 157818 "https://mohamionline.com/buy.php?detail/17801701885562" "Mozilla/5.0 AppleWebKit/537.36 (KHTML, like Gecko; compatible; GPTBot/1.3; +https://openai.com/gptbot)"
74.7.242.31 - - [13/Feb/2026:16:32:09 +0000] "GET /buy.php?detail/01400833364516 HTTP/1.1" 200 121642 "https://mohamionline.com/buy.php?detail/01400910945839" "Mozilla/5.0 AppleWebKit/537.36 (KHTML, like Gecko; compatible; GPTBot/1.3; +https://openai.com/gptbot)"
74.7.242.31 - - [13/Feb/2026:16:32:12 +0000] "GET /buy.php?detail/12702354547485 HTTP/1.1" 200 119030 "https://mohamionline.com/buy.php?detail/12702320210935" "Mozilla/5.0 AppleWebKit/537.36 (KHTML, like Gecko; compatible; GPTBot/1.3; +https://openai.com/gptbot)"
74.7.242.31 - - [13/Feb/2026:16:32:15 +0000] "GET /buy.php?detail/11103022065444 HTTP/1.1" 200 119406 "https://mohamionline.com/buy.php?detail/11103590148122" "Mozilla/5.0 AppleWebKit/537.36 (KHTML, like Gecko; compatible; GPTBot/1.3; +https://openai.com/gptbot)"
74.7.242.31 - - [13/Feb/2026:16:32:17 +0000] "GET /buy.php?detail/01500720171229 HTTP/1.1" 200 122769 "https://mohamionline.com/buy.php?detail/01500781173307" "Mozilla/5.0 AppleWebKit/537.36 (KHTML, like Gecko; compatible; GPTBot/1.3; +https://openai.com/gptbot)"
74.7.242.31 - - [13/Feb/2026:16:32:20 +0000] "GET /buy.php?detail/03803889660862 HTTP/1.1" 200 119958 "https://mohamionline.com/buy.php?detail/29002674097227" "Mozilla/5.0 AppleWebKit/537.36 (KHTML, like Gecko; compatible; GPTBot/1.3; +https://openai.com/gptbot)"
74.7.242.31 - - [13/Feb/2026:16:32:23 +0000] "GET /buy.php?goods/288017635 HTTP/1.1" 200 121182 "https://mohamionline.com/buy.php?detail/22603643878706" "Mozilla/5.0 AppleWebKit/537.36 (KHTML, like Gecko; compatible; GPTBot/1.3; +https://openai.com/gptbot)"
74.7.242.31 - - [13/Feb/2026:16:32:26 +0000] "GET /buy.php?detail/22603628269369 HTTP/1.1" 200 120903 "https://mohamionline.com/buy.php?detail/22603643878706" "Mozilla/5.0 AppleWebKit/537.36 (KHTML, like Gecko; compatible; GPTBot/1.3; +https://openai.com/gptbot)"
74.7.242.31 - - [13/Feb/2026:16:32:30 +0000] "GET /buy.php?detail/09003782303962 HTTP/1.1" 200 130560 "https://mohamionline.com/buy.php?detail/21901989322857" "Mozilla/5.0 AppleWebKit/537.36 (KHTML, like Gecko; compatible; GPTBot/1.3; +https://openai.com/gptbot)"
74.7.242.31 - - [13/Feb/2026:16:32:33 +0000] "GET /buy.php?detail/21901983982877 HTTP/1.1" 200 118785 "https://mohamionline.com/buy.php?detail/21901989322857" "Mozilla/5.0 AppleWebKit/537.36 (KHTML, like Gecko; compatible; GPTBot/1.3; +https://openai.com/gptbot)"
74.7.242.31 - - [13/Feb/2026:16:32:35 +0000] "GET /buy.php?detail/12001820845675 HTTP/1.1" 200 123905 "https://mohamionline.com/buy.php?detail/12001813888768" "Mozilla/5.0 AppleWebKit/537.36 (KHTML, like Gecko; compatible; GPTBot/1.3; +https://openai.com/gptbot)"
74.7.242.31 - - [13/Feb/2026:16:32:38 +0000] "GET /buy.php?detail/21901984086446 HTTP/1.1" 200 119723 "https://mohamionline.com/buy.php?detail/21901989322857" "Mozilla/5.0 AppleWebKit/537.36 (KHTML, like Gecko; compatible; GPTBot/1.3; +https://openai.com/gptbot)"
74.7.242.31 - - [13/Feb/2026:16:32:41 +0000] "GET /buy.php?detail/05800182381001 HTTP/1.1" 200 120720 "https://mohamionline.com/buy.php?detail/05800202472600" "Mozilla/5.0 AppleWebKit/537.36 (KHTML, like Gecko; compatible; GPTBot/1.3; +https://openai.com/gptbot)"
74.7.242.31 - - [13/Feb/2026:16:32:44 +0000] "GET /buy.php?detail/127023395782 HTTP/1.1" 200 120930 "https://mohamionline.com/buy.php?detail/12702354547485" "Mozilla/5.0 AppleWebKit/537.36 (KHTML, like Gecko; compatible; GPTBot/1.3; +https://openai.com/gptbot)"
114.119.137.94 - - [13/Feb/2026:16:32:47 +0000] "GET /goods.php?shop/pg/220narrow/2404 HTTP/1.1" 404 - "http://mohamionline.com/goods.php?sitemap803.xml" "Mozilla/5.0 (Linux; Android 7.0;) AppleWebKit/537.36 (KHTML, like Gecko) Mobile Safari/537.36 (compatible; PetalBot;+https://webmaster.petalsearch.com/site/petalbot)"
74.7.242.31 - - [13/Feb/2026:16:32:47 +0000] "GET /buy.php?jp/111030220.html HTTP/1.1" 200 120340 "https://mohamionline.com/buy.php?detail/11103022065444" "Mozilla/5.0 AppleWebKit/537.36 (KHTML, like Gecko; compatible; GPTBot/1.3; +https://openai.com/gptbot)"
74.7.242.31 - - [13/Feb/2026:16:32:50 +0000] "GET /buy.php?goods/111026142 HTTP/1.1" 200 120293 "https://mohamionline.com/buy.php?detail/11103022065444" "Mozilla/5.0 AppleWebKit/537.36 (KHTML, like Gecko; compatible; GPTBot/1.3; +https://openai.com/gptbot)"
74.7.242.31 - - [13/Feb/2026:16:32:53 +0000] "GET /buy.php?detail/11102613823832 HTTP/1.1" 200 119405 "https://mohamionline.com/buy.php?detail/11103022065444" "Mozilla/5.0 AppleWebKit/537.36 (KHTML, like Gecko; compatible; GPTBot/1.3; +https://openai.com/gptbot)"
74.7.242.31 - - [13/Feb/2026:16:32:56 +0000] "GET /buy.php?detail/11102613923278 HTTP/1.1" 200 120193 "https://mohamionline.com/buy.php?detail/11103022065444" "Mozilla/5.0 AppleWebKit/537.36 (KHTML, like Gecko; compatible; GPTBot/1.3; +https://openai.com/gptbot)"
74.7.242.31 - - [13/Feb/2026:16:32:59 +0000] "GET /buy.php?goods/226036795 HTTP/1.1" 200 119432 "https://mohamionline.com/buy.php?detail/22603628269369" "Mozilla/5.0 AppleWebKit/537.36 (KHTML, like Gecko; compatible; GPTBot/1.3; +https://openai.com/gptbot)"
74.7.242.31 - - [13/Feb/2026:16:33:03 +0000] "GET /buy.php?detail/02100274323837 HTTP/1.1" 200 123633 "https://mohamionline.com/buy.php?detail/22603628269369" "Mozilla/5.0 AppleWebKit/537.36 (KHTML, like Gecko; compatible; GPTBot/1.3; +https://openai.com/gptbot)"
74.7.242.31 - - [13/Feb/2026:16:33:05 +0000] "GET /buy.php?detail/27902773982198 HTTP/1.1" 200 119097 "https://mohamionline.com/buy.php?detail/09003782303962" "Mozilla/5.0 AppleWebKit/537.36 (KHTML, like Gecko; compatible; GPTBot/1.3; +https://openai.com/gptbot)"
74.7.242.31 - - [13/Feb/2026:16:33:09 +0000] "GET /buy.php?detail/18204651910492 HTTP/1.1" 200 125163 "https://mohamionline.com/buy.php?detail/03803889660862" "Mozilla/5.0 AppleWebKit/537.36 (KHTML, like Gecko; compatible; GPTBot/1.3; +https://openai.com/gptbot)"
74.7.242.31 - - [13/Feb/2026:16:33:12 +0000] "GET /buy.php?detail/21901966785527 HTTP/1.1" 200 119515 "https://mohamionline.com/buy.php?detail/21901984086446" "Mozilla/5.0 AppleWebKit/537.36 (KHTML, like Gecko; compatible; GPTBot/1.3; +https://openai.com/gptbot)"
74.7.242.31 - - [13/Feb/2026:16:33:14 +0000] "GET /buy.php?detail/05800101689602 HTTP/1.1" 200 136998 "https://mohamionline.com/buy.php?detail/05800182381001" "Mozilla/5.0 AppleWebKit/537.36 (KHTML, like Gecko; compatible; GPTBot/1.3; +https://openai.com/gptbot)"
74.7.242.31 - - [13/Feb/2026:16:33:18 +0000] "GET /buy.php?detail/21901960328155 HTTP/1.1" 200 121407 "https://mohamionline.com/buy.php?detail/21901984086446" "Mozilla/5.0 AppleWebKit/537.36 (KHTML, like Gecko; compatible; GPTBot/1.3; +https://openai.com/gptbot)"
74.7.242.31 - - [13/Feb/2026:16:33:21 +0000] "GET /buy.php?detail/11100311975169 HTTP/1.1" 200 119505 "https://mohamionline.com/buy.php?jp/111030220.html" "Mozilla/5.0 AppleWebKit/537.36 (KHTML, like Gecko; compatible; GPTBot/1.3; +https://openai.com/gptbot)"
74.7.242.31 - - [13/Feb/2026:16:33:24 +0000] "GET /buy.php?detail/11100312058636 HTTP/1.1" 200 120541 "https://mohamionline.com/buy.php?jp/111030220.html" "Mozilla/5.0 AppleWebKit/537.36 (KHTML, like Gecko; compatible; GPTBot/1.3; +https://openai.com/gptbot)"
74.7.242.31 - - [13/Feb/2026:16:33:27 +0000] "GET /buy.php?detail/11102758766705 HTTP/1.1" 200 120330 "https://mohamionline.com/buy.php?goods/111026142" "Mozilla/5.0 AppleWebKit/537.36 (KHTML, like Gecko; compatible; GPTBot/1.3; +https://openai.com/gptbot)"
74.7.242.31 - - [13/Feb/2026:16:33:30 +0000] "GET /buy.php?detail/11103004631870 HTTP/1.1" 200 119495 "https://mohamionline.com/buy.php?detail/11102613823832" "Mozilla/5.0 AppleWebKit/537.36 (KHTML, like Gecko; compatible; GPTBot/1.3; +https://openai.com/gptbot)"
74.7.242.31 - - [13/Feb/2026:16:33:33 +0000] "GET /buy.php?detail/25304634627170 HTTP/1.1" 200 118980 "https://mohamionline.com/buy.php?goods/226036795" "Mozilla/5.0 AppleWebKit/537.36 (KHTML, like Gecko; compatible; GPTBot/1.3; +https://openai.com/gptbot)"
74.7.242.31 - - [13/Feb/2026:16:33:35 +0000] "GET /buy.php?detail/11102758673321 HTTP/1.1" 200 119579 "https://mohamionline.com/buy.php?goods/111026142" "Mozilla/5.0 AppleWebKit/537.36 (KHTML, like Gecko; compatible; GPTBot/1.3; +https://openai.com/gptbot)"
74.7.242.31 - - [13/Feb/2026:16:33:39 +0000] "GET /buy.php?detail/05800101998229 HTTP/1.1" 200 141303 "https://mohamionline.com/buy.php?detail/05800182381001" "Mozilla/5.0 AppleWebKit/537.36 (KHTML, like Gecko; compatible; GPTBot/1.3; +https://openai.com/gptbot)"
74.7.242.31 - - [13/Feb/2026:16:33:42 +0000] "GET /buy.php?detail/12702311343340 HTTP/1.1" 200 120935 "https://mohamionline.com/buy.php?detail/127023395782" "Mozilla/5.0 AppleWebKit/537.36 (KHTML, like Gecko; compatible; GPTBot/1.3; +https://openai.com/gptbot)"
74.7.242.31 - - [13/Feb/2026:16:33:45 +0000] "GET /buy.php?detail/28400423035757 HTTP/1.1" 200 119304 "https://mohamionline.com/buy.php?detail/21901984086446" "Mozilla/5.0 AppleWebKit/537.36 (KHTML, like Gecko; compatible; GPTBot/1.3; +https://openai.com/gptbot)"
74.7.242.31 - - [13/Feb/2026:16:33:48 +0000] "GET /buy.php?jp/058002084.html HTTP/1.1" 200 128714 "https://mohamionline.com/buy.php?detail/05800101689602" "Mozilla/5.0 AppleWebKit/537.36 (KHTML, like Gecko; compatible; GPTBot/1.3; +https://openai.com/gptbot)"
74.7.242.31 - - [13/Feb/2026:16:33:51 +0000] "GET /buy.php?detail/21901969882097 HTTP/1.1" 200 120950 "https://mohamionline.com/buy.php?detail/21901960328155" "Mozilla/5.0 AppleWebKit/537.36 (KHTML, like Gecko; compatible; GPTBot/1.3; +https://openai.com/gptbot)"
74.7.242.31 - - [13/Feb/2026:16:33:54 +0000] "GET /buy.php?detail/21901994767115 HTTP/1.1" 200 119434 "https://mohamionline.com/buy.php?detail/21901983982877" "Mozilla/5.0 AppleWebKit/537.36 (KHTML, like Gecko; compatible; GPTBot/1.3; +https://openai.com/gptbot)"
74.7.242.31 - - [13/Feb/2026:16:33:57 +0000] "GET /buy.php?detail/11103070850177 HTTP/1.1" 200 119994 "https://mohamionline.com/buy.php?detail/11100312058636" "Mozilla/5.0 AppleWebKit/537.36 (KHTML, like Gecko; compatible; GPTBot/1.3; +https://openai.com/gptbot)"
74.7.242.31 - - [13/Feb/2026:16:34:00 +0000] "GET /buy.php?detail/10001673239795 HTTP/1.1" 200 140839 "https://mohamionline.com/buy.php?detail/11102758766705" "Mozilla/5.0 AppleWebKit/537.36 (KHTML, like Gecko; compatible; GPTBot/1.3; +https://openai.com/gptbot)"
74.7.242.31 - - [13/Feb/2026:16:34:03 +0000] "GET /buy.php?detail/25102232390640 HTTP/1.1" 200 119771 "https://mohamionline.com/buy.php?detail/05800101689602" "Mozilla/5.0 AppleWebKit/537.36 (KHTML, like Gecko; compatible; GPTBot/1.3; +https://openai.com/gptbot)"
74.7.242.31 - - [13/Feb/2026:16:34:05 +0000] "GET /buy.php?detail/25304652340934 HTTP/1.1" 200 119010 "https://mohamionline.com/buy.php?detail/25304634627170" "Mozilla/5.0 AppleWebKit/537.36 (KHTML, like Gecko; compatible; GPTBot/1.3; +https://openai.com/gptbot)"
74.7.242.31 - - [13/Feb/2026:16:34:08 +0000] "GET /buy.php?detail/23100936209735 HTTP/1.1" 200 119847 "https://mohamionline.com/buy.php?detail/21901966785527" "Mozilla/5.0 AppleWebKit/537.36 (KHTML, like Gecko; compatible; GPTBot/1.3; +https://openai.com/gptbot)"
114.119.136.141 - - [13/Feb/2026:16:34:12 +0000] "GET /goods.php?shop/pg/220dinner/33224 HTTP/1.1" 404 - "http://mohamionline.com/goods.php?sitemap803.xml" "Mozilla/5.0 (Linux; Android 7.0;) AppleWebKit/537.36 (KHTML, like Gecko) Mobile Safari/537.36 (compatible; PetalBot;+https://webmaster.petalsearch.com/site/petalbot)"
74.7.242.31 - - [13/Feb/2026:16:34:11 +0000] "GET /buy.php?detail/14804180238507 HTTP/1.1" 200 119464 "https://mohamionline.com/buy.php?detail/12001820845675" "Mozilla/5.0 AppleWebKit/537.36 (KHTML, like Gecko; compatible; GPTBot/1.3; +https://openai.com/gptbot)"
74.7.242.31 - - [13/Feb/2026:16:34:14 +0000] "GET /buy.php?detail/12702346146755 HTTP/1.1" 200 120241 "https://mohamionline.com/buy.php?detail/12702311343340" "Mozilla/5.0 AppleWebKit/537.36 (KHTML, like Gecko; compatible; GPTBot/1.3; +https://openai.com/gptbot)"
74.7.242.31 - - [13/Feb/2026:16:34:17 +0000] "GET /buy.php?detail/16701006700152 HTTP/1.1" 200 126099 "https://mohamionline.com/buy.php?detail/12702354547485" "Mozilla/5.0 AppleWebKit/537.36 (KHTML, like Gecko; compatible; GPTBot/1.3; +https://openai.com/gptbot)"
74.7.242.31 - - [13/Feb/2026:16:34:20 +0000] "GET /buy.php?detail/18104298109529 HTTP/1.1" 200 148555 "https://mohamionline.com/buy.php?detail/05800202472600" "Mozilla/5.0 AppleWebKit/537.36 (KHTML, like Gecko; compatible; GPTBot/1.3; +https://openai.com/gptbot)"
74.7.242.31 - - [13/Feb/2026:16:34:23 +0000] "GET /buy.php?detail/21603862327216 HTTP/1.1" 200 147921 "https://mohamionline.com/buy.php?detail/17801701911738" "Mozilla/5.0 AppleWebKit/537.36 (KHTML, like Gecko; compatible; GPTBot/1.3; +https://openai.com/gptbot)"
74.7.242.31 - - [13/Feb/2026:16:34:26 +0000] "GET /buy.php?detail/09500870953202 HTTP/1.1" 200 119532 "https://mohamionline.com/buy.php?detail/22603628269369" "Mozilla/5.0 AppleWebKit/537.36 (KHTML, like Gecko; compatible; GPTBot/1.3; +https://openai.com/gptbot)"
74.7.242.31 - - [13/Feb/2026:16:34:29 +0000] "GET /buy.php?detail/11104544698159 HTTP/1.1" 200 119658 "https://mohamionline.com/buy.php?detail/11103070850177" "Mozilla/5.0 AppleWebKit/537.36 (KHTML, like Gecko; compatible; GPTBot/1.3; +https://openai.com/gptbot)"
74.7.242.31 - - [13/Feb/2026:16:34:32 +0000] "GET /buy.php?detail/10001676656410 HTTP/1.1" 200 122945 "https://mohamionline.com/buy.php?detail/10001673239795" "Mozilla/5.0 AppleWebKit/537.36 (KHTML, like Gecko; compatible; GPTBot/1.3; +https://openai.com/gptbot)"
74.7.242.31 - - [13/Feb/2026:16:34:35 +0000] "GET /buy.php?detail/10001676939324 HTTP/1.1" 200 126982 "https://mohamionline.com/buy.php?detail/10001673239795" "Mozilla/5.0 AppleWebKit/537.36 (KHTML, like Gecko; compatible; GPTBot/1.3; +https://openai.com/gptbot)"
74.7.242.31 - - [13/Feb/2026:16:34:38 +0000] "GET /buy.php?detail/22403322962555 HTTP/1.1" 200 119675 "https://mohamionline.com/buy.php?detail/11103070850177" "Mozilla/5.0 AppleWebKit/537.36 (KHTML, like Gecko; compatible; GPTBot/1.3; +https://openai.com/gptbot)"
74.7.242.31 - - [13/Feb/2026:16:34:41 +0000] "GET /buy.php?detail/11001983737395 HTTP/1.1" 200 128983 "https://mohamionline.com/buy.php?detail/17501328865470" "Mozilla/5.0 AppleWebKit/537.36 (KHTML, like Gecko; compatible; GPTBot/1.3; +https://openai.com/gptbot)"
74.7.242.31 - - [13/Feb/2026:16:34:44 +0000] "GET /buy.php?detail/19201656362561 HTTP/1.1" 200 120723 "https://mohamionline.com/buy.php?detail/14804180238507" "Mozilla/5.0 AppleWebKit/537.36 (KHTML, like Gecko; compatible; GPTBot/1.3; +https://openai.com/gptbot)"
74.7.242.31 - - [13/Feb/2026:16:34:47 +0000] "GET /buy.php?detail/1270234673161 HTTP/1.1" 200 119289 "https://mohamionline.com/buy.php?detail/12702346146755" "Mozilla/5.0 AppleWebKit/537.36 (KHTML, like Gecko; compatible; GPTBot/1.3; +https://openai.com/gptbot)"
74.7.242.31 - - [13/Feb/2026:16:34:50 +0000] "GET /buy.php?detail/12702347123304 HTTP/1.1" 200 120518 "https://mohamionline.com/buy.php?detail/12702346146755" "Mozilla/5.0 AppleWebKit/537.36 (KHTML, like Gecko; compatible; GPTBot/1.3; +https://openai.com/gptbot)"
66.249.66.202 - - [13/Feb/2026:16:34:53 +0000] "GET /header.php?merchandises/205109452401 HTTP/1.1" 404 - "-" "Mozilla/5.0 (Linux; Android 6.0.1; Nexus 5X Build/MMB29P) AppleWebKit/537.36 (KHTML, like Gecko) Chrome/144.0.7559.132 Mobile Safari/537.36 (compatible; Googlebot/2.1; +http://www.google.com/bot.html)"
74.7.242.31 - - [13/Feb/2026:16:34:53 +0000] "GET /buy.php?detail/16700468414341 HTTP/1.1" 200 118954 "https://mohamionline.com/buy.php?detail/16701006700152" "Mozilla/5.0 AppleWebKit/537.36 (KHTML, like Gecko; compatible; GPTBot/1.3; +https://openai.com/gptbot)"
74.7.242.31 - - [13/Feb/2026:16:34:56 +0000] "GET /buy.php?detail/15700997191502 HTTP/1.1" 200 122813 "https://mohamionline.com/buy.php?detail/12702346146755" "Mozilla/5.0 AppleWebKit/537.36 (KHTML, like Gecko; compatible; GPTBot/1.3; +https://openai.com/gptbot)"
74.7.242.31 - - [13/Feb/2026:16:34:59 +0000] "GET /buy.php?detail/14803668151428 HTTP/1.1" 200 118589 "https://mohamionline.com/buy.php?detail/14804180238507" "Mozilla/5.0 AppleWebKit/537.36 (KHTML, like Gecko; compatible; GPTBot/1.3; +https://openai.com/gptbot)"
74.7.242.31 - - [13/Feb/2026:16:35:02 +0000] "GET /buy.php?jp/111026509.html HTTP/1.1" 200 119443 "https://mohamionline.com/buy.php?detail/11104544698159" "Mozilla/5.0 AppleWebKit/537.36 (KHTML, like Gecko; compatible; GPTBot/1.3; +https://openai.com/gptbot)"
74.7.242.31 - - [13/Feb/2026:16:35:05 +0000] "GET /buy.php?detail/22204858349010 HTTP/1.1" 200 130188 "https://mohamionline.com/buy.php?detail/10001676656410" "Mozilla/5.0 AppleWebKit/537.36 (KHTML, like Gecko; compatible; GPTBot/1.3; +https://openai.com/gptbot)"
74.7.242.31 - - [13/Feb/2026:16:35:08 +0000] "GET /buy.php?detail/10001675121814 HTTP/1.1" 200 130186 "https://mohamionline.com/buy.php?detail/10001676939324" "Mozilla/5.0 AppleWebKit/537.36 (KHTML, like Gecko; compatible; GPTBot/1.3; +https://openai.com/gptbot)"
74.7.242.31 - - [13/Feb/2026:16:35:11 +0000] "GET /buy.php?detail/10001675820885 HTTP/1.1" 200 121902 "https://mohamionline.com/buy.php?detail/10001676939324" "Mozilla/5.0 AppleWebKit/537.36 (KHTML, like Gecko; compatible; GPTBot/1.3; +https://openai.com/gptbot)"
74.7.242.31 - - [13/Feb/2026:16:35:14 +0000] "GET /buy.php?goods/110022833 HTTP/1.1" 200 127875 "https://mohamionline.com/buy.php?detail/11001983737395" "Mozilla/5.0 AppleWebKit/537.36 (KHTML, like Gecko; compatible; GPTBot/1.3; +https://openai.com/gptbot)"
74.7.242.31 - - [13/Feb/2026:16:35:17 +0000] "GET /buy.php?detail/10001676363759 HTTP/1.1" 200 124164 "https://mohamionline.com/buy.php?detail/10001676939324" "Mozilla/5.0 AppleWebKit/537.36 (KHTML, like Gecko; compatible; GPTBot/1.3; +https://openai.com/gptbot)"
74.7.242.31 - - [13/Feb/2026:16:35:21 +0000] "GET /buy.php?goods/127023450 HTTP/1.1" 200 119849 "https://mohamionline.com/buy.php?detail/1270234673161" "Mozilla/5.0 AppleWebKit/537.36 (KHTML, like Gecko; compatible; GPTBot/1.3; +https://openai.com/gptbot)"
74.7.242.31 - - [13/Feb/2026:16:35:24 +0000] "GET /buy.php?detail/03802780536366 HTTP/1.1" 200 119892 "https://mohamionline.com/buy.php?detail/11104544698159" "Mozilla/5.0 AppleWebKit/537.36 (KHTML, like Gecko; compatible; GPTBot/1.3; +https://openai.com/gptbot)"
74.7.242.31 - - [13/Feb/2026:16:35:26 +0000] "GET /buy.php?goods/167007584 HTTP/1.1" 200 122615 "https://mohamionline.com/buy.php?detail/16700468414341" "Mozilla/5.0 AppleWebKit/537.36 (KHTML, like Gecko; compatible; GPTBot/1.3; +https://openai.com/gptbot)"
74.7.242.31 - - [13/Feb/2026:16:35:29 +0000] "GET /buy.php?detail/19400907500932 HTTP/1.1" 200 119524 "https://mohamionline.com/buy.php?detail/11102613823832" "Mozilla/5.0 AppleWebKit/537.36 (KHTML, like Gecko; compatible; GPTBot/1.3; +https://openai.com/gptbot)"
114.119.137.94 - - [13/Feb/2026:16:35:34 +0000] "GET /goods.php?shop/pg/220above/40304 HTTP/1.1" 404 - "http://mohamionline.com/goods.php?sitemap803.xml" "Mozilla/5.0 (Linux; Android 7.0;) AppleWebKit/537.36 (KHTML, like Gecko) Mobile Safari/537.36 (compatible; PetalBot;+https://webmaster.petalsearch.com/site/petalbot)"
74.7.242.31 - - [13/Feb/2026:16:35:32 +0000] "GET /buy.php?detail/14803718185206 HTTP/1.1" 200 118438 "https://mohamionline.com/buy.php?detail/14803668151428" "Mozilla/5.0 AppleWebKit/537.36 (KHTML, like Gecko; compatible; GPTBot/1.3; +https://openai.com/gptbot)"
100.30.5.6 - - [13/Feb/2026:16:35:38 +0000] "GET /robots.txt HTTP/1.1" 404 - "-" "Mozilla/5.0 (Macintosh; Intel Mac OS X 10_10_1) AppleWebKit/600.2.5 (KHTML, like Gecko) Version/8.0.2 Safari/600.2.5 (TestUserAgent)"
74.7.242.31 - - [13/Feb/2026:16:35:35 +0000] "GET /buy.php?detail/11101223253974 HTTP/1.1" 200 120219 "https://mohamionline.com/buy.php?jp/111026509.html" "Mozilla/5.0 AppleWebKit/537.36 (KHTML, like Gecko; compatible; GPTBot/1.3; +https://openai.com/gptbot)"
74.7.242.31 - - [13/Feb/2026:16:35:38 +0000] "GET /buy.php?detail/22204858740202 HTTP/1.1" 200 151255 "https://mohamionline.com/buy.php?detail/22204858349010" "Mozilla/5.0 AppleWebKit/537.36 (KHTML, like Gecko; compatible; GPTBot/1.3; +https://openai.com/gptbot)"
74.7.242.31 - - [13/Feb/2026:16:35:42 +0000] "GET /buy.php?detail/10001649396414 HTTP/1.1" 200 135836 "https://mohamionline.com/buy.php?detail/10001675121814" "Mozilla/5.0 AppleWebKit/537.36 (KHTML, like Gecko; compatible; GPTBot/1.3; +https://openai.com/gptbot)"
74.7.242.31 - - [13/Feb/2026:16:35:45 +0000] "GET /buy.php?detail/30003477964013 HTTP/1.1" 200 119753 "https://mohamionline.com/buy.php?detail/10001675820885" "Mozilla/5.0 AppleWebKit/537.36 (KHTML, like Gecko; compatible; GPTBot/1.3; +https://openai.com/gptbot)"
74.7.242.31 - - [13/Feb/2026:16:35:48 +0000] "GET /buy.php?detail/11002283302465 HTTP/1.1" 200 127564 "https://mohamionline.com/buy.php?goods/110022833" "Mozilla/5.0 AppleWebKit/537.36 (KHTML, like Gecko; compatible; GPTBot/1.3; +https://openai.com/gptbot)"
74.7.242.31 - - [13/Feb/2026:16:35:51 +0000] "GET /buy.php?detail/10001653127116 HTTP/1.1" 200 125431 "https://mohamionline.com/buy.php?detail/10001676363759" "Mozilla/5.0 AppleWebKit/537.36 (KHTML, like Gecko; compatible; GPTBot/1.3; +https://openai.com/gptbot)"
74.7.242.31 - - [13/Feb/2026:16:35:54 +0000] "GET /buy.php?detail/12702299977096 HTTP/1.1" 200 122351 "https://mohamionline.com/buy.php?goods/127023450" "Mozilla/5.0 AppleWebKit/537.36 (KHTML, like Gecko; compatible; GPTBot/1.3; +https://openai.com/gptbot)"
74.7.242.31 - - [13/Feb/2026:16:35:57 +0000] "GET /buy.php?detail/12702300041866 HTTP/1.1" 200 119711 "https://mohamionline.com/buy.php?goods/127023450" "Mozilla/5.0 AppleWebKit/537.36 (KHTML, like Gecko; compatible; GPTBot/1.3; +https://openai.com/gptbot)"
74.7.242.31 - - [13/Feb/2026:16:36:00 +0000] "GET /buy.php?detail/06603160253849 HTTP/1.1" 200 127835 "https://mohamionline.com/buy.php?detail/03802780536366" "Mozilla/5.0 AppleWebKit/537.36 (KHTML, like Gecko; compatible; GPTBot/1.3; +https://openai.com/gptbot)"
74.7.242.31 - - [13/Feb/2026:16:36:03 +0000] "GET /buy.php?detail/00500140261706 HTTP/1.1" 200 123663 "https://mohamionline.com/buy.php?detail/19400907500932" "Mozilla/5.0 AppleWebKit/537.36 (KHTML, like Gecko; compatible; GPTBot/1.3; +https://openai.com/gptbot)"
74.7.242.31 - - [13/Feb/2026:16:36:06 +0000] "GET /buy.php?detail/16700726692720 HTTP/1.1" 200 122307 "https://mohamionline.com/buy.php?goods/167007584" "Mozilla/5.0 AppleWebKit/537.36 (KHTML, like Gecko; compatible; GPTBot/1.3; +https://openai.com/gptbot)"
74.7.242.31 - - [13/Feb/2026:16:36:09 +0000] "GET /buy.php?detail/2550036490341 HTTP/1.1" 200 120359 "https://mohamionline.com/buy.php?detail/11101223253974" "Mozilla/5.0 AppleWebKit/537.36 (KHTML, like Gecko; compatible; GPTBot/1.3; +https://openai.com/gptbot)"
74.7.242.31 - - [13/Feb/2026:16:36:12 +0000] "GET /buy.php?detail/22204805544257 HTTP/1.1" 200 143466 "https://mohamionline.com/buy.php?detail/22204858740202" "Mozilla/5.0 AppleWebKit/537.36 (KHTML, like Gecko; compatible; GPTBot/1.3; +https://openai.com/gptbot)"
74.7.242.31 - - [13/Feb/2026:16:36:15 +0000] "GET /buy.php?detail/11100286239866 HTTP/1.1" 200 119869 "https://mohamionline.com/buy.php?detail/11101223253974" "Mozilla/5.0 AppleWebKit/537.36 (KHTML, like Gecko; compatible; GPTBot/1.3; +https://openai.com/gptbot)"
74.7.242.31 - - [13/Feb/2026:16:36:18 +0000] "GET /buy.php?detail/11100286093125 HTTP/1.1" 200 119589 "https://mohamionline.com/buy.php?detail/11101223253974" "Mozilla/5.0 AppleWebKit/537.36 (KHTML, like Gecko; compatible; GPTBot/1.3; +https://openai.com/gptbot)"
74.7.242.31 - - [13/Feb/2026:16:36:21 +0000] "GET /buy.php?detail/11001666878627 HTTP/1.1" 200 122159 "https://mohamionline.com/buy.php?detail/11002283302465" "Mozilla/5.0 AppleWebKit/537.36 (KHTML, like Gecko; compatible; GPTBot/1.3; +https://openai.com/gptbot)"
74.7.242.31 - - [13/Feb/2026:16:36:24 +0000] "GET /buy.php?detail/10001655328112 HTTP/1.1" 200 125599 "https://mohamionline.com/buy.php?detail/10001653127116" "Mozilla/5.0 AppleWebKit/537.36 (KHTML, like Gecko; compatible; GPTBot/1.3; +https://openai.com/gptbot)"
74.7.242.31 - - [13/Feb/2026:16:36:27 +0000] "GET /buy.php?detail/11100286120394 HTTP/1.1" 200 119703 "https://mohamionline.com/buy.php?detail/11101223253974" "Mozilla/5.0 AppleWebKit/537.36 (KHTML, like Gecko; compatible; GPTBot/1.3; +https://openai.com/gptbot)"
74.7.242.31 - - [13/Feb/2026:16:36:30 +0000] "GET /buy.php?detail/22204805616099 HTTP/1.1" 200 138662 "https://mohamionline.com/buy.php?detail/22204858740202" "Mozilla/5.0 AppleWebKit/537.36 (KHTML, like Gecko; compatible; GPTBot/1.3; +https://openai.com/gptbot)"
43.165.65.180 - - [13/Feb/2026:16:36:33 +0000] "GET /buy.php?mbr/catalog/createAccountView/ HTTP/1.1" 200 125751 "-" "Mozilla/5.0 (iPhone; CPU iPhone OS 13_2_3 like Mac OS X) AppleWebKit/605.1.15 (KHTML, like Gecko) Version/13.0.3 Mobile/15E148 Safari/604.1"
74.7.242.31 - - [13/Feb/2026:16:36:34 +0000] "GET /buy.php?detail/01401221684417 HTTP/1.1" 200 125557 "https://mohamionline.com/buy.php?detail/12702299977096" "Mozilla/5.0 AppleWebKit/537.36 (KHTML, like Gecko; compatible; GPTBot/1.3; +https://openai.com/gptbot)"
74.7.242.31 - - [13/Feb/2026:16:36:37 +0000] "GET /buy.php?detail/00500194754074 HTTP/1.1" 200 123018 "https://mohamionline.com/buy.php?detail/00500140261706" "Mozilla/5.0 AppleWebKit/537.36 (KHTML, like Gecko; compatible; GPTBot/1.3; +https://openai.com/gptbot)"
74.7.242.31 - - [13/Feb/2026:16:36:40 +0000] "GET /buy.php?detail/00500194528948 HTTP/1.1" 200 123912 "https://mohamionline.com/buy.php?detail/00500140261706" "Mozilla/5.0 AppleWebKit/537.36 (KHTML, like Gecko; compatible; GPTBot/1.3; +https://openai.com/gptbot)"
74.7.242.31 - - [13/Feb/2026:16:36:43 +0000] "GET /buy.php?goods/100016579 HTTP/1.1" 200 121813 "https://mohamionline.com/buy.php?detail/10001649396414" "Mozilla/5.0 AppleWebKit/537.36 (KHTML, like Gecko; compatible; GPTBot/1.3; +https://openai.com/gptbot)"
74.7.241.182 - - [13/Feb/2026:16:36:46 +0000] "GET /robots.txt HTTP/1.1" 404 - "-" "Mozilla/5.0 (Macintosh; Intel Mac OS X 10_15_7) AppleWebKit/537.36 (KHTML, like Gecko) Chrome/131.0.0.0 Safari/537.36; compatible; OAI-SearchBot/1.3; robots.txt; +https://openai.com/searchbot"
74.7.242.31 - - [13/Feb/2026:16:36:46 +0000] "GET /buy.php?detail/10004839922553 HTTP/1.1" 200 127359 "https://mohamionline.com/buy.php?detail/22204805544257" "Mozilla/5.0 AppleWebKit/537.36 (KHTML, like Gecko; compatible; GPTBot/1.3; +https://openai.com/gptbot)"
74.7.242.31 - - [13/Feb/2026:16:36:49 +0000] "GET /buy.php?detail/25404255172987 HTTP/1.1" 200 119075 "https://mohamionline.com/buy.php?goods/127023450" "Mozilla/5.0 AppleWebKit/537.36 (KHTML, like Gecko; compatible; GPTBot/1.3; +https://openai.com/gptbot)"
