74.7.242.31 - - [13/Feb/2026:15:25:53 +0000] "GET /buy.php?detail/24103026121818 HTTP/1.1" 200 126156 "https://mohamionline.com/buy.php?detail/15000682929393" "Mozilla/5.0 AppleWebKit/537.36 (KHTML, like Gecko; compatible; GPTBot/1.3; +https://openai.com/gptbot)"
74.7.242.31 - - [13/Feb/2026:15:25:54 +0000] "GET /buy.php?detail/12703685277699 HTTP/1.1" 200 126830 "https://mohamionline.com/buy.php?detail/15000684629445" "Mozilla/5.0 AppleWebKit/537.36 (KHTML, like Gecko; compatible; GPTBot/1.3; +https://openai.com/gptbot)"
74.7.242.31 - - [13/Feb/2026:15:25:56 +0000] "GET /buy.php?detail/07400491562043 HTTP/1.1" 200 119002 "https://mohamionline.com/buy.php?detail/07400237026699" "Mozilla/5.0 AppleWebKit/537.36 (KHTML, like Gecko; compatible; GPTBot/1.3; +https://openai.com/gptbot)"
74.7.242.31 - - [13/Feb/2026:15:25:59 +0000] "GET /buy.php?detail/0540049884628 HTTP/1.1" 200 130974 "https://mohamionline.com/buy.php?detail/05400511314442" "Mozilla/5.0 AppleWebKit/537.36 (KHTML, like Gecko; compatible; GPTBot/1.3; +https://openai.com/gptbot)"
74.7.242.31 - - [13/Feb/2026:15:26:01 +0000] "GET /buy.php?detail/02200129926809 HTTP/1.1" 200 120115 "https://mohamionline.com/buy.php?detail/02202192279540" "Mozilla/5.0 AppleWebKit/537.36 (KHTML, like Gecko; compatible; GPTBot/1.3; +https://openai.com/gptbot)"
74.7.242.31 - - [13/Feb/2026:15:26:03 +0000] "GET /buy.php?detail/20903560945960 HTTP/1.1" 200 119384 "https://mohamionline.com/buy.php?goods/209039437" "Mozilla/5.0 AppleWebKit/537.36 (KHTML, like Gecko; compatible; GPTBot/1.3; +https://openai.com/gptbot)"
74.7.242.31 - - [13/Feb/2026:15:26:06 +0000] "GET /buy.php?detail/28902607890087 HTTP/1.1" 200 160632 "https://mohamionline.com/buy.php?goods/209039437" "Mozilla/5.0 AppleWebKit/537.36 (KHTML, like Gecko; compatible; GPTBot/1.3; +https://openai.com/gptbot)"
74.7.242.31 - - [13/Feb/2026:15:26:09 +0000] "GET /buy.php?detail/01801847622428 HTTP/1.1" 200 119942 "https://mohamionline.com/buy.php?detail/01802414433444" "Mozilla/5.0 AppleWebKit/537.36 (KHTML, like Gecko; compatible; GPTBot/1.3; +https://openai.com/gptbot)"
74.7.242.31 - - [13/Feb/2026:15:26:11 +0000] "GET /buy.php?detail/00900776525252 HTTP/1.1" 200 118515 "https://mohamionline.com/buy.php?detail/20800146214212" "Mozilla/5.0 AppleWebKit/537.36 (KHTML, like Gecko; compatible; GPTBot/1.3; +https://openai.com/gptbot)"
74.7.242.31 - - [13/Feb/2026:15:26:13 +0000] "GET /buy.php?detail/07404894894083 HTTP/1.1" 200 118980 "https://mohamionline.com/buy.php?detail/07403078742526" "Mozilla/5.0 AppleWebKit/537.36 (KHTML, like Gecko; compatible; GPTBot/1.3; +https://openai.com/gptbot)"
74.7.242.31 - - [13/Feb/2026:15:26:16 +0000] "GET /buy.php?detail/10204244096331 HTTP/1.1" 200 119290 "https://mohamionline.com/buy.php?detail/20003343573753" "Mozilla/5.0 AppleWebKit/537.36 (KHTML, like Gecko; compatible; GPTBot/1.3; +https://openai.com/gptbot)"
66.249.66.68 - - [13/Feb/2026:15:26:21 +0000] "GET /header.php?merchandises/592109435711 HTTP/1.1" 404 - "-" "Mozilla/5.0 (Linux; Android 6.0.1; Nexus 5X Build/MMB29P) AppleWebKit/537.36 (KHTML, like Gecko) Chrome/144.0.7559.132 Mobile Safari/537.36 (compatible; Googlebot/2.1; +http://www.google.com/bot.html)"
74.7.242.31 - - [13/Feb/2026:15:26:19 +0000] "GET /buy.php?detail/06102807595130 HTTP/1.1" 200 121575 "https://mohamionline.com/buy.php?detail/24103026121818" "Mozilla/5.0 AppleWebKit/537.36 (KHTML, like Gecko; compatible; GPTBot/1.3; +https://openai.com/gptbot)"
74.7.242.31 - - [13/Feb/2026:15:26:22 +0000] "GET /buy.php?detail/22901541165200 HTTP/1.1" 200 118801 "https://mohamionline.com/buy.php?detail/07602186454515" "Mozilla/5.0 AppleWebKit/537.36 (KHTML, like Gecko; compatible; GPTBot/1.3; +https://openai.com/gptbot)"
74.7.242.31 - - [13/Feb/2026:15:26:25 +0000] "GET /buy.php?detail/07002084506377 HTTP/1.1" 200 125303 "https://mohamionline.com/buy.php?detail/30002764008139" "Mozilla/5.0 AppleWebKit/537.36 (KHTML, like Gecko; compatible; GPTBot/1.3; +https://openai.com/gptbot)"
74.7.241.182 - - [13/Feb/2026:15:26:28 +0000] "GET /robots.txt HTTP/1.1" 404 - "-" "Mozilla/5.0 (Macintosh; Intel Mac OS X 10_15_7) AppleWebKit/537.36 (KHTML, like Gecko) Chrome/131.0.0.0 Safari/537.36; compatible; OAI-SearchBot/1.3; robots.txt; +https://openai.com/searchbot"
74.7.242.31 - - [13/Feb/2026:15:26:28 +0000] "GET /buy.php?detail/16500819313211 HTTP/1.1" 200 117544 "https://mohamionline.com/buy.php?detail/16500812600509" "Mozilla/5.0 AppleWebKit/537.36 (KHTML, like Gecko; compatible; GPTBot/1.3; +https://openai.com/gptbot)"
74.7.242.31 - - [13/Feb/2026:15:26:31 +0000] "GET /buy.php?jp/070020845.html HTTP/1.1" 200 126589 "https://mohamionline.com/buy.php?detail/07002084506377" "Mozilla/5.0 AppleWebKit/537.36 (KHTML, like Gecko; compatible; GPTBot/1.3; +https://openai.com/gptbot)"
74.7.242.31 - - [13/Feb/2026:15:26:34 +0000] "GET /buy.php?detail/07603729050551 HTTP/1.1" 200 120402 "https://mohamionline.com/buy.php?detail/02200129926809" "Mozilla/5.0 AppleWebKit/537.36 (KHTML, like Gecko; compatible; GPTBot/1.3; +https://openai.com/gptbot)"
74.7.242.31 - - [13/Feb/2026:15:26:37 +0000] "GET /buy.php?detail/20900112157091 HTTP/1.1" 200 121176 "https://mohamionline.com/buy.php?detail/20903560945960" "Mozilla/5.0 AppleWebKit/537.36 (KHTML, like Gecko; compatible; GPTBot/1.3; +https://openai.com/gptbot)"
74.7.242.31 - - [13/Feb/2026:15:26:41 +0000] "GET /buy.php?detail/03903210934774 HTTP/1.1" 200 119021 "https://mohamionline.com/buy.php?detail/20903560945960" "Mozilla/5.0 AppleWebKit/537.36 (KHTML, like Gecko; compatible; GPTBot/1.3; +https://openai.com/gptbot)"
74.7.242.31 - - [13/Feb/2026:15:26:43 +0000] "GET /buy.php?detail/01801925705832 HTTP/1.1" 200 119780 "https://mohamionline.com/buy.php?detail/01801847622428" "Mozilla/5.0 AppleWebKit/537.36 (KHTML, like Gecko; compatible; GPTBot/1.3; +https://openai.com/gptbot)"
74.7.242.31 - - [13/Feb/2026:15:26:46 +0000] "GET /buy.php?detail/28902740373389 HTTP/1.1" 200 125014 "https://mohamionline.com/buy.php?detail/28902607890087" "Mozilla/5.0 AppleWebKit/537.36 (KHTML, like Gecko; compatible; GPTBot/1.3; +https://openai.com/gptbot)"
74.7.242.31 - - [13/Feb/2026:15:26:49 +0000] "GET /buy.php?detail/26100815226551 HTTP/1.1" 200 120085 "https://mohamionline.com/buy.php?detail/07404894894083" "Mozilla/5.0 AppleWebKit/537.36 (KHTML, like Gecko; compatible; GPTBot/1.3; +https://openai.com/gptbot)"
74.7.242.31 - - [13/Feb/2026:15:26:53 +0000] "GET /buy.php?detail/02500981619128 HTTP/1.1" 200 118883 "https://mohamionline.com/buy.php?detail/02500989028793" "Mozilla/5.0 AppleWebKit/537.36 (KHTML, like Gecko; compatible; GPTBot/1.3; +https://openai.com/gptbot)"
74.7.242.31 - - [13/Feb/2026:15:26:55 +0000] "GET /buy.php?detail/24003882332670 HTTP/1.1" 200 123873 "https://mohamionline.com/buy.php?detail/24003608604944" "Mozilla/5.0 AppleWebKit/537.36 (KHTML, like Gecko; compatible; GPTBot/1.3; +https://openai.com/gptbot)"
74.7.242.31 - - [13/Feb/2026:15:26:58 +0000] "GET /buy.php?detail/01300544419905 HTTP/1.1" 200 120012 "https://mohamionline.com/buy.php?detail/22901541165200" "Mozilla/5.0 AppleWebKit/537.36 (KHTML, like Gecko; compatible; GPTBot/1.3; +https://openai.com/gptbot)"
74.7.242.31 - - [13/Feb/2026:15:27:01 +0000] "GET /buy.php?detail/07002192102025 HTTP/1.1" 200 119485 "https://mohamionline.com/buy.php?detail/07002084506377" "Mozilla/5.0 AppleWebKit/537.36 (KHTML, like Gecko; compatible; GPTBot/1.3; +https://openai.com/gptbot)"
74.7.242.31 - - [13/Feb/2026:15:27:04 +0000] "GET /buy.php?detail/01603111978597 HTTP/1.1" 200 124583 "https://mohamionline.com/buy.php?detail/16500819313211" "Mozilla/5.0 AppleWebKit/537.36 (KHTML, like Gecko; compatible; GPTBot/1.3; +https://openai.com/gptbot)"
74.7.242.31 - - [13/Feb/2026:15:27:07 +0000] "GET /buy.php?detail/24703423418141 HTTP/1.1" 200 118403 "https://mohamionline.com/buy.php?jp/070020845.html" "Mozilla/5.0 AppleWebKit/537.36 (KHTML, like Gecko; compatible; GPTBot/1.3; +https://openai.com/gptbot)"
69.30.223.218 - - [13/Feb/2026:15:27:11 +0000] "GET /wp-content/pla25a50/edit.php HTTP/1.1" 404 - "http://mohamionline.com/wp-content/pla25a50/edit.php" "Mozilla/5.0 (Windows NT 10.0; Win64; x64) AppleWebKit/537.36 (KHTML, like Gecko) Chrome/58.0.3029.110 Safari/537.3"
74.7.242.31 - - [13/Feb/2026:15:27:10 +0000] "GET /buy.php?detail/22901446800404 HTTP/1.1" 200 118236 "https://mohamionline.com/buy.php?detail/22901541165200" "Mozilla/5.0 AppleWebKit/537.36 (KHTML, like Gecko; compatible; GPTBot/1.3; +https://openai.com/gptbot)"
74.7.242.31 - - [13/Feb/2026:15:27:13 +0000] "GET /buy.php?detail/02404754135044 HTTP/1.1" 200 121256 "https://mohamionline.com/buy.php?detail/22901541165200" "Mozilla/5.0 AppleWebKit/537.36 (KHTML, like Gecko; compatible; GPTBot/1.3; +https://openai.com/gptbot)"
74.7.242.31 - - [13/Feb/2026:15:27:17 +0000] "GET /buy.php?detail/22901447132259 HTTP/1.1" 200 120211 "https://mohamionline.com/buy.php?detail/22901541165200" "Mozilla/5.0 AppleWebKit/537.36 (KHTML, like Gecko; compatible; GPTBot/1.3; +https://openai.com/gptbot)"
114.119.153.209 - - [13/Feb/2026:15:27:22 +0000] "GET /goods.php?shop/pg/229heat/27335 HTTP/1.1" 404 - "http://mohamionline.com/goods.php?sitemap803.xml" "Mozilla/5.0 (Linux; Android 7.0;) AppleWebKit/537.36 (KHTML, like Gecko) Mobile Safari/537.36 (compatible; PetalBot;+https://webmaster.petalsearch.com/site/petalbot)"
74.7.242.31 - - [13/Feb/2026:15:27:20 +0000] "GET /buy.php?detail/28902811808925 HTTP/1.1" 200 121233 "https://mohamionline.com/buy.php?detail/28902740373389" "Mozilla/5.0 AppleWebKit/537.36 (KHTML, like Gecko; compatible; GPTBot/1.3; +https://openai.com/gptbot)"
74.7.242.31 - - [13/Feb/2026:15:27:23 +0000] "GET /buy.php?detail/16304820154454 HTTP/1.1" 200 124599 "https://mohamionline.com/buy.php?detail/01801925705832" "Mozilla/5.0 AppleWebKit/537.36 (KHTML, like Gecko; compatible; GPTBot/1.3; +https://openai.com/gptbot)"
74.7.242.31 - - [13/Feb/2026:15:27:26 +0000] "GET /buy.php?detail/25504864261190 HTTP/1.1" 200 119887 "https://mohamionline.com/buy.php?detail/22901541165200" "Mozilla/5.0 AppleWebKit/537.36 (KHTML, like Gecko; compatible; GPTBot/1.3; +https://openai.com/gptbot)"
74.7.242.31 - - [13/Feb/2026:15:27:29 +0000] "GET /buy.php?detail/07802273526506 HTTP/1.1" 200 125284 "https://mohamionline.com/buy.php?detail/20803165210001" "Mozilla/5.0 AppleWebKit/537.36 (KHTML, like Gecko; compatible; GPTBot/1.3; +https://openai.com/gptbot)"
74.7.242.31 - - [13/Feb/2026:15:27:33 +0000] "GET /buy.php?detail/19701109607638 HTTP/1.1" 200 132834 "https://mohamionline.com/buy.php?detail/19701261531459" "Mozilla/5.0 AppleWebKit/537.36 (KHTML, like Gecko; compatible; GPTBot/1.3; +https://openai.com/gptbot)"
74.7.242.31 - - [13/Feb/2026:15:27:36 +0000] "GET /buy.php?detail/24502077449152 HTTP/1.1" 200 125443 "https://mohamionline.com/buy.php?jp/245020924.html" "Mozilla/5.0 AppleWebKit/537.36 (KHTML, like Gecko; compatible; GPTBot/1.3; +https://openai.com/gptbot)"
74.7.242.31 - - [13/Feb/2026:15:27:38 +0000] "GET /buy.php?detail/06001790432495 HTTP/1.1" 200 119473 "https://mohamionline.com/buy.php?detail/01603111978597" "Mozilla/5.0 AppleWebKit/537.36 (KHTML, like Gecko; compatible; GPTBot/1.3; +https://openai.com/gptbot)"
74.7.242.31 - - [13/Feb/2026:15:27:40 +0000] "GET /buy.php?detail/24703438344571 HTTP/1.1" 200 118538 "https://mohamionline.com/buy.php?detail/24703423418141" "Mozilla/5.0 AppleWebKit/537.36 (KHTML, like Gecko; compatible; GPTBot/1.3; +https://openai.com/gptbot)"
74.7.242.31 - - [13/Feb/2026:15:27:43 +0000] "GET /buy.php?detail/22901334746754 HTTP/1.1" 200 119204 "https://mohamionline.com/buy.php?detail/22901446800404" "Mozilla/5.0 AppleWebKit/537.36 (KHTML, like Gecko; compatible; GPTBot/1.3; +https://openai.com/gptbot)"
74.7.242.31 - - [13/Feb/2026:15:27:45 +0000] "GET /buy.php?detail/28700532236337 HTTP/1.1" 200 120195 "https://mohamionline.com/buy.php?detail/10102387626793" "Mozilla/5.0 AppleWebKit/537.36 (KHTML, like Gecko; compatible; GPTBot/1.3; +https://openai.com/gptbot)"
74.7.242.31 - - [13/Feb/2026:15:27:48 +0000] "GET /buy.php?detail/22901459155055 HTTP/1.1" 200 123387 "https://mohamionline.com/buy.php?detail/22901447132259" "Mozilla/5.0 AppleWebKit/537.36 (KHTML, like Gecko; compatible; GPTBot/1.3; +https://openai.com/gptbot)"
74.7.242.31 - - [13/Feb/2026:15:27:51 +0000] "GET /buy.php?detail/28902856306136 HTTP/1.1" 200 129301 "https://mohamionline.com/buy.php?detail/28902811808925" "Mozilla/5.0 AppleWebKit/537.36 (KHTML, like Gecko; compatible; GPTBot/1.3; +https://openai.com/gptbot)"
74.7.242.31 - - [13/Feb/2026:15:27:54 +0000] "GET /buy.php?detail/06601030141884 HTTP/1.1" 200 118713 "https://mohamionline.com/buy.php?detail/28902811808925" "Mozilla/5.0 AppleWebKit/537.36 (KHTML, like Gecko; compatible; GPTBot/1.3; +https://openai.com/gptbot)"
74.7.242.31 - - [13/Feb/2026:15:27:57 +0000] "GET /buy.php?detail/25502161786121 HTTP/1.1" 200 119942 "https://mohamionline.com/buy.php?detail/25504864261190" "Mozilla/5.0 AppleWebKit/537.36 (KHTML, like Gecko; compatible; GPTBot/1.3; +https://openai.com/gptbot)"
74.7.242.31 - - [13/Feb/2026:15:28:00 +0000] "GET /buy.php?detail/08502805435522 HTTP/1.1" 200 119900 "https://mohamionline.com/buy.php?detail/25504864261190" "Mozilla/5.0 AppleWebKit/537.36 (KHTML, like Gecko; compatible; GPTBot/1.3; +https://openai.com/gptbot)"
74.7.242.31 - - [13/Feb/2026:15:28:03 +0000] "GET /buy.php?detail/18601578052852 HTTP/1.1" 200 121658 "https://mohamionline.com/buy.php?detail/19701109607638" "Mozilla/5.0 AppleWebKit/537.36 (KHTML, like Gecko; compatible; GPTBot/1.3; +https://openai.com/gptbot)"
74.7.242.31 - - [13/Feb/2026:15:28:05 +0000] "GET /buy.php?detail/12403478012311 HTTP/1.1" 200 121564 "https://mohamionline.com/buy.php?detail/19701109607638" "Mozilla/5.0 AppleWebKit/537.36 (KHTML, like Gecko; compatible; GPTBot/1.3; +https://openai.com/gptbot)"
74.7.242.31 - - [13/Feb/2026:15:28:07 +0000] "GET /buy.php?detail/19701605491138 HTTP/1.1" 200 135612 "https://mohamionline.com/buy.php?detail/19701109607638" "Mozilla/5.0 AppleWebKit/537.36 (KHTML, like Gecko; compatible; GPTBot/1.3; +https://openai.com/gptbot)"
74.7.242.31 - - [13/Feb/2026:15:28:10 +0000] "GET /buy.php?detail/24703434699464 HTTP/1.1" 200 120917 "https://mohamionline.com/buy.php?detail/24703438344571" "Mozilla/5.0 AppleWebKit/537.36 (KHTML, like Gecko; compatible; GPTBot/1.3; +https://openai.com/gptbot)"
74.7.242.31 - - [13/Feb/2026:15:28:14 +0000] "GET /buy.php?goods/175032495 HTTP/1.1" 200 120029 "https://mohamionline.com/buy.php?detail/24703438344571" "Mozilla/5.0 AppleWebKit/537.36 (KHTML, like Gecko; compatible; GPTBot/1.3; +https://openai.com/gptbot)"
74.7.242.31 - - [13/Feb/2026:15:28:17 +0000] "GET /buy.php?detail/28700562231311 HTTP/1.1" 200 119877 "https://mohamionline.com/buy.php?detail/28700532236337" "Mozilla/5.0 AppleWebKit/537.36 (KHTML, like Gecko; compatible; GPTBot/1.3; +https://openai.com/gptbot)"
74.7.242.31 - - [13/Feb/2026:15:28:20 +0000] "GET /buy.php?detail/08801090304457 HTTP/1.1" 200 127735 "https://mohamionline.com/buy.php?detail/08801101825099" "Mozilla/5.0 AppleWebKit/537.36 (KHTML, like Gecko; compatible; GPTBot/1.3; +https://openai.com/gptbot)"
74.7.242.31 - - [13/Feb/2026:15:28:23 +0000] "GET /buy.php?detail/13102920116462 HTTP/1.1" 200 118644 "https://mohamionline.com/buy.php?detail/13100144012047" "Mozilla/5.0 AppleWebKit/537.36 (KHTML, like Gecko; compatible; GPTBot/1.3; +https://openai.com/gptbot)"
74.7.242.31 - - [13/Feb/2026:15:28:25 +0000] "GET /buy.php?detail/06604222075714 HTTP/1.1" 200 121171 "https://mohamionline.com/buy.php?detail/06601030141884" "Mozilla/5.0 AppleWebKit/537.36 (KHTML, like Gecko; compatible; GPTBot/1.3; +https://openai.com/gptbot)"
74.7.242.31 - - [13/Feb/2026:15:28:28 +0000] "GET /buy.php?detail/06604222825593 HTTP/1.1" 200 121792 "https://mohamionline.com/buy.php?detail/06601030141884" "Mozilla/5.0 AppleWebKit/537.36 (KHTML, like Gecko; compatible; GPTBot/1.3; +https://openai.com/gptbot)"
74.7.242.31 - - [13/Feb/2026:15:28:31 +0000] "GET /buy.php?detail/01800985417451 HTTP/1.1" 200 119337 "https://mohamionline.com/buy.php?detail/07804831190453" "Mozilla/5.0 AppleWebKit/537.36 (KHTML, like Gecko; compatible; GPTBot/1.3; +https://openai.com/gptbot)"
74.7.242.31 - - [13/Feb/2026:15:28:35 +0000] "GET /buy.php?detail/15001305931297 HTTP/1.1" 200 119733 "https://mohamionline.com/buy.php?detail/15001836294401" "Mozilla/5.0 AppleWebKit/537.36 (KHTML, like Gecko; compatible; GPTBot/1.3; +https://openai.com/gptbot)"
74.7.242.31 - - [13/Feb/2026:15:28:38 +0000] "GET /buy.php?detail/12403437540002 HTTP/1.1" 200 121485 "https://mohamionline.com/buy.php?detail/12403478012311" "Mozilla/5.0 AppleWebKit/537.36 (KHTML, like Gecko; compatible; GPTBot/1.3; +https://openai.com/gptbot)"
114.119.137.94 - - [13/Feb/2026:15:28:41 +0000] "GET /goods.php?shop/pg/229commonly/47719 HTTP/1.1" 404 - "http://mohamionline.com/goods.php?sitemap803.xml" "Mozilla/5.0 (Linux; Android 7.0;) AppleWebKit/537.36 (KHTML, like Gecko) Mobile Safari/537.36 (compatible; PetalBot;+https://webmaster.petalsearch.com/site/petalbot)"
2a01:4f9:4a:2aa5::2 - - [13/Feb/2026:15:28:42 +0000] "GET /configRBL__fc72c33/ HTTP/1.1" 200 1421 "-" "Mozilla/5.0 (compatible; MJ12bot/v1.4.8; http://mj12bot.com/)"
74.7.242.31 - - [13/Feb/2026:15:28:41 +0000] "GET /buy.php?detail/04302883777007 HTTP/1.1" 200 118282 "https://mohamionline.com/buy.php?detail/19701605491138" "Mozilla/5.0 AppleWebKit/537.36 (KHTML, like Gecko; compatible; GPTBot/1.3; +https://openai.com/gptbot)"
74.7.242.31 - - [13/Feb/2026:15:28:44 +0000] "GET /buy.php?detail/25803337773753 HTTP/1.1" 200 124711 "https://mohamionline.com/buy.php?detail/12403478012311" "Mozilla/5.0 AppleWebKit/537.36 (KHTML, like Gecko; compatible; GPTBot/1.3; +https://openai.com/gptbot)"
74.7.242.31 - - [13/Feb/2026:15:28:47 +0000] "GET /buy.php?detail/13803614405140 HTTP/1.1" 200 119046 "https://mohamionline.com/buy.php?goods/175032495" "Mozilla/5.0 AppleWebKit/537.36 (KHTML, like Gecko; compatible; GPTBot/1.3; +https://openai.com/gptbot)"
74.7.242.31 - - [13/Feb/2026:15:28:50 +0000] "GET /buy.php?detail/24703440192479 HTTP/1.1" 200 118488 "https://mohamionline.com/buy.php?detail/24703434699464" "Mozilla/5.0 AppleWebKit/537.36 (KHTML, like Gecko; compatible; GPTBot/1.3; +https://openai.com/gptbot)"
74.7.242.31 - - [13/Feb/2026:15:28:53 +0000] "GET /buy.php?detail/08801151554082 HTTP/1.1" 200 135310 "https://mohamionline.com/buy.php?detail/08801090304457" "Mozilla/5.0 AppleWebKit/537.36 (KHTML, like Gecko; compatible; GPTBot/1.3; +https://openai.com/gptbot)"
74.7.242.31 - - [13/Feb/2026:15:28:56 +0000] "GET /buy.php?detail/08001907690082 HTTP/1.1" 200 119334 "https://mohamionline.com/buy.php?detail/08801090304457" "Mozilla/5.0 AppleWebKit/537.36 (KHTML, like Gecko; compatible; GPTBot/1.3; +https://openai.com/gptbot)"
74.7.242.31 - - [13/Feb/2026:15:28:59 +0000] "GET /buy.php?goods/066042220 HTTP/1.1" 200 120617 "https://mohamionline.com/buy.php?detail/06604222075714" "Mozilla/5.0 AppleWebKit/537.36 (KHTML, like Gecko; compatible; GPTBot/1.3; +https://openai.com/gptbot)"
74.7.242.31 - - [13/Feb/2026:15:29:02 +0000] "GET /buy.php?goods/127040838 HTTP/1.1" 200 127392 "https://mohamionline.com/buy.php?detail/06604222075714" "Mozilla/5.0 AppleWebKit/537.36 (KHTML, like Gecko; compatible; GPTBot/1.3; +https://openai.com/gptbot)"
74.7.242.31 - - [13/Feb/2026:15:29:05 +0000] "GET /buy.php?detail/06601587200118 HTTP/1.1" 200 120447 "https://mohamionline.com/buy.php?detail/06604222075714" "Mozilla/5.0 AppleWebKit/537.36 (KHTML, like Gecko; compatible; GPTBot/1.3; +https://openai.com/gptbot)"
74.7.242.31 - - [13/Feb/2026:15:29:08 +0000] "GET /buy.php?detail/06601566347379 HTTP/1.1" 200 122034 "https://mohamionline.com/buy.php?detail/06604222825593" "Mozilla/5.0 AppleWebKit/537.36 (KHTML, like Gecko; compatible; GPTBot/1.3; +https://openai.com/gptbot)"
74.7.242.31 - - [13/Feb/2026:15:29:10 +0000] "GET /buy.php?detail/12403484531617 HTTP/1.1" 200 122011 "https://mohamionline.com/buy.php?detail/12403437540002" "Mozilla/5.0 AppleWebKit/537.36 (KHTML, like Gecko; compatible; GPTBot/1.3; +https://openai.com/gptbot)"
74.7.242.31 - - [13/Feb/2026:15:29:12 +0000] "GET /buy.php?detail/27504204770412 HTTP/1.1" 200 119749 "https://mohamionline.com/buy.php?detail/04302883777007" "Mozilla/5.0 AppleWebKit/537.36 (KHTML, like Gecko; compatible; GPTBot/1.3; +https://openai.com/gptbot)"
74.7.242.31 - - [13/Feb/2026:15:29:15 +0000] "GET /buy.php?detail/04302827129802 HTTP/1.1" 200 117777 "https://mohamionline.com/buy.php?detail/04302883777007" "Mozilla/5.0 AppleWebKit/537.36 (KHTML, like Gecko; compatible; GPTBot/1.3; +https://openai.com/gptbot)"
74.7.242.31 - - [13/Feb/2026:15:29:18 +0000] "GET /buy.php?detail/13100522678587 HTTP/1.1" 200 118309 "https://mohamionline.com/buy.php?detail/13102920116462" "Mozilla/5.0 AppleWebKit/537.36 (KHTML, like Gecko; compatible; GPTBot/1.3; +https://openai.com/gptbot)"
74.7.242.31 - - [13/Feb/2026:15:29:21 +0000] "GET /buy.php?goods/276028242 HTTP/1.1" 200 120416 "https://mohamionline.com/buy.php?detail/24703440192479" "Mozilla/5.0 AppleWebKit/537.36 (KHTML, like Gecko; compatible; GPTBot/1.3; +https://openai.com/gptbot)"
192.234.198.86 - - [13/Feb/2026:15:29:26 +0000] "GET / HTTP/1.1" 200 5171 "-" "Mozilla/5.0 (Windows NT 10.0; Win64; x64) AppleWebKit/537.36 (KHTML, like Gecko) Chrome/144.0.0.0 Safari/537.36"
192.234.198.86 - - [13/Feb/2026:15:29:26 +0000] "GET /05b7e7/ HTTP/1.1" 200 637 "-" "Mozilla/5.0 (Windows NT 10.0; Win64; x64) AppleWebKit/537.36 (KHTML, like Gecko) Chrome/144.0.0.0 Safari/537.36"
74.7.242.31 - - [13/Feb/2026:15:29:23 +0000] "GET /buy.php?detail/24603264900936 HTTP/1.1" 200 120430 "https://mohamionline.com/buy.php?goods/246045708" "Mozilla/5.0 AppleWebKit/537.36 (KHTML, like Gecko; compatible; GPTBot/1.3; +https://openai.com/gptbot)"
74.7.242.31 - - [13/Feb/2026:15:29:26 +0000] "GET /buy.php?detail/21900086348917 HTTP/1.1" 200 119253 "https://mohamionline.com/buy.php?detail/08001907690082" "Mozilla/5.0 AppleWebKit/537.36 (KHTML, like Gecko; compatible; GPTBot/1.3; +https://openai.com/gptbot)"
74.7.242.31 - - [13/Feb/2026:15:29:30 +0000] "GET /buy.php?detail/06601575401746 HTTP/1.1" 200 120476 "https://mohamionline.com/buy.php?goods/066042220" "Mozilla/5.0 AppleWebKit/537.36 (KHTML, like Gecko; compatible; GPTBot/1.3; +https://openai.com/gptbot)"
74.7.242.31 - - [13/Feb/2026:15:29:33 +0000] "GET /buy.php?detail/18604464133370 HTTP/1.1" 200 126536 "https://mohamionline.com/buy.php?goods/127040838" "Mozilla/5.0 AppleWebKit/537.36 (KHTML, like Gecko; compatible; GPTBot/1.3; +https://openai.com/gptbot)"
74.7.242.31 - - [13/Feb/2026:15:29:35 +0000] "GET /buy.php?detail/0800190191621 HTTP/1.1" 200 121006 "https://mohamionline.com/buy.php?detail/08001907690082" "Mozilla/5.0 AppleWebKit/537.36 (KHTML, like Gecko; compatible; GPTBot/1.3; +https://openai.com/gptbot)"
74.7.242.31 - - [13/Feb/2026:15:29:38 +0000] "GET /buy.php?detail/07704550009785 HTTP/1.1" 200 118286 "https://mohamionline.com/buy.php?detail/06601566347379" "Mozilla/5.0 AppleWebKit/537.36 (KHTML, like Gecko; compatible; GPTBot/1.3; +https://openai.com/gptbot)"
74.7.242.31 - - [13/Feb/2026:15:29:39 +0000] "GET /buy.php?detail/08000846424866 HTTP/1.1" 200 117483 "https://mohamionline.com/buy.php?detail/06601587200118" "Mozilla/5.0 AppleWebKit/537.36 (KHTML, like Gecko; compatible; GPTBot/1.3; +https://openai.com/gptbot)"
74.7.242.31 - - [13/Feb/2026:15:29:41 +0000] "GET /buy.php?detail/02001289480898 HTTP/1.1" 200 132721 "https://mohamionline.com/buy.php?detail/27504204770412" "Mozilla/5.0 AppleWebKit/537.36 (KHTML, like Gecko; compatible; GPTBot/1.3; +https://openai.com/gptbot)"
74.7.242.31 - - [13/Feb/2026:15:29:43 +0000] "GET /buy.php?detail/06601576420892 HTTP/1.1" 200 121383 "https://mohamionline.com/buy.php?goods/066042220" "Mozilla/5.0 AppleWebKit/537.36 (KHTML, like Gecko; compatible; GPTBot/1.3; +https://openai.com/gptbot)"
74.7.242.31 - - [13/Feb/2026:15:29:45 +0000] "GET /buy.php?detail/13100505383247 HTTP/1.1" 200 118360 "https://mohamionline.com/buy.php?detail/13100522678587" "Mozilla/5.0 AppleWebKit/537.36 (KHTML, like Gecko; compatible; GPTBot/1.3; +https://openai.com/gptbot)"
74.7.242.31 - - [13/Feb/2026:15:29:48 +0000] "GET /buy.php?detail/00704157355318 HTTP/1.1" 200 124334 "https://mohamionline.com/buy.php?detail/09700941958040" "Mozilla/5.0 AppleWebKit/537.36 (KHTML, like Gecko; compatible; GPTBot/1.3; +https://openai.com/gptbot)"
74.7.242.31 - - [13/Feb/2026:15:29:50 +0000] "GET /buy.php?goods/214019357 HTTP/1.1" 200 120017 "https://mohamionline.com/buy.php?detail/24603264900936" "Mozilla/5.0 AppleWebKit/537.36 (KHTML, like Gecko; compatible; GPTBot/1.3; +https://openai.com/gptbot)"
74.7.242.31 - - [13/Feb/2026:15:29:53 +0000] "GET /buy.php?detail/24604478489998 HTTP/1.1" 200 119001 "https://mohamionline.com/buy.php?detail/24603264900936" "Mozilla/5.0 AppleWebKit/537.36 (KHTML, like Gecko; compatible; GPTBot/1.3; +https://openai.com/gptbot)"
74.7.242.31 - - [13/Feb/2026:15:29:56 +0000] "GET /buy.php?detail/06601555224991 HTTP/1.1" 200 118562 "https://mohamionline.com/buy.php?detail/06601575401746" "Mozilla/5.0 AppleWebKit/537.36 (KHTML, like Gecko; compatible; GPTBot/1.3; +https://openai.com/gptbot)"
74.7.242.31 - - [13/Feb/2026:15:29:59 +0000] "GET /buy.php?detail/18604452469995 HTTP/1.1" 200 126566 "https://mohamionline.com/buy.php?detail/18604464133370" "Mozilla/5.0 AppleWebKit/537.36 (KHTML, like Gecko; compatible; GPTBot/1.3; +https://openai.com/gptbot)"
74.7.242.31 - - [13/Feb/2026:15:30:03 +0000] "GET /buy.php?detail/09000033170543 HTTP/1.1" 200 124610 "https://mohamionline.com/buy.php?detail/24603264900936" "Mozilla/5.0 AppleWebKit/537.36 (KHTML, like Gecko; compatible; GPTBot/1.3; +https://openai.com/gptbot)"
74.7.242.31 - - [13/Feb/2026:15:30:06 +0000] "GET /buy.php?detail/07704373594037 HTTP/1.1" 200 119209 "https://mohamionline.com/buy.php?detail/07704550009785" "Mozilla/5.0 AppleWebKit/537.36 (KHTML, like Gecko; compatible; GPTBot/1.3; +https://openai.com/gptbot)"
114.119.155.180 - - [13/Feb/2026:15:30:10 +0000] "GET /goods.php?shop/pg/229career/31685 HTTP/1.1" 404 - "http://mohamionline.com/goods.php?sitemap803.xml" "Mozilla/5.0 (Linux; Android 7.0;) AppleWebKit/537.36 (KHTML, like Gecko) Mobile Safari/537.36 (compatible; PetalBot;+https://webmaster.petalsearch.com/site/petalbot)"
2a01:4f9:4a:2aa5::2 - - [13/Feb/2026:15:30:13 +0000] "GET /vywdrniz.php HTTP/1.1" 200 158 "-" "Mozilla/5.0 (compatible; MJ12bot/v1.4.8; http://mj12bot.com/)"
74.7.242.31 - - [13/Feb/2026:15:30:10 +0000] "GET /buy.php?detail/08000836372619 HTTP/1.1" 200 119784 "https://mohamionline.com/buy.php?detail/08000846424866" "Mozilla/5.0 AppleWebKit/537.36 (KHTML, like Gecko; compatible; GPTBot/1.3; +https://openai.com/gptbot)"
74.7.242.31 - - [13/Feb/2026:15:30:14 +0000] "GET /buy.php?detail/25002826816481 HTTP/1.1" 200 122093 "https://mohamionline.com/buy.php?detail/18604464133370" "Mozilla/5.0 AppleWebKit/537.36 (KHTML, like Gecko; compatible; GPTBot/1.3; +https://openai.com/gptbot)"
2a01:4f9:4a:2aa5::2 - - [13/Feb/2026:15:30:18 +0000] "GET /wp-includes/ HTTP/1.1" 200 1355 "-" "Mozilla/5.0 (compatible; MJ12bot/v1.4.8; http://mj12bot.com/)"
2a01:4f9:4a:2aa5::2 - - [13/Feb/2026:15:30:19 +0000] "GET /wp-settings.php HTTP/1.1" 200 1092 "-" "Mozilla/5.0 (compatible; MJ12bot/v1.4.8; http://mj12bot.com/)"
74.7.242.31 - - [13/Feb/2026:15:30:17 +0000] "GET /buy.php?detail/08003837384963 HTTP/1.1" 200 119585 "https://mohamionline.com/buy.php?detail/0800190191621" "Mozilla/5.0 AppleWebKit/537.36 (KHTML, like Gecko; compatible; GPTBot/1.3; +https://openai.com/gptbot)"
2a01:4f9:4a:2aa5::2 - - [13/Feb/2026:15:30:21 +0000] "GET /zmtuakqr.php__fc72c33 HTTP/1.1" 200 15114 "-" "Mozilla/5.0 (compatible; MJ12bot/v1.4.8; http://mj12bot.com/)"
74.7.242.31 - - [13/Feb/2026:15:30:20 +0000] "GET /buy.php?detail/13100384284500 HTTP/1.1" 200 119118 "https://mohamionline.com/buy.php?detail/13100505383247" "Mozilla/5.0 AppleWebKit/537.36 (KHTML, like Gecko; compatible; GPTBot/1.3; +https://openai.com/gptbot)"
74.7.242.31 - - [13/Feb/2026:15:30:23 +0000] "GET /buy.php?detail/21900008342139 HTTP/1.1" 200 119252 "https://mohamionline.com/buy.php?detail/21900086348917" "Mozilla/5.0 AppleWebKit/537.36 (KHTML, like Gecko; compatible; GPTBot/1.3; +https://openai.com/gptbot)"
74.7.242.31 - - [13/Feb/2026:15:30:26 +0000] "GET /buy.php?detail/23000345162230 HTTP/1.1" 200 119929 "https://mohamionline.com/buy.php?detail/02001289480898" "Mozilla/5.0 AppleWebKit/537.36 (KHTML, like Gecko; compatible; GPTBot/1.3; +https://openai.com/gptbot)"
2a01:4f9:4a:2aa5::2 - - [13/Feb/2026:15:30:30 +0000] "GET /default.php HTTP/1.1" 200 1092 "-" "Mozilla/5.0 (compatible; MJ12bot/v1.4.8; http://mj12bot.com/)"
74.7.242.31 - - [13/Feb/2026:15:30:28 +0000] "GET /buy.php?detail/21900008408951 HTTP/1.1" 200 119664 "https://mohamionline.com/buy.php?detail/21900086348917" "Mozilla/5.0 AppleWebKit/537.36 (KHTML, like Gecko; compatible; GPTBot/1.3; +https://openai.com/gptbot)"
74.7.242.31 - - [13/Feb/2026:15:30:32 +0000] "GET /buy.php?detail/22401228112039 HTTP/1.1" 200 120722 "https://mohamionline.com/buy.php?detail/06601575401746" "Mozilla/5.0 AppleWebKit/537.36 (KHTML, like Gecko; compatible; GPTBot/1.3; +https://openai.com/gptbot)"
2a01:4f9:4a:2aa5::2 - - [13/Feb/2026:15:30:35 +0000] "GET /jozkxudd.php HTTP/1.1" 200 137 "-" "Mozilla/5.0 (compatible; MJ12bot/v1.4.8; http://mj12bot.com/)"
74.7.242.31 - - [13/Feb/2026:15:30:35 +0000] "GET /buy.php?detail/03404604498708 HTTP/1.1" 200 135901 "https://mohamionline.com/buy.php?detail/18604452469995" "Mozilla/5.0 AppleWebKit/537.36 (KHTML, like Gecko; compatible; GPTBot/1.3; +https://openai.com/gptbot)"
74.7.242.31 - - [13/Feb/2026:15:30:38 +0000] "GET /buy.php?goods/217006488 HTTP/1.1" 200 120105 "https://mohamionline.com/buy.php?detail/09000033170543" "Mozilla/5.0 AppleWebKit/537.36 (KHTML, like Gecko; compatible; GPTBot/1.3; +https://openai.com/gptbot)"
2a01:4f9:4a:2aa5::2 - - [13/Feb/2026:15:30:41 +0000] "GET /tvjkiwwx.php HTTP/1.1" 200 143 "-" "Mozilla/5.0 (compatible; MJ12bot/v1.4.8; http://mj12bot.com/)"
74.7.242.31 - - [13/Feb/2026:15:30:41 +0000] "GET /buy.php?detail/05003739181895 HTTP/1.1" 200 120915 "https://mohamionline.com/buy.php?detail/08000846424866" "Mozilla/5.0 AppleWebKit/537.36 (KHTML, like Gecko; compatible; GPTBot/1.3; +https://openai.com/gptbot)"
2a01:4f9:4a:2aa5::2 - - [13/Feb/2026:15:30:44 +0000] "GET /wp-content__fc72c33/ HTTP/1.1" 200 841 "-" "Mozilla/5.0 (compatible; MJ12bot/v1.4.8; http://mj12bot.com/)"
74.7.242.31 - - [13/Feb/2026:15:30:43 +0000] "GET /buy.php?detail/08000805353949 HTTP/1.1" 200 120984 "https://mohamionline.com/buy.php?detail/08000836372619" "Mozilla/5.0 AppleWebKit/537.36 (KHTML, like Gecko; compatible; GPTBot/1.3; +https://openai.com/gptbot)"
2a01:4f9:4a:2aa5::2 - - [13/Feb/2026:15:30:46 +0000] "GET /05b7e7/ HTTP/1.1" 200 637 "-" "Mozilla/5.0 (compatible; MJ12bot/v1.4.8; http://mj12bot.com/)"
74.7.242.31 - - [13/Feb/2026:15:30:46 +0000] "GET /buy.php?detail/08000803851141 HTTP/1.1" 200 123436 "https://mohamionline.com/buy.php?detail/08000836372619" "Mozilla/5.0 AppleWebKit/537.36 (KHTML, like Gecko; compatible; GPTBot/1.3; +https://openai.com/gptbot)"
2a01:4f9:4a:2aa5::2 - - [13/Feb/2026:15:30:48 +0000] "GET /109b5d7f/ HTTP/1.1" 200 1092 "-" "Mozilla/5.0 (compatible; MJ12bot/v1.4.8; http://mj12bot.com/)"
74.7.242.31 - - [13/Feb/2026:15:30:48 +0000] "GET /buy.php?goods/080039025 HTTP/1.1" 200 121040 "https://mohamionline.com/buy.php?detail/08003837384963" "Mozilla/5.0 AppleWebKit/537.36 (KHTML, like Gecko; compatible; GPTBot/1.3; +https://openai.com/gptbot)"
2a01:4f9:4a:2aa5::2 - - [13/Feb/2026:15:30:50 +0000] "GET /ALFA_DATA/ HTTP/1.1" 200 1092 "-" "Mozilla/5.0 (compatible; MJ12bot/v1.4.8; http://mj12bot.com/)"
74.7.242.31 - - [13/Feb/2026:15:30:50 +0000] "GET /buy.php?detail/25002283094007 HTTP/1.1" 200 147859 "https://mohamionline.com/buy.php?detail/25002826816481" "Mozilla/5.0 AppleWebKit/537.36 (KHTML, like Gecko; compatible; GPTBot/1.3; +https://openai.com/gptbot)"
74.7.242.31 - - [13/Feb/2026:15:30:53 +0000] "GET /buy.php?detail/115049336722 HTTP/1.1" 200 125672 "https://mohamionline.com/buy.php?detail/21900008342139" "Mozilla/5.0 AppleWebKit/537.36 (KHTML, like Gecko; compatible; GPTBot/1.3; +https://openai.com/gptbot)"
2a01:4f9:4a:2aa5::2 - - [13/Feb/2026:15:30:56 +0000] "GET /mhfdcaxt.php HTTP/1.1" 200 155 "-" "Mozilla/5.0 (compatible; MJ12bot/v1.4.8; http://mj12bot.com/)"
74.7.242.31 - - [13/Feb/2026:15:30:56 +0000] "GET /buy.php?detail/21900085589602 HTTP/1.1" 200 119331 "https://mohamionline.com/buy.php?detail/21900008342139" "Mozilla/5.0 AppleWebKit/537.36 (KHTML, like Gecko; compatible; GPTBot/1.3; +https://openai.com/gptbot)"
2a01:4f9:4a:2aa5::2 - - [13/Feb/2026:15:30:59 +0000] "GET /rrysgzgo.php HTTP/1.1" 200 158 "-" "Mozilla/5.0 (compatible; MJ12bot/v1.4.8; http://mj12bot.com/)"
74.7.242.31 - - [13/Feb/2026:15:30:59 +0000] "GET /buy.php?detail/04204991388093 HTTP/1.1" 200 128340 "https://mohamionline.com/buy.php?detail/21900008408951" "Mozilla/5.0 AppleWebKit/537.36 (KHTML, like Gecko; compatible; GPTBot/1.3; +https://openai.com/gptbot)"
74.7.242.31 - - [13/Feb/2026:15:31:02 +0000] "GET /buy.php?detail/14203801989873 HTTP/1.1" 200 119732 "https://mohamionline.com/buy.php?detail/08003837384963" "Mozilla/5.0 AppleWebKit/537.36 (KHTML, like Gecko; compatible; GPTBot/1.3; +https://openai.com/gptbot)"
2a01:4f9:4a:2aa5::2 - - [13/Feb/2026:15:31:04 +0000] "GET /config.php HTTP/1.1" 200 1092 "-" "Mozilla/5.0 (compatible; MJ12bot/v1.4.8; http://mj12bot.com/)"
2a01:4f9:4a:2aa5::2 - - [13/Feb/2026:15:31:06 +0000] "GET /e94887/ HTTP/1.1" 200 637 "-" "Mozilla/5.0 (compatible; MJ12bot/v1.4.8; http://mj12bot.com/)"
74.7.242.31 - - [13/Feb/2026:15:31:04 +0000] "GET /buy.php?detail/01600637206169 HTTP/1.1" 200 118720 "https://mohamionline.com/buy.php?detail/22401228112039" "Mozilla/5.0 AppleWebKit/537.36 (KHTML, like Gecko; compatible; GPTBot/1.3; +https://openai.com/gptbot)"
74.7.242.31 - - [13/Feb/2026:15:31:06 +0000] "GET /buy.php?detail/21700722108003 HTTP/1.1" 200 120653 "https://mohamionline.com/buy.php?goods/217006488" "Mozilla/5.0 AppleWebKit/537.36 (KHTML, like Gecko; compatible; GPTBot/1.3; +https://openai.com/gptbot)"
2a01:4f9:4a:2aa5::2 - - [13/Feb/2026:15:31:10 +0000] "GET /buy.php HTTP/1.1" 200 13 "-" "Mozilla/5.0 (compatible; MJ12bot/v1.4.8; http://mj12bot.com/)"
74.7.242.31 - - [13/Feb/2026:15:31:11 +0000] "GET /buy.php?jp/050035529.html HTTP/1.1" 200 121080 "https://mohamionline.com/buy.php?detail/05003739181895" "Mozilla/5.0 AppleWebKit/537.36 (KHTML, like Gecko; compatible; GPTBot/1.3; +https://openai.com/gptbot)"
74.7.242.31 - - [13/Feb/2026:15:31:14 +0000] "GET /buy.php?detail/18604455764463 HTTP/1.1" 200 126258 "https://mohamionline.com/buy.php?detail/18604464133370" "Mozilla/5.0 AppleWebKit/537.36 (KHTML, like Gecko; compatible; GPTBot/1.3; +https://openai.com/gptbot)"
74.7.242.31 - - [13/Feb/2026:15:31:17 +0000] "GET /buy.php?detail/08000821713370 HTTP/1.1" 200 119010 "https://mohamionline.com/buy.php?detail/08000803851141" "Mozilla/5.0 AppleWebKit/537.36 (KHTML, like Gecko; compatible; GPTBot/1.3; +https://openai.com/gptbot)"
2a01:4f9:4a:2aa5::2 - - [13/Feb/2026:15:31:20 +0000] "GET /ooexuqdm.php HTTP/1.1" 200 158 "-" "Mozilla/5.0 (compatible; MJ12bot/v1.4.8; http://mj12bot.com/)"
47.82.11.32 - - [13/Feb/2026:15:31:22 +0000] "GET /shopdetail/123109133039 HTTP/1.1" 404 - "https://mohamionline.com/" "Mozilla/5.0 (Windows NT 10.0; Win64; x64) AppleWebKit/537.36 (KHTML, like Gecko) Chrome/135.0.0.0 Safari/537.36 Edg/135.0.0.0"
74.7.242.31 - - [13/Feb/2026:15:31:20 +0000] "GET /buy.php?goods/080038674 HTTP/1.1" 200 120252 "https://mohamionline.com/buy.php?goods/080039025" "Mozilla/5.0 AppleWebKit/537.36 (KHTML, like Gecko; compatible; GPTBot/1.3; +https://openai.com/gptbot)"
47.82.11.91 - - [13/Feb/2026:15:31:26 +0000] "GET /shopdetail/629109152677 HTTP/1.1" 404 - "https://mohamionline.com/" "Mozilla/5.0 (Windows NT 10.0; Win64; x64; rv:137.0) Gecko/20100101 Firefox/137.0"
74.7.242.31 - - [13/Feb/2026:15:31:23 +0000] "GET /buy.php?detail/18002096430297 HTTP/1.1" 200 117417 "https://mohamionline.com/buy.php?goods/080039025" "Mozilla/5.0 AppleWebKit/537.36 (KHTML, like Gecko; compatible; GPTBot/1.3; +https://openai.com/gptbot)"
114.119.136.141 - - [13/Feb/2026:15:31:28 +0000] "GET /goods.php?shop/pg/228technique/36850 HTTP/1.1" 404 - "http://mohamionline.com/goods.php?sitemap803.xml" "Mozilla/5.0 (Linux; Android 7.0;) AppleWebKit/537.36 (KHTML, like Gecko) Mobile Safari/537.36 (compatible; PetalBot;+https://webmaster.petalsearch.com/site/petalbot)"
74.7.242.31 - - [13/Feb/2026:15:31:27 +0000] "GET /buy.php?detail/24200058437342 HTTP/1.1" 200 127517 "https://mohamionline.com/buy.php?detail/115049336722" "Mozilla/5.0 AppleWebKit/537.36 (KHTML, like Gecko; compatible; GPTBot/1.3; +https://openai.com/gptbot)"
74.7.241.182 - - [13/Feb/2026:15:31:30 +0000] "GET /robots.txt HTTP/1.1" 404 - "-" "Mozilla/5.0 (Macintosh; Intel Mac OS X 10_15_7) AppleWebKit/537.36 (KHTML, like Gecko) Chrome/131.0.0.0 Safari/537.36; compatible; OAI-SearchBot/1.3; robots.txt; +https://openai.com/searchbot"
74.7.242.31 - - [13/Feb/2026:15:31:30 +0000] "GET /buy.php?detail/00404351905329 HTTP/1.1" 200 120260 "https://mohamionline.com/buy.php?goods/080039025" "Mozilla/5.0 AppleWebKit/537.36 (KHTML, like Gecko; compatible; GPTBot/1.3; +https://openai.com/gptbot)"
2a01:4f9:4a:2aa5::2 - - [13/Feb/2026:15:31:34 +0000] "GET /wp-content/ HTTP/1.1" 200 2059 "-" "Mozilla/5.0 (compatible; MJ12bot/v1.4.8; http://mj12bot.com/)"
74.7.242.31 - - [13/Feb/2026:15:31:33 +0000] "GET /buy.php?detail/10203854918410 HTTP/1.1" 200 119501 "https://mohamionline.com/buy.php?goods/214019357" "Mozilla/5.0 AppleWebKit/537.36 (KHTML, like Gecko; compatible; GPTBot/1.3; +https://openai.com/gptbot)"
74.7.242.31 - - [13/Feb/2026:15:31:36 +0000] "GET /buy.php?detail/08003901270695 HTTP/1.1" 200 120189 "https://mohamionline.com/buy.php?detail/08003837384963" "Mozilla/5.0 AppleWebKit/537.36 (KHTML, like Gecko; compatible; GPTBot/1.3; +https://openai.com/gptbot)"
74.7.242.31 - - [13/Feb/2026:15:31:38 +0000] "GET /buy.php?jp/102038549.html HTTP/1.1" 200 119090 "https://mohamionline.com/buy.php?detail/10203854918410" "Mozilla/5.0 AppleWebKit/537.36 (KHTML, like Gecko; compatible; GPTBot/1.3; +https://openai.com/gptbot)"
74.7.242.31 - - [13/Feb/2026:15:31:42 +0000] "GET /buy.php?detail/21900085479283 HTTP/1.1" 200 118539 "https://mohamionline.com/buy.php?detail/21900008342139" "Mozilla/5.0 AppleWebKit/537.36 (KHTML, like Gecko; compatible; GPTBot/1.3; +https://openai.com/gptbot)"
74.7.242.31 - - [13/Feb/2026:15:31:45 +0000] "GET /buy.php?detail/05601714085562 HTTP/1.1" 200 127585 "https://mohamionline.com/buy.php?detail/21700722108003" "Mozilla/5.0 AppleWebKit/537.36 (KHTML, like Gecko; compatible; GPTBot/1.3; +https://openai.com/gptbot)"
74.7.242.31 - - [13/Feb/2026:15:31:47 +0000] "GET /buy.php?detail/14704216044044 HTTP/1.1" 200 130339 "https://mohamionline.com/buy.php?detail/06601576420892" "Mozilla/5.0 AppleWebKit/537.36 (KHTML, like Gecko; compatible; GPTBot/1.3; +https://openai.com/gptbot)"
186.4.132.234 - - [13/Feb/2026:15:31:53 +0000] "GET / HTTP/1.1" 200 5171 "http://aio.online" "Mozilla/5.0 (Windows NT 6.1; Win64; x64) AppleWebKit/537.36 (KHTML, like Gecko) Chrome/97.0.4692.71 Safari/537.36"
74.7.242.31 - - [13/Feb/2026:15:31:50 +0000] "GET /buy.php?detail/05003552900094 HTTP/1.1" 200 121511 "https://mohamionline.com/buy.php?jp/050035529.html" "Mozilla/5.0 AppleWebKit/537.36 (KHTML, like Gecko; compatible; GPTBot/1.3; +https://openai.com/gptbot)"
74.7.242.31 - - [13/Feb/2026:15:31:53 +0000] "GET /buy.php?detail/22401053540184 HTTP/1.1" 200 117560 "https://mohamionline.com/buy.php?detail/22401228112039" "Mozilla/5.0 AppleWebKit/537.36 (KHTML, like Gecko; compatible; GPTBot/1.3; +https://openai.com/gptbot)"
74.7.242.31 - - [13/Feb/2026:15:31:55 +0000] "GET /buy.php?detail/10000174326238 HTTP/1.1" 200 120066 "https://mohamionline.com/buy.php?detail/07704373594037" "Mozilla/5.0 AppleWebKit/537.36 (KHTML, like Gecko; compatible; GPTBot/1.3; +https://openai.com/gptbot)"
74.7.242.31 - - [13/Feb/2026:15:31:59 +0000] "GET /buy.php?detail/18002082059368 HTTP/1.1" 200 117123 "https://mohamionline.com/buy.php?detail/18002096430297" "Mozilla/5.0 AppleWebKit/537.36 (KHTML, like Gecko; compatible; GPTBot/1.3; +https://openai.com/gptbot)"
74.7.242.31 - - [13/Feb/2026:15:32:02 +0000] "GET /buy.php?detail/11803830361729 HTTP/1.1" 200 147658 "https://mohamionline.com/buy.php?detail/24200058437342" "Mozilla/5.0 AppleWebKit/537.36 (KHTML, like Gecko; compatible; GPTBot/1.3; +https://openai.com/gptbot)"
74.7.242.31 - - [13/Feb/2026:15:32:05 +0000] "GET /buy.php?detail/00402797456479 HTTP/1.1" 200 121023 "https://mohamionline.com/buy.php?detail/00404351905329" "Mozilla/5.0 AppleWebKit/537.36 (KHTML, like Gecko; compatible; GPTBot/1.3; +https://openai.com/gptbot)"
74.7.242.31 - - [13/Feb/2026:15:32:08 +0000] "GET /buy.php?detail/1020382453869 HTTP/1.1" 200 119009 "https://mohamionline.com/buy.php?detail/10203854918410" "Mozilla/5.0 AppleWebKit/537.36 (KHTML, like Gecko; compatible; GPTBot/1.3; +https://openai.com/gptbot)"
74.7.242.31 - - [13/Feb/2026:15:32:10 +0000] "GET /buy.php?detail/10203782182526 HTTP/1.1" 200 118837 "https://mohamionline.com/buy.php?jp/102038549.html" "Mozilla/5.0 AppleWebKit/537.36 (KHTML, like Gecko; compatible; GPTBot/1.3; +https://openai.com/gptbot)"
74.7.242.31 - - [13/Feb/2026:15:32:12 +0000] "GET /buy.php?detail/01601623043198 HTTP/1.1" 200 119269 "https://mohamionline.com/buy.php?detail/01600637206169" "Mozilla/5.0 AppleWebKit/537.36 (KHTML, like Gecko; compatible; GPTBot/1.3; +https://openai.com/gptbot)"
74.7.242.31 - - [13/Feb/2026:15:32:14 +0000] "GET /buy.php?detail/25003135219987 HTTP/1.1" 200 119783 "https://mohamionline.com/buy.php?detail/25002283094007" "Mozilla/5.0 AppleWebKit/537.36 (KHTML, like Gecko; compatible; GPTBot/1.3; +https://openai.com/gptbot)"
66.249.66.6 - - [13/Feb/2026:15:32:17 +0000] "GET /header.php?merchandises/321109181662 HTTP/1.1" 404 - "-" "Mozilla/5.0 (Linux; Android 6.0.1; Nexus 5X Build/MMB29P) AppleWebKit/537.36 (KHTML, like Gecko) Chrome/144.0.7559.132 Mobile Safari/537.36 (compatible; Googlebot/2.1; +http://www.google.com/bot.html)"
74.7.242.31 - - [13/Feb/2026:15:32:17 +0000] "GET /buy.php?detail/08003839359530 HTTP/1.1" 200 118328 "https://mohamionline.com/buy.php?detail/0800190191621" "Mozilla/5.0 AppleWebKit/537.36 (KHTML, like Gecko; compatible; GPTBot/1.3; +https://openai.com/gptbot)"
74.7.242.31 - - [13/Feb/2026:15:32:20 +0000] "GET /buy.php?detail/16301346564035 HTTP/1.1" 200 120440 "https://mohamionline.com/buy.php?goods/214019357" "Mozilla/5.0 AppleWebKit/537.36 (KHTML, like Gecko; compatible; GPTBot/1.3; +https://openai.com/gptbot)"
74.7.242.31 - - [13/Feb/2026:15:32:23 +0000] "GET /buy.php?detail/01304841718709 HTTP/1.1" 200 121171 "https://mohamionline.com/buy.php?detail/08000805353949" "Mozilla/5.0 AppleWebKit/537.36 (KHTML, like Gecko; compatible; GPTBot/1.3; +https://openai.com/gptbot)"
74.7.242.31 - - [13/Feb/2026:15:32:26 +0000] "GET /buy.php?detail/05003656691570 HTTP/1.1" 200 119631 "https://mohamionline.com/buy.php?detail/05003552900094" "Mozilla/5.0 AppleWebKit/537.36 (KHTML, like Gecko; compatible; GPTBot/1.3; +https://openai.com/gptbot)"
74.7.242.31 - - [13/Feb/2026:15:32:29 +0000] "GET /buy.php?detail/21303392090188 HTTP/1.1" 200 118258 "https://mohamionline.com/buy.php?detail/21303403043355" "Mozilla/5.0 AppleWebKit/537.36 (KHTML, like Gecko; compatible; GPTBot/1.3; +https://openai.com/gptbot)"
74.7.242.31 - - [13/Feb/2026:15:32:32 +0000] "GET /buy.php?detail/11803975888159 HTTP/1.1" 200 155171 "https://mohamionline.com/buy.php?detail/11803830361729" "Mozilla/5.0 AppleWebKit/537.36 (KHTML, like Gecko; compatible; GPTBot/1.3; +https://openai.com/gptbot)"
43.157.142.101 - - [13/Feb/2026:15:32:35 +0000] "GET /buy.php?ctg/search/searchByKeywordDetailConditionView/ HTTP/1.1" 200 118175 "-" "Mozilla/5.0 (iPhone; CPU iPhone OS 13_2_3 like Mac OS X) AppleWebKit/605.1.15 (KHTML, like Gecko) Version/13.0.3 Mobile/15E148 Safari/604.1"
74.7.242.31 - - [13/Feb/2026:15:32:35 +0000] "GET /buy.php?detail/10204168109136 HTTP/1.1" 200 119533 "https://mohamionline.com/buy.php?detail/00402797456479" "Mozilla/5.0 AppleWebKit/537.36 (KHTML, like Gecko; compatible; GPTBot/1.3; +https://openai.com/gptbot)"
74.7.242.31 - - [13/Feb/2026:15:32:39 +0000] "GET /buy.php?detail/04502414160421 HTTP/1.1" 200 133518 "https://mohamionline.com/buy.php?detail/1020382453869" "Mozilla/5.0 AppleWebKit/537.36 (KHTML, like Gecko; compatible; GPTBot/1.3; +https://openai.com/gptbot)"
74.7.242.31 - - [13/Feb/2026:15:32:42 +0000] "GET /buy.php?detail/10203873173590 HTTP/1.1" 200 119813 "https://mohamionline.com/buy.php?detail/1020382453869" "Mozilla/5.0 AppleWebKit/537.36 (KHTML, like Gecko; compatible; GPTBot/1.3; +https://openai.com/gptbot)"
74.7.242.31 - - [13/Feb/2026:15:32:44 +0000] "GET /buy.php?detail/10301791661470 HTTP/1.1" 200 136051 "https://mohamionline.com/buy.php?detail/10302037562108" "Mozilla/5.0 AppleWebKit/537.36 (KHTML, like Gecko; compatible; GPTBot/1.3; +https://openai.com/gptbot)"
74.7.242.31 - - [13/Feb/2026:15:32:47 +0000] "GET /buy.php?detail/25003032277325 HTTP/1.1" 200 119078 "https://mohamionline.com/buy.php?detail/25003135219987" "Mozilla/5.0 AppleWebKit/537.36 (KHTML, like Gecko; compatible; GPTBot/1.3; +https://openai.com/gptbot)"
74.7.242.31 - - [13/Feb/2026:15:32:49 +0000] "GET /buy.php?detail/23602210038125 HTTP/1.1" 200 119655 "https://mohamionline.com/buy.php?detail/23602216622468" "Mozilla/5.0 AppleWebKit/537.36 (KHTML, like Gecko; compatible; GPTBot/1.3; +https://openai.com/gptbot)"
74.7.242.31 - - [13/Feb/2026:15:32:51 +0000] "GET /buy.php?detail/16301333767175 HTTP/1.1" 200 121331 "https://mohamionline.com/buy.php?detail/16301346564035" "Mozilla/5.0 AppleWebKit/537.36 (KHTML, like Gecko; compatible; GPTBot/1.3; +https://openai.com/gptbot)"
114.119.155.10 - - [13/Feb/2026:15:32:56 +0000] "GET /goods.php?shop/pg/228patient/7526 HTTP/1.1" 404 - "http://mohamionline.com/goods.php?sitemap803.xml" "Mozilla/5.0 (Linux; Android 7.0;) AppleWebKit/537.36 (KHTML, like Gecko) Mobile Safari/537.36 (compatible; PetalBot;+https://webmaster.petalsearch.com/site/petalbot)"
74.7.242.31 - - [13/Feb/2026:15:32:54 +0000] "GET /buy.php?detail/16301333646202 HTTP/1.1" 200 120921 "https://mohamionline.com/buy.php?detail/16301346564035" "Mozilla/5.0 AppleWebKit/537.36 (KHTML, like Gecko; compatible; GPTBot/1.3; +https://openai.com/gptbot)"
74.7.242.31 - - [13/Feb/2026:15:32:57 +0000] "GET /buy.php?detail/15904957545617 HTTP/1.1" 200 130338 "https://mohamionline.com/buy.php?detail/15904982359428" "Mozilla/5.0 AppleWebKit/537.36 (KHTML, like Gecko; compatible; GPTBot/1.3; +https://openai.com/gptbot)"
74.7.242.31 - - [13/Feb/2026:15:32:59 +0000] "GET /buy.php?detail/04404361815884 HTTP/1.1" 200 120163 "https://mohamionline.com/buy.php?detail/21303392090188" "Mozilla/5.0 AppleWebKit/537.36 (KHTML, like Gecko; compatible; GPTBot/1.3; +https://openai.com/gptbot)"
74.7.242.31 - - [13/Feb/2026:15:33:01 +0000] "GET /buy.php?detail/22402881823875 HTTP/1.1" 200 119885 "https://mohamionline.com/buy.php?detail/15000420594032" "Mozilla/5.0 AppleWebKit/537.36 (KHTML, like Gecko; compatible; GPTBot/1.3; +https://openai.com/gptbot)"
74.7.242.31 - - [13/Feb/2026:15:33:03 +0000] "GET /buy.php?detail/10204136578200 HTTP/1.1" 200 120787 "https://mohamionline.com/buy.php?detail/10204168109136" "Mozilla/5.0 AppleWebKit/537.36 (KHTML, like Gecko; compatible; GPTBot/1.3; +https://openai.com/gptbot)"
74.7.242.31 - - [13/Feb/2026:15:33:06 +0000] "GET /buy.php?detail/21802154335144 HTTP/1.1" 200 119242 "https://mohamionline.com/buy.php?detail/04502414160421" "Mozilla/5.0 AppleWebKit/537.36 (KHTML, like Gecko; compatible; GPTBot/1.3; +https://openai.com/gptbot)"
74.7.242.31 - - [13/Feb/2026:15:33:09 +0000] "GET /buy.php?detail/08903485773575 HTTP/1.1" 200 119291 "https://mohamionline.com/buy.php?detail/04502414160421" "Mozilla/5.0 AppleWebKit/537.36 (KHTML, like Gecko; compatible; GPTBot/1.3; +https://openai.com/gptbot)"
74.7.242.31 - - [13/Feb/2026:15:33:11 +0000] "GET /buy.php?detail/10302024904717 HTTP/1.1" 200 128354 "https://mohamionline.com/buy.php?detail/10301791661470" "Mozilla/5.0 AppleWebKit/537.36 (KHTML, like Gecko; compatible; GPTBot/1.3; +https://openai.com/gptbot)"
74.7.242.31 - - [13/Feb/2026:15:33:15 +0000] "GET /buy.php?detail/25003128448328 HTTP/1.1" 200 119823 "https://mohamionline.com/buy.php?detail/25003032277325" "Mozilla/5.0 AppleWebKit/537.36 (KHTML, like Gecko; compatible; GPTBot/1.3; +https://openai.com/gptbot)"
74.7.242.31 - - [13/Feb/2026:15:33:18 +0000] "GET /buy.php?detail/10203602562105 HTTP/1.1" 200 119059 "https://mohamionline.com/buy.php?detail/10203873173590" "Mozilla/5.0 AppleWebKit/537.36 (KHTML, like Gecko; compatible; GPTBot/1.3; +https://openai.com/gptbot)"
74.7.242.31 - - [13/Feb/2026:15:33:22 +0000] "GET /buy.php?detail/10302025698366 HTTP/1.1" 200 121692 "https://mohamionline.com/buy.php?detail/10301791661470" "Mozilla/5.0 AppleWebKit/537.36 (KHTML, like Gecko; compatible; GPTBot/1.3; +https://openai.com/gptbot)"
74.7.242.31 - - [13/Feb/2026:15:33:25 +0000] "GET /buy.php?detail/03301051666948 HTTP/1.1" 200 127625 "https://mohamionline.com/buy.php?detail/16301333646202" "Mozilla/5.0 AppleWebKit/537.36 (KHTML, like Gecko; compatible; GPTBot/1.3; +https://openai.com/gptbot)"
74.7.242.31 - - [13/Feb/2026:15:33:28 +0000] "GET /buy.php?detail/15904855518168 HTTP/1.1" 200 129712 "https://mohamionline.com/buy.php?detail/15904957545617" "Mozilla/5.0 AppleWebKit/537.36 (KHTML, like Gecko; compatible; GPTBot/1.3; +https://openai.com/gptbot)"
