74.7.242.31 - - [13/Feb/2026:14:34:33 +0000] "GET /buy.php?detail/12403409966600 HTTP/1.1" 200 121812 "https://mohamionline.com/buy.php?detail/17302737463323" "Mozilla/5.0 AppleWebKit/537.36 (KHTML, like Gecko; compatible; GPTBot/1.3; +https://openai.com/gptbot)"
74.7.242.31 - - [13/Feb/2026:14:34:36 +0000] "GET /buy.php?jp/101022141.html HTTP/1.1" 200 152320 "https://mohamionline.com/buy.php?detail/20001406935295" "Mozilla/5.0 AppleWebKit/537.36 (KHTML, like Gecko; compatible; GPTBot/1.3; +https://openai.com/gptbot)"
74.7.242.31 - - [13/Feb/2026:14:34:39 +0000] "GET /buy.php?detail/25804245427949 HTTP/1.1" 200 123716 "https://mohamionline.com/buy.php?detail/20001406935295" "Mozilla/5.0 AppleWebKit/537.36 (KHTML, like Gecko; compatible; GPTBot/1.3; +https://openai.com/gptbot)"
74.7.242.31 - - [13/Feb/2026:14:34:41 +0000] "GET /buy.php?detail/20001339821588 HTTP/1.1" 200 120757 "https://mohamionline.com/buy.php?detail/20001358915166" "Mozilla/5.0 AppleWebKit/537.36 (KHTML, like Gecko; compatible; GPTBot/1.3; +https://openai.com/gptbot)"
74.7.242.31 - - [13/Feb/2026:14:34:43 +0000] "GET /buy.php?detail/20001314486206 HTTP/1.1" 200 119471 "https://mohamionline.com/buy.php?detail/20001296329038" "Mozilla/5.0 AppleWebKit/537.36 (KHTML, like Gecko; compatible; GPTBot/1.3; +https://openai.com/gptbot)"
74.7.242.31 - - [13/Feb/2026:14:34:46 +0000] "GET /buy.php?detail/16900251151776 HTTP/1.1" 200 121014 "https://mohamionline.com/buy.php?detail/22501910810708" "Mozilla/5.0 AppleWebKit/537.36 (KHTML, like Gecko; compatible; GPTBot/1.3; +https://openai.com/gptbot)"
74.7.242.31 - - [13/Feb/2026:14:34:49 +0000] "GET /buy.php?detail/17303259792563 HTTP/1.1" 200 125042 "https://mohamionline.com/buy.php?detail/17302724477285" "Mozilla/5.0 AppleWebKit/537.36 (KHTML, like Gecko; compatible; GPTBot/1.3; +https://openai.com/gptbot)"
74.7.242.31 - - [13/Feb/2026:14:34:52 +0000] "GET /buy.php?detail/17302731348554 HTTP/1.1" 200 123085 "https://mohamionline.com/buy.php?detail/17302737463323" "Mozilla/5.0 AppleWebKit/537.36 (KHTML, like Gecko; compatible; GPTBot/1.3; +https://openai.com/gptbot)"
74.7.242.31 - - [13/Feb/2026:14:34:55 +0000] "GET /buy.php?detail/15000459400569 HTTP/1.1" 200 121095 "https://mohamionline.com/buy.php?detail/01303535900041" "Mozilla/5.0 AppleWebKit/537.36 (KHTML, like Gecko; compatible; GPTBot/1.3; +https://openai.com/gptbot)"
43.166.240.231 - - [13/Feb/2026:14:34:55 +0000] "GET /buy.php HTTP/1.1" 200 118668 "-" "Mozilla/5.0 (iPhone; CPU iPhone OS 13_2_3 like Mac OS X) AppleWebKit/605.1.15 (KHTML, like Gecko) Version/13.0.3 Mobile/15E148 Safari/604.1"
74.7.242.31 - - [13/Feb/2026:14:34:56 +0000] "GET /buy.php?detail/17302736182374 HTTP/1.1" 200 121089 "https://mohamionline.com/buy.php?detail/17303092186339" "Mozilla/5.0 AppleWebKit/537.36 (KHTML, like Gecko; compatible; GPTBot/1.3; +https://openai.com/gptbot)"
74.7.242.31 - - [13/Feb/2026:14:34:59 +0000] "GET /buy.php?detail/29600445608001 HTTP/1.1" 200 119155 "https://mohamionline.com/buy.php?detail/29600266844413" "Mozilla/5.0 AppleWebKit/537.36 (KHTML, like Gecko; compatible; GPTBot/1.3; +https://openai.com/gptbot)"
74.7.242.31 - - [13/Feb/2026:14:35:03 +0000] "GET /buy.php?detail/24604513714524 HTTP/1.1" 200 120188 "https://mohamionline.com/buy.php?goods/246045712" "Mozilla/5.0 AppleWebKit/537.36 (KHTML, like Gecko; compatible; GPTBot/1.3; +https://openai.com/gptbot)"
74.7.242.31 - - [13/Feb/2026:14:35:06 +0000] "GET /buy.php?detail/10102209529387 HTTP/1.1" 200 135004 "https://mohamionline.com/buy.php?jp/101022141.html" "Mozilla/5.0 AppleWebKit/537.36 (KHTML, like Gecko; compatible; GPTBot/1.3; +https://openai.com/gptbot)"
74.7.242.31 - - [13/Feb/2026:14:35:08 +0000] "GET /buy.php?detail/25803462511656 HTTP/1.1" 200 125053 "https://mohamionline.com/buy.php?detail/25804245427949" "Mozilla/5.0 AppleWebKit/537.36 (KHTML, like Gecko; compatible; GPTBot/1.3; +https://openai.com/gptbot)"
74.7.242.31 - - [13/Feb/2026:14:35:12 +0000] "GET /buy.php?detail/10102210284723 HTTP/1.1" 200 137990 "https://mohamionline.com/buy.php?jp/101022141.html" "Mozilla/5.0 AppleWebKit/537.36 (KHTML, like Gecko; compatible; GPTBot/1.3; +https://openai.com/gptbot)"
74.7.242.31 - - [13/Feb/2026:14:35:15 +0000] "GET /buy.php?detail/23701626278243 HTTP/1.1" 200 121533 "https://mohamionline.com/buy.php?detail/06703347951495" "Mozilla/5.0 AppleWebKit/537.36 (KHTML, like Gecko; compatible; GPTBot/1.3; +https://openai.com/gptbot)"
74.7.242.31 - - [13/Feb/2026:14:35:18 +0000] "GET /buy.php?detail/04304366051353 HTTP/1.1" 200 126110 "https://mohamionline.com/buy.php?detail/04304357333832" "Mozilla/5.0 AppleWebKit/537.36 (KHTML, like Gecko; compatible; GPTBot/1.3; +https://openai.com/gptbot)"
74.7.242.31 - - [13/Feb/2026:14:35:21 +0000] "GET /buy.php?detail/00400491725424 HTTP/1.1" 200 140938 "https://mohamionline.com/buy.php?detail/20001281514399" "Mozilla/5.0 AppleWebKit/537.36 (KHTML, like Gecko; compatible; GPTBot/1.3; +https://openai.com/gptbot)"
74.7.242.31 - - [13/Feb/2026:14:35:23 +0000] "GET /buy.php?detail/17302899123059 HTTP/1.1" 200 134342 "https://mohamionline.com/buy.php?detail/17302731348554" "Mozilla/5.0 AppleWebKit/537.36 (KHTML, like Gecko; compatible; GPTBot/1.3; +https://openai.com/gptbot)"
74.7.242.31 - - [13/Feb/2026:14:35:26 +0000] "GET /buy.php?detail/00903790403962 HTTP/1.1" 200 153153 "https://mohamionline.com/buy.php?detail/15000459400569" "Mozilla/5.0 AppleWebKit/537.36 (KHTML, like Gecko; compatible; GPTBot/1.3; +https://openai.com/gptbot)"
74.7.242.31 - - [13/Feb/2026:14:35:29 +0000] "GET /buy.php?jp/173030773.html HTTP/1.1" 200 124926 "https://mohamionline.com/buy.php?detail/17302736182374" "Mozilla/5.0 AppleWebKit/537.36 (KHTML, like Gecko; compatible; GPTBot/1.3; +https://openai.com/gptbot)"
107.189.29.155 - - [13/Feb/2026:14:35:32 +0000] "GET /wp-login.php HTTP/1.1" 404 - "-" "Mozilla/5.0 (iPhone; CPU iPhone OS 16_0 like Mac OS X)"
74.7.242.31 - - [13/Feb/2026:14:35:32 +0000] "GET /buy.php?detail/17303078008932 HTTP/1.1" 200 129105 "https://mohamionline.com/buy.php?detail/17302736182374" "Mozilla/5.0 AppleWebKit/537.36 (KHTML, like Gecko; compatible; GPTBot/1.3; +https://openai.com/gptbot)"
74.7.242.31 - - [13/Feb/2026:14:35:35 +0000] "GET /buy.php?detail/29600447730052 HTTP/1.1" 200 118673 "https://mohamionline.com/buy.php?detail/29600445608001" "Mozilla/5.0 AppleWebKit/537.36 (KHTML, like Gecko; compatible; GPTBot/1.3; +https://openai.com/gptbot)"
74.7.242.31 - - [13/Feb/2026:14:35:38 +0000] "GET /buy.php?detail/10102297563539 HTTP/1.1" 200 122043 "https://mohamionline.com/buy.php?detail/10102209529387" "Mozilla/5.0 AppleWebKit/537.36 (KHTML, like Gecko; compatible; GPTBot/1.3; +https://openai.com/gptbot)"
69.30.223.218 - - [13/Feb/2026:14:35:42 +0000] "GET /wp-content/pla25a50/edit.php HTTP/1.1" 404 - "http://mohamionline.com/wp-content/pla25a50/edit.php" "Mozilla/5.0 (Windows NT 10.0; Win64; x64) AppleWebKit/537.36 (KHTML, like Gecko) Chrome/58.0.3029.110 Safari/537.3"
74.7.242.31 - - [13/Feb/2026:14:35:41 +0000] "GET /buy.php?detail/10102295910428 HTTP/1.1" 200 147198 "https://mohamionline.com/buy.php?detail/10102209529387" "Mozilla/5.0 AppleWebKit/537.36 (KHTML, like Gecko; compatible; GPTBot/1.3; +https://openai.com/gptbot)"
114.119.153.209 - - [13/Feb/2026:14:35:44 +0000] "GET /goods.php?shop/pg/234population/14512 HTTP/1.1" 404 - "http://mohamionline.com/goods.php?sitemap803.xml" "Mozilla/5.0 (Linux; Android 7.0;) AppleWebKit/537.36 (KHTML, like Gecko) Mobile Safari/537.36 (compatible; PetalBot;+https://webmaster.petalsearch.com/site/petalbot)"
74.7.242.31 - - [13/Feb/2026:14:35:44 +0000] "GET /buy.php?detail/10102261311537 HTTP/1.1" 200 120546 "https://mohamionline.com/buy.php?detail/10102210284723" "Mozilla/5.0 AppleWebKit/537.36 (KHTML, like Gecko; compatible; GPTBot/1.3; +https://openai.com/gptbot)"
74.7.242.31 - - [13/Feb/2026:14:35:46 +0000] "GET /buy.php?detail/13100144012047 HTTP/1.1" 200 118325 "https://mohamionline.com/buy.php?detail/23701626278243" "Mozilla/5.0 AppleWebKit/537.36 (KHTML, like Gecko; compatible; GPTBot/1.3; +https://openai.com/gptbot)"
204.12.208.18 - - [13/Feb/2026:14:35:49 +0000] "GET /wp-content/pla25a50/edit.php HTTP/1.1" 404 - "http://mohamionline.com/wp-content/pla25a50/edit.php" "Mozilla/4.0 (compatible; MSIE 7.0; Windows NT 5.1; SV1; .NET CLR 1.1.4322)"
74.7.242.31 - - [13/Feb/2026:14:35:48 +0000] "GET /buy.php?detail/04304103784562 HTTP/1.1" 200 121177 "https://mohamionline.com/buy.php?detail/04304366051353" "Mozilla/5.0 AppleWebKit/537.36 (KHTML, like Gecko; compatible; GPTBot/1.3; +https://openai.com/gptbot)"
74.7.242.31 - - [13/Feb/2026:14:35:51 +0000] "GET /buy.php?detail/00400821862525 HTTP/1.1" 200 122763 "https://mohamionline.com/buy.php?detail/00400491725424" "Mozilla/5.0 AppleWebKit/537.36 (KHTML, like Gecko; compatible; GPTBot/1.3; +https://openai.com/gptbot)"
74.7.242.31 - - [13/Feb/2026:14:35:53 +0000] "GET /buy.php?detail/09200287528901 HTTP/1.1" 200 117157 "https://mohamionline.com/buy.php?detail/23701626278243" "Mozilla/5.0 AppleWebKit/537.36 (KHTML, like Gecko; compatible; GPTBot/1.3; +https://openai.com/gptbot)"
74.7.242.31 - - [13/Feb/2026:14:35:56 +0000] "GET /buy.php?detail/17302880425733 HTTP/1.1" 200 121472 "https://mohamionline.com/buy.php?detail/17302899123059" "Mozilla/5.0 AppleWebKit/537.36 (KHTML, like Gecko; compatible; GPTBot/1.3; +https://openai.com/gptbot)"
74.7.242.31 - - [13/Feb/2026:14:35:59 +0000] "GET /buy.php?detail/10102295749604 HTTP/1.1" 200 150323 "https://mohamionline.com/buy.php?detail/10102209529387" "Mozilla/5.0 AppleWebKit/537.36 (KHTML, like Gecko; compatible; GPTBot/1.3; +https://openai.com/gptbot)"
74.7.242.31 - - [13/Feb/2026:14:36:01 +0000] "GET /buy.php?detail/17303132427232 HTTP/1.1" 200 122589 "https://mohamionline.com/buy.php?detail/17303078008932" "Mozilla/5.0 AppleWebKit/537.36 (KHTML, like Gecko; compatible; GPTBot/1.3; +https://openai.com/gptbot)"
74.7.242.31 - - [13/Feb/2026:14:36:04 +0000] "GET /buy.php?detail/25804613355338 HTTP/1.1" 200 119882 "https://mohamionline.com/buy.php?detail/29600447730052" "Mozilla/5.0 AppleWebKit/537.36 (KHTML, like Gecko; compatible; GPTBot/1.3; +https://openai.com/gptbot)"
74.7.242.31 - - [13/Feb/2026:14:36:07 +0000] "GET /buy.php?detail/10102387626793 HTTP/1.1" 200 120309 "https://mohamionline.com/buy.php?detail/10102297563539" "Mozilla/5.0 AppleWebKit/537.36 (KHTML, like Gecko; compatible; GPTBot/1.3; +https://openai.com/gptbot)"
74.7.242.31 - - [13/Feb/2026:14:36:10 +0000] "GET /buy.php?detail/09200572058749 HTTP/1.1" 200 124012 "https://mohamionline.com/buy.php?detail/10102295910428" "Mozilla/5.0 AppleWebKit/537.36 (KHTML, like Gecko; compatible; GPTBot/1.3; +https://openai.com/gptbot)"
74.7.241.182 - - [13/Feb/2026:14:36:13 +0000] "GET /robots.txt HTTP/1.1" 404 - "-" "Mozilla/5.0 (Macintosh; Intel Mac OS X 10_15_7) AppleWebKit/537.36 (KHTML, like Gecko) Chrome/131.0.0.0 Safari/537.36; compatible; OAI-SearchBot/1.3; robots.txt; +https://openai.com/searchbot"
74.7.242.31 - - [13/Feb/2026:14:36:13 +0000] "GET /buy.php?detail/10102328372923 HTTP/1.1" 200 122133 "https://mohamionline.com/buy.php?detail/10102261311537" "Mozilla/5.0 AppleWebKit/537.36 (KHTML, like Gecko; compatible; GPTBot/1.3; +https://openai.com/gptbot)"
74.7.242.31 - - [13/Feb/2026:14:36:15 +0000] "GET /buy.php?detail/01803159033524 HTTP/1.1" 200 120021 "https://mohamionline.com/buy.php?detail/10102261311537" "Mozilla/5.0 AppleWebKit/537.36 (KHTML, like Gecko; compatible; GPTBot/1.3; +https://openai.com/gptbot)"
74.7.242.31 - - [13/Feb/2026:14:36:18 +0000] "GET /buy.php?detail/23202125807132 HTTP/1.1" 200 119468 "https://mohamionline.com/buy.php?detail/04304103784562" "Mozilla/5.0 AppleWebKit/537.36 (KHTML, like Gecko; compatible; GPTBot/1.3; +https://openai.com/gptbot)"
74.7.242.31 - - [13/Feb/2026:14:36:20 +0000] "GET /buy.php?jp/004005340.html HTTP/1.1" 200 132050 "https://mohamionline.com/buy.php?detail/00400821862525" "Mozilla/5.0 AppleWebKit/537.36 (KHTML, like Gecko; compatible; GPTBot/1.3; +https://openai.com/gptbot)"
74.7.242.31 - - [13/Feb/2026:14:36:23 +0000] "GET /buy.php?detail/00400533992434 HTTP/1.1" 200 133152 "https://mohamionline.com/buy.php?detail/00400821862525" "Mozilla/5.0 AppleWebKit/537.36 (KHTML, like Gecko; compatible; GPTBot/1.3; +https://openai.com/gptbot)"
74.7.242.31 - - [13/Feb/2026:14:36:26 +0000] "GET /buy.php?detail/09200612035593 HTTP/1.1" 200 117293 "https://mohamionline.com/buy.php?detail/09200287528901" "Mozilla/5.0 AppleWebKit/537.36 (KHTML, like Gecko; compatible; GPTBot/1.3; +https://openai.com/gptbot)"
74.7.242.31 - - [13/Feb/2026:14:36:29 +0000] "GET /buy.php?detail/10102307814441 HTTP/1.1" 200 120816 "https://mohamionline.com/buy.php?detail/10102295749604" "Mozilla/5.0 AppleWebKit/537.36 (KHTML, like Gecko; compatible; GPTBot/1.3; +https://openai.com/gptbot)"
74.7.242.31 - - [13/Feb/2026:14:36:31 +0000] "GET /buy.php?detail/10102306421313 HTTP/1.1" 200 133171 "https://mohamionline.com/buy.php?detail/10102295749604" "Mozilla/5.0 AppleWebKit/537.36 (KHTML, like Gecko; compatible; GPTBot/1.3; +https://openai.com/gptbot)"
74.7.242.31 - - [13/Feb/2026:14:36:34 +0000] "GET /buy.php?detail/00400534785288 HTTP/1.1" 200 123068 "https://mohamionline.com/buy.php?detail/00400821862525" "Mozilla/5.0 AppleWebKit/537.36 (KHTML, like Gecko; compatible; GPTBot/1.3; +https://openai.com/gptbot)"
74.7.242.31 - - [13/Feb/2026:14:36:36 +0000] "GET /buy.php?detail/20003457045102 HTTP/1.1" 200 126671 "https://mohamionline.com/buy.php?detail/10102387626793" "Mozilla/5.0 AppleWebKit/537.36 (KHTML, like Gecko; compatible; GPTBot/1.3; +https://openai.com/gptbot)"
74.7.242.31 - - [13/Feb/2026:14:36:38 +0000] "GET /buy.php?detail/19701374548837 HTTP/1.1" 200 120605 "https://mohamionline.com/buy.php?detail/00400821862525" "Mozilla/5.0 AppleWebKit/537.36 (KHTML, like Gecko; compatible; GPTBot/1.3; +https://openai.com/gptbot)"
74.7.242.31 - - [13/Feb/2026:14:36:39 +0000] "GET /buy.php?detail/10102226517292 HTTP/1.1" 200 154145 "https://mohamionline.com/buy.php?detail/10102328372923" "Mozilla/5.0 AppleWebKit/537.36 (KHTML, like Gecko; compatible; GPTBot/1.3; +https://openai.com/gptbot)"
74.7.242.31 - - [13/Feb/2026:14:36:42 +0000] "GET /buy.php?detail/16303789811377 HTTP/1.1" 200 129552 "https://mohamionline.com/buy.php?detail/01803159033524" "Mozilla/5.0 AppleWebKit/537.36 (KHTML, like Gecko; compatible; GPTBot/1.3; +https://openai.com/gptbot)"
74.7.242.31 - - [13/Feb/2026:14:36:44 +0000] "GET /buy.php?detail/05204119396045 HTTP/1.1" 200 122126 "https://mohamionline.com/buy.php?detail/01803159033524" "Mozilla/5.0 AppleWebKit/537.36 (KHTML, like Gecko; compatible; GPTBot/1.3; +https://openai.com/gptbot)"
74.7.242.31 - - [13/Feb/2026:14:36:46 +0000] "GET /buy.php?detail/29002011708989 HTTP/1.1" 200 122165 "https://mohamionline.com/buy.php?detail/17302880425733" "Mozilla/5.0 AppleWebKit/537.36 (KHTML, like Gecko; compatible; GPTBot/1.3; +https://openai.com/gptbot)"
74.7.242.31 - - [13/Feb/2026:14:36:48 +0000] "GET /buy.php?detail/00400532210529 HTTP/1.1" 200 123779 "https://mohamionline.com/buy.php?detail/00400821862525" "Mozilla/5.0 AppleWebKit/537.36 (KHTML, like Gecko; compatible; GPTBot/1.3; +https://openai.com/gptbot)"
74.7.242.31 - - [13/Feb/2026:14:36:50 +0000] "GET /buy.php?detail/22400942600743 HTTP/1.1" 200 118575 "https://mohamionline.com/buy.php?detail/09200612035593" "Mozilla/5.0 AppleWebKit/537.36 (KHTML, like Gecko; compatible; GPTBot/1.3; +https://openai.com/gptbot)"
74.7.242.31 - - [13/Feb/2026:14:36:51 +0000] "GET /buy.php?detail/260040841492 HTTP/1.1" 200 123693 "https://mohamionline.com/buy.php?detail/10102307814441" "Mozilla/5.0 AppleWebKit/537.36 (KHTML, like Gecko; compatible; GPTBot/1.3; +https://openai.com/gptbot)"
74.7.242.31 - - [13/Feb/2026:14:36:54 +0000] "GET /buy.php?goods/101022884 HTTP/1.1" 200 145694 "https://mohamionline.com/buy.php?detail/10102306421313" "Mozilla/5.0 AppleWebKit/537.36 (KHTML, like Gecko; compatible; GPTBot/1.3; +https://openai.com/gptbot)"
74.7.242.31 - - [13/Feb/2026:14:36:57 +0000] "GET /buy.php?detail/10102360164619 HTTP/1.1" 200 121073 "https://mohamionline.com/buy.php?detail/10102307814441" "Mozilla/5.0 AppleWebKit/537.36 (KHTML, like Gecko; compatible; GPTBot/1.3; +https://openai.com/gptbot)"
74.7.242.31 - - [13/Feb/2026:14:37:00 +0000] "GET /buy.php?detail/10102287027591 HTTP/1.1" 200 139200 "https://mohamionline.com/buy.php?detail/10102306421313" "Mozilla/5.0 AppleWebKit/537.36 (KHTML, like Gecko; compatible; GPTBot/1.3; +https://openai.com/gptbot)"
74.7.242.31 - - [13/Feb/2026:14:37:03 +0000] "GET /buy.php?detail/23902387078980 HTTP/1.1" 200 132550 "https://mohamionline.com/buy.php?detail/09200612035593" "Mozilla/5.0 AppleWebKit/537.36 (KHTML, like Gecko; compatible; GPTBot/1.3; +https://openai.com/gptbot)"
216.244.66.200 - - [13/Feb/2026:14:37:05 +0000] "GET /?option=com_content&view=article&id=160%3A2009-07-25-12-48-13&catid=56&Itemid=91 HTTP/1.1" 200 5171 "-" "Mozilla/5.0 (compatible; DotBot/1.2; +https://opensiteexplorer.org/dotbot; help@moz.com)"
74.7.242.31 - - [13/Feb/2026:14:37:05 +0000] "GET /buy.php?detail/10102282715153 HTTP/1.1" 200 142424 "https://mohamionline.com/buy.php?detail/10102226517292" "Mozilla/5.0 AppleWebKit/537.36 (KHTML, like Gecko; compatible; GPTBot/1.3; +https://openai.com/gptbot)"
114.119.136.141 - - [13/Feb/2026:14:37:08 +0000] "GET /goods.php?shop/pg/234pale/7622 HTTP/1.1" 404 - "http://mohamionline.com/goods.php?sitemap803.xml" "Mozilla/5.0 (Linux; Android 7.0;) AppleWebKit/537.36 (KHTML, like Gecko) Mobile Safari/537.36 (compatible; PetalBot;+https://webmaster.petalsearch.com/site/petalbot)"
216.244.66.200 - - [13/Feb/2026:14:37:10 +0000] "GET /?option=com_k2view=itemid=360:%D8%B9 HTTP/1.1" 200 5171 "-" "Mozilla/5.0 (compatible; DotBot/1.2; +https://opensiteexplorer.org/dotbot; help@moz.com)"
74.7.242.31 - - [13/Feb/2026:14:37:08 +0000] "GET /buy.php?detail/12301653028112 HTTP/1.1" 200 119163 "https://mohamionline.com/buy.php?detail/16303789811377" "Mozilla/5.0 AppleWebKit/537.36 (KHTML, like Gecko; compatible; GPTBot/1.3; +https://openai.com/gptbot)"
74.7.242.31 - - [13/Feb/2026:14:37:11 +0000] "GET /buy.php?detail/0520427678745 HTTP/1.1" 200 124777 "https://mohamionline.com/buy.php?detail/05204119396045" "Mozilla/5.0 AppleWebKit/537.36 (KHTML, like Gecko; compatible; GPTBot/1.3; +https://openai.com/gptbot)"
74.7.242.31 - - [13/Feb/2026:14:37:14 +0000] "GET /buy.php?goods/290035451 HTTP/1.1" 200 121042 "https://mohamionline.com/buy.php?detail/29002011708989" "Mozilla/5.0 AppleWebKit/537.36 (KHTML, like Gecko; compatible; GPTBot/1.3; +https://openai.com/gptbot)"
66.249.66.203 - - [13/Feb/2026:14:37:19 +0000] "GET /header.php?merchandises/907109497885 HTTP/1.1" 404 - "-" "Mozilla/5.0 (Linux; Android 6.0.1; Nexus 5X Build/MMB29P) AppleWebKit/537.36 (KHTML, like Gecko) Chrome/144.0.7559.132 Mobile Safari/537.36 (compatible; Googlebot/2.1; +http://www.google.com/bot.html)"
74.7.242.31 - - [13/Feb/2026:14:37:16 +0000] "GET /buy.php?detail/29002515754449 HTTP/1.1" 200 122383 "https://mohamionline.com/buy.php?detail/29002011708989" "Mozilla/5.0 AppleWebKit/537.36 (KHTML, like Gecko; compatible; GPTBot/1.3; +https://openai.com/gptbot)"
74.7.242.31 - - [13/Feb/2026:14:37:19 +0000] "GET /buy.php?detail/05204277048702 HTTP/1.1" 200 124998 "https://mohamionline.com/buy.php?detail/05204119396045" "Mozilla/5.0 AppleWebKit/537.36 (KHTML, like Gecko; compatible; GPTBot/1.3; +https://openai.com/gptbot)"
74.7.242.31 - - [13/Feb/2026:14:37:22 +0000] "GET /buy.php?detail/00604420775827 HTTP/1.1" 200 119711 "https://mohamionline.com/buy.php?detail/260040841492" "Mozilla/5.0 AppleWebKit/537.36 (KHTML, like Gecko; compatible; GPTBot/1.3; +https://openai.com/gptbot)"
74.7.242.31 - - [13/Feb/2026:14:37:24 +0000] "GET /buy.php?detail/05604642216019 HTTP/1.1" 200 120177 "https://mohamionline.com/buy.php?detail/05204119396045" "Mozilla/5.0 AppleWebKit/537.36 (KHTML, like Gecko; compatible; GPTBot/1.3; +https://openai.com/gptbot)"
216.244.66.200 - - [13/Feb/2026:14:37:29 +0000] "GET /?option=com_k2&view=item&id=256:-/Posts HTTP/1.1" 200 5171 "-" "Mozilla/5.0 (compatible; DotBot/1.2; +https://opensiteexplorer.org/dotbot; help@moz.com)"
74.7.242.31 - - [13/Feb/2026:14:37:28 +0000] "GET /buy.php?detail/10102321252281 HTTP/1.1" 200 120184 "https://mohamionline.com/buy.php?detail/10102360164619" "Mozilla/5.0 AppleWebKit/537.36 (KHTML, like Gecko; compatible; GPTBot/1.3; +https://openai.com/gptbot)"
74.7.242.31 - - [13/Feb/2026:14:37:30 +0000] "GET /buy.php?detail/10102324166167 HTTP/1.1" 200 120387 "https://mohamionline.com/buy.php?detail/10102360164619" "Mozilla/5.0 AppleWebKit/537.36 (KHTML, like Gecko; compatible; GPTBot/1.3; +https://openai.com/gptbot)"
74.7.242.31 - - [13/Feb/2026:14:37:33 +0000] "GET /buy.php?detail/04904431116648 HTTP/1.1" 200 126500 "https://mohamionline.com/buy.php?detail/23902387078980" "Mozilla/5.0 AppleWebKit/537.36 (KHTML, like Gecko; compatible; GPTBot/1.3; +https://openai.com/gptbot)"
74.7.242.31 - - [13/Feb/2026:14:37:36 +0000] "GET /buy.php?detail/10102391949139 HTTP/1.1" 200 130430 "https://mohamionline.com/buy.php?detail/10102282715153" "Mozilla/5.0 AppleWebKit/537.36 (KHTML, like Gecko; compatible; GPTBot/1.3; +https://openai.com/gptbot)"
74.7.242.31 - - [13/Feb/2026:14:37:38 +0000] "GET /buy.php?detail/10102290552447 HTTP/1.1" 200 137295 "https://mohamionline.com/buy.php?detail/10102287027591" "Mozilla/5.0 AppleWebKit/537.36 (KHTML, like Gecko; compatible; GPTBot/1.3; +https://openai.com/gptbot)"
74.7.242.31 - - [13/Feb/2026:14:37:40 +0000] "GET /buy.php?detail/25604052393293 HTTP/1.1" 200 124871 "https://mohamionline.com/buy.php?detail/10102287027591" "Mozilla/5.0 AppleWebKit/537.36 (KHTML, like Gecko; compatible; GPTBot/1.3; +https://openai.com/gptbot)"
74.7.242.31 - - [13/Feb/2026:14:37:41 +0000] "GET /buy.php?goods/290033468 HTTP/1.1" 200 119176 "https://mohamionline.com/buy.php?goods/290035451" "Mozilla/5.0 AppleWebKit/537.36 (KHTML, like Gecko; compatible; GPTBot/1.3; +https://openai.com/gptbot)"
216.244.66.200 - - [13/Feb/2026:14:37:46 +0000] "GET /?option=com_k2&view=item&id=305%3A%D8%B5%D9%8A%D8%BA-%D8%AF%D8%B9%D8%A7%D9%88%D9%8A-%D9%88%D9%85%D8%B0%D9%83%D8&limitstart=70 HTTP/1.1" 200 5171 "-" "Mozilla/5.0 (compatible; DotBot/1.2; +https://opensiteexplorer.org/dotbot; help@moz.com)"
74.7.242.31 - - [13/Feb/2026:14:37:44 +0000] "GET /buy.php?detail/29003347241124 HTTP/1.1" 200 118936 "https://mohamionline.com/buy.php?goods/290035451" "Mozilla/5.0 AppleWebKit/537.36 (KHTML, like Gecko; compatible; GPTBot/1.3; +https://openai.com/gptbot)"
216.244.66.200 - - [13/Feb/2026:14:37:48 +0000] "GET /?option=com_k2&view=item&id=395:%25D8%25A7%25D9%2584%25D8%25AA%25D8%25AD%25D9%2583%25D9%258A%25D9%2585 HTTP/1.1" 200 5171 "-" "Mozilla/5.0 (compatible; DotBot/1.2; +https://opensiteexplorer.org/dotbot; help@moz.com)"
74.7.242.31 - - [13/Feb/2026:14:37:47 +0000] "GET /buy.php?detail/0520429203587 HTTP/1.1" 200 124770 "https://mohamionline.com/buy.php?detail/05204277048702" "Mozilla/5.0 AppleWebKit/537.36 (KHTML, like Gecko; compatible; GPTBot/1.3; +https://openai.com/gptbot)"
216.244.66.200 - - [13/Feb/2026:14:37:51 +0000] "GET /index.php?option=com_k2&view=item&id=213%2F&limitstart=2350 HTTP/1.1" 404 - "-" "Mozilla/5.0 (compatible; DotBot/1.2; +https://opensiteexplorer.org/dotbot; help@moz.com)"
74.7.242.31 - - [13/Feb/2026:14:37:50 +0000] "GET /buy.php?detail/00604256663975 HTTP/1.1" 200 119870 "https://mohamionline.com/buy.php?detail/00604420775827" "Mozilla/5.0 AppleWebKit/537.36 (KHTML, like Gecko; compatible; GPTBot/1.3; +https://openai.com/gptbot)"
216.244.66.200 - - [13/Feb/2026:14:37:53 +0000] "GET /index.php?option=com_k2&view=item&id=261&limitstart=70 HTTP/1.1" 404 - "-" "Mozilla/5.0 (compatible; DotBot/1.2; +https://opensiteexplorer.org/dotbot; help@moz.com)"
74.7.242.31 - - [13/Feb/2026:14:37:52 +0000] "GET /buy.php?jp/052042920.html HTTP/1.1" 200 124732 "https://mohamionline.com/buy.php?detail/0520429203587" "Mozilla/5.0 AppleWebKit/537.36 (KHTML, like Gecko; compatible; GPTBot/1.3; +https://openai.com/gptbot)"
216.244.66.200 - - [13/Feb/2026:14:37:54 +0000] "GET /index.php?option=com_k2&view=item&id=304&limitstart=2110 HTTP/1.1" 404 - "-" "Mozilla/5.0 (compatible; DotBot/1.2; +https://opensiteexplorer.org/dotbot; help@moz.com)"
216.244.66.200 - - [13/Feb/2026:14:37:56 +0000] "GET /index.php?option=com_k2&view=item&id=352&limitstart=410 HTTP/1.1" 404 - "-" "Mozilla/5.0 (compatible; DotBot/1.2; +https://opensiteexplorer.org/dotbot; help@moz.com)"
74.7.242.31 - - [13/Feb/2026:14:37:54 +0000] "GET /buy.php?detail/04404837383508 HTTP/1.1" 200 119646 "https://mohamionline.com/buy.php?detail/05204277048702" "Mozilla/5.0 AppleWebKit/537.36 (KHTML, like Gecko; compatible; GPTBot/1.3; +https://openai.com/gptbot)"
216.244.66.200 - - [13/Feb/2026:14:37:57 +0000] "GET /index.php?option=com_k2&view=item&id=395:25D825A725D9258425D825AA25D825AD25D9258325D9258A25D92585/contact.php HTTP/1.1" 404 - "-" "Mozilla/5.0 (compatible; DotBot/1.2; +https://opensiteexplorer.org/dotbot; help@moz.com)"
216.244.66.200 - - [13/Feb/2026:14:37:58 +0000] "GET /?option=com_k2&view=item&id=218%3A%D8%A7%D9%84%D8%A8%D8%A7%D8%A8-%D8%A7%D9%84%D8%A7%D9%88%D9%84-%D9%85%D8%A7%D8%AF%D8%A9-1--9&limitstart=30 HTTP/1.1" 200 5171 "-" "Mozilla/5.0 (compatible; DotBot/1.2; +https://opensiteexplorer.org/dotbot; help@moz.com)"
74.7.242.31 - - [13/Feb/2026:14:37:56 +0000] "GET /buy.php?detail/10102388159501 HTTP/1.1" 200 118091 "https://mohamionline.com/buy.php?detail/10102321252281" "Mozilla/5.0 AppleWebKit/537.36 (KHTML, like Gecko; compatible; GPTBot/1.3; +https://openai.com/gptbot)"
216.244.66.200 - - [13/Feb/2026:14:37:59 +0000] "GET /?option=com_k2&view=item&id=275%3A%D8%A7%D9%84%D8%A8%D8%A7%D8%A8-%D8%A7%D9%84%D8%B3%D8%A7%D8%AF%D8%B3-%D9%81%D9%89-%D8%B4%D9%87%D8%B1-%D8%AD%D9%82-%D8%A7%D9%84%D8%A7%D8%B1%D8%AB-%D9%85%D8%A7%D8%AF%D8%A9-48--53-%D9%85%D9%83%D8%B1%D8%B1&limitstart=260 HTTP/1.1" 200 5171 "-" "Mozilla/5.0 (compatible; DotBot/1.2; +https://opensiteexplorer.org/dotbot; help@moz.com)"
216.244.66.200 - - [13/Feb/2026:14:38:00 +0000] "GET /?option=com_k2&view=item&id=313%3A%D8%B9%D9%82%D8%AF-%D8%A3%D8%AA%D8%B9%D8%A7%D8%A8-%D9%85%D8%AD%D8%A7%D9%85%D9%89&limitstart=70 HTTP/1.1" 200 5171 "-" "Mozilla/5.0 (compatible; DotBot/1.2; +https://opensiteexplorer.org/dotbot; help@moz.com)"
216.244.66.200 - - [13/Feb/2026:14:38:01 +0000] "GET /index.php?option=com_k2&view=item&id=220%3A%D8%A7%D9%84%D8%A8%D8%A7%D8%A8-%D8%A7%D9%84%D8%AB%D8%A7%D9%86%D9%8A-%D9%85%D8&limitstart=40 HTTP/1.1" 404 - "-" "Mozilla/5.0 (compatible; DotBot/1.2; +https://opensiteexplorer.org/dotbot; help@moz.com)"
216.244.66.200 - - [13/Feb/2026:14:38:02 +0000] "GET /index.php?option=com_k2&view=item&id=229:%25D9%2585%25D9%2583%25D8%25A7%25D8%25AA%25D8%25A8-%25D8%25A7%25D9%2584%25D8%25B4%25D9%2587%25D8%25B1-%25D8%25A7%25D9%2584%25D8 HTTP/1.1" 404 - "-" "Mozilla/5.0 (compatible; DotBot/1.2; +https://opensiteexplorer.org/dotbot; help@moz.com)"
74.7.242.31 - - [13/Feb/2026:14:37:59 +0000] "GET /buy.php?detail/10102312917619 HTTP/1.1" 200 121509 "https://mohamionline.com/buy.php?detail/10102324166167" "Mozilla/5.0 AppleWebKit/537.36 (KHTML, like Gecko; compatible; GPTBot/1.3; +https://openai.com/gptbot)"
216.244.66.200 - - [13/Feb/2026:14:38:03 +0000] "GET /index.php?option=com_k2&view=item&id=248:%D9%85%D8%AD%D8%A7%D9%81%D8%B8%D8%A9-%D8%A7%D9%84%D8%A8%D8%AD%D9%8A%D8%B1%D8%25 HTTP/1.1" 404 - "-" "Mozilla/5.0 (compatible; DotBot/1.2; +https://opensiteexplorer.org/dotbot; help@moz.com)"
216.244.66.200 - - [13/Feb/2026:14:38:03 +0000] "GET /index.php?option=com_k2&view=item&id=261%3A%D9%85%D8%AD%D8%A7%D9%81%D8%B8%D8%A9-%D8%AF%D9%85%D9%8A%D8%A7%D8%B7&limitstart=3330 HTTP/1.1" 404 - "-" "Mozilla/5.0 (compatible; DotBot/1.2; +https://opensiteexplorer.org/dotbot; help@moz.com)"
74.7.242.31 - - [13/Feb/2026:14:38:02 +0000] "GET /buy.php?detail/04904534201519 HTTP/1.1" 200 126497 "https://mohamionline.com/buy.php?detail/04904431116648" "Mozilla/5.0 AppleWebKit/537.36 (KHTML, like Gecko; compatible; GPTBot/1.3; +https://openai.com/gptbot)"
216.244.66.200 - - [13/Feb/2026:14:38:05 +0000] "GET /index.php?option=com_k2&view=item&id=29%3A%C3%83%E2%84%A2%C3%A2%E2%82%AC%C2%A6%C3%83%CB%9C&limitstart=90190 HTTP/1.1" 404 - "-" "Mozilla/5.0 (compatible; DotBot/1.2; +https://opensiteexplorer.org/dotbot; help@moz.com)"
216.244.66.200 - - [13/Feb/2026:14:38:06 +0000] "GET /index.php?option=com_k2&view=item&id=29%3A%C3_%E2_%A6%C3_%C2%B4%C3_%C6_%C3_%E2__%C3_%E2_%A1-%C3_%C2%B4&limitstart=89370 HTTP/1.1" 404 - "-" "Mozilla/5.0 (compatible; DotBot/1.2; +https://opensiteexplorer.org/dotbot; help@moz.com)"
216.244.66.200 - - [13/Feb/2026:14:38:07 +0000] "GET /index.php?option=com_k2&view=item&id=29%3A_____-____-___-__-___-__-__-&limitstart=94360 HTTP/1.1" 404 - "-" "Mozilla/5.0 (compatible; DotBot/1.2; +https://opensiteexplorer.org/dotbot; help@moz.com)"
74.7.242.31 - - [13/Feb/2026:14:38:05 +0000] "GET /buy.php?detail/10102333656196 HTTP/1.1" 200 122713 "https://mohamionline.com/buy.php?detail/10102391949139" "Mozilla/5.0 AppleWebKit/537.36 (KHTML, like Gecko; compatible; GPTBot/1.3; +https://openai.com/gptbot)"
216.244.66.200 - - [13/Feb/2026:14:38:08 +0000] "GET /index.php?option=com_k2&view=item&id=304%3A%3F%3F%3F%3F-%3F%3F%3F-%3F%3F%3F%3F%3F&limitstart=1170 HTTP/1.1" 404 - "-" "Mozilla/5.0 (compatible; DotBot/1.2; +https://opensiteexplorer.org/dotbot; help@moz.com)"
216.244.66.200 - - [13/Feb/2026:14:38:09 +0000] "GET /index.php?option=com_k2&view=item&id=305%3A%D8%B5%D9%8A%D8%BA-%25D&limitstart=60 HTTP/1.1" 404 - "-" "Mozilla/5.0 (compatible; DotBot/1.2; +https://opensiteexplorer.org/dotbot; help@moz.com)"
216.244.66.200 - - [13/Feb/2026:14:38:10 +0000] "GET /index.php?option=com_k2&view=item&id=352%3A%D8%B9%D9%82%D8%AF-%D8%A8%25D&limitstart=2740 HTTP/1.1" 404 - "-" "Mozilla/5.0 (compatible; DotBot/1.2; +https://opensiteexplorer.org/dotbot; help@moz.com)"
74.7.242.31 - - [13/Feb/2026:14:38:08 +0000] "GET /buy.php?detail/11601370391194 HTTP/1.1" 200 118556 "https://mohamionline.com/buy.php?detail/10102324166167" "Mozilla/5.0 AppleWebKit/537.36 (KHTML, like Gecko; compatible; GPTBot/1.3; +https://openai.com/gptbot)"
216.244.66.200 - - [13/Feb/2026:14:38:11 +0000] "GET /index.php?option=com_k2&view=item&id=375%3A%D8%B9%D9%82%D8%AF-%D9%86%D8%B4%D8%B1-%D9%83%D8%AA%D8%A7%D8%A8&limitstart=4500 HTTP/1.1" 404 - "-" "Mozilla/5.0 (compatible; DotBot/1.2; +https://opensiteexplorer.org/dotbot; help@moz.com)"
74.7.242.31 - - [13/Feb/2026:14:38:10 +0000] "GET /buy.php?detail/19700814975496 HTTP/1.1" 200 122282 "https://mohamionline.com/buy.php?detail/19701374548837" "Mozilla/5.0 AppleWebKit/537.36 (KHTML, like Gecko; compatible; GPTBot/1.3; +https://openai.com/gptbot)"
216.244.66.200 - - [13/Feb/2026:14:38:13 +0000] "GET /index.php?option=com_k2&view=item&id=77%3A%3F%3F%3F%3F%3F-%3F%3F%3F%3F%3F%3F-%3F%3F%3F%3F%3F-%3F%3F%3F%3F%3F%3F%3F-%3F&limitstart=1690 HTTP/1.1" 404 - "-" "Mozilla/5.0 (compatible; DotBot/1.2; +https://opensiteexplorer.org/dotbot; help@moz.com)"
216.244.66.200 - - [13/Feb/2026:14:38:14 +0000] "GET /index.php?option=com_k2&view=item&id=218%3A%D8%A7%D9%84%D8%A8%D8%A7%D8%A8-%D8%A7%D9%84%D8%A7%D9%88%D9%84-%D9%85%D8%A7%D8%AF%D8%A9-1--9&limitstart=30 HTTP/1.1" 404 - "-" "Mozilla/5.0 (compatible; DotBot/1.2; +https://opensiteexplorer.org/dotbot; help@moz.com)"
74.7.242.31 - - [13/Feb/2026:14:38:13 +0000] "GET /buy.php?detail/29004047462750 HTTP/1.1" 200 119103 "https://mohamionline.com/buy.php?goods/290033468" "Mozilla/5.0 AppleWebKit/537.36 (KHTML, like Gecko; compatible; GPTBot/1.3; +https://openai.com/gptbot)"
216.244.66.200 - - [13/Feb/2026:14:38:16 +0000] "GET /index.php?option=com_k2&view=item&id=29:%C3_%E2_%A6%C3_%C2%B4%C3_%C6_%C3_%E2__%C3_%E2_%A1-%C3_%C2%B4%C3_%C2%B1%C3_%C2%A7&limitstart=86160 HTTP/1.1" 404 - "-" "Mozilla/5.0 (compatible; DotBot/1.2; +https://opensiteexplorer.org/dotbot; help@moz.com)"
216.244.66.200 - - [13/Feb/2026:14:38:17 +0000] "GET /index.php?option=com_k2&view=item&id=302%3A%D8%B5%D9%8A%D8%BA%D8%A9-%D8%A5%D8%B9%D8%A7%D8%AF%D8%A9-%D8%A7%D8%B9%D9%84%D8%A7%D9%86_&limitstart=300 HTTP/1.1" 404 - "-" "Mozilla/5.0 (compatible; DotBot/1.2; +https://opensiteexplorer.org/dotbot; help@moz.com)"
74.7.242.31 - - [13/Feb/2026:14:38:15 +0000] "GET /buy.php?detail/23902302140060 HTTP/1.1" 200 166799 "https://mohamionline.com/buy.php?detail/23902387078980" "Mozilla/5.0 AppleWebKit/537.36 (KHTML, like Gecko; compatible; GPTBot/1.3; +https://openai.com/gptbot)"
216.244.66.200 - - [13/Feb/2026:14:38:18 +0000] "GET /index.php?option=com_k2&view=item&id=86%3A%D8%A7%D9%84%D9%82%D8%A7%D9%86%D9%88%D9%86-%D8%A7%D9%84%D8%AA%D8%AC%D8%A7%D8%B1%D9%8A&limitstart=50 HTTP/1.1" 404 - "-" "Mozilla/5.0 (compatible; DotBot/1.2; +https://opensiteexplorer.org/dotbot; help@moz.com)"
216.244.66.200 - - [13/Feb/2026:14:38:19 +0000] "GET /?option=com_mailto&tmpl=component&link=aHR0cDovL21vaGFtaW9ubGluZS5jb20vaW5kZXgucGhwP29wdGlvbj1jb21fazImdmlldz1pdGVtJmlkPTIyODrZhdmD2KfYqtioLdin2YTYtNmH2LEt2KfZhNi52YLYp9ix2Yot2YjYp9mE2KrZiNir2YrZgi3YqNin2YTYtNix2YLZitipLdmILdin2YTYr9mC2YfZhNmK2KkmbGltaXRzdGFydD00MDA= HTTP/1.1" 200 5171 "-" "Mozilla/5.0 (compatible; DotBot/1.2; +https://opensiteexplorer.org/dotbot; help@moz.com)"
216.244.66.200 - - [13/Feb/2026:14:38:20 +0000] "GET /?option=com_mailto&tmpl=component&link=aHR0cDovL21vaGFtaW9ubGluZS5jb20vaW5kZXgucGhwP29wdGlvbj1jb21fazImdmlldz1pdGVtJmlkPTIzNTrZhdmD2KfYqtioLdin2YTYtNmH2LEt2KfZhNi52YLYp9ix2Yot2YjYp9mE2KrZiNir2YrZgi3YqNmF2LHYs9mKLdmF2LfYsdmI2K0t2Ygt2KzZhtmI2Kgt2LPZitmG2KfYoSZsaW1pdHN0YXJ0PTgw HTTP/1.1" 200 5171 "-" "Mozilla/5.0 (compatible; DotBot/1.2; +https://opensiteexplorer.org/dotbot; help@moz.com)"
216.244.66.200 - - [13/Feb/2026:14:38:21 +0000] "GET /index.php?option=com_k2&view=item&id=275%3A%3F%3F%3F%3F%3F-%3F%3F%3F%3F%3F%3F-%3F%3F-%3F%3F%3F-%3F%3F-%3F%3F%3F%3F%3F-%3F%3F%3F%3F-48--53-%3F%3F%3F%3F&limitstart=1720 HTTP/1.1" 404 - "-" "Mozilla/5.0 (compatible; DotBot/1.2; +https://opensiteexplorer.org/dotbot; help@moz.com)"
74.7.242.31 - - [13/Feb/2026:14:38:18 +0000] "GET /buy.php?detail/10102297994007 HTTP/1.1" 200 121103 "https://mohamionline.com/buy.php?detail/10102290552447" "Mozilla/5.0 AppleWebKit/537.36 (KHTML, like Gecko; compatible; GPTBot/1.3; +https://openai.com/gptbot)"
216.244.66.200 - - [13/Feb/2026:14:38:21 +0000] "GET /?option=com_k2&view=item&id=294%3A%D8%B9%D9%86%D8%A7%D9%88%EF%BF%BD&error=different_domain&imz_s=5uk63nct43hisc1lc1dom6vpl4 HTTP/1.1" 200 5171 "-" "Mozilla/5.0 (compatible; DotBot/1.2; +https://opensiteexplorer.org/dotbot; help@moz.com)"
74.7.242.31 - - [13/Feb/2026:14:38:21 +0000] "GET /buy.php?detail/23202317199072 HTTP/1.1" 200 118209 "https://mohamionline.com/buy.php?detail/23202125807132" "Mozilla/5.0 AppleWebKit/537.36 (KHTML, like Gecko; compatible; GPTBot/1.3; +https://openai.com/gptbot)"
216.244.66.200 - - [13/Feb/2026:14:38:23 +0000] "GET /index.php?option=com_k2&view=item&id=133:%D8%A7%D9%84%D8%A8%D8%A7%D8%A8-%D8%A7%D9%84%D8%B1%D8%A7%D8%A8%D8%B9--%D8%A7%D9%84%D9%81%D8%B5%D9%84-%D8%A7%D9%84%D8%AE%D8%A7 HTTP/1.1" 404 - "-" "Mozilla/5.0 (compatible; DotBot/1.2; +https://opensiteexplorer.org/dotbot; help@moz.com)"
216.244.66.200 - - [13/Feb/2026:14:38:24 +0000] "GET /index.php?option=com_k2&view=item&id=160%3A%D8%A7%D9%84%D9%83%D8%AA%D8%A7%D8%A8-%D8%A7%D9%84%D8%A7%D9%88%D9%84--%D8%A7%D9%84%D8%A8%D8%A7%D8%A8-%D8%A7%D9%84%D8%25&limitstart=4270 HTTP/1.1" 404 - "-" "Mozilla/5.0 (compatible; DotBot/1.2; +https://opensiteexplorer.org/dotbot; help@moz.com)"
74.7.242.31 - - [13/Feb/2026:14:38:22 +0000] "GET /buy.php?detail/22401034392493 HTTP/1.1" 200 118050 "https://mohamionline.com/buy.php?detail/22400942600743" "Mozilla/5.0 AppleWebKit/537.36 (KHTML, like Gecko; compatible; GPTBot/1.3; +https://openai.com/gptbot)"
216.244.66.200 - - [13/Feb/2026:14:38:25 +0000] "GET /index.php?option=com_k2&view=item&id=285%3A%D9%85%D9%83%D8%A7%D8%AA%D8%A8-%D8%A7%D9%84%D8%B4%D9%87%D8%B1-%D8%A7%D9%84%D8%B9%D9%82%D8%A7%D8%B1%D9%8A-%D9%88%D8%A7%D9%84%D8%AA%D9%88%D8%AB%D9%8A%D9%82-%D8%A8%D8%A7%D9%84%D8%B3%D9%88%D9%8A%D8%B3-%D9%88-%D8%A7%D9%84%D8%A7%D8%B3%D9%85%D8%A7%D8%B9%D9%84%D9%8A%D8%A9&limitstart=10 HTTP/1.1" 404 - "-" "Mozilla/5.0 (compatible; DotBot/1.2; +https://opensiteexplorer.org/dotbot; help@moz.com)"
216.244.66.200 - - [13/Feb/2026:14:38:26 +0000] "GET /index.php?option=com_mailto&tmpl=component&link=aHR0cDovL21vaGFtaW9ubGluZS5jb20vaW5kZXgucGhwP29wdGlvbj1jb21fazImdmlldz1pdGVtJmlkPTMwNCZsaW1pdHN0YXJ0PTE4MzA= HTTP/1.1" 404 - "-" "Mozilla/5.0 (compatible; DotBot/1.2; +https://opensiteexplorer.org/dotbot; help@moz.com)"
74.7.242.31 - - [13/Feb/2026:14:38:25 +0000] "GET /buy.php?detail/30002570718510 HTTP/1.1" 200 119305 "https://mohamionline.com/buy.php?detail/10102388159501" "Mozilla/5.0 AppleWebKit/537.36 (KHTML, like Gecko; compatible; GPTBot/1.3; +https://openai.com/gptbot)"
74.7.242.31 - - [13/Feb/2026:14:38:28 +0000] "GET /buy.php?detail/10102228932073 HTTP/1.1" 200 120556 "https://mohamionline.com/buy.php?detail/10102388159501" "Mozilla/5.0 AppleWebKit/537.36 (KHTML, like Gecko; compatible; GPTBot/1.3; +https://openai.com/gptbot)"
114.119.141.191 - - [13/Feb/2026:14:38:33 +0000] "GET /goods.php?shop/pg/234drug/41342 HTTP/1.1" 404 - "http://mohamionline.com/goods.php?sitemap803.xml" "Mozilla/5.0 (Linux; Android 7.0;) AppleWebKit/537.36 (KHTML, like Gecko) Mobile Safari/537.36 (compatible; PetalBot;+https://webmaster.petalsearch.com/site/petalbot)"
74.7.242.31 - - [13/Feb/2026:14:38:31 +0000] "GET /buy.php?detail/10102227761636 HTTP/1.1" 200 121932 "https://mohamionline.com/buy.php?detail/10102388159501" "Mozilla/5.0 AppleWebKit/537.36 (KHTML, like Gecko; compatible; GPTBot/1.3; +https://openai.com/gptbot)"
216.244.66.200 - - [13/Feb/2026:14:38:36 +0000] "GET /?option=com_mailto&tmpl=component&link=aHR0cDovL21vaGFtaW9ubGluZS5jb20vaW5kZXgucGhwP29wdGlvbj1jb21fazImdmlldz1pdGVtJmlkPTI5NDrDg8ucw4LCucOD4oSiw6LigqzCoMODy5zDgsKnw4PihKLDi+KAoMOD4oSiw4XCoMOD4oSiw6LigqzCoC3Dg+KEosOi4oKsxb7Dg8ucw4LCrMODy5zDgsKnw4PihKLDouKCrMKgLcOD4oSiw4LCgcODy5zDgsK2LcODy5zDgsKnJTIuLi4mbGltaXRzdGFydD05OTA= HTTP/1.1" 200 5171 "-" "Mozilla/5.0 (compatible; DotBot/1.2; +https://opensiteexplorer.org/dotbot; help@moz.com)"
74.7.242.31 - - [13/Feb/2026:14:38:33 +0000] "GET /buy.php?detail/04904474388674 HTTP/1.1" 200 124306 "https://mohamionline.com/buy.php?detail/04904534201519" "Mozilla/5.0 AppleWebKit/537.36 (KHTML, like Gecko; compatible; GPTBot/1.3; +https://openai.com/gptbot)"
216.244.66.200 - - [13/Feb/2026:14:38:36 +0000] "GET /?option=com_mailto&tmpl=component&link=aHR0cDovL21vaGFtaW9ubGluZS5jb20vaW5kZXgucGhwP29wdGlvbj1jb21fazImdmlldz1pdGVtJmlkPTM1MTrQoNCB0LLQoNCy0KDQgdCg4oChLdCg0IHQoNCg0KDigLDQoNCB0LIt0KDQstCg0IHQksKt0KDQsi3QoNCB0KDQoNCB0JLQoNCB0JLCp9Cg0IHQksKx0KDQssKwLdCg0IHQoNCg0KHigJzQoNCB0JLCp9Cg0LLQoNCyLdCg0IHQoCZsaW1pdHN0YXJ0PTE4ODA= HTTP/1.1" 200 5171 "-" "Mozilla/5.0 (compatible; DotBot/1.2; +https://opensiteexplorer.org/dotbot; help@moz.com)"
216.244.66.200 - - [13/Feb/2026:14:38:38 +0000] "GET /index.php?option=com_k2&view=item&id=248:%C3%99%E2%80%A6%C3%98%C2%AD%C3%98%C2%A7%C3%99%C2%81%C3%98%C2%B8%C3%98%C2%A9-%C3%98%C2%A7%C3%99%E2%80%9E%C3%98%C2%A8%C3%98%C2%AD HTTP/1.1" 404 - "-" "Mozilla/5.0 (compatible; DotBot/1.2; +https://opensiteexplorer.org/dotbot; help@moz.com)"
74.7.242.31 - - [13/Feb/2026:14:38:36 +0000] "GET /buy.php?detail/04904474732939 HTTP/1.1" 200 125604 "https://mohamionline.com/buy.php?detail/04904534201519" "Mozilla/5.0 AppleWebKit/537.36 (KHTML, like Gecko; compatible; GPTBot/1.3; +https://openai.com/gptbot)"
216.244.66.200 - - [13/Feb/2026:14:38:39 +0000] "GET /index.php?option=com_k2&view=item&id=280%3A%C3%B8%C2%A7%C3%B9%E2%80%9E%C3%B8%C2%A8%C3%B8%C2%A7%C3%B8%C2%A8-%C3%B8%C2%A7%C3%B9%E2%80%9E%C3%B8%C2%B1%C3%B8%C2%A7%C3%B8%C2%A8&limitstart=70 HTTP/1.1" 404 - "-" "Mozilla/5.0 (compatible; DotBot/1.2; +https://opensiteexplorer.org/dotbot; help@moz.com)"
216.244.66.200 - - [13/Feb/2026:14:38:41 +0000] "GET /index.php?option=com_k2&view=item&id=325%3A%D8%B9%D9%82%D8%AF-%D8%A7%D8%AA%D9%81%D8%A7%D9%82-%D9%85%D8%B9-%D9%88%D9%83%D9%8A%D9%84-%D8%A8%D8%A7%D9%84%D8%B9%D9%85%D9%88%D9%84%D8%25A&limitstart=80 HTTP/1.1" 404 - "-" "Mozilla/5.0 (compatible; DotBot/1.2; +https://opensiteexplorer.org/dotbot; help@moz.com)"
74.7.242.31 - - [13/Feb/2026:14:38:39 +0000] "GET /buy.php?detail/19701592390297 HTTP/1.1" 200 120474 "https://mohamionline.com/buy.php?detail/19700814975496" "Mozilla/5.0 AppleWebKit/537.36 (KHTML, like Gecko; compatible; GPTBot/1.3; +https://openai.com/gptbot)"
216.244.66.200 - - [13/Feb/2026:14:38:42 +0000] "GET /index.php?option=com_k2&view=item&id=360%3A%C3%B8%C2%B9%C3%B9%E2%80%9A%C3%B8%C2%AF-%C3%B8%C2%B2%C3%B9%CB%86%C3%B8%C2%A7%C3%B8%C2%AC-%C3%B8%C2%B9%C3%B8%C2%B1%C3%B9%C2%81%C3%B9%C5%A1&limitstart=290 HTTP/1.1" 404 - "-" "Mozilla/5.0 (compatible; DotBot/1.2; +https://opensiteexplorer.org/dotbot; help@moz.com)"
216.244.66.200 - - [13/Feb/2026:14:38:43 +0000] "GET /index.php?option=com_k2&view=item&id=375%3A%C3%B8%C2%B9%C3%B9%E2%80%9A%C3%B8%C2%AF-%C3%B9%E2%80%A0%C3%B8%C2%B4%C3%B8%C2%B1-%C3%B9%C6%92%C3%B8%C2%AA%C3%B8%C2%A7%C3%B8%C2%A8%5DRalph&limitstart=5120 HTTP/1.1" 404 - "-" "Mozilla/5.0 (compatible; DotBot/1.2; +https://opensiteexplorer.org/dotbot; help@moz.com)"
216.244.66.200 - - [13/Feb/2026:14:38:44 +0000] "GET /index.php?option=com_k2&view=item&id=377%3A%C3%83%C6%92%C3%A2%E2%80%9E%C2%A2%C3%83%C2%A2%C3%A2%E2%80%9A%C2%AC%C3%85%C2%A1%C3%83%C6%92%C3%8B%C5%93%C3%83%E2%80%9A%C3%82%25c&limitstart=4320 HTTP/1.1" 404 - "-" "Mozilla/5.0 (compatible; DotBot/1.2; +https://opensiteexplorer.org/dotbot; help@moz.com)"
74.7.242.31 - - [13/Feb/2026:14:38:42 +0000] "GET /buy.php?detail/29804555871428 HTTP/1.1" 200 123732 "https://mohamionline.com/buy.php?detail/29004047462750" "Mozilla/5.0 AppleWebKit/537.36 (KHTML, like Gecko; compatible; GPTBot/1.3; +https://openai.com/gptbot)"
216.244.66.200 - - [13/Feb/2026:14:38:44 +0000] "GET /index.php?option=com_mailto&tmpl=component&link=aHR0cDovL21vaGFtaW9ubGluZS5jb20vaW5kZXgucGhwP29wdGlvbj1jb21fazImdmlldz1pdGVtJmlkPTM3NTrYudmC2K8t2YbYtNixLdmD2KrYp9ioLw== HTTP/1.1" 404 - "-" "Mozilla/5.0 (compatible; DotBot/1.2; +https://opensiteexplorer.org/dotbot; help@moz.com)"
74.7.242.31 - - [13/Feb/2026:14:38:45 +0000] "GET /buy.php?detail/00400826369614 HTTP/1.1" 200 156563 "https://mohamionline.com/buy.php?detail/00400533992434" "Mozilla/5.0 AppleWebKit/537.36 (KHTML, like Gecko; compatible; GPTBot/1.3; +https://openai.com/gptbot)"
216.244.66.200 - - [13/Feb/2026:14:38:48 +0000] "GET /beta/moh2/?option=com_k2&view=itemlist&task=user&id=25255 HTTP/1.1" 404 - "-" "Mozilla/5.0 (compatible; DotBot/1.2; +https://opensiteexplorer.org/dotbot; help@moz.com)"
216.244.66.200 - - [13/Feb/2026:14:38:49 +0000] "GET /index.php?option=com_k2&view=item&id=305%3A%D0%A8%D0%A9%D0%A8-%D0%A8%D0%A8%E2%84%96%D0%A8%C2%A7%D0%A9%E2%82%AC%D0%A9-%D0%A9%E2%82%AC%D0%A9%E2%80%A6%D0%A8%C2%B0%D0%A9%D0%A8%C2%B1%D0%A8%C2%A7%D0%A8&limitstart=7040 HTTP/1.1" 404 - "-" "Mozilla/5.0 (compatible; DotBot/1.2; +https://opensiteexplorer.org/dotbot; help@moz.com)"
74.7.242.31 - - [13/Feb/2026:14:38:47 +0000] "GET /buy.php?detail/10102269197606 HTTP/1.1" 200 120682 "https://mohamionline.com/buy.php?detail/10102297994007" "Mozilla/5.0 AppleWebKit/537.36 (KHTML, like Gecko; compatible; GPTBot/1.3; +https://openai.com/gptbot)"
216.244.66.200 - - [13/Feb/2026:14:38:49 +0000] "GET /index.php?option=com_k2&view=item&id=358:%25D8%25B9%25D9%2582%25D8%25AF-%25D8%25AA%25D9%2588%25D8%25B2%25D9%258A%25D8%25B9-%25D9%2585%25D9%2586%25D8%25AA%25D8%25AC%25D8%25A7%25D8%25AA HTTP/1.1" 404 - "-" "Mozilla/5.0 (compatible; DotBot/1.2; +https://opensiteexplorer.org/dotbot; help@moz.com)"
216.244.66.200 - - [13/Feb/2026:14:38:50 +0000] "GET /index.php?option=com_mailto&tmpl=component&link=aHR0cDovL21vaGFtaW9ubGluZS5jb20vaW5kZXgucGhwP29wdGlvbj1jb21fazImdmlldz1pdGVtJmlkPTI3OTrYp9mE2KjYp9ioLdin2YTYrtin2YXYsy3Zhdin2K/YqS02Mi0tNjQ= HTTP/1.1" 404 - "-" "Mozilla/5.0 (compatible; DotBot/1.2; +https://opensiteexplorer.org/dotbot; help@moz.com)"
216.244.66.200 - - [13/Feb/2026:14:38:51 +0000] "GET /index.php?option=com_mailto&tmpl=component&link=aHR0cDovL21vaGFtaW9ubGluZS5jb20vaW5kZXgucGhwP29wdGlvbj1jb21fazImdmlldz1pdGVtJmlkPTIxMDrZgtmI2KfZhtmK2YYt2YXYtdixJmxpbWl0c3RhcnQ9MTk5MA== HTTP/1.1" 404 - "-" "Mozilla/5.0 (compatible; DotBot/1.2; +https://opensiteexplorer.org/dotbot; help@moz.com)"
74.7.242.31 - - [13/Feb/2026:14:38:49 +0000] "GET /buy.php?detail/23202008480598 HTTP/1.1" 200 118419 "https://mohamionline.com/buy.php?detail/23202317199072" "Mozilla/5.0 AppleWebKit/537.36 (KHTML, like Gecko; compatible; GPTBot/1.3; +https://openai.com/gptbot)"
216.244.66.200 - - [13/Feb/2026:14:38:51 +0000] "GET /index.php?option=com_mailto&tmpl=component&link=aHR0cDovL21vaGFtaW9ubGluZS5jb20vaW5kZXgucGhwP29wdGlvbj1jb21fazImdmlldz1pdGVtJmlkPTM1MjrYudmC2K8t2KjZiti5LdmF2CVBJmxpbWl0c3RhcnQ9MTg1MA== HTTP/1.1" 404 - "-" "Mozilla/5.0 (compatible; DotBot/1.2; +https://opensiteexplorer.org/dotbot; help@moz.com)"
216.244.66.200 - - [13/Feb/2026:14:38:52 +0000] "GET /index.php?option=com_mailto&tmpl=component&link=aHR0cDovL21vaGFtaW9ubGluZS5jb20vaW5kZXgucGhwP29wdGlvbj1jb21fazImdmlldz1pdGVtJmlkPTM4MDrZhtmF2YjYsNisLdmF2LTYp9ix2LfYqS3Yqtit2YPZitmFLdiq2KzYp9ix2Yk= HTTP/1.1" 404 - "-" "Mozilla/5.0 (compatible; DotBot/1.2; +https://opensiteexplorer.org/dotbot; help@moz.com)"
74.7.242.31 - - [13/Feb/2026:14:38:51 +0000] "GET /buy.php?detail/23701890123412 HTTP/1.1" 200 125088 "https://mohamionline.com/buy.php?detail/23701626278243" "Mozilla/5.0 AppleWebKit/537.36 (KHTML, like Gecko; compatible; GPTBot/1.3; +https://openai.com/gptbot)"
74.7.242.31 - - [13/Feb/2026:14:38:54 +0000] "GET /buy.php?detail/30002569797151 HTTP/1.1" 200 119960 "https://mohamionline.com/buy.php?detail/30002570718510" "Mozilla/5.0 AppleWebKit/537.36 (KHTML, like Gecko; compatible; GPTBot/1.3; +https://openai.com/gptbot)"
74.7.242.31 - - [13/Feb/2026:14:38:56 +0000] "GET /buy.php?detail/10403623144486 HTTP/1.1" 200 123268 "https://mohamionline.com/buy.php?detail/10102228932073" "Mozilla/5.0 AppleWebKit/537.36 (KHTML, like Gecko; compatible; GPTBot/1.3; +https://openai.com/gptbot)"
74.7.242.31 - - [13/Feb/2026:14:38:59 +0000] "GET /buy.php?detail/10102276410373 HTTP/1.1" 200 137583 "https://mohamionline.com/buy.php?detail/10102228932073" "Mozilla/5.0 AppleWebKit/537.36 (KHTML, like Gecko; compatible; GPTBot/1.3; +https://openai.com/gptbot)"
74.7.242.31 - - [13/Feb/2026:14:39:02 +0000] "GET /buy.php?detail/04904508513401 HTTP/1.1" 200 126474 "https://mohamionline.com/buy.php?detail/04904474388674" "Mozilla/5.0 AppleWebKit/537.36 (KHTML, like Gecko; compatible; GPTBot/1.3; +https://openai.com/gptbot)"
216.244.66.200 - - [13/Feb/2026:14:39:07 +0000] "GET /?option=com_k2&view=item&id=77%3A%3F%3F%3F%3F%3F-%3F%3F%3F%3F%3F%3F-%3F%3F%3F%3F%3F-%3F%3F%3F%3F%3F%3F%3F-%3F%3F-%3F%3F%3F%3F%3F%3F-88--118&ref_ucid=ad157a02027a15ad0001027a15ad%5Ddsrco&limitstart=50 HTTP/1.1" 200 5171 "-" "Mozilla/5.0 (compatible; DotBot/1.2; +https://opensiteexplorer.org/dotbot; help@moz.com)"
216.244.66.200 - - [13/Feb/2026:14:39:07 +0000] "GET /?option=com_mailto&tmpl=component&link=aHR0cDovL21vaGFtaW9ubGluZS5jb20vaW5kZXgucGhwP29wdGlvbj1jb21fazImdmlldz1pdGVtJmlkPTE2MDrYp9mE2YPYqtin2Kgt2KfZhNin2YjZhC0t2KfZhNio2KfYqC3Yp9klJmxpbWl0c3RhcnQ9NjAw HTTP/1.1" 200 5171 "-" "Mozilla/5.0 (compatible; DotBot/1.2; +https://opensiteexplorer.org/dotbot; help@moz.com)"
74.7.242.31 - - [13/Feb/2026:14:39:05 +0000] "GET /buy.php?detail/04904508171331 HTTP/1.1" 200 120423 "https://mohamionline.com/buy.php?detail/04904474388674" "Mozilla/5.0 AppleWebKit/537.36 (KHTML, like Gecko; compatible; GPTBot/1.3; +https://openai.com/gptbot)"
216.244.66.200 - - [13/Feb/2026:14:39:08 +0000] "GET /?option=com_mailto&tmpl=component&link=aHR0cDovL21vaGFtaW9ubGluZS5jb20vaW5kZXgucGhwP29wdGlvbj1jb21fazImdmlldz1pdGVtJmlkPTE4MzrYp9mE2YPYqtin2Kgt2KfZhNin2YjZhC0t2KfZhNio2KfYqC3Yp9klJmxpbWl0c3RhcnQ9MjA= HTTP/1.1" 200 5171 "-" "Mozilla/5.0 (compatible; DotBot/1.2; +https://opensiteexplorer.org/dotbot; help@moz.com)"
216.244.66.200 - - [13/Feb/2026:14:39:10 +0000] "GET /index.php?option=com_mailto&tmpl=component&link=aHR0cDovL21vaGFtaW9ubGluZS5jb20vaW5kZXgucGhwP29wdGlvbj1jb21fazImdmlldz1pdGVtJmlkPTI4MDrYp9mE2KjYp9ioLdin2YTYsdin2KjYuS3Zhdin2K/YqS01OC0tNjEmbGltaXRzdGFydD0xMjcw HTTP/1.1" 404 - "-" "Mozilla/5.0 (compatible; DotBot/1.2; +https://opensiteexplorer.org/dotbot; help@moz.com)"
74.7.242.31 - - [13/Feb/2026:14:39:08 +0000] "GET /buy.php?detail/25603845388367 HTTP/1.1" 200 118768 "https://mohamionline.com/buy.php?goods/290033468" "Mozilla/5.0 AppleWebKit/537.36 (KHTML, like Gecko; compatible; GPTBot/1.3; +https://openai.com/gptbot)"
216.244.66.200 - - [13/Feb/2026:14:39:12 +0000] "GET /index.php?option=com_mailto&tmpl=component&link=aHR0cDovL21vaGFtaW9ubGluZS5jb20vaW5kZXgucGhwP29wdGlvbj1jb21fazImdmlldz1pdGVtJmlkPTM1MjrYudmC2K8t2KjZiti5LdmF2K3ZhC3Yqtis2KfYsdmKJmxpbWl0c3RhcnQ9MTA0MA== HTTP/1.1" 404 - "-" "Mozilla/5.0 (compatible; DotBot/1.2; +https://opensiteexplorer.org/dotbot; help@moz.com)"
216.244.66.200 - - [13/Feb/2026:14:39:13 +0000] "GET /index.php?option=com_mailto&tmpl=component&link=aHR0cDovL21vaGFtaW9ubGluZS5jb20vaW5kZXgucGhwP29wdGlvbj1jb21fazImdmlldz1pdGVtJmlkPTM1ODrYudmC2K8t2KrZiNiy2YrYuS3ZhdmG2KrYrNin2KovY29udGFjdC5waHBdV29tZW4= HTTP/1.1" 404 - "-" "Mozilla/5.0 (compatible; DotBot/1.2; +https://opensiteexplorer.org/dotbot; help@moz.com)"
74.7.242.31 - - [13/Feb/2026:14:39:11 +0000] "GET /buy.php?goods/072005234 HTTP/1.1" 200 120429 "https://mohamionline.com/buy.php?detail/29804555871428" "Mozilla/5.0 AppleWebKit/537.36 (KHTML, like Gecko; compatible; GPTBot/1.3; +https://openai.com/gptbot)"
216.244.66.200 - - [13/Feb/2026:14:39:14 +0000] "GET /index.php?option=com_mailto&tmpl=component&link=aHR0cDovL21vaGFtaW9ubGluZS5jb20vaW5kZXgucGhwP29wdGlvbj1jb21fazImdmlldz1pdGVtJmlkPTMwNTrYtdmK2Lot2K/Yudin2YjZii3ZiNmF2LDZg9ix2KfYql1SZWNlbnQmbGltaXRzdGFydD0xNjEw HTTP/1.1" 404 - "-" "Mozilla/5.0 (compatible; DotBot/1.2; +https://opensiteexplorer.org/dotbot; help@moz.com)"
