2a02:25b0:aaaa:aaaa:305f:22d2:9ca:0 - - [13/Feb/2026:16:03:00 +0000] "GET /404NAJ__fc72c33/ HTTP/1.1" 200 152958 "-" "Mozilla/5.0 (iPhone; CPU iPhone OS 16_0 like Mac OS X) AppleWebKit/605.1.15 (KHTML, like Gecko) Version/16.0 Mobile/15E148 Safari/604.1"
2402:1f00:8100:400::11b5 - - [13/Feb/2026:16:03:00 +0000] "GET /config.php HTTP/1.1" 200 1092 "-" "Mozilla/5.0 (Windows NT 10.0; Win64; x64) AppleWebKit/537.36 (KHTML, like Gecko) Chrome/143.0.0.0 Safari/537.36 Edg/143.0.0.0"
2604:a880:2:d1::af59:8001 - - [13/Feb/2026:16:03:00 +0000] "GET /wp-content__fc72c33/ HTTP/1.1" 200 841 "-" "Mozilla/5.0 (Macintosh; Intel Mac OS X 10_15_7) AppleWebKit/537.36 (KHTML, like Gecko) Chrome/143.0.0.0 Safari/537.36"
2604:9a00:1:10a:1c00:e5ff:fe00:727 - - [13/Feb/2026:16:03:01 +0000] "GET /ooexuqdm.php HTTP/1.1" 200 158 "-" "Mozilla/5.0 (Linux; Android 10; K) AppleWebKit/537.36 (KHTML, like Gecko) Chrome/143.0.0.0 Mobile Safari/537.36"
137.184.246.47 - - [13/Feb/2026:16:03:01 +0000] "GET /wp-includes/ HTTP/1.1" 200 1355 "-" "Mozilla/5.0 (Windows NT 10.0; Win64; x64) AppleWebKit/537.36 (KHTML, like Gecko) Chrome/143.0.0.0 Safari/537.36"
2001:910:1410:600::1 - - [13/Feb/2026:16:03:01 +0000] "GET /wp-includes/ HTTP/1.1" 200 1355 "-" "Mozilla/5.0 (Windows NT 10.0; Win64; x64) AppleWebKit/537.36 (KHTML, like Gecko) Chrome/143.0.0.0 Safari/537.36"
2605:fe80:2b:105:1c00:4cff:fe00:293 - - [13/Feb/2026:16:03:01 +0000] "GET /8fd0f3/ HTTP/1.1" 200 1092 "-" "Mozilla/5.0 (iPhone; CPU iPhone OS 16_0 like Mac OS X) AppleWebKit/605.1.15 (KHTML, like Gecko) Version/16.0 Mobile/15E148 Safari/604.1"
135.129.160.34 - - [13/Feb/2026:16:03:01 +0000] "GET /vywdrniz.php HTTP/1.1" 200 158 "-" "Mozilla/5.0 (Linux; Android 10; K) AppleWebKit/537.36 (KHTML, like Gecko) Chrome/138.0.0.0 Mobile Safari/537.36"
2604:9a00:1:10c:1c00:e6ff:fe00:908 - - [13/Feb/2026:16:03:01 +0000] "GET /ooexuqdm.php HTTP/1.1" 200 158 "-" "Mozilla/5.0 (Windows NT 10.0; Win64; x64; rv:146.0) Gecko/20100101 Firefox/146.0"
2a03:b0c0:3:f0:0:1:19dd:e000 - - [13/Feb/2026:16:03:01 +0000] "GET /vywdrniz.php HTTP/1.1" 200 158 "-" "Mozilla/5.0 (Macintosh; Intel Mac OS X 10_15_7) AppleWebKit/537.36 (KHTML, like Gecko) Chrome/143.0.0.0 Safari/537.36"
2604:a880:400:d0::1df1:4001 - - [13/Feb/2026:16:03:01 +0000] "GET /wp-blog-header.php HTTP/1.1" 200 1092 "-" "Mozilla/5.0 (Macintosh; Intel Mac OS X 10_15_7) AppleWebKit/537.36 (KHTML, like Gecko) Chrome/142.0.0.0 Safari/537.36"
2604:a880:2:d1::af59:8001 - - [13/Feb/2026:16:03:01 +0000] "GET /wp-content__fc72c33/ HTTP/1.1" 200 841 "-" "Mozilla/5.0 (Windows NT 10.0; Win64; x64) AppleWebKit/537.36 (KHTML, like Gecko) Chrome/144.0.0.0 Safari/537.36 Edg/144.0.0.0"
2604:a880:0:202a::6ba9:c000 - - [13/Feb/2026:16:03:02 +0000] "GET /05b7e7/ HTTP/1.1" 200 637 "-" "Mozilla/5.0 (Windows NT 10.0; Win64; x64) AppleWebKit/537.36 (KHTML, like Gecko) Chrome/144.0.0.0 Safari/537.36 Edg/144.0.0.0"
2a03:b0c0:1:e0::95a5:4001 - - [13/Feb/2026:16:02:58 +0000] "GET /buy.php HTTP/1.1" 200 124353 "-" "Mozilla/5.0 (Macintosh; Intel Mac OS X 10_15_7) AppleWebKit/537.36 (KHTML, like Gecko) Chrome/136.0.0.0 Safari/537.36"
2a12:a800:9:1:45:88:186:89 - - [13/Feb/2026:16:02:59 +0000] "GET /buy.php HTTP/1.1" 200 123907 "-" "Mozilla/5.0 (Windows NT 10.0; Win64; x64) AppleWebKit/537.36 (KHTML, like Gecko) Chrome/116.0.0.0 Safari/537.36"
74.7.242.31 - - [13/Feb/2026:16:02:59 +0000] "GET /buy.php?detail/20500043119120 HTTP/1.1" 200 129891 "https://mohamionline.com/buy.php?detail/20500041851971" "Mozilla/5.0 AppleWebKit/537.36 (KHTML, like Gecko; compatible; GPTBot/1.3; +https://openai.com/gptbot)"
23.82.96.182 - - [13/Feb/2026:16:03:02 +0000] "GET /3e2b8__fc72c33/ HTTP/1.1" 200 653 "-" "Mozilla/5.0 (Macintosh; Intel Mac OS X 10_15_7) AppleWebKit/537.36 (KHTML, like Gecko) Chrome/143.0.0.0 Safari/537.36"
2604:9a00:1:10c:1c00:30ff:fe00:90b - - [13/Feb/2026:16:03:02 +0000] "GET /195499__fc72c33/ HTTP/1.1" 200 655 "-" "Mozilla/5.0 (Windows NT 10.0; Win64; x64) AppleWebKit/537.36 (KHTML, like Gecko) Chrome/143.0.0.0 Safari/537.36 Edg/143.0.0.0"
2a03:b0c0:1:d0::e2b:d001 - - [13/Feb/2026:16:03:03 +0000] "GET /mhfdcaxt.php HTTP/1.1" 200 155 "-" "Mozilla/5.0 (Macintosh; Intel Mac OS X 10_15_7) AppleWebKit/537.36 (KHTML, like Gecko) Chrome/143.0.0.0 Safari/537.36"
2604:9a00:1:10c:1c00:d3ff:fe00:909 - - [13/Feb/2026:16:03:03 +0000] "GET /3e2b8__fc72c33/ HTTP/1.1" 200 653 "-" "Mozilla/5.0 (Windows NT 10.0; Win64; x64) AppleWebKit/537.36 (KHTML, like Gecko) Chrome/144.0.0.0 Safari/537.36"
135.129.160.34 - - [13/Feb/2026:16:03:04 +0000] "GET /mhfdcaxt.php HTTP/1.1" 200 155 "-" "Mozilla/5.0 (Macintosh; Intel Mac OS X 10_15_7) AppleWebKit/605.1.15 (KHTML, like Gecko) Version/18.4 Safari/605.1.15"
74.7.242.31 - - [13/Feb/2026:16:03:02 +0000] "GET /buy.php?detail/20500041957851 HTTP/1.1" 200 131144 "https://mohamionline.com/buy.php?detail/20500041851971" "Mozilla/5.0 AppleWebKit/537.36 (KHTML, like Gecko; compatible; GPTBot/1.3; +https://openai.com/gptbot)"
74.7.242.31 - - [13/Feb/2026:16:03:05 +0000] "GET /buy.php?detail/07702069449169 HTTP/1.1" 200 118558 "https://mohamionline.com/buy.php?goods/077021254" "Mozilla/5.0 AppleWebKit/537.36 (KHTML, like Gecko; compatible; GPTBot/1.3; +https://openai.com/gptbot)"
74.7.242.31 - - [13/Feb/2026:16:03:09 +0000] "GET /buy.php?detail/28301881908106 HTTP/1.1" 200 128498 "https://mohamionline.com/buy.php?goods/077021254" "Mozilla/5.0 AppleWebKit/537.36 (KHTML, like Gecko; compatible; GPTBot/1.3; +https://openai.com/gptbot)"
74.7.242.31 - - [13/Feb/2026:16:03:11 +0000] "GET /buy.php?detail/07702069063567 HTTP/1.1" 200 118808 "https://mohamionline.com/buy.php?goods/077021254" "Mozilla/5.0 AppleWebKit/537.36 (KHTML, like Gecko; compatible; GPTBot/1.3; +https://openai.com/gptbot)"
74.7.242.31 - - [13/Feb/2026:16:03:15 +0000] "GET /buy.php?detail/01500592087520 HTTP/1.1" 200 123918 "https://mohamionline.com/buy.php?detail/01500961661072" "Mozilla/5.0 AppleWebKit/537.36 (KHTML, like Gecko; compatible; GPTBot/1.3; +https://openai.com/gptbot)"
74.7.242.31 - - [13/Feb/2026:16:03:18 +0000] "GET /buy.php?detail/10201675620885 HTTP/1.1" 200 117755 "https://mohamionline.com/buy.php?detail/10201666207802" "Mozilla/5.0 AppleWebKit/537.36 (KHTML, like Gecko; compatible; GPTBot/1.3; +https://openai.com/gptbot)"
74.7.242.31 - - [13/Feb/2026:16:03:21 +0000] "GET /buy.php?detail/24201612584922 HTTP/1.1" 200 122930 "https://mohamionline.com/buy.php?detail/24201613600246" "Mozilla/5.0 AppleWebKit/537.36 (KHTML, like Gecko; compatible; GPTBot/1.3; +https://openai.com/gptbot)"
74.7.242.31 - - [13/Feb/2026:16:03:24 +0000] "GET /buy.php?detail/03003425207860 HTTP/1.1" 200 117812 "https://mohamionline.com/buy.php?detail/13702779580708" "Mozilla/5.0 AppleWebKit/537.36 (KHTML, like Gecko; compatible; GPTBot/1.3; +https://openai.com/gptbot)"
74.7.242.31 - - [13/Feb/2026:16:03:28 +0000] "GET /buy.php?detail/24900807783274 HTTP/1.1" 200 118648 "https://mohamionline.com/buy.php?detail/21202236042043" "Mozilla/5.0 AppleWebKit/537.36 (KHTML, like Gecko; compatible; GPTBot/1.3; +https://openai.com/gptbot)"
114.119.137.94 - - [13/Feb/2026:16:03:32 +0000] "GET /goods.php?shop/pg/224beam/18248 HTTP/1.1" 404 - "http://mohamionline.com/goods.php?sitemap803.xml" "Mozilla/5.0 (Linux; Android 7.0;) AppleWebKit/537.36 (KHTML, like Gecko) Mobile Safari/537.36 (compatible; PetalBot;+https://webmaster.petalsearch.com/site/petalbot)"
74.7.242.31 - - [13/Feb/2026:16:03:31 +0000] "GET /buy.php?detail/10301893781959 HTTP/1.1" 200 121053 "https://mohamionline.com/buy.php?detail/10302223889734" "Mozilla/5.0 AppleWebKit/537.36 (KHTML, like Gecko; compatible; GPTBot/1.3; +https://openai.com/gptbot)"
74.7.242.31 - - [13/Feb/2026:16:03:34 +0000] "GET /buy.php?detail/20303104950128 HTTP/1.1" 200 138015 "https://mohamionline.com/buy.php?detail/20500043119120" "Mozilla/5.0 AppleWebKit/537.36 (KHTML, like Gecko; compatible; GPTBot/1.3; +https://openai.com/gptbot)"
74.7.242.31 - - [13/Feb/2026:16:03:37 +0000] "GET /buy.php?detail/10400217370192 HTTP/1.1" 200 132596 "https://mohamionline.com/buy.php?detail/02500981619128" "Mozilla/5.0 AppleWebKit/537.36 (KHTML, like Gecko; compatible; GPTBot/1.3; +https://openai.com/gptbot)"
74.7.242.31 - - [13/Feb/2026:16:03:40 +0000] "GET /buy.php?detail/07702071940797 HTTP/1.1" 200 118440 "https://mohamionline.com/buy.php?detail/07702069449169" "Mozilla/5.0 AppleWebKit/537.36 (KHTML, like Gecko; compatible; GPTBot/1.3; +https://openai.com/gptbot)"
74.7.242.31 - - [13/Feb/2026:16:03:43 +0000] "GET /buy.php?detail/28301933286316 HTTP/1.1" 200 132534 "https://mohamionline.com/buy.php?detail/28301881908106" "Mozilla/5.0 AppleWebKit/537.36 (KHTML, like Gecko; compatible; GPTBot/1.3; +https://openai.com/gptbot)"
74.7.242.31 - - [13/Feb/2026:16:03:48 +0000] "GET /buy.php?detail/29002263815153 HTTP/1.1" 200 118594 "https://mohamionline.com/buy.php?detail/28301881908106" "Mozilla/5.0 AppleWebKit/537.36 (KHTML, like Gecko; compatible; GPTBot/1.3; +https://openai.com/gptbot)"
74.7.242.31 - - [13/Feb/2026:16:03:51 +0000] "GET /buy.php?detail/07702034100440 HTTP/1.1" 200 118140 "https://mohamionline.com/buy.php?detail/07702069063567" "Mozilla/5.0 AppleWebKit/537.36 (KHTML, like Gecko; compatible; GPTBot/1.3; +https://openai.com/gptbot)"
74.7.242.31 - - [13/Feb/2026:16:03:54 +0000] "GET /buy.php?detail/21302170519673 HTTP/1.1" 200 118133 "https://mohamionline.com/buy.php?detail/10201675620885" "Mozilla/5.0 AppleWebKit/537.36 (KHTML, like Gecko; compatible; GPTBot/1.3; +https://openai.com/gptbot)"
74.7.242.31 - - [13/Feb/2026:16:03:58 +0000] "GET /buy.php?detail/24201603392631 HTTP/1.1" 200 123103 "https://mohamionline.com/buy.php?detail/24201612584922" "Mozilla/5.0 AppleWebKit/537.36 (KHTML, like Gecko; compatible; GPTBot/1.3; +https://openai.com/gptbot)"
74.7.242.31 - - [13/Feb/2026:16:04:00 +0000] "GET /buy.php?detail/01803047006777 HTTP/1.1" 200 119475 "https://mohamionline.com/buy.php?detail/03003425207860" "Mozilla/5.0 AppleWebKit/537.36 (KHTML, like Gecko; compatible; GPTBot/1.3; +https://openai.com/gptbot)"
74.7.242.31 - - [13/Feb/2026:16:04:03 +0000] "GET /buy.php?detail/03003416503104 HTTP/1.1" 200 117472 "https://mohamionline.com/buy.php?detail/03003425207860" "Mozilla/5.0 AppleWebKit/537.36 (KHTML, like Gecko; compatible; GPTBot/1.3; +https://openai.com/gptbot)"
74.7.242.31 - - [13/Feb/2026:16:04:06 +0000] "GET /buy.php?detail/10301991749723 HTTP/1.1" 200 122612 "https://mohamionline.com/buy.php?detail/10301893781959" "Mozilla/5.0 AppleWebKit/537.36 (KHTML, like Gecko; compatible; GPTBot/1.3; +https://openai.com/gptbot)"
74.7.242.31 - - [13/Feb/2026:16:04:09 +0000] "GET /buy.php?detail/18700779786805 HTTP/1.1" 200 118814 "https://mohamionline.com/buy.php?detail/02900063394951" "Mozilla/5.0 AppleWebKit/537.36 (KHTML, like Gecko; compatible; GPTBot/1.3; +https://openai.com/gptbot)"
74.7.242.31 - - [13/Feb/2026:16:04:12 +0000] "GET /buy.php?detail/17602730112833 HTTP/1.1" 200 119530 "https://mohamionline.com/buy.php?detail/10303206794964" "Mozilla/5.0 AppleWebKit/537.36 (KHTML, like Gecko; compatible; GPTBot/1.3; +https://openai.com/gptbot)"
74.7.242.31 - - [13/Feb/2026:16:04:15 +0000] "GET /buy.php?detail/07702096801683 HTTP/1.1" 200 120298 "https://mohamionline.com/buy.php?detail/07702071940797" "Mozilla/5.0 AppleWebKit/537.36 (KHTML, like Gecko; compatible; GPTBot/1.3; +https://openai.com/gptbot)"
43.130.110.130 - - [13/Feb/2026:16:04:18 +0000] "GET /rrysgzgo.php HTTP/1.1" 200 158 "-" "Mozilla/5.0 (iPhone; CPU iPhone OS 13_2_3 like Mac OS X) AppleWebKit/605.1.15 (KHTML, like Gecko) Version/13.0.3 Mobile/15E148 Safari/604.1"
74.7.242.31 - - [13/Feb/2026:16:04:17 +0000] "GET /buy.php?detail/29303536925159 HTTP/1.1" 200 123036 "https://mohamionline.com/buy.php?detail/29303452843486" "Mozilla/5.0 AppleWebKit/537.36 (KHTML, like Gecko; compatible; GPTBot/1.3; +https://openai.com/gptbot)"
74.7.242.31 - - [13/Feb/2026:16:04:20 +0000] "GET /buy.php?detail/17004234242499 HTTP/1.1" 200 125697 "https://mohamionline.com/buy.php?detail/29002263815153" "Mozilla/5.0 AppleWebKit/537.36 (KHTML, like Gecko; compatible; GPTBot/1.3; +https://openai.com/gptbot)"
74.7.242.31 - - [13/Feb/2026:16:04:23 +0000] "GET /buy.php?detail/07702057646773 HTTP/1.1" 200 118386 "https://mohamionline.com/buy.php?detail/07702034100440" "Mozilla/5.0 AppleWebKit/537.36 (KHTML, like Gecko; compatible; GPTBot/1.3; +https://openai.com/gptbot)"
74.7.242.31 - - [13/Feb/2026:16:04:26 +0000] "GET /buy.php?detail/21301344205646 HTTP/1.1" 200 119055 "https://mohamionline.com/buy.php?detail/21302170519673" "Mozilla/5.0 AppleWebKit/537.36 (KHTML, like Gecko; compatible; GPTBot/1.3; +https://openai.com/gptbot)"
74.7.242.31 - - [13/Feb/2026:16:04:29 +0000] "GET /buy.php?detail/24201599989928 HTTP/1.1" 200 123231 "https://mohamionline.com/buy.php?detail/24201603392631" "Mozilla/5.0 AppleWebKit/537.36 (KHTML, like Gecko; compatible; GPTBot/1.3; +https://openai.com/gptbot)"
74.7.242.31 - - [13/Feb/2026:16:04:33 +0000] "GET /buy.php?detail/10401844349343 HTTP/1.1" 200 134554 "https://mohamionline.com/buy.php?detail/24201603392631" "Mozilla/5.0 AppleWebKit/537.36 (KHTML, like Gecko; compatible; GPTBot/1.3; +https://openai.com/gptbot)"
74.7.242.31 - - [13/Feb/2026:16:04:36 +0000] "GET /buy.php?detail/01801218186252 HTTP/1.1" 200 120383 "https://mohamionline.com/buy.php?detail/01803047006777" "Mozilla/5.0 AppleWebKit/537.36 (KHTML, like Gecko; compatible; GPTBot/1.3; +https://openai.com/gptbot)"
74.7.242.31 - - [13/Feb/2026:16:04:38 +0000] "GET /buy.php?detail/10302102373363 HTTP/1.1" 200 121148 "https://mohamionline.com/buy.php?detail/10301991749723" "Mozilla/5.0 AppleWebKit/537.36 (KHTML, like Gecko; compatible; GPTBot/1.3; +https://openai.com/gptbot)"
74.7.242.31 - - [13/Feb/2026:16:04:42 +0000] "GET /buy.php?detail/13800040858960 HTTP/1.1" 200 118845 "https://mohamionline.com/buy.php?detail/18700779786805" "Mozilla/5.0 AppleWebKit/537.36 (KHTML, like Gecko; compatible; GPTBot/1.3; +https://openai.com/gptbot)"
74.7.242.31 - - [13/Feb/2026:16:04:45 +0000] "GET /buy.php?detail/10302102984920 HTTP/1.1" 200 129149 "https://mohamionline.com/buy.php?detail/10301991749723" "Mozilla/5.0 AppleWebKit/537.36 (KHTML, like Gecko; compatible; GPTBot/1.3; +https://openai.com/gptbot)"
74.7.242.31 - - [13/Feb/2026:16:04:48 +0000] "GET /buy.php?detail/03003416351567 HTTP/1.1" 200 119415 "https://mohamionline.com/buy.php?detail/03003416503104" "Mozilla/5.0 AppleWebKit/537.36 (KHTML, like Gecko; compatible; GPTBot/1.3; +https://openai.com/gptbot)"
74.7.242.31 - - [13/Feb/2026:16:04:50 +0000] "GET /buy.php?detail/18700736771855 HTTP/1.1" 200 123159 "https://mohamionline.com/buy.php?detail/18700779786805" "Mozilla/5.0 AppleWebKit/537.36 (KHTML, like Gecko; compatible; GPTBot/1.3; +https://openai.com/gptbot)"
74.7.242.31 - - [13/Feb/2026:16:04:53 +0000] "GET /buy.php?detail/17602856576701 HTTP/1.1" 200 120673 "https://mohamionline.com/buy.php?detail/17602730112833" "Mozilla/5.0 AppleWebKit/537.36 (KHTML, like Gecko; compatible; GPTBot/1.3; +https://openai.com/gptbot)"
74.7.242.31 - - [13/Feb/2026:16:04:56 +0000] "GET /buy.php?detail/29303093601401 HTTP/1.1" 200 124837 "https://mohamionline.com/buy.php?detail/29303536925159" "Mozilla/5.0 AppleWebKit/537.36 (KHTML, like Gecko; compatible; GPTBot/1.3; +https://openai.com/gptbot)"
114.119.137.94 - - [13/Feb/2026:16:05:01 +0000] "GET /goods.php?shop/pg/224architect/19394 HTTP/1.1" 404 - "http://mohamionline.com/goods.php?sitemap803.xml" "Mozilla/5.0 (Linux; Android 7.0;) AppleWebKit/537.36 (KHTML, like Gecko) Mobile Safari/537.36 (compatible; PetalBot;+https://webmaster.petalsearch.com/site/petalbot)"
74.7.242.31 - - [13/Feb/2026:16:04:59 +0000] "GET /buy.php?detail/21302168761872 HTTP/1.1" 200 118411 "https://mohamionline.com/buy.php?detail/21301344205646" "Mozilla/5.0 AppleWebKit/537.36 (KHTML, like Gecko; compatible; GPTBot/1.3; +https://openai.com/gptbot)"
74.7.242.31 - - [13/Feb/2026:16:05:02 +0000] "GET /buy.php?detail/22902718533000 HTTP/1.1" 200 129292 "https://mohamionline.com/buy.php?detail/21301344205646" "Mozilla/5.0 AppleWebKit/537.36 (KHTML, like Gecko; compatible; GPTBot/1.3; +https://openai.com/gptbot)"
74.7.242.31 - - [13/Feb/2026:16:05:05 +0000] "GET /buy.php?detail/24201615553914 HTTP/1.1" 200 122456 "https://mohamionline.com/buy.php?detail/24201599989928" "Mozilla/5.0 AppleWebKit/537.36 (KHTML, like Gecko; compatible; GPTBot/1.3; +https://openai.com/gptbot)"
74.7.242.31 - - [13/Feb/2026:16:05:08 +0000] "GET /buy.php?detail/21302168837864 HTTP/1.1" 200 118042 "https://mohamionline.com/buy.php?detail/21301344205646" "Mozilla/5.0 AppleWebKit/537.36 (KHTML, like Gecko; compatible; GPTBot/1.3; +https://openai.com/gptbot)"
74.7.242.31 - - [13/Feb/2026:16:05:12 +0000] "GET /buy.php?detail/03003416167979 HTTP/1.1" 200 125020 "https://mohamionline.com/buy.php?detail/03003416503104" "Mozilla/5.0 AppleWebKit/537.36 (KHTML, like Gecko; compatible; GPTBot/1.3; +https://openai.com/gptbot)"
74.7.242.31 - - [13/Feb/2026:16:05:14 +0000] "GET /buy.php?detail/13800045530875 HTTP/1.1" 200 118025 "https://mohamionline.com/buy.php?detail/13800040858960" "Mozilla/5.0 AppleWebKit/537.36 (KHTML, like Gecko; compatible; GPTBot/1.3; +https://openai.com/gptbot)"
74.7.242.31 - - [13/Feb/2026:16:05:17 +0000] "GET /buy.php?detail/04303024222797 HTTP/1.1" 200 126600 "https://mohamionline.com/buy.php?detail/13800040858960" "Mozilla/5.0 AppleWebKit/537.36 (KHTML, like Gecko; compatible; GPTBot/1.3; +https://openai.com/gptbot)"
74.7.242.31 - - [13/Feb/2026:16:05:21 +0000] "GET /buy.php?detail/02703891709321 HTTP/1.1" 200 135028 "https://mohamionline.com/buy.php?detail/07702057646773" "Mozilla/5.0 AppleWebKit/537.36 (KHTML, like Gecko; compatible; GPTBot/1.3; +https://openai.com/gptbot)"
146.70.132.138 - - [13/Feb/2026:16:05:25 +0000] "GET / HTTP/1.1" 200 5171 "-" "python-requests/2.31.0"
74.7.242.31 - - [13/Feb/2026:16:05:24 +0000] "GET /buy.php?detail/18700025702065 HTTP/1.1" 200 119989 "https://mohamionline.com/buy.php?detail/18700736771855" "Mozilla/5.0 AppleWebKit/537.36 (KHTML, like Gecko; compatible; GPTBot/1.3; +https://openai.com/gptbot)"
74.7.242.31 - - [13/Feb/2026:16:05:27 +0000] "GET /buy.php?detail/18700024537137 HTTP/1.1" 200 121774 "https://mohamionline.com/buy.php?detail/18700736771855" "Mozilla/5.0 AppleWebKit/537.36 (KHTML, like Gecko; compatible; GPTBot/1.3; +https://openai.com/gptbot)"
74.7.242.31 - - [13/Feb/2026:16:05:30 +0000] "GET /buy.php?detail/17602721274861 HTTP/1.1" 200 119173 "https://mohamionline.com/buy.php?detail/17602856576701" "Mozilla/5.0 AppleWebKit/537.36 (KHTML, like Gecko; compatible; GPTBot/1.3; +https://openai.com/gptbot)"
74.7.242.31 - - [13/Feb/2026:16:05:33 +0000] "GET /buy.php?detail/21302196698177 HTTP/1.1" 200 119309 "https://mohamionline.com/buy.php?detail/21302168761872" "Mozilla/5.0 AppleWebKit/537.36 (KHTML, like Gecko; compatible; GPTBot/1.3; +https://openai.com/gptbot)"
74.7.242.31 - - [13/Feb/2026:16:05:37 +0000] "GET /buy.php?detail/01201969279114 HTTP/1.1" 200 127501 "https://mohamionline.com/buy.php?detail/22902718533000" "Mozilla/5.0 AppleWebKit/537.36 (KHTML, like Gecko; compatible; GPTBot/1.3; +https://openai.com/gptbot)"
74.7.242.31 - - [13/Feb/2026:16:05:40 +0000] "GET /buy.php?detail/16204462265047 HTTP/1.1" 200 120255 "https://mohamionline.com/buy.php?detail/24201615553914" "Mozilla/5.0 AppleWebKit/537.36 (KHTML, like Gecko; compatible; GPTBot/1.3; +https://openai.com/gptbot)"
74.7.242.31 - - [13/Feb/2026:16:05:43 +0000] "GET /buy.php?detail/21302196295546 HTTP/1.1" 200 118106 "https://mohamionline.com/buy.php?detail/21302168761872" "Mozilla/5.0 AppleWebKit/537.36 (KHTML, like Gecko; compatible; GPTBot/1.3; +https://openai.com/gptbot)"
66.249.66.5 - - [13/Feb/2026:16:05:48 +0000] "GET /header.php?merchandises/205109162779 HTTP/1.1" 404 - "-" "Mozilla/5.0 (Linux; Android 6.0.1; Nexus 5X Build/MMB29P) AppleWebKit/537.36 (KHTML, like Gecko) Chrome/144.0.7559.132 Mobile Safari/537.36 (compatible; Googlebot/2.1; +http://www.google.com/bot.html)"
74.7.242.31 - - [13/Feb/2026:16:05:45 +0000] "GET /buy.php?detail/03003408632414 HTTP/1.1" 200 118958 "https://mohamionline.com/buy.php?detail/03003416167979" "Mozilla/5.0 AppleWebKit/537.36 (KHTML, like Gecko; compatible; GPTBot/1.3; +https://openai.com/gptbot)"
66.249.66.193 - - [13/Feb/2026:16:05:49 +0000] "GET /e94887/ HTTP/1.1" 200 637 "-" "Mozilla/5.0 (Linux; Android 6.0.1; Nexus 5X Build/MMB29P) AppleWebKit/537.36 (KHTML, like Gecko) Chrome/144.0.7559.132 Mobile Safari/537.36 (compatible; Googlebot/2.1; +http://www.google.com/bot.html)"
74.7.242.31 - - [13/Feb/2026:16:05:49 +0000] "GET /buy.php?detail/13800041477525 HTTP/1.1" 200 119700 "https://mohamionline.com/buy.php?detail/13800045530875" "Mozilla/5.0 AppleWebKit/537.36 (KHTML, like Gecko; compatible; GPTBot/1.3; +https://openai.com/gptbot)"
74.7.242.31 - - [13/Feb/2026:16:05:52 +0000] "GET /buy.php?goods/043030242 HTTP/1.1" 200 126170 "https://mohamionline.com/buy.php?detail/04303024222797" "Mozilla/5.0 AppleWebKit/537.36 (KHTML, like Gecko; compatible; GPTBot/1.3; +https://openai.com/gptbot)"
74.7.242.31 - - [13/Feb/2026:16:05:55 +0000] "GET /buy.php?detail/26104446098507 HTTP/1.1" 200 118721 "https://mohamionline.com/buy.php?detail/04303024222797" "Mozilla/5.0 AppleWebKit/537.36 (KHTML, like Gecko; compatible; GPTBot/1.3; +https://openai.com/gptbot)"
74.7.242.31 - - [13/Feb/2026:16:05:58 +0000] "GET /buy.php?detail/04303066699259 HTTP/1.1" 200 126473 "https://mohamionline.com/buy.php?detail/04303024222797" "Mozilla/5.0 AppleWebKit/537.36 (KHTML, like Gecko; compatible; GPTBot/1.3; +https://openai.com/gptbot)"
74.7.242.31 - - [13/Feb/2026:16:06:01 +0000] "GET /buy.php?detail/13800042487253 HTTP/1.1" 200 118594 "https://mohamionline.com/buy.php?detail/13800045530875" "Mozilla/5.0 AppleWebKit/537.36 (KHTML, like Gecko; compatible; GPTBot/1.3; +https://openai.com/gptbot)"
74.7.242.31 - - [13/Feb/2026:16:06:04 +0000] "GET /buy.php?detail/04303066485550 HTTP/1.1" 200 126567 "https://mohamionline.com/buy.php?detail/04303024222797" "Mozilla/5.0 AppleWebKit/537.36 (KHTML, like Gecko; compatible; GPTBot/1.3; +https://openai.com/gptbot)"
74.7.242.31 - - [13/Feb/2026:16:06:06 +0000] "GET /buy.php?detail/21302260728122 HTTP/1.1" 200 119769 "https://mohamionline.com/buy.php?detail/21302196698177" "Mozilla/5.0 AppleWebKit/537.36 (KHTML, like Gecko; compatible; GPTBot/1.3; +https://openai.com/gptbot)"
74.7.242.31 - - [13/Feb/2026:16:06:10 +0000] "GET /buy.php?detail/02200001637109 HTTP/1.1" 200 118991 "https://mohamionline.com/buy.php?detail/18700025702065" "Mozilla/5.0 AppleWebKit/537.36 (KHTML, like Gecko; compatible; GPTBot/1.3; +https://openai.com/gptbot)"
74.7.242.31 - - [13/Feb/2026:16:06:13 +0000] "GET /buy.php?goods/078038115 HTTP/1.1" 200 123349 "https://mohamionline.com/buy.php?detail/16204462265047" "Mozilla/5.0 AppleWebKit/537.36 (KHTML, like Gecko; compatible; GPTBot/1.3; +https://openai.com/gptbot)"
74.7.242.31 - - [13/Feb/2026:16:06:15 +0000] "GET /buy.php?goods/162045197 HTTP/1.1" 200 119367 "https://mohamionline.com/buy.php?detail/16204462265047" "Mozilla/5.0 AppleWebKit/537.36 (KHTML, like Gecko; compatible; GPTBot/1.3; +https://openai.com/gptbot)"
114.119.137.94 - - [13/Feb/2026:16:06:19 +0000] "GET /goods.php?shop/pg/224announce/21242 HTTP/1.1" 404 - "http://mohamionline.com/goods.php?sitemap803.xml" "Mozilla/5.0 (Linux; Android 7.0;) AppleWebKit/537.36 (KHTML, like Gecko) Mobile Safari/537.36 (compatible; PetalBot;+https://webmaster.petalsearch.com/site/petalbot)"
74.7.242.31 - - [13/Feb/2026:16:06:18 +0000] "GET /buy.php?detail/03003419366600 HTTP/1.1" 200 117931 "https://mohamionline.com/buy.php?detail/03003408632414" "Mozilla/5.0 AppleWebKit/537.36 (KHTML, like Gecko; compatible; GPTBot/1.3; +https://openai.com/gptbot)"
74.7.242.31 - - [13/Feb/2026:16:06:23 +0000] "GET /buy.php?detail/21304543325420 HTTP/1.1" 200 118787 "https://mohamionline.com/buy.php?detail/21302196295546" "Mozilla/5.0 AppleWebKit/537.36 (KHTML, like Gecko; compatible; GPTBot/1.3; +https://openai.com/gptbot)"
74.7.242.31 - - [13/Feb/2026:16:06:26 +0000] "GET /buy.php?detail/04303041193536 HTTP/1.1" 200 126271 "https://mohamionline.com/buy.php?goods/043030242" "Mozilla/5.0 AppleWebKit/537.36 (KHTML, like Gecko; compatible; GPTBot/1.3; +https://openai.com/gptbot)"
74.7.242.31 - - [13/Feb/2026:16:06:28 +0000] "GET /buy.php?detail/01801160979431 HTTP/1.1" 200 117753 "https://mohamionline.com/buy.php?detail/01803047006777" "Mozilla/5.0 AppleWebKit/537.36 (KHTML, like Gecko; compatible; GPTBot/1.3; +https://openai.com/gptbot)"
74.7.242.31 - - [13/Feb/2026:16:06:31 +0000] "GET /buy.php?detail/06001559671579 HTTP/1.1" 200 121394 "https://mohamionline.com/buy.php?detail/04303066699259" "Mozilla/5.0 AppleWebKit/537.36 (KHTML, like Gecko; compatible; GPTBot/1.3; +https://openai.com/gptbot)"
74.7.242.31 - - [13/Feb/2026:16:06:34 +0000] "GET /buy.php?jp/018011609.html HTTP/1.1" 200 117713 "https://mohamionline.com/buy.php?detail/01801160979431" "Mozilla/5.0 AppleWebKit/537.36 (KHTML, like Gecko; compatible; GPTBot/1.3; +https://openai.com/gptbot)"
74.7.241.182 - - [13/Feb/2026:16:06:37 +0000] "GET /robots.txt HTTP/1.1" 404 - "-" "Mozilla/5.0 (Macintosh; Intel Mac OS X 10_15_7) AppleWebKit/537.36 (KHTML, like Gecko) Chrome/131.0.0.0 Safari/537.36; compatible; OAI-SearchBot/1.3; robots.txt; +https://openai.com/searchbot"
74.7.242.31 - - [13/Feb/2026:16:06:37 +0000] "GET /buy.php?detail/01401541887252 HTTP/1.1" 200 125216 "https://mohamionline.com/buy.php?detail/02703891709321" "Mozilla/5.0 AppleWebKit/537.36 (KHTML, like Gecko; compatible; GPTBot/1.3; +https://openai.com/gptbot)"
74.7.242.31 - - [13/Feb/2026:16:06:40 +0000] "GET /buy.php?detail/08200886672420 HTTP/1.1" 200 119548 "https://mohamionline.com/buy.php?detail/04303066485550" "Mozilla/5.0 AppleWebKit/537.36 (KHTML, like Gecko; compatible; GPTBot/1.3; +https://openai.com/gptbot)"
74.7.242.31 - - [13/Feb/2026:16:06:43 +0000] "GET /buy.php?detail/05400537531170 HTTP/1.1" 200 131515 "https://mohamionline.com/buy.php?detail/04303066485550" "Mozilla/5.0 AppleWebKit/537.36 (KHTML, like Gecko; compatible; GPTBot/1.3; +https://openai.com/gptbot)"
74.7.242.31 - - [13/Feb/2026:16:06:45 +0000] "GET /buy.php?detail/05704909701331 HTTP/1.1" 200 124596 "https://mohamionline.com/buy.php?detail/02200001637109" "Mozilla/5.0 AppleWebKit/537.36 (KHTML, like Gecko; compatible; GPTBot/1.3; +https://openai.com/gptbot)"
74.7.242.31 - - [13/Feb/2026:16:06:49 +0000] "GET /buy.php?detail/25703403510228 HTTP/1.1" 200 156087 "https://mohamionline.com/buy.php?detail/17602856576701" "Mozilla/5.0 AppleWebKit/537.36 (KHTML, like Gecko; compatible; GPTBot/1.3; +https://openai.com/gptbot)"
74.7.242.31 - - [13/Feb/2026:16:06:52 +0000] "GET /buy.php?detail/07803702874446 HTTP/1.1" 200 122464 "https://mohamionline.com/buy.php?goods/078038115" "Mozilla/5.0 AppleWebKit/537.36 (KHTML, like Gecko; compatible; GPTBot/1.3; +https://openai.com/gptbot)"
74.7.242.31 - - [13/Feb/2026:16:06:55 +0000] "GET /buy.php?detail/18700706758425 HTTP/1.1" 200 120360 "https://mohamionline.com/buy.php?detail/18700025702065" "Mozilla/5.0 AppleWebKit/537.36 (KHTML, like Gecko; compatible; GPTBot/1.3; +https://openai.com/gptbot)"
74.7.242.31 - - [13/Feb/2026:16:06:58 +0000] "GET /buy.php?detail/24201600357216 HTTP/1.1" 200 123460 "https://mohamionline.com/buy.php?detail/24201603392631" "Mozilla/5.0 AppleWebKit/537.36 (KHTML, like Gecko; compatible; GPTBot/1.3; +https://openai.com/gptbot)"
74.7.242.31 - - [13/Feb/2026:16:07:01 +0000] "GET /buy.php?detail/23601744484593 HTTP/1.1" 200 119670 "https://mohamionline.com/buy.php?detail/03003419366600" "Mozilla/5.0 AppleWebKit/537.36 (KHTML, like Gecko; compatible; GPTBot/1.3; +https://openai.com/gptbot)"
74.7.242.31 - - [13/Feb/2026:16:07:03 +0000] "GET /buy.php?goods/018030453 HTTP/1.1" 200 118266 "https://mohamionline.com/buy.php?detail/01801160979431" "Mozilla/5.0 AppleWebKit/537.36 (KHTML, like Gecko; compatible; GPTBot/1.3; +https://openai.com/gptbot)"
2607:f5b4:88:106:1c00:e9ff:fe00:50d - - [13/Feb/2026:16:07:09 +0000] "GET /configRBL__fc72c33/Jump/ HTTP/1.1" 200 869 "-" "Mozilla/5.0 (Linux; Android 10; K) AppleWebKit/537.36 (KHTML, like Gecko) Chrome/142.0.0.0 Mobile Safari/537.36"
74.7.242.31 - - [13/Feb/2026:16:07:07 +0000] "GET /buy.php?detail/01803044951349 HTTP/1.1" 200 118886 "https://mohamionline.com/buy.php?jp/018011609.html" "Mozilla/5.0 AppleWebKit/537.36 (KHTML, like Gecko; compatible; GPTBot/1.3; +https://openai.com/gptbot)"
135.136.3.76 - - [13/Feb/2026:16:07:10 +0000] "GET /configRBL__fc72c33/Jump/ HTTP/1.1" 200 869 "-" "Mozilla/5.0 (Macintosh; Intel Mac OS X 10_15_7) AppleWebKit/537.36 (KHTML, like Gecko) Chrome/136.0.0.0 Safari/537.36"
74.7.242.31 - - [13/Feb/2026:16:07:10 +0000] "GET /buy.php?detail/01401641936119 HTTP/1.1" 200 128713 "https://mohamionline.com/buy.php?detail/01401541887252" "Mozilla/5.0 AppleWebKit/537.36 (KHTML, like Gecko; compatible; GPTBot/1.3; +https://openai.com/gptbot)"
74.7.242.31 - - [13/Feb/2026:16:07:13 +0000] "GET /buy.php?detail/14903703661221 HTTP/1.1" 200 119671 "https://mohamionline.com/buy.php?detail/06001559671579" "Mozilla/5.0 AppleWebKit/537.36 (KHTML, like Gecko; compatible; GPTBot/1.3; +https://openai.com/gptbot)"
74.7.242.31 - - [13/Feb/2026:16:07:15 +0000] "GET /buy.php?detail/05400505179868 HTTP/1.1" 200 125381 "https://mohamionline.com/buy.php?detail/05400537531170" "Mozilla/5.0 AppleWebKit/537.36 (KHTML, like Gecko; compatible; GPTBot/1.3; +https://openai.com/gptbot)"
74.7.242.31 - - [13/Feb/2026:16:07:18 +0000] "GET /buy.php?detail/21304655585363 HTTP/1.1" 200 120612 "https://mohamionline.com/buy.php?detail/05704909701331" "Mozilla/5.0 AppleWebKit/537.36 (KHTML, like Gecko; compatible; GPTBot/1.3; +https://openai.com/gptbot)"
74.7.242.31 - - [13/Feb/2026:16:07:22 +0000] "GET /buy.php?detail/07300908491791 HTTP/1.1" 200 118800 "https://mohamionline.com/buy.php?detail/05704909701331" "Mozilla/5.0 AppleWebKit/537.36 (KHTML, like Gecko; compatible; GPTBot/1.3; +https://openai.com/gptbot)"
74.7.242.31 - - [13/Feb/2026:16:07:25 +0000] "GET /buy.php?detail/08200893884764 HTTP/1.1" 200 119331 "https://mohamionline.com/buy.php?detail/08200886672420" "Mozilla/5.0 AppleWebKit/537.36 (KHTML, like Gecko; compatible; GPTBot/1.3; +https://openai.com/gptbot)"
74.7.242.31 - - [13/Feb/2026:16:07:28 +0000] "GET /buy.php?jp/073009084.html HTTP/1.1" 200 119052 "https://mohamionline.com/buy.php?detail/07300908491791" "Mozilla/5.0 AppleWebKit/537.36 (KHTML, like Gecko; compatible; GPTBot/1.3; +https://openai.com/gptbot)"
74.7.242.31 - - [13/Feb/2026:16:07:31 +0000] "GET /buy.php?detail/18700024395628 HTTP/1.1" 200 121750 "https://mohamionline.com/buy.php?detail/18700736771855" "Mozilla/5.0 AppleWebKit/537.36 (KHTML, like Gecko; compatible; GPTBot/1.3; +https://openai.com/gptbot)"
74.7.242.31 - - [13/Feb/2026:16:07:34 +0000] "GET /buy.php?detail/21301300350205 HTTP/1.1" 200 118852 "https://mohamionline.com/buy.php?detail/21304543325420" "Mozilla/5.0 AppleWebKit/537.36 (KHTML, like Gecko; compatible; GPTBot/1.3; +https://openai.com/gptbot)"
74.7.242.31 - - [13/Feb/2026:16:07:38 +0000] "GET /buy.php?goods/104048943 HTTP/1.1" 200 135411 "https://mohamionline.com/buy.php?detail/23601744484593" "Mozilla/5.0 AppleWebKit/537.36 (KHTML, like Gecko; compatible; GPTBot/1.3; +https://openai.com/gptbot)"
74.7.242.31 - - [13/Feb/2026:16:07:41 +0000] "GET /buy.php?detail/04303031819298 HTTP/1.1" 200 127073 "https://mohamionline.com/buy.php?detail/04303066699259" "Mozilla/5.0 AppleWebKit/537.36 (KHTML, like Gecko; compatible; GPTBot/1.3; +https://openai.com/gptbot)"
114.119.155.180 - - [13/Feb/2026:16:07:46 +0000] "GET /goods.php?shop/pg/223seemingly/42959 HTTP/1.1" 404 - "http://mohamionline.com/goods.php?sitemap803.xml" "Mozilla/5.0 (Linux; Android 7.0;) AppleWebKit/537.36 (KHTML, like Gecko) Mobile Safari/537.36 (compatible; PetalBot;+https://webmaster.petalsearch.com/site/petalbot)"
74.7.242.31 - - [13/Feb/2026:16:07:44 +0000] "GET /buy.php?detail/02302087330316 HTTP/1.1" 200 120364 "https://mohamionline.com/buy.php?detail/01803044951349" "Mozilla/5.0 AppleWebKit/537.36 (KHTML, like Gecko; compatible; GPTBot/1.3; +https://openai.com/gptbot)"
74.7.242.31 - - [13/Feb/2026:16:07:46 +0000] "GET /buy.php?detail/10302104130297 HTTP/1.1" 200 122533 "https://mohamionline.com/buy.php?detail/10301991749723" "Mozilla/5.0 AppleWebKit/537.36 (KHTML, like Gecko; compatible; GPTBot/1.3; +https://openai.com/gptbot)"
74.7.242.31 - - [13/Feb/2026:16:07:50 +0000] "GET /buy.php?goods/149037210 HTTP/1.1" 200 120442 "https://mohamionline.com/buy.php?detail/14903703661221" "Mozilla/5.0 AppleWebKit/537.36 (KHTML, like Gecko; compatible; GPTBot/1.3; +https://openai.com/gptbot)"
74.7.242.31 - - [13/Feb/2026:16:07:52 +0000] "GET /buy.php?detail/05400455503696 HTTP/1.1" 200 125487 "https://mohamionline.com/buy.php?detail/05400505179868" "Mozilla/5.0 AppleWebKit/537.36 (KHTML, like Gecko; compatible; GPTBot/1.3; +https://openai.com/gptbot)"
74.7.242.31 - - [13/Feb/2026:16:07:55 +0000] "GET /buy.php?detail/05400454690298 HTTP/1.1" 200 125850 "https://mohamionline.com/buy.php?detail/05400505179868" "Mozilla/5.0 AppleWebKit/537.36 (KHTML, like Gecko; compatible; GPTBot/1.3; +https://openai.com/gptbot)"
74.7.242.31 - - [13/Feb/2026:16:07:58 +0000] "GET /buy.php?detail/13703031010994 HTTP/1.1" 200 120335 "https://mohamionline.com/buy.php?detail/07300908491791" "Mozilla/5.0 AppleWebKit/537.36 (KHTML, like Gecko; compatible; GPTBot/1.3; +https://openai.com/gptbot)"
74.7.242.31 - - [13/Feb/2026:16:08:01 +0000] "GET /buy.php?jp/223034042.html HTTP/1.1" 200 125014 "https://mohamionline.com/buy.php?detail/08200893884764" "Mozilla/5.0 AppleWebKit/537.36 (KHTML, like Gecko; compatible; GPTBot/1.3; +https://openai.com/gptbot)"
74.7.242.31 - - [13/Feb/2026:16:08:04 +0000] "GET /buy.php?detail/18700710679706 HTTP/1.1" 200 121640 "https://mohamionline.com/buy.php?detail/18700024395628" "Mozilla/5.0 AppleWebKit/537.36 (KHTML, like Gecko; compatible; GPTBot/1.3; +https://openai.com/gptbot)"
74.7.242.31 - - [13/Feb/2026:16:08:07 +0000] "GET /buy.php?detail/14903720214197 HTTP/1.1" 200 119158 "https://mohamionline.com/buy.php?detail/14903703661221" "Mozilla/5.0 AppleWebKit/537.36 (KHTML, like Gecko; compatible; GPTBot/1.3; +https://openai.com/gptbot)"
74.7.242.31 - - [13/Feb/2026:16:08:09 +0000] "GET /buy.php?detail/10404897234480 HTTP/1.1" 200 121731 "https://mohamionline.com/buy.php?goods/104048943" "Mozilla/5.0 AppleWebKit/537.36 (KHTML, like Gecko; compatible; GPTBot/1.3; +https://openai.com/gptbot)"
74.7.242.31 - - [13/Feb/2026:16:08:12 +0000] "GET /buy.php?detail/07300947808730 HTTP/1.1" 200 117934 "https://mohamionline.com/buy.php?detail/07300908491791" "Mozilla/5.0 AppleWebKit/537.36 (KHTML, like Gecko; compatible; GPTBot/1.3; +https://openai.com/gptbot)"
74.7.242.31 - - [13/Feb/2026:16:08:15 +0000] "GET /buy.php?detail/03800923473036 HTTP/1.1" 200 122322 "https://mohamionline.com/buy.php?detail/02302087330316" "Mozilla/5.0 AppleWebKit/537.36 (KHTML, like Gecko; compatible; GPTBot/1.3; +https://openai.com/gptbot)"
74.7.242.31 - - [13/Feb/2026:16:08:18 +0000] "GET /buy.php?detail/02302048324513 HTTP/1.1" 200 120250 "https://mohamionline.com/buy.php?detail/02302087330316" "Mozilla/5.0 AppleWebKit/537.36 (KHTML, like Gecko; compatible; GPTBot/1.3; +https://openai.com/gptbot)"
74.7.242.31 - - [13/Feb/2026:16:08:21 +0000] "GET /buy.php?detail/10302031369445 HTTP/1.1" 200 122695 "https://mohamionline.com/buy.php?detail/10302104130297" "Mozilla/5.0 AppleWebKit/537.36 (KHTML, like Gecko; compatible; GPTBot/1.3; +https://openai.com/gptbot)"
74.7.242.31 - - [13/Feb/2026:16:08:24 +0000] "GET /buy.php?detail/05400515956594 HTTP/1.1" 200 124929 "https://mohamionline.com/buy.php?detail/05400455503696" "Mozilla/5.0 AppleWebKit/537.36 (KHTML, like Gecko; compatible; GPTBot/1.3; +https://openai.com/gptbot)"
74.7.242.31 - - [13/Feb/2026:16:08:27 +0000] "GET /buy.php?detail/05400523886585 HTTP/1.1" 200 124300 "https://mohamionline.com/buy.php?detail/05400454690298" "Mozilla/5.0 AppleWebKit/537.36 (KHTML, like Gecko; compatible; GPTBot/1.3; +https://openai.com/gptbot)"
74.7.242.31 - - [13/Feb/2026:16:08:29 +0000] "GET /buy.php?detail/05400523434707 HTTP/1.1" 200 125847 "https://mohamionline.com/buy.php?detail/05400454690298" "Mozilla/5.0 AppleWebKit/537.36 (KHTML, like Gecko; compatible; GPTBot/1.3; +https://openai.com/gptbot)"
74.7.242.31 - - [13/Feb/2026:16:08:32 +0000] "GET /buy.php?detail/01803058072397 HTTP/1.1" 200 119597 "https://mohamionline.com/buy.php?detail/01803044951349" "Mozilla/5.0 AppleWebKit/537.36 (KHTML, like Gecko; compatible; GPTBot/1.3; +https://openai.com/gptbot)"
74.7.242.31 - - [13/Feb/2026:16:08:35 +0000] "GET /buy.php?detail/18700694504304 HTTP/1.1" 200 121076 "https://mohamionline.com/buy.php?detail/18700710679706" "Mozilla/5.0 AppleWebKit/537.36 (KHTML, like Gecko; compatible; GPTBot/1.3; +https://openai.com/gptbot)"
74.7.242.31 - - [13/Feb/2026:16:08:38 +0000] "GET /buy.php?detail/14903707969013 HTTP/1.1" 200 121210 "https://mohamionline.com/buy.php?detail/14903720214197" "Mozilla/5.0 AppleWebKit/537.36 (KHTML, like Gecko; compatible; GPTBot/1.3; +https://openai.com/gptbot)"
74.7.242.31 - - [13/Feb/2026:16:08:40 +0000] "GET /buy.php?detail/29302082909450 HTTP/1.1" 200 117988 "https://mohamionline.com/buy.php?detail/10404897234480" "Mozilla/5.0 AppleWebKit/537.36 (KHTML, like Gecko; compatible; GPTBot/1.3; +https://openai.com/gptbot)"
74.7.242.31 - - [13/Feb/2026:16:08:44 +0000] "GET /buy.php?detail/10404891956301 HTTP/1.1" 200 141895 "https://mohamionline.com/buy.php?detail/10404897234480" "Mozilla/5.0 AppleWebKit/537.36 (KHTML, like Gecko; compatible; GPTBot/1.3; +https://openai.com/gptbot)"
74.7.242.31 - - [13/Feb/2026:16:08:47 +0000] "GET /buy.php?detail/03800989933878 HTTP/1.1" 200 121602 "https://mohamionline.com/buy.php?detail/03800923473036" "Mozilla/5.0 AppleWebKit/537.36 (KHTML, like Gecko; compatible; GPTBot/1.3; +https://openai.com/gptbot)"
74.7.242.31 - - [13/Feb/2026:16:08:50 +0000] "GET /buy.php?detail/03800989835549 HTTP/1.1" 200 122809 "https://mohamionline.com/buy.php?detail/03800923473036" "Mozilla/5.0 AppleWebKit/537.36 (KHTML, like Gecko; compatible; GPTBot/1.3; +https://openai.com/gptbot)"
74.7.242.31 - - [13/Feb/2026:16:08:52 +0000] "GET /buy.php?detail/04100422518249 HTTP/1.1" 200 118694 "https://mohamionline.com/buy.php?detail/10302031369445" "Mozilla/5.0 AppleWebKit/537.36 (KHTML, like Gecko; compatible; GPTBot/1.3; +https://openai.com/gptbot)"
69.30.223.218 - - [13/Feb/2026:16:08:56 +0000] "GET /wp-content/pla25a50/edit.php HTTP/1.1" 404 - "http://mohamionline.com/wp-content/pla25a50/edit.php" "Mozilla/5.0 (Windows NT 10.0; Win64; x64) AppleWebKit/537.36 (KHTML, like Gecko) Chrome/58.0.3029.110 Safari/537.3"
74.7.242.31 - - [13/Feb/2026:16:08:56 +0000] "GET /buy.php?detail/05400530778465 HTTP/1.1" 200 130705 "https://mohamionline.com/buy.php?detail/05400515956594" "Mozilla/5.0 AppleWebKit/537.36 (KHTML, like Gecko; compatible; GPTBot/1.3; +https://openai.com/gptbot)"
74.7.242.31 - - [13/Feb/2026:16:08:59 +0000] "GET /buy.php?detail/11001475762765 HTTP/1.1" 200 121644 "https://mohamionline.com/buy.php?detail/05400515956594" "Mozilla/5.0 AppleWebKit/537.36 (KHTML, like Gecko; compatible; GPTBot/1.3; +https://openai.com/gptbot)"
74.7.242.31 - - [13/Feb/2026:16:09:02 +0000] "GET /buy.php?detail/28403813274844 HTTP/1.1" 200 118025 "https://mohamionline.com/buy.php?detail/05400515956594" "Mozilla/5.0 AppleWebKit/537.36 (KHTML, like Gecko; compatible; GPTBot/1.3; +https://openai.com/gptbot)"
114.119.155.180 - - [13/Feb/2026:16:09:07 +0000] "GET /goods.php?shop/pg/223regain/24533 HTTP/1.1" 404 - "http://mohamionline.com/goods.php?sitemap803.xml" "Mozilla/5.0 (Linux; Android 7.0;) AppleWebKit/537.36 (KHTML, like Gecko) Mobile Safari/537.36 (compatible; PetalBot;+https://webmaster.petalsearch.com/site/petalbot)"
74.7.242.31 - - [13/Feb/2026:16:09:06 +0000] "GET /buy.php?detail/05400583573194 HTTP/1.1" 200 126033 "https://mohamionline.com/buy.php?detail/05400523886585" "Mozilla/5.0 AppleWebKit/537.36 (KHTML, like Gecko; compatible; GPTBot/1.3; +https://openai.com/gptbot)"
74.7.242.31 - - [13/Feb/2026:16:09:09 +0000] "GET /buy.php?detail/03003408524517 HTTP/1.1" 200 121996 "https://mohamionline.com/buy.php?detail/03003416167979" "Mozilla/5.0 AppleWebKit/537.36 (KHTML, like Gecko; compatible; GPTBot/1.3; +https://openai.com/gptbot)"
74.7.242.31 - - [13/Feb/2026:16:09:12 +0000] "GET /buy.php?detail/28704194123119 HTTP/1.1" 200 125641 "https://mohamionline.com/buy.php?detail/03003416351567" "Mozilla/5.0 AppleWebKit/537.36 (KHTML, like Gecko; compatible; GPTBot/1.3; +https://openai.com/gptbot)"
74.7.242.31 - - [13/Feb/2026:16:09:15 +0000] "GET /buy.php?detail/03003408291682 HTTP/1.1" 200 118614 "https://mohamionline.com/buy.php?detail/03003416167979" "Mozilla/5.0 AppleWebKit/537.36 (KHTML, like Gecko; compatible; GPTBot/1.3; +https://openai.com/gptbot)"
74.7.242.31 - - [13/Feb/2026:16:09:18 +0000] "GET /buy.php?detail/17903967311673 HTTP/1.1" 200 118707 "https://mohamionline.com/buy.php?detail/05400515956594" "Mozilla/5.0 AppleWebKit/537.36 (KHTML, like Gecko; compatible; GPTBot/1.3; +https://openai.com/gptbot)"
74.7.242.31 - - [13/Feb/2026:16:09:21 +0000] "GET /buy.php?detail/10301971197230 HTTP/1.1" 200 121806 "https://mohamionline.com/buy.php?detail/10302102373363" "Mozilla/5.0 AppleWebKit/537.36 (KHTML, like Gecko; compatible; GPTBot/1.3; +https://openai.com/gptbot)"
74.7.242.31 - - [13/Feb/2026:16:09:24 +0000] "GET /buy.php?detail/04303031951539 HTTP/1.1" 200 125938 "https://mohamionline.com/buy.php?detail/04303066699259" "Mozilla/5.0 AppleWebKit/537.36 (KHTML, like Gecko; compatible; GPTBot/1.3; +https://openai.com/gptbot)"
74.7.242.31 - - [13/Feb/2026:16:09:27 +0000] "GET /buy.php?detail/04100625150092 HTTP/1.1" 200 122400 "https://mohamionline.com/buy.php?detail/04100422518249" "Mozilla/5.0 AppleWebKit/537.36 (KHTML, like Gecko; compatible; GPTBot/1.3; +https://openai.com/gptbot)"
74.7.242.31 - - [13/Feb/2026:16:09:29 +0000] "GET /buy.php?detail/28604457442536 HTTP/1.1" 200 127929 "https://mohamionline.com/buy.php?detail/05400530778465" "Mozilla/5.0 AppleWebKit/537.36 (KHTML, like Gecko; compatible; GPTBot/1.3; +https://openai.com/gptbot)"
2604:a880:cad:d0::bfa:d001 - - [13/Feb/2026:16:09:33 +0000] "GET /rrysgzgo.php HTTP/1.1" 200 158 "-" "Mozilla/5.0 (Linux; Android 10; K) AppleWebKit/537.36 (KHTML, like Gecko) Chrome/138.0.0.0 Mobile Safari/537.36"
2604:a880:cad:d0::bfa:d001 - - [13/Feb/2026:16:09:35 +0000] "GET /favicon.ico HTTP/1.1" 404 - "http://mohamionline.com/rrysgzgo.php" "Mozilla/5.0 (Linux; Android 10; K) AppleWebKit/537.36 (KHTML, like Gecko) Chrome/138.0.0.0 Mobile Safari/537.36"
2a00:1dc0:caff:90::b3de - - [13/Feb/2026:16:09:35 +0000] "GET /dwnngzmj.php HTTP/1.1" 200 158 "-" "Mozilla/5.0 (Windows NT 10.0; Win64; x64) AppleWebKit/537.36 (KHTML, like Gecko) Chrome/142.0.0.0 Safari/537.36"
74.7.242.31 - - [13/Feb/2026:16:09:32 +0000] "GET /buy.php?detail/11001446453914 HTTP/1.1" 200 127865 "https://mohamionline.com/buy.php?detail/11001475762765" "Mozilla/5.0 AppleWebKit/537.36 (KHTML, like Gecko; compatible; GPTBot/1.3; +https://openai.com/gptbot)"
2400:6180:10:200::65f2:0 - - [13/Feb/2026:16:09:37 +0000] "GET /vywdrniz.php HTTP/1.1" 200 158 "-" "Mozilla/5.0 (Linux; Android 10; K) AppleWebKit/537.36 (KHTML, like Gecko) Chrome/138.0.0.0 Mobile Safari/537.36"
74.7.242.31 - - [13/Feb/2026:16:09:36 +0000] "GET /buy.php?detail/11001445757669 HTTP/1.1" 200 128556 "https://mohamionline.com/buy.php?detail/11001475762765" "Mozilla/5.0 AppleWebKit/537.36 (KHTML, like Gecko; compatible; GPTBot/1.3; +https://openai.com/gptbot)"
2a00:1dc0:caff:90::b3de - - [13/Feb/2026:16:09:39 +0000] "GET /favicon.ico HTTP/1.1" 404 - "http://mohamionline.com/dwnngzmj.php" "Mozilla/5.0 (Windows NT 10.0; Win64; x64) AppleWebKit/537.36 (KHTML, like Gecko) Chrome/142.0.0.0 Safari/537.36"
74.7.242.31 - - [13/Feb/2026:16:09:39 +0000] "GET /buy.php?detail/29302149834981 HTTP/1.1" 200 121405 "https://mohamionline.com/buy.php?detail/29302082909450" "Mozilla/5.0 AppleWebKit/537.36 (KHTML, like Gecko; compatible; GPTBot/1.3; +https://openai.com/gptbot)"
2400:6180:10:200::65f2:0 - - [13/Feb/2026:16:09:42 +0000] "GET /favicon.ico HTTP/1.1" 404 - "http://mohamionline.com/vywdrniz.php" "Mozilla/5.0 (Linux; Android 10; K) AppleWebKit/537.36 (KHTML, like Gecko) Chrome/138.0.0.0 Mobile Safari/537.36"
74.7.242.31 - - [13/Feb/2026:16:09:41 +0000] "GET /buy.php?detail/04303032137849 HTTP/1.1" 200 126818 "https://mohamionline.com/buy.php?detail/04303066699259" "Mozilla/5.0 AppleWebKit/537.36 (KHTML, like Gecko; compatible; GPTBot/1.3; +https://openai.com/gptbot)"
92.40.205.84 - - [13/Feb/2026:16:09:46 +0000] "GET /favicon.ico HTTP/1.1" 404 - "http://mohamionline.com/mhfdcaxt.php" "Mozilla/5.0 (Macintosh; Intel Mac OS X 10_15_7) AppleWebKit/605.1.15 (KHTML, like Gecko) Version/18.4 Safari/605.1.15"
74.7.242.31 - - [13/Feb/2026:16:09:44 +0000] "GET /buy.php?goods/043029902 HTTP/1.1" 200 122658 "https://mohamionline.com/buy.php?detail/28704194123119" "Mozilla/5.0 AppleWebKit/537.36 (KHTML, like Gecko; compatible; GPTBot/1.3; +https://openai.com/gptbot)"
74.7.242.31 - - [13/Feb/2026:16:09:47 +0000] "GET /buy.php?detail/03003395345203 HTTP/1.1" 200 117516 "https://mohamionline.com/buy.php?detail/03003408291682" "Mozilla/5.0 AppleWebKit/537.36 (KHTML, like Gecko; compatible; GPTBot/1.3; +https://openai.com/gptbot)"
74.7.242.31 - - [13/Feb/2026:16:09:50 +0000] "GET /buy.php?detail/01702668012245 HTTP/1.1" 200 123730 "https://mohamionline.com/buy.php?detail/28704194123119" "Mozilla/5.0 AppleWebKit/537.36 (KHTML, like Gecko; compatible; GPTBot/1.3; +https://openai.com/gptbot)"
92.40.205.84 - - [13/Feb/2026:16:09:54 +0000] "GET /mhfdcaxt.php HTTP/1.1" 200 155 "-" "Mozilla/5.0 (Macintosh; Intel Mac OS X 10_15_7) AppleWebKit/605.1.15 (KHTML, like Gecko) Version/18.4 Safari/605.1.15"
74.7.242.31 - - [13/Feb/2026:16:09:54 +0000] "GET /buy.php?detail/10301741425037 HTTP/1.1" 200 143170 "https://mohamionline.com/buy.php?detail/10301971197230" "Mozilla/5.0 AppleWebKit/537.36 (KHTML, like Gecko; compatible; GPTBot/1.3; +https://openai.com/gptbot)"
74.7.242.31 - - [13/Feb/2026:16:09:56 +0000] "GET /buy.php?detail/19002789527730 HTTP/1.1" 200 124815 "https://mohamionline.com/buy.php?detail/28704194123119" "Mozilla/5.0 AppleWebKit/537.36 (KHTML, like Gecko; compatible; GPTBot/1.3; +https://openai.com/gptbot)"
74.7.242.31 - - [13/Feb/2026:16:10:00 +0000] "GET /buy.php?detail/15900090211293 HTTP/1.1" 200 122164 "https://mohamionline.com/buy.php?detail/04100625150092" "Mozilla/5.0 AppleWebKit/537.36 (KHTML, like Gecko; compatible; GPTBot/1.3; +https://openai.com/gptbot)"
74.7.242.31 - - [13/Feb/2026:16:10:03 +0000] "GET /buy.php?goods/286045907 HTTP/1.1" 200 119491 "https://mohamionline.com/buy.php?detail/28604457442536" "Mozilla/5.0 AppleWebKit/537.36 (KHTML, like Gecko; compatible; GPTBot/1.3; +https://openai.com/gptbot)"
74.7.242.31 - - [13/Feb/2026:16:10:06 +0000] "GET /buy.php?detail/11001864720187 HTTP/1.1" 200 124324 "https://mohamionline.com/buy.php?detail/11001446453914" "Mozilla/5.0 AppleWebKit/537.36 (KHTML, like Gecko; compatible; GPTBot/1.3; +https://openai.com/gptbot)"
74.7.242.31 - - [13/Feb/2026:16:10:09 +0000] "GET /buy.php?detail/11002009188318 HTTP/1.1" 200 120439 "https://mohamionline.com/buy.php?detail/11001445757669" "Mozilla/5.0 AppleWebKit/537.36 (KHTML, like Gecko; compatible; GPTBot/1.3; +https://openai.com/gptbot)"
74.7.242.31 - - [13/Feb/2026:16:10:12 +0000] "GET /buy.php?detail/06102916161202 HTTP/1.1" 200 119982 "https://mohamionline.com/buy.php?detail/11001445757669" "Mozilla/5.0 AppleWebKit/537.36 (KHTML, like Gecko; compatible; GPTBot/1.3; +https://openai.com/gptbot)"
74.7.242.31 - - [13/Feb/2026:16:10:14 +0000] "GET /buy.php?detail/18903088901275 HTTP/1.1" 200 121744 "https://mohamionline.com/buy.php?detail/08200893884764" "Mozilla/5.0 AppleWebKit/537.36 (KHTML, like Gecko; compatible; GPTBot/1.3; +https://openai.com/gptbot)"
74.7.242.31 - - [13/Feb/2026:16:10:17 +0000] "GET /buy.php?detail/04302990561028 HTTP/1.1" 200 126191 "https://mohamionline.com/buy.php?goods/043029902" "Mozilla/5.0 AppleWebKit/537.36 (KHTML, like Gecko; compatible; GPTBot/1.3; +https://openai.com/gptbot)"
74.7.242.31 - - [13/Feb/2026:16:10:21 +0000] "GET /buy.php?detail/03003417840508 HTTP/1.1" 200 121108 "https://mohamionline.com/buy.php?detail/03003395345203" "Mozilla/5.0 AppleWebKit/537.36 (KHTML, like Gecko; compatible; GPTBot/1.3; +https://openai.com/gptbot)"
74.7.242.31 - - [13/Feb/2026:16:10:24 +0000] "GET /buy.php?detail/01702739733000 HTTP/1.1" 200 119584 "https://mohamionline.com/buy.php?detail/01702668012245" "Mozilla/5.0 AppleWebKit/537.36 (KHTML, like Gecko; compatible; GPTBot/1.3; +https://openai.com/gptbot)"
74.7.242.31 - - [13/Feb/2026:16:10:27 +0000] "GET /buy.php?detail/24300074822235 HTTP/1.1" 200 137445 "https://mohamionline.com/buy.php?detail/01702668012245" "Mozilla/5.0 AppleWebKit/537.36 (KHTML, like Gecko; compatible; GPTBot/1.3; +https://openai.com/gptbot)"
114.119.155.10 - - [13/Feb/2026:16:10:32 +0000] "GET /goods.php?shop/pg/223principle/21943 HTTP/1.1" 404 - "http://mohamionline.com/goods.php?sitemap803.xml" "Mozilla/5.0 (Linux; Android 7.0;) AppleWebKit/537.36 (KHTML, like Gecko) Mobile Safari/537.36 (compatible; PetalBot;+https://webmaster.petalsearch.com/site/petalbot)"
74.7.242.31 - - [13/Feb/2026:16:10:30 +0000] "GET /buy.php?detail/19002851402316 HTTP/1.1" 200 166189 "https://mohamionline.com/buy.php?detail/19002789527730" "Mozilla/5.0 AppleWebKit/537.36 (KHTML, like Gecko; compatible; GPTBot/1.3; +https://openai.com/gptbot)"
74.7.242.31 - - [13/Feb/2026:16:10:33 +0000] "GET /buy.php?detail/10400843540468 HTTP/1.1" 200 119432 "https://mohamionline.com/buy.php?detail/10301741425037" "Mozilla/5.0 AppleWebKit/537.36 (KHTML, like Gecko; compatible; GPTBot/1.3; +https://openai.com/gptbot)"
