74.7.242.31 - - [13/Feb/2026:16:10:36 +0000] "GET /buy.php?goods/286044295 HTTP/1.1" 200 117530 "https://mohamionline.com/buy.php?goods/286045907" "Mozilla/5.0 AppleWebKit/537.36 (KHTML, like Gecko; compatible; GPTBot/1.3; +https://openai.com/gptbot)"
74.7.242.31 - - [13/Feb/2026:16:10:38 +0000] "GET /buy.php?detail/10302065603976 HTTP/1.1" 200 138861 "https://mohamionline.com/buy.php?detail/10301741425037" "Mozilla/5.0 AppleWebKit/537.36 (KHTML, like Gecko; compatible; GPTBot/1.3; +https://openai.com/gptbot)"
74.7.242.31 - - [13/Feb/2026:16:10:41 +0000] "GET /buy.php?goods/110015937 HTTP/1.1" 200 128997 "https://mohamionline.com/buy.php?detail/11002009188318" "Mozilla/5.0 AppleWebKit/537.36 (KHTML, like Gecko; compatible; GPTBot/1.3; +https://openai.com/gptbot)"
74.7.242.31 - - [13/Feb/2026:16:10:44 +0000] "GET /buy.php?detail/11001595105877 HTTP/1.1" 200 119208 "https://mohamionline.com/buy.php?detail/11002009188318" "Mozilla/5.0 AppleWebKit/537.36 (KHTML, like Gecko; compatible; GPTBot/1.3; +https://openai.com/gptbot)"
74.7.242.31 - - [13/Feb/2026:16:10:47 +0000] "GET /buy.php?detail/01703270298378 HTTP/1.1" 200 138914 "https://mohamionline.com/buy.php?detail/06102916161202" "Mozilla/5.0 AppleWebKit/537.36 (KHTML, like Gecko; compatible; GPTBot/1.3; +https://openai.com/gptbot)"
74.7.242.31 - - [13/Feb/2026:16:10:51 +0000] "GET /buy.php?detail/04302988994288 HTTP/1.1" 200 126071 "https://mohamionline.com/buy.php?detail/04302990561028" "Mozilla/5.0 AppleWebKit/537.36 (KHTML, like Gecko; compatible; GPTBot/1.3; +https://openai.com/gptbot)"
74.7.242.31 - - [13/Feb/2026:16:10:54 +0000] "GET /buy.php?detail/03003425951004 HTTP/1.1" 200 118569 "https://mohamionline.com/buy.php?detail/03003417840508" "Mozilla/5.0 AppleWebKit/537.36 (KHTML, like Gecko; compatible; GPTBot/1.3; +https://openai.com/gptbot)"
74.7.242.31 - - [13/Feb/2026:16:10:57 +0000] "GET /buy.php?detail/01702701418819 HTTP/1.1" 200 120449 "https://mohamionline.com/buy.php?detail/01702739733000" "Mozilla/5.0 AppleWebKit/537.36 (KHTML, like Gecko; compatible; GPTBot/1.3; +https://openai.com/gptbot)"
74.7.242.31 - - [13/Feb/2026:16:11:00 +0000] "GET /buy.php?detail/24300151464501 HTTP/1.1" 200 123699 "https://mohamionline.com/buy.php?detail/24300074822235" "Mozilla/5.0 AppleWebKit/537.36 (KHTML, like Gecko; compatible; GPTBot/1.3; +https://openai.com/gptbot)"
74.7.242.31 - - [13/Feb/2026:16:11:03 +0000] "GET /buy.php?detail/18401020163075 HTTP/1.1" 200 118981 "https://mohamionline.com/buy.php?detail/01702739733000" "Mozilla/5.0 AppleWebKit/537.36 (KHTML, like Gecko; compatible; GPTBot/1.3; +https://openai.com/gptbot)"
74.7.242.31 - - [13/Feb/2026:16:11:06 +0000] "GET /buy.php?detail/03003426210228 HTTP/1.1" 200 119678 "https://mohamionline.com/buy.php?detail/03003417840508" "Mozilla/5.0 AppleWebKit/537.36 (KHTML, like Gecko; compatible; GPTBot/1.3; +https://openai.com/gptbot)"
74.7.242.31 - - [13/Feb/2026:16:11:09 +0000] "GET /buy.php?detail/04302990244671 HTTP/1.1" 200 122290 "https://mohamionline.com/buy.php?goods/043029902" "Mozilla/5.0 AppleWebKit/537.36 (KHTML, like Gecko; compatible; GPTBot/1.3; +https://openai.com/gptbot)"
74.7.242.31 - - [13/Feb/2026:16:11:13 +0000] "GET /buy.php?detail/10302239773999 HTTP/1.1" 200 119818 "https://mohamionline.com/buy.php?detail/10302065603976" "Mozilla/5.0 AppleWebKit/537.36 (KHTML, like Gecko; compatible; GPTBot/1.3; +https://openai.com/gptbot)"
74.7.242.31 - - [13/Feb/2026:16:11:16 +0000] "GET /buy.php?detail/11002050761067 HTTP/1.1" 200 122931 "https://mohamionline.com/buy.php?goods/110015937" "Mozilla/5.0 AppleWebKit/537.36 (KHTML, like Gecko; compatible; GPTBot/1.3; +https://openai.com/gptbot)"
74.7.242.31 - - [13/Feb/2026:16:11:19 +0000] "GET /buy.php?detail/10302241143077 HTTP/1.1" 200 120589 "https://mohamionline.com/buy.php?detail/10302065603976" "Mozilla/5.0 AppleWebKit/537.36 (KHTML, like Gecko; compatible; GPTBot/1.3; +https://openai.com/gptbot)"
66.249.66.197 - - [13/Feb/2026:16:11:25 +0000] "GET /header.php?merchandises/321109446987 HTTP/1.1" 404 - "-" "Mozilla/5.0 (Linux; Android 6.0.1; Nexus 5X Build/MMB29P) AppleWebKit/537.36 (KHTML, like Gecko) Chrome/144.0.7559.132 Mobile Safari/537.36 (compatible; Googlebot/2.1; +http://www.google.com/bot.html)"
74.7.242.31 - - [13/Feb/2026:16:11:22 +0000] "GET /buy.php?detail/20402114140565 HTTP/1.1" 200 118654 "https://mohamionline.com/buy.php?detail/11001595105877" "Mozilla/5.0 AppleWebKit/537.36 (KHTML, like Gecko; compatible; GPTBot/1.3; +https://openai.com/gptbot)"
74.7.242.31 - - [13/Feb/2026:16:11:25 +0000] "GET /buy.php?detail/26103548841265 HTTP/1.1" 200 119981 "https://mohamionline.com/buy.php?detail/04302988994288" "Mozilla/5.0 AppleWebKit/537.36 (KHTML, like Gecko; compatible; GPTBot/1.3; +https://openai.com/gptbot)"
74.7.242.31 - - [13/Feb/2026:16:11:29 +0000] "GET /buy.php?detail/20501870652658 HTTP/1.1" 200 120017 "https://mohamionline.com/buy.php?detail/04302988994288" "Mozilla/5.0 AppleWebKit/537.36 (KHTML, like Gecko; compatible; GPTBot/1.3; +https://openai.com/gptbot)"
74.7.242.31 - - [13/Feb/2026:16:11:32 +0000] "GET /buy.php?detail/24702303630084 HTTP/1.1" 200 119801 "https://mohamionline.com/buy.php?detail/01702701418819" "Mozilla/5.0 AppleWebKit/537.36 (KHTML, like Gecko; compatible; GPTBot/1.3; +https://openai.com/gptbot)"
74.7.242.31 - - [13/Feb/2026:16:11:35 +0000] "GET /buy.php?detail/27102464790714 HTTP/1.1" 200 120040 "https://mohamionline.com/buy.php?detail/01702701418819" "Mozilla/5.0 AppleWebKit/537.36 (KHTML, like Gecko; compatible; GPTBot/1.3; +https://openai.com/gptbot)"
74.7.241.182 - - [13/Feb/2026:16:11:38 +0000] "GET /robots.txt HTTP/1.1" 404 - "-" "Mozilla/5.0 (Macintosh; Intel Mac OS X 10_15_7) AppleWebKit/537.36 (KHTML, like Gecko) Chrome/131.0.0.0 Safari/537.36; compatible; OAI-SearchBot/1.3; robots.txt; +https://openai.com/searchbot"
74.7.242.31 - - [13/Feb/2026:16:11:38 +0000] "GET /buy.php?detail/12204148080947 HTTP/1.1" 200 123608 "https://mohamionline.com/buy.php?detail/18401020163075" "Mozilla/5.0 AppleWebKit/537.36 (KHTML, like Gecko; compatible; GPTBot/1.3; +https://openai.com/gptbot)"
74.7.242.31 - - [13/Feb/2026:16:11:41 +0000] "GET /buy.php?detail/18403042402611 HTTP/1.1" 200 118977 "https://mohamionline.com/buy.php?detail/18401020163075" "Mozilla/5.0 AppleWebKit/537.36 (KHTML, like Gecko; compatible; GPTBot/1.3; +https://openai.com/gptbot)"
74.7.242.31 - - [13/Feb/2026:16:11:43 +0000] "GET /buy.php?detail/18403042031352 HTTP/1.1" 200 118619 "https://mohamionline.com/buy.php?detail/18401020163075" "Mozilla/5.0 AppleWebKit/537.36 (KHTML, like Gecko; compatible; GPTBot/1.3; +https://openai.com/gptbot)"
74.7.242.31 - - [13/Feb/2026:16:11:46 +0000] "GET /buy.php?detail/24300492414442 HTTP/1.1" 200 122379 "https://mohamionline.com/buy.php?detail/24300151464501" "Mozilla/5.0 AppleWebKit/537.36 (KHTML, like Gecko; compatible; GPTBot/1.3; +https://openai.com/gptbot)"
74.7.242.31 - - [13/Feb/2026:16:11:49 +0000] "GET /buy.php?detail/05700522948806 HTTP/1.1" 200 117375 "https://mohamionline.com/buy.php?detail/06102916161202" "Mozilla/5.0 AppleWebKit/537.36 (KHTML, like Gecko; compatible; GPTBot/1.3; +https://openai.com/gptbot)"
114.119.137.94 - - [13/Feb/2026:16:11:54 +0000] "GET /goods.php?shop/pg/223lady/5645 HTTP/1.1" 404 - "http://mohamionline.com/goods.php?sitemap803.xml" "Mozilla/5.0 (Linux; Android 7.0;) AppleWebKit/537.36 (KHTML, like Gecko) Mobile Safari/537.36 (compatible; PetalBot;+https://webmaster.petalsearch.com/site/petalbot)"
74.7.242.31 - - [13/Feb/2026:16:11:52 +0000] "GET /buy.php?detail/24300491919942 HTTP/1.1" 200 122671 "https://mohamionline.com/buy.php?detail/24300151464501" "Mozilla/5.0 AppleWebKit/537.36 (KHTML, like Gecko; compatible; GPTBot/1.3; +https://openai.com/gptbot)"
74.7.242.31 - - [13/Feb/2026:16:11:55 +0000] "GET /buy.php?goods/142027743 HTTP/1.1" 200 118013 "https://mohamionline.com/buy.php?detail/20402114140565" "Mozilla/5.0 AppleWebKit/537.36 (KHTML, like Gecko; compatible; GPTBot/1.3; +https://openai.com/gptbot)"
74.7.242.31 - - [13/Feb/2026:16:11:58 +0000] "GET /buy.php?detail/05400543469987 HTTP/1.1" 200 125192 "https://mohamionline.com/buy.php?detail/05400523434707" "Mozilla/5.0 AppleWebKit/537.36 (KHTML, like Gecko; compatible; GPTBot/1.3; +https://openai.com/gptbot)"
74.7.242.31 - - [13/Feb/2026:16:12:01 +0000] "GET /buy.php?detail/21800201009259 HTTP/1.1" 200 129791 "https://mohamionline.com/buy.php?detail/20501870652658" "Mozilla/5.0 AppleWebKit/537.36 (KHTML, like Gecko; compatible; GPTBot/1.3; +https://openai.com/gptbot)"
74.7.242.31 - - [13/Feb/2026:16:12:04 +0000] "GET /buy.php?detail/08902190923826 HTTP/1.1" 200 119330 "https://mohamionline.com/buy.php?detail/24702303630084" "Mozilla/5.0 AppleWebKit/537.36 (KHTML, like Gecko; compatible; GPTBot/1.3; +https://openai.com/gptbot)"
95.173.219.10 - - [13/Feb/2026:16:12:07 +0000] "GET /ooexuqdm.php HTTP/1.1" 200 158 "-" "Mozilla/5.0 (Linux; Android 10; K) AppleWebKit/537.36 (KHTML, like Gecko) Chrome/143.0.0.0 Mobile Safari/537.36"
74.7.242.31 - - [13/Feb/2026:16:12:07 +0000] "GET /buy.php?detail/15402372526522 HTTP/1.1" 200 119497 "https://mohamionline.com/buy.php?detail/27102464790714" "Mozilla/5.0 AppleWebKit/537.36 (KHTML, like Gecko; compatible; GPTBot/1.3; +https://openai.com/gptbot)"
95.173.219.10 - - [13/Feb/2026:16:12:09 +0000] "GET /favicon.ico HTTP/1.1" 404 - "http://mohamionline.com/ooexuqdm.php" "Mozilla/5.0 (Linux; Android 10; K) AppleWebKit/537.36 (KHTML, like Gecko) Chrome/143.0.0.0 Mobile Safari/537.36"
74.7.242.31 - - [13/Feb/2026:16:12:09 +0000] "GET /buy.php?detail/12204102310691 HTTP/1.1" 200 117532 "https://mohamionline.com/buy.php?detail/12204148080947" "Mozilla/5.0 AppleWebKit/537.36 (KHTML, like Gecko; compatible; GPTBot/1.3; +https://openai.com/gptbot)"
74.7.242.31 - - [13/Feb/2026:16:12:13 +0000] "GET /buy.php?detail/18401333176497 HTTP/1.1" 200 118784 "https://mohamionline.com/buy.php?detail/18403042402611" "Mozilla/5.0 AppleWebKit/537.36 (KHTML, like Gecko; compatible; GPTBot/1.3; +https://openai.com/gptbot)"
74.7.242.31 - - [13/Feb/2026:16:12:16 +0000] "GET /buy.php?detail/22800643380605 HTTP/1.1" 200 120320 "https://mohamionline.com/buy.php?detail/18403042402611" "Mozilla/5.0 AppleWebKit/537.36 (KHTML, like Gecko; compatible; GPTBot/1.3; +https://openai.com/gptbot)"
74.7.242.31 - - [13/Feb/2026:16:12:19 +0000] "GET /buy.php?detail/24300309954341 HTTP/1.1" 200 123375 "https://mohamionline.com/buy.php?detail/24300492414442" "Mozilla/5.0 AppleWebKit/537.36 (KHTML, like Gecko; compatible; GPTBot/1.3; +https://openai.com/gptbot)"
74.7.242.31 - - [13/Feb/2026:16:12:22 +0000] "GET /buy.php?detail/26101224169901 HTTP/1.1" 200 119074 "https://mohamionline.com/buy.php?detail/12204148080947" "Mozilla/5.0 AppleWebKit/537.36 (KHTML, like Gecko; compatible; GPTBot/1.3; +https://openai.com/gptbot)"
74.7.242.31 - - [13/Feb/2026:16:12:25 +0000] "GET /buy.php?detail/14304336470192 HTTP/1.1" 200 120687 "https://mohamionline.com/buy.php?detail/24300491919942" "Mozilla/5.0 AppleWebKit/537.36 (KHTML, like Gecko; compatible; GPTBot/1.3; +https://openai.com/gptbot)"
74.7.242.31 - - [13/Feb/2026:16:12:28 +0000] "GET /buy.php?detail/14202391471539 HTTP/1.1" 200 119995 "https://mohamionline.com/buy.php?goods/142027743" "Mozilla/5.0 AppleWebKit/537.36 (KHTML, like Gecko; compatible; GPTBot/1.3; +https://openai.com/gptbot)"
74.7.242.31 - - [13/Feb/2026:16:12:31 +0000] "GET /buy.php?jp/054005544.html HTTP/1.1" 200 130527 "https://mohamionline.com/buy.php?detail/05400543469987" "Mozilla/5.0 AppleWebKit/537.36 (KHTML, like Gecko; compatible; GPTBot/1.3; +https://openai.com/gptbot)"
74.7.242.31 - - [13/Feb/2026:16:12:33 +0000] "GET /buy.php?detail/14202391591077 HTTP/1.1" 200 119298 "https://mohamionline.com/buy.php?goods/142027743" "Mozilla/5.0 AppleWebKit/537.36 (KHTML, like Gecko; compatible; GPTBot/1.3; +https://openai.com/gptbot)"
74.7.242.31 - - [13/Feb/2026:16:12:36 +0000] "GET /buy.php?detail/21800130160554 HTTP/1.1" 200 135015 "https://mohamionline.com/buy.php?detail/21800201009259" "Mozilla/5.0 AppleWebKit/537.36 (KHTML, like Gecko; compatible; GPTBot/1.3; +https://openai.com/gptbot)"
74.7.242.31 - - [13/Feb/2026:16:12:40 +0000] "GET /buy.php?detail/05800259067089 HTTP/1.1" 200 123220 "https://mohamionline.com/buy.php?detail/15402372526522" "Mozilla/5.0 AppleWebKit/537.36 (KHTML, like Gecko; compatible; GPTBot/1.3; +https://openai.com/gptbot)"
74.7.242.31 - - [13/Feb/2026:16:12:43 +0000] "GET /buy.php?goods/154023248 HTTP/1.1" 200 118904 "https://mohamionline.com/buy.php?detail/15402372526522" "Mozilla/5.0 AppleWebKit/537.36 (KHTML, like Gecko; compatible; GPTBot/1.3; +https://openai.com/gptbot)"
74.7.242.31 - - [13/Feb/2026:16:12:46 +0000] "GET /buy.php?detail/06503495699988 HTTP/1.1" 200 119811 "https://mohamionline.com/buy.php?detail/12204102310691" "Mozilla/5.0 AppleWebKit/537.36 (KHTML, like Gecko; compatible; GPTBot/1.3; +https://openai.com/gptbot)"
74.7.242.31 - - [13/Feb/2026:16:12:49 +0000] "GET /buy.php?detail/08803960746067 HTTP/1.1" 200 128166 "https://mohamionline.com/buy.php?detail/18401333176497" "Mozilla/5.0 AppleWebKit/537.36 (KHTML, like Gecko; compatible; GPTBot/1.3; +https://openai.com/gptbot)"
74.7.242.31 - - [13/Feb/2026:16:12:53 +0000] "GET /buy.php?detail/24300080962512 HTTP/1.1" 200 123745 "https://mohamionline.com/buy.php?detail/24300309954341" "Mozilla/5.0 AppleWebKit/537.36 (KHTML, like Gecko; compatible; GPTBot/1.3; +https://openai.com/gptbot)"
43.158.91.71 - - [13/Feb/2026:16:12:56 +0000] "GET /195499__fc72c33/ HTTP/1.1" 200 655 "-" "Mozilla/5.0 (iPhone; CPU iPhone OS 13_2_3 like Mac OS X) AppleWebKit/605.1.15 (KHTML, like Gecko) Version/13.0.3 Mobile/15E148 Safari/604.1"
74.7.242.31 - - [13/Feb/2026:16:12:56 +0000] "GET /buy.php?detail/06600490524906 HTTP/1.1" 200 118012 "https://mohamionline.com/buy.php?detail/18403042031352" "Mozilla/5.0 AppleWebKit/537.36 (KHTML, like Gecko; compatible; GPTBot/1.3; +https://openai.com/gptbot)"
74.7.242.31 - - [13/Feb/2026:16:12:59 +0000] "GET /buy.php?detail/14304367639177 HTTP/1.1" 200 125150 "https://mohamionline.com/buy.php?detail/14304336470192" "Mozilla/5.0 AppleWebKit/537.36 (KHTML, like Gecko; compatible; GPTBot/1.3; +https://openai.com/gptbot)"
74.7.242.31 - - [13/Feb/2026:16:13:02 +0000] "GET /buy.php?detail/14202779426080 HTTP/1.1" 200 118672 "https://mohamionline.com/buy.php?detail/14202391471539" "Mozilla/5.0 AppleWebKit/537.36 (KHTML, like Gecko; compatible; GPTBot/1.3; +https://openai.com/gptbot)"
74.7.242.31 - - [13/Feb/2026:16:13:05 +0000] "GET /buy.php?detail/02502962268029 HTTP/1.1" 200 119422 "https://mohamionline.com/buy.php?jp/054005544.html" "Mozilla/5.0 AppleWebKit/537.36 (KHTML, like Gecko; compatible; GPTBot/1.3; +https://openai.com/gptbot)"
74.7.242.31 - - [13/Feb/2026:16:13:08 +0000] "GET /buy.php?detail/20004209262088 HTTP/1.1" 200 120494 "https://mohamionline.com/buy.php?detail/24702303630084" "Mozilla/5.0 AppleWebKit/537.36 (KHTML, like Gecko; compatible; GPTBot/1.3; +https://openai.com/gptbot)"
74.7.242.31 - - [13/Feb/2026:16:13:12 +0000] "GET /buy.php?detail/18403031937375 HTTP/1.1" 200 118222 "https://mohamionline.com/buy.php?detail/18403042031352" "Mozilla/5.0 AppleWebKit/537.36 (KHTML, like Gecko; compatible; GPTBot/1.3; +https://openai.com/gptbot)"
74.7.242.31 - - [13/Feb/2026:16:13:15 +0000] "GET /buy.php?detail/18403060303120 HTTP/1.1" 200 118840 "https://mohamionline.com/buy.php?detail/18401333176497" "Mozilla/5.0 AppleWebKit/537.36 (KHTML, like Gecko; compatible; GPTBot/1.3; +https://openai.com/gptbot)"
114.119.153.209 - - [13/Feb/2026:16:13:18 +0000] "GET /goods.php?shop/pg/223grow/35579 HTTP/1.1" 404 - "http://mohamionline.com/goods.php?sitemap803.xml" "Mozilla/5.0 (Linux; Android 7.0;) AppleWebKit/537.36 (KHTML, like Gecko) Mobile Safari/537.36 (compatible; PetalBot;+https://webmaster.petalsearch.com/site/petalbot)"
74.7.242.31 - - [13/Feb/2026:16:13:18 +0000] "GET /buy.php?detail/26703790119014 HTTP/1.1" 200 119923 "https://mohamionline.com/buy.php?detail/02200001637109" "Mozilla/5.0 AppleWebKit/537.36 (KHTML, like Gecko; compatible; GPTBot/1.3; +https://openai.com/gptbot)"
74.7.242.31 - - [13/Feb/2026:16:13:21 +0000] "GET /buy.php?detail/14903680508928 HTTP/1.1" 200 119604 "https://mohamionline.com/buy.php?detail/14903707969013" "Mozilla/5.0 AppleWebKit/537.36 (KHTML, like Gecko; compatible; GPTBot/1.3; +https://openai.com/gptbot)"
74.7.242.31 - - [13/Feb/2026:16:13:24 +0000] "GET /buy.php?detail/03704575606760 HTTP/1.1" 200 130437 "https://mohamionline.com/buy.php?detail/08803960746067" "Mozilla/5.0 AppleWebKit/537.36 (KHTML, like Gecko; compatible; GPTBot/1.3; +https://openai.com/gptbot)"
74.7.242.31 - - [13/Feb/2026:16:13:27 +0000] "GET /buy.php?detail/24300158444641 HTTP/1.1" 200 123291 "https://mohamionline.com/buy.php?detail/24300080962512" "Mozilla/5.0 AppleWebKit/537.36 (KHTML, like Gecko; compatible; GPTBot/1.3; +https://openai.com/gptbot)"
74.7.242.31 - - [13/Feb/2026:16:13:30 +0000] "GET /buy.php?detail/08800282025637 HTTP/1.1" 200 120867 "https://mohamionline.com/buy.php?detail/08803960746067" "Mozilla/5.0 AppleWebKit/537.36 (KHTML, like Gecko; compatible; GPTBot/1.3; +https://openai.com/gptbot)"
74.7.242.31 - - [13/Feb/2026:16:13:33 +0000] "GET /buy.php?detail/20001096985289 HTTP/1.1" 200 135901 "https://mohamionline.com/buy.php?detail/14304367639177" "Mozilla/5.0 AppleWebKit/537.36 (KHTML, like Gecko; compatible; GPTBot/1.3; +https://openai.com/gptbot)"
85.208.96.202 - - [13/Feb/2026:16:13:36 +0000] "GET /robots.txt HTTP/1.1" 404 - "-" "Mozilla/5.0 (compatible; SemrushBot/7~bl; +http://www.semrush.com/bot.html)"
85.208.96.198 - - [13/Feb/2026:16:13:36 +0000] "GET /beta/moh2/index.php?id=3290&option=com_k2&task=user&view=itemlist HTTP/1.1" 404 - "-" "Mozilla/5.0 (compatible; SemrushBot/7~bl; +http://www.semrush.com/bot.html)"
74.7.242.31 - - [13/Feb/2026:16:13:36 +0000] "GET /buy.php?detail/14202763341115 HTTP/1.1" 200 118632 "https://mohamionline.com/buy.php?detail/14202779426080" "Mozilla/5.0 AppleWebKit/537.36 (KHTML, like Gecko; compatible; GPTBot/1.3; +https://openai.com/gptbot)"
74.7.242.31 - - [13/Feb/2026:16:13:39 +0000] "GET /buy.php?detail/08802482568247 HTTP/1.1" 200 145981 "https://mohamionline.com/buy.php?detail/14202779426080" "Mozilla/5.0 AppleWebKit/537.36 (KHTML, like Gecko; compatible; GPTBot/1.3; +https://openai.com/gptbot)"
74.7.242.31 - - [13/Feb/2026:16:13:42 +0000] "GET /buy.php?detail/02501190017891 HTTP/1.1" 200 118757 "https://mohamionline.com/buy.php?detail/02502962268029" "Mozilla/5.0 AppleWebKit/537.36 (KHTML, like Gecko; compatible; GPTBot/1.3; +https://openai.com/gptbot)"
74.7.242.31 - - [13/Feb/2026:16:13:45 +0000] "GET /buy.php?detail/27903594593384 HTTP/1.1" 200 122266 "https://mohamionline.com/buy.php?detail/06600490524906" "Mozilla/5.0 AppleWebKit/537.36 (KHTML, like Gecko; compatible; GPTBot/1.3; +https://openai.com/gptbot)"
74.7.242.31 - - [13/Feb/2026:16:13:48 +0000] "GET /buy.php?detail/18700576635443 HTTP/1.1" 200 120419 "https://mohamionline.com/buy.php?detail/18700024537137" "Mozilla/5.0 AppleWebKit/537.36 (KHTML, like Gecko; compatible; GPTBot/1.3; +https://openai.com/gptbot)"
74.7.242.31 - - [13/Feb/2026:16:13:51 +0000] "GET /buy.php?detail/06600481267399 HTTP/1.1" 200 118531 "https://mohamionline.com/buy.php?detail/06600490524906" "Mozilla/5.0 AppleWebKit/537.36 (KHTML, like Gecko; compatible; GPTBot/1.3; +https://openai.com/gptbot)"
74.7.242.31 - - [13/Feb/2026:16:13:54 +0000] "GET /buy.php?detail/03701517234858 HTTP/1.1" 200 121541 "https://mohamionline.com/buy.php?detail/18700706758425" "Mozilla/5.0 AppleWebKit/537.36 (KHTML, like Gecko; compatible; GPTBot/1.3; +https://openai.com/gptbot)"
74.7.242.31 - - [13/Feb/2026:16:13:57 +0000] "GET /buy.php?detail/03704561196333 HTTP/1.1" 200 128790 "https://mohamionline.com/buy.php?detail/03704575606760" "Mozilla/5.0 AppleWebKit/537.36 (KHTML, like Gecko; compatible; GPTBot/1.3; +https://openai.com/gptbot)"
74.7.242.31 - - [13/Feb/2026:16:14:00 +0000] "GET /buy.php?detail/24300065343774 HTTP/1.1" 200 134657 "https://mohamionline.com/buy.php?detail/24300158444641" "Mozilla/5.0 AppleWebKit/537.36 (KHTML, like Gecko; compatible; GPTBot/1.3; +https://openai.com/gptbot)"
74.7.242.31 - - [13/Feb/2026:16:14:03 +0000] "GET /buy.php?detail/12102025678106 HTTP/1.1" 200 131396 "https://mohamionline.com/buy.php?detail/08800282025637" "Mozilla/5.0 AppleWebKit/537.36 (KHTML, like Gecko; compatible; GPTBot/1.3; +https://openai.com/gptbot)"
74.7.242.31 - - [13/Feb/2026:16:14:06 +0000] "GET /buy.php?detail/20001000274288 HTTP/1.1" 200 126581 "https://mohamionline.com/buy.php?detail/20001096985289" "Mozilla/5.0 AppleWebKit/537.36 (KHTML, like Gecko; compatible; GPTBot/1.3; +https://openai.com/gptbot)"
74.7.242.31 - - [13/Feb/2026:16:14:09 +0000] "GET /buy.php?detail/14202789828222 HTTP/1.1" 200 118865 "https://mohamionline.com/buy.php?detail/14202763341115" "Mozilla/5.0 AppleWebKit/537.36 (KHTML, like Gecko; compatible; GPTBot/1.3; +https://openai.com/gptbot)"
74.7.242.31 - - [13/Feb/2026:16:14:12 +0000] "GET /buy.php?detail/24600768418551 HTTP/1.1" 200 120182 "https://mohamionline.com/buy.php?detail/10302065603976" "Mozilla/5.0 AppleWebKit/537.36 (KHTML, like Gecko; compatible; GPTBot/1.3; +https://openai.com/gptbot)"
74.7.242.31 - - [13/Feb/2026:16:14:15 +0000] "GET /buy.php?detail/05400459431762 HTTP/1.1" 200 125030 "https://mohamionline.com/buy.php?jp/054005544.html" "Mozilla/5.0 AppleWebKit/537.36 (KHTML, like Gecko; compatible; GPTBot/1.3; +https://openai.com/gptbot)"
74.7.242.31 - - [13/Feb/2026:16:14:20 +0000] "GET /buy.php?detail/14903733684462 HTTP/1.1" 200 119941 "https://mohamionline.com/buy.php?detail/14903703661221" "Mozilla/5.0 AppleWebKit/537.36 (KHTML, like Gecko; compatible; GPTBot/1.3; +https://openai.com/gptbot)"
74.7.242.31 - - [13/Feb/2026:16:14:23 +0000] "GET /buy.php?detail/10301867564121 HTTP/1.1" 200 124839 "https://mohamionline.com/buy.php?detail/10302102984920" "Mozilla/5.0 AppleWebKit/537.36 (KHTML, like Gecko; compatible; GPTBot/1.3; +https://openai.com/gptbot)"
74.7.242.31 - - [13/Feb/2026:16:14:26 +0000] "GET /buy.php?detail/07300953143621 HTTP/1.1" 200 118248 "https://mohamionline.com/buy.php?detail/07300947808730" "Mozilla/5.0 AppleWebKit/537.36 (KHTML, like Gecko; compatible; GPTBot/1.3; +https://openai.com/gptbot)"
74.7.242.31 - - [13/Feb/2026:16:14:30 +0000] "GET /buy.php?detail/04304001793625 HTTP/1.1" 200 132863 "https://mohamionline.com/buy.php?detail/03701517234858" "Mozilla/5.0 AppleWebKit/537.36 (KHTML, like Gecko; compatible; GPTBot/1.3; +https://openai.com/gptbot)"
74.7.242.31 - - [13/Feb/2026:16:14:32 +0000] "GET /buy.php?detail/03704586917666 HTTP/1.1" 200 125920 "https://mohamionline.com/buy.php?detail/03704561196333" "Mozilla/5.0 AppleWebKit/537.36 (KHTML, like Gecko; compatible; GPTBot/1.3; +https://openai.com/gptbot)"
74.7.242.31 - - [13/Feb/2026:16:14:35 +0000] "GET /buy.php?detail/03701801514577 HTTP/1.1" 200 120988 "https://mohamionline.com/buy.php?detail/03701517234858" "Mozilla/5.0 AppleWebKit/537.36 (KHTML, like Gecko; compatible; GPTBot/1.3; +https://openai.com/gptbot)"
74.7.242.31 - - [13/Feb/2026:16:14:39 +0000] "GET /buy.php?detail/12102034953777 HTTP/1.1" 200 126427 "https://mohamionline.com/buy.php?detail/12102025678106" "Mozilla/5.0 AppleWebKit/537.36 (KHTML, like Gecko; compatible; GPTBot/1.3; +https://openai.com/gptbot)"
114.119.141.191 - - [13/Feb/2026:16:14:45 +0000] "GET /goods.php?shop/pg/223electrical/16287 HTTP/1.1" 404 - "http://mohamionline.com/goods.php?sitemap803.xml" "Mozilla/5.0 (Linux; Android 7.0;) AppleWebKit/537.36 (KHTML, like Gecko) Mobile Safari/537.36 (compatible; PetalBot;+https://webmaster.petalsearch.com/site/petalbot)"
74.7.242.31 - - [13/Feb/2026:16:14:42 +0000] "GET /buy.php?detail/20002599725283 HTTP/1.1" 200 137777 "https://mohamionline.com/buy.php?detail/20001000274288" "Mozilla/5.0 AppleWebKit/537.36 (KHTML, like Gecko; compatible; GPTBot/1.3; +https://openai.com/gptbot)"
74.7.242.31 - - [13/Feb/2026:16:14:45 +0000] "GET /buy.php?detail/20002603498136 HTTP/1.1" 200 137531 "https://mohamionline.com/buy.php?detail/20001000274288" "Mozilla/5.0 AppleWebKit/537.36 (KHTML, like Gecko; compatible; GPTBot/1.3; +https://openai.com/gptbot)"
74.7.242.31 - - [13/Feb/2026:16:14:48 +0000] "GET /buy.php?detail/05000068633295 HTTP/1.1" 200 120259 "https://mohamionline.com/buy.php?detail/24300065343774" "Mozilla/5.0 AppleWebKit/537.36 (KHTML, like Gecko; compatible; GPTBot/1.3; +https://openai.com/gptbot)"
74.7.242.31 - - [13/Feb/2026:16:14:51 +0000] "GET /buy.php?detail/05400499149176 HTTP/1.1" 200 130254 "https://mohamionline.com/buy.php?detail/05400459431762" "Mozilla/5.0 AppleWebKit/537.36 (KHTML, like Gecko; compatible; GPTBot/1.3; +https://openai.com/gptbot)"
74.7.242.31 - - [13/Feb/2026:16:14:54 +0000] "GET /buy.php?detail/17803494354643 HTTP/1.1" 200 123829 "https://mohamionline.com/buy.php?detail/03701517234858" "Mozilla/5.0 AppleWebKit/537.36 (KHTML, like Gecko; compatible; GPTBot/1.3; +https://openai.com/gptbot)"
74.7.242.31 - - [13/Feb/2026:16:14:57 +0000] "GET /buy.php?detail/16500002858948 HTTP/1.1" 200 119539 "https://mohamionline.com/buy.php?detail/05400459431762" "Mozilla/5.0 AppleWebKit/537.36 (KHTML, like Gecko; compatible; GPTBot/1.3; +https://openai.com/gptbot)"
74.7.242.31 - - [13/Feb/2026:16:15:00 +0000] "GET /buy.php?detail/14903716375414 HTTP/1.1" 200 119396 "https://mohamionline.com/buy.php?detail/14903733684462" "Mozilla/5.0 AppleWebKit/537.36 (KHTML, like Gecko; compatible; GPTBot/1.3; +https://openai.com/gptbot)"
74.7.242.31 - - [13/Feb/2026:16:15:03 +0000] "GET /buy.php?detail/24600805211708 HTTP/1.1" 200 118303 "https://mohamionline.com/buy.php?detail/24600768418551" "Mozilla/5.0 AppleWebKit/537.36 (KHTML, like Gecko; compatible; GPTBot/1.3; +https://openai.com/gptbot)"
74.7.242.31 - - [13/Feb/2026:16:15:06 +0000] "GET /buy.php?detail/03704550943551 HTTP/1.1" 200 123830 "https://mohamionline.com/buy.php?detail/03704586917666" "Mozilla/5.0 AppleWebKit/537.36 (KHTML, like Gecko; compatible; GPTBot/1.3; +https://openai.com/gptbot)"
74.7.242.31 - - [13/Feb/2026:16:15:09 +0000] "GET /buy.php?goods/037014582 HTTP/1.1" 200 121012 "https://mohamionline.com/buy.php?detail/03701801514577" "Mozilla/5.0 AppleWebKit/537.36 (KHTML, like Gecko; compatible; GPTBot/1.3; +https://openai.com/gptbot)"
74.7.242.31 - - [13/Feb/2026:16:15:12 +0000] "GET /buy.php?detail/03704549096901 HTTP/1.1" 200 134048 "https://mohamionline.com/buy.php?detail/03704586917666" "Mozilla/5.0 AppleWebKit/537.36 (KHTML, like Gecko; compatible; GPTBot/1.3; +https://openai.com/gptbot)"
74.7.242.31 - - [13/Feb/2026:16:15:15 +0000] "GET /buy.php?detail/20001000919482 HTTP/1.1" 200 124651 "https://mohamionline.com/buy.php?detail/20002599725283" "Mozilla/5.0 AppleWebKit/537.36 (KHTML, like Gecko; compatible; GPTBot/1.3; +https://openai.com/gptbot)"
74.7.242.31 - - [13/Feb/2026:16:15:18 +0000] "GET /buy.php?detail/20301503153976 HTTP/1.1" 200 119890 "https://mohamionline.com/buy.php?detail/03704586917666" "Mozilla/5.0 AppleWebKit/537.36 (KHTML, like Gecko; compatible; GPTBot/1.3; +https://openai.com/gptbot)"
74.7.242.31 - - [13/Feb/2026:16:15:21 +0000] "GET /buy.php?detail/08801376500241 HTTP/1.1" 200 119339 "https://mohamionline.com/buy.php?detail/08800282025637" "Mozilla/5.0 AppleWebKit/537.36 (KHTML, like Gecko; compatible; GPTBot/1.3; +https://openai.com/gptbot)"
74.7.242.31 - - [13/Feb/2026:16:15:24 +0000] "GET /buy.php?detail/26402629643061 HTTP/1.1" 200 119386 "https://mohamionline.com/buy.php?detail/05400499149176" "Mozilla/5.0 AppleWebKit/537.36 (KHTML, like Gecko; compatible; GPTBot/1.3; +https://openai.com/gptbot)"
74.7.242.31 - - [13/Feb/2026:16:15:27 +0000] "GET /buy.php?detail/21800246039095 HTTP/1.1" 200 142553 "https://mohamionline.com/buy.php?detail/21800130160554" "Mozilla/5.0 AppleWebKit/537.36 (KHTML, like Gecko; compatible; GPTBot/1.3; +https://openai.com/gptbot)"
74.7.242.31 - - [13/Feb/2026:16:15:31 +0000] "GET /buy.php?detail/16500020314785 HTTP/1.1" 200 119315 "https://mohamionline.com/buy.php?detail/16500002858948" "Mozilla/5.0 AppleWebKit/537.36 (KHTML, like Gecko; compatible; GPTBot/1.3; +https://openai.com/gptbot)"
74.7.242.31 - - [13/Feb/2026:16:15:34 +0000] "GET /buy.php?detail/16500020109827 HTTP/1.1" 200 120115 "https://mohamionline.com/buy.php?detail/16500002858948" "Mozilla/5.0 AppleWebKit/537.36 (KHTML, like Gecko; compatible; GPTBot/1.3; +https://openai.com/gptbot)"
74.7.242.31 - - [13/Feb/2026:16:15:37 +0000] "GET /buy.php?detail/14202779808139 HTTP/1.1" 200 119297 "https://mohamionline.com/buy.php?detail/14202391471539" "Mozilla/5.0 AppleWebKit/537.36 (KHTML, like Gecko; compatible; GPTBot/1.3; +https://openai.com/gptbot)"
74.7.242.31 - - [13/Feb/2026:16:15:40 +0000] "GET /buy.php?detail/05400482467399 HTTP/1.1" 200 130570 "https://mohamionline.com/buy.php?detail/05400583573194" "Mozilla/5.0 AppleWebKit/537.36 (KHTML, like Gecko; compatible; GPTBot/1.3; +https://openai.com/gptbot)"
74.7.242.31 - - [13/Feb/2026:16:15:43 +0000] "GET /buy.php?detail/00603686257919 HTTP/1.1" 200 123917 "https://mohamionline.com/buy.php?detail/03704561196333" "Mozilla/5.0 AppleWebKit/537.36 (KHTML, like Gecko; compatible; GPTBot/1.3; +https://openai.com/gptbot)"
74.7.242.31 - - [13/Feb/2026:16:15:46 +0000] "GET /buy.php?detail/21302260550879 HTTP/1.1" 200 118410 "https://mohamionline.com/buy.php?detail/21302196698177" "Mozilla/5.0 AppleWebKit/537.36 (KHTML, like Gecko; compatible; GPTBot/1.3; +https://openai.com/gptbot)"
74.7.242.31 - - [13/Feb/2026:16:15:49 +0000] "GET /buy.php?detail/15700833131912 HTTP/1.1" 200 164492 "https://mohamionline.com/buy.php?detail/20001000919482" "Mozilla/5.0 AppleWebKit/537.36 (KHTML, like Gecko; compatible; GPTBot/1.3; +https://openai.com/gptbot)"
74.7.242.31 - - [13/Feb/2026:16:15:52 +0000] "GET /buy.php?goods/203017289 HTTP/1.1" 200 125752 "https://mohamionline.com/buy.php?detail/20301503153976" "Mozilla/5.0 AppleWebKit/537.36 (KHTML, like Gecko; compatible; GPTBot/1.3; +https://openai.com/gptbot)"
74.7.242.31 - - [13/Feb/2026:16:15:56 +0000] "GET /buy.php?detail/20301729170186 HTTP/1.1" 200 126906 "https://mohamionline.com/buy.php?detail/20301503153976" "Mozilla/5.0 AppleWebKit/537.36 (KHTML, like Gecko; compatible; GPTBot/1.3; +https://openai.com/gptbot)"
74.7.242.31 - - [13/Feb/2026:16:16:00 +0000] "GET /buy.php?detail/02502910087958 HTTP/1.1" 200 118781 "https://mohamionline.com/buy.php?detail/26402629643061" "Mozilla/5.0 AppleWebKit/537.36 (KHTML, like Gecko; compatible; GPTBot/1.3; +https://openai.com/gptbot)"
114.119.153.209 - - [13/Feb/2026:16:16:05 +0000] "GET /goods.php?shop/pg/222retreat/18112 HTTP/1.1" 404 - "http://mohamionline.com/goods.php?sitemap803.xml" "Mozilla/5.0 (Linux; Android 7.0;) AppleWebKit/537.36 (KHTML, like Gecko) Mobile Safari/537.36 (compatible; PetalBot;+https://webmaster.petalsearch.com/site/petalbot)"
74.7.242.31 - - [13/Feb/2026:16:16:03 +0000] "GET /buy.php?detail/26402657015642 HTTP/1.1" 200 131437 "https://mohamionline.com/buy.php?detail/26402629643061" "Mozilla/5.0 AppleWebKit/537.36 (KHTML, like Gecko; compatible; GPTBot/1.3; +https://openai.com/gptbot)"
74.7.242.31 - - [13/Feb/2026:16:16:06 +0000] "GET /buy.php?detail/16500046513551 HTTP/1.1" 200 120275 "https://mohamionline.com/buy.php?detail/16500020314785" "Mozilla/5.0 AppleWebKit/537.36 (KHTML, like Gecko; compatible; GPTBot/1.3; +https://openai.com/gptbot)"
74.7.242.31 - - [13/Feb/2026:16:16:10 +0000] "GET /buy.php?detail/16500057781741 HTTP/1.1" 200 119332 "https://mohamionline.com/buy.php?detail/16500020109827" "Mozilla/5.0 AppleWebKit/537.36 (KHTML, like Gecko; compatible; GPTBot/1.3; +https://openai.com/gptbot)"
74.7.242.31 - - [13/Feb/2026:16:16:13 +0000] "GET /buy.php?detail/16500046407033 HTTP/1.1" 200 119535 "https://mohamionline.com/buy.php?detail/16500020314785" "Mozilla/5.0 AppleWebKit/537.36 (KHTML, like Gecko; compatible; GPTBot/1.3; +https://openai.com/gptbot)"
74.7.242.31 - - [13/Feb/2026:16:16:16 +0000] "GET /buy.php?detail/29000119527011 HTTP/1.1" 200 127861 "https://mohamionline.com/buy.php?detail/16500020109827" "Mozilla/5.0 AppleWebKit/537.36 (KHTML, like Gecko; compatible; GPTBot/1.3; +https://openai.com/gptbot)"
74.7.242.31 - - [13/Feb/2026:16:16:19 +0000] "GET /buy.php?detail/10200480280943 HTTP/1.1" 200 119256 "https://mohamionline.com/buy.php?detail/21800246039095" "Mozilla/5.0 AppleWebKit/537.36 (KHTML, like Gecko; compatible; GPTBot/1.3; +https://openai.com/gptbot)"
74.7.242.31 - - [13/Feb/2026:16:16:22 +0000] "GET /buy.php?detail/21301231195024 HTTP/1.1" 200 119146 "https://mohamionline.com/buy.php?detail/21302260550879" "Mozilla/5.0 AppleWebKit/537.36 (KHTML, like Gecko; compatible; GPTBot/1.3; +https://openai.com/gptbot)"
74.7.242.31 - - [13/Feb/2026:16:16:25 +0000] "GET /buy.php?detail/08504753470700 HTTP/1.1" 200 118307 "https://mohamionline.com/buy.php?detail/21302260550879" "Mozilla/5.0 AppleWebKit/537.36 (KHTML, like Gecko; compatible; GPTBot/1.3; +https://openai.com/gptbot)"
74.7.242.31 - - [13/Feb/2026:16:16:28 +0000] "GET /buy.php?detail/08300063135041 HTTP/1.1" 200 119344 "https://mohamionline.com/buy.php?goods/203017289" "Mozilla/5.0 AppleWebKit/537.36 (KHTML, like Gecko; compatible; GPTBot/1.3; +https://openai.com/gptbot)"
74.7.242.31 - - [13/Feb/2026:16:16:31 +0000] "GET /buy.php?detail/14202757106702 HTTP/1.1" 200 118599 "https://mohamionline.com/buy.php?detail/14202779808139" "Mozilla/5.0 AppleWebKit/537.36 (KHTML, like Gecko; compatible; GPTBot/1.3; +https://openai.com/gptbot)"
74.7.242.31 - - [13/Feb/2026:16:16:35 +0000] "GET /buy.php?detail/21800147195050 HTTP/1.1" 200 128578 "https://mohamionline.com/buy.php?detail/21800246039095" "Mozilla/5.0 AppleWebKit/537.36 (KHTML, like Gecko; compatible; GPTBot/1.3; +https://openai.com/gptbot)"
74.7.241.182 - - [13/Feb/2026:16:16:38 +0000] "GET /robots.txt HTTP/1.1" 404 - "-" "Mozilla/5.0 (Macintosh; Intel Mac OS X 10_15_7) AppleWebKit/537.36 (KHTML, like Gecko) Chrome/131.0.0.0 Safari/537.36; compatible; OAI-SearchBot/1.3; robots.txt; +https://openai.com/searchbot"
185.191.171.17 - - [13/Feb/2026:16:16:40 +0000] "GET /index.php?id=279&option=com_k2&view=item HTTP/1.1" 404 - "-" "Mozilla/5.0 (compatible; SemrushBot/7~bl; +http://www.semrush.com/bot.html)"
74.7.242.31 - - [13/Feb/2026:16:16:38 +0000] "GET /buy.php?detail/26402672741575 HTTP/1.1" 200 127663 "https://mohamionline.com/buy.php?detail/26402657015642" "Mozilla/5.0 AppleWebKit/537.36 (KHTML, like Gecko; compatible; GPTBot/1.3; +https://openai.com/gptbot)"
74.7.242.31 - - [13/Feb/2026:16:16:42 +0000] "GET /buy.php?detail/26402671943243 HTTP/1.1" 200 159371 "https://mohamionline.com/buy.php?detail/26402657015642" "Mozilla/5.0 AppleWebKit/537.36 (KHTML, like Gecko; compatible; GPTBot/1.3; +https://openai.com/gptbot)"
74.7.242.31 - - [13/Feb/2026:16:16:45 +0000] "GET /buy.php?detail/16500045851971 HTTP/1.1" 200 119459 "https://mohamionline.com/buy.php?detail/16500057781741" "Mozilla/5.0 AppleWebKit/537.36 (KHTML, like Gecko; compatible; GPTBot/1.3; +https://openai.com/gptbot)"
74.7.242.31 - - [13/Feb/2026:16:16:48 +0000] "GET /buy.php?detail/16500058162973 HTTP/1.1" 200 120188 "https://mohamionline.com/buy.php?detail/16500020109827" "Mozilla/5.0 AppleWebKit/537.36 (KHTML, like Gecko; compatible; GPTBot/1.3; +https://openai.com/gptbot)"
74.7.242.31 - - [13/Feb/2026:16:16:51 +0000] "GET /buy.php?detail/29000195618484 HTTP/1.1" 200 128370 "https://mohamionline.com/buy.php?detail/29000119527011" "Mozilla/5.0 AppleWebKit/537.36 (KHTML, like Gecko; compatible; GPTBot/1.3; +https://openai.com/gptbot)"
74.7.242.31 - - [13/Feb/2026:16:16:54 +0000] "GET /buy.php?detail/21301231349134 HTTP/1.1" 200 119501 "https://mohamionline.com/buy.php?detail/21302260550879" "Mozilla/5.0 AppleWebKit/537.36 (KHTML, like Gecko; compatible; GPTBot/1.3; +https://openai.com/gptbot)"
74.7.242.31 - - [13/Feb/2026:16:16:57 +0000] "GET /buy.php?detail/21302048448013 HTTP/1.1" 200 118381 "https://mohamionline.com/buy.php?detail/21301231195024" "Mozilla/5.0 AppleWebKit/537.36 (KHTML, like Gecko; compatible; GPTBot/1.3; +https://openai.com/gptbot)"
74.7.242.31 - - [13/Feb/2026:16:17:01 +0000] "GET /buy.php?detail/20802581020849 HTTP/1.1" 200 121121 "https://mohamionline.com/buy.php?detail/20301729170186" "Mozilla/5.0 AppleWebKit/537.36 (KHTML, like Gecko; compatible; GPTBot/1.3; +https://openai.com/gptbot)"
74.7.242.31 - - [13/Feb/2026:16:17:04 +0000] "GET /buy.php?jp/083000658.html HTTP/1.1" 200 119218 "https://mohamionline.com/buy.php?detail/08300063135041" "Mozilla/5.0 AppleWebKit/537.36 (KHTML, like Gecko; compatible; GPTBot/1.3; +https://openai.com/gptbot)"
74.7.242.31 - - [13/Feb/2026:16:17:07 +0000] "GET /buy.php?detail/08300065981741 HTTP/1.1" 200 118241 "https://mohamionline.com/buy.php?detail/08300063135041" "Mozilla/5.0 AppleWebKit/537.36 (KHTML, like Gecko; compatible; GPTBot/1.3; +https://openai.com/gptbot)"
74.7.242.31 - - [13/Feb/2026:16:17:10 +0000] "GET /buy.php?detail/08300065479165 HTTP/1.1" 200 119876 "https://mohamionline.com/buy.php?detail/08300063135041" "Mozilla/5.0 AppleWebKit/537.36 (KHTML, like Gecko; compatible; GPTBot/1.3; +https://openai.com/gptbot)"
74.7.242.31 - - [13/Feb/2026:16:17:13 +0000] "GET /buy.php?detail/14202779278456 HTTP/1.1" 200 117780 "https://mohamionline.com/buy.php?detail/14202757106702" "Mozilla/5.0 AppleWebKit/537.36 (KHTML, like Gecko; compatible; GPTBot/1.3; +https://openai.com/gptbot)"
74.7.242.31 - - [13/Feb/2026:16:17:16 +0000] "GET /buy.php?detail/27203777716697 HTTP/1.1" 200 125929 "https://mohamionline.com/buy.php?detail/26402672741575" "Mozilla/5.0 AppleWebKit/537.36 (KHTML, like Gecko; compatible; GPTBot/1.3; +https://openai.com/gptbot)"
74.7.242.31 - - [13/Feb/2026:16:17:19 +0000] "GET /buy.php?goods/228027052 HTTP/1.1" 200 118090 "https://mohamionline.com/buy.php?detail/16500045851971" "Mozilla/5.0 AppleWebKit/537.36 (KHTML, like Gecko; compatible; GPTBot/1.3; +https://openai.com/gptbot)"
74.7.242.31 - - [13/Feb/2026:16:17:22 +0000] "GET /buy.php?detail/16500048114582 HTTP/1.1" 200 120744 "https://mohamionline.com/buy.php?detail/16500045851971" "Mozilla/5.0 AppleWebKit/537.36 (KHTML, like Gecko; compatible; GPTBot/1.3; +https://openai.com/gptbot)"
114.119.144.143 - - [13/Feb/2026:16:17:28 +0000] "GET /goods.php?shop/pg/222growth/27150 HTTP/1.1" 404 - "http://mohamionline.com/goods.php?sitemap803.xml" "Mozilla/5.0 (Linux; Android 7.0;) AppleWebKit/537.36 (KHTML, like Gecko) Mobile Safari/537.36 (compatible; PetalBot;+https://webmaster.petalsearch.com/site/petalbot)"
74.7.242.31 - - [13/Feb/2026:16:17:26 +0000] "GET /buy.php?detail/16500037827704 HTTP/1.1" 200 119789 "https://mohamionline.com/buy.php?detail/16500058162973" "Mozilla/5.0 AppleWebKit/537.36 (KHTML, like Gecko; compatible; GPTBot/1.3; +https://openai.com/gptbot)"
74.7.242.31 - - [13/Feb/2026:16:17:29 +0000] "GET /buy.php?detail/14104093510308 HTTP/1.1" 200 129985 "https://mohamionline.com/buy.php?detail/21301231349134" "Mozilla/5.0 AppleWebKit/537.36 (KHTML, like Gecko; compatible; GPTBot/1.3; +https://openai.com/gptbot)"
74.7.242.31 - - [13/Feb/2026:16:17:31 +0000] "GET /buy.php?detail/21302169995036 HTTP/1.1" 200 118123 "https://mohamionline.com/buy.php?detail/21302048448013" "Mozilla/5.0 AppleWebKit/537.36 (KHTML, like Gecko; compatible; GPTBot/1.3; +https://openai.com/gptbot)"
74.7.242.31 - - [13/Feb/2026:16:17:34 +0000] "GET /buy.php?detail/21800142540030 HTTP/1.1" 200 130423 "https://mohamionline.com/buy.php?detail/21800147195050" "Mozilla/5.0 AppleWebKit/537.36 (KHTML, like Gecko; compatible; GPTBot/1.3; +https://openai.com/gptbot)"
74.7.242.31 - - [13/Feb/2026:16:17:37 +0000] "GET /buy.php?detail/26402621678025 HTTP/1.1" 200 132938 "https://mohamionline.com/buy.php?detail/26402671943243" "Mozilla/5.0 AppleWebKit/537.36 (KHTML, like Gecko; compatible; GPTBot/1.3; +https://openai.com/gptbot)"
66.249.66.34 - - [13/Feb/2026:16:17:42 +0000] "GET /header.php?merchandises/90710966905 HTTP/1.1" 404 - "-" "Mozilla/5.0 (Linux; Android 6.0.1; Nexus 5X Build/MMB29P) AppleWebKit/537.36 (KHTML, like Gecko) Chrome/144.0.7559.132 Mobile Safari/537.36 (compatible; Googlebot/2.1; +http://www.google.com/bot.html)"
74.7.242.31 - - [13/Feb/2026:16:17:41 +0000] "GET /buy.php?detail/08300110231087 HTTP/1.1" 200 118368 "https://mohamionline.com/buy.php?detail/08300065981741" "Mozilla/5.0 AppleWebKit/537.36 (KHTML, like Gecko; compatible; GPTBot/1.3; +https://openai.com/gptbot)"
74.7.242.31 - - [13/Feb/2026:16:17:43 +0000] "GET /buy.php?detail/08300149997247 HTTP/1.1" 200 118927 "https://mohamionline.com/buy.php?detail/08300065479165" "Mozilla/5.0 AppleWebKit/537.36 (KHTML, like Gecko; compatible; GPTBot/1.3; +https://openai.com/gptbot)"
74.7.242.31 - - [13/Feb/2026:16:17:46 +0000] "GET /buy.php?detail/16500037777448 HTTP/1.1" 200 119903 "https://mohamionline.com/buy.php?detail/16500058162973" "Mozilla/5.0 AppleWebKit/537.36 (KHTML, like Gecko; compatible; GPTBot/1.3; +https://openai.com/gptbot)"
74.7.242.31 - - [13/Feb/2026:16:17:49 +0000] "GET /buy.php?detail/14202779520108 HTTP/1.1" 200 119029 "https://mohamionline.com/buy.php?detail/14202757106702" "Mozilla/5.0 AppleWebKit/537.36 (KHTML, like Gecko; compatible; GPTBot/1.3; +https://openai.com/gptbot)"
74.7.242.31 - - [13/Feb/2026:16:17:52 +0000] "GET /buy.php?detail/26402671671763 HTTP/1.1" 200 126336 "https://mohamionline.com/buy.php?detail/26402657015642" "Mozilla/5.0 AppleWebKit/537.36 (KHTML, like Gecko; compatible; GPTBot/1.3; +https://openai.com/gptbot)"
74.7.242.31 - - [13/Feb/2026:16:17:55 +0000] "GET /buy.php?detail/22204228673201 HTTP/1.1" 200 144800 "https://mohamionline.com/buy.php?detail/16500048114582" "Mozilla/5.0 AppleWebKit/537.36 (KHTML, like Gecko; compatible; GPTBot/1.3; +https://openai.com/gptbot)"
74.7.242.31 - - [13/Feb/2026:16:17:58 +0000] "GET /buy.php?detail/16500061390377 HTTP/1.1" 200 120198 "https://mohamionline.com/buy.php?detail/16500037827704" "Mozilla/5.0 AppleWebKit/537.36 (KHTML, like Gecko; compatible; GPTBot/1.3; +https://openai.com/gptbot)"
74.7.242.31 - - [13/Feb/2026:16:18:01 +0000] "GET /buy.php?detail/16500061899439 HTTP/1.1" 200 120399 "https://mohamionline.com/buy.php?detail/16500037827704" "Mozilla/5.0 AppleWebKit/537.36 (KHTML, like Gecko; compatible; GPTBot/1.3; +https://openai.com/gptbot)"
74.7.242.31 - - [13/Feb/2026:16:18:04 +0000] "GET /buy.php?detail/16500061259183 HTTP/1.1" 200 119635 "https://mohamionline.com/buy.php?detail/16500037827704" "Mozilla/5.0 AppleWebKit/537.36 (KHTML, like Gecko; compatible; GPTBot/1.3; +https://openai.com/gptbot)"
74.7.242.31 - - [13/Feb/2026:16:18:07 +0000] "GET /buy.php?detail/27203083516000 HTTP/1.1" 200 118305 "https://mohamionline.com/buy.php?detail/21800142540030" "Mozilla/5.0 AppleWebKit/537.36 (KHTML, like Gecko; compatible; GPTBot/1.3; +https://openai.com/gptbot)"
74.7.242.31 - - [13/Feb/2026:16:18:10 +0000] "GET /buy.php?detail/11101275503789 HTTP/1.1" 200 119479 "https://mohamionline.com/buy.php?detail/14104093510308" "Mozilla/5.0 AppleWebKit/537.36 (KHTML, like Gecko; compatible; GPTBot/1.3; +https://openai.com/gptbot)"
74.7.242.31 - - [13/Feb/2026:16:18:14 +0000] "GET /buy.php?detail/21301358492452 HTTP/1.1" 200 119492 "https://mohamionline.com/buy.php?detail/21302169995036" "Mozilla/5.0 AppleWebKit/537.36 (KHTML, like Gecko; compatible; GPTBot/1.3; +https://openai.com/gptbot)"
74.7.242.31 - - [13/Feb/2026:16:18:17 +0000] "GET /buy.php?detail/21301358638207 HTTP/1.1" 200 118783 "https://mohamionline.com/buy.php?detail/21302169995036" "Mozilla/5.0 AppleWebKit/537.36 (KHTML, like Gecko; compatible; GPTBot/1.3; +https://openai.com/gptbot)"
74.7.242.31 - - [13/Feb/2026:16:18:20 +0000] "GET /buy.php?detail/16500051539819 HTTP/1.1" 200 118945 "https://mohamionline.com/buy.php?detail/16500037777448" "Mozilla/5.0 AppleWebKit/537.36 (KHTML, like Gecko; compatible; GPTBot/1.3; +https://openai.com/gptbot)"
74.7.242.31 - - [13/Feb/2026:16:18:23 +0000] "GET /buy.php?detail/11301166657276 HTTP/1.1" 200 121205 "https://mohamionline.com/buy.php?detail/16500037777448" "Mozilla/5.0 AppleWebKit/537.36 (KHTML, like Gecko; compatible; GPTBot/1.3; +https://openai.com/gptbot)"
74.7.242.31 - - [13/Feb/2026:16:18:26 +0000] "GET /buy.php?detail/26402670686976 HTTP/1.1" 200 120817 "https://mohamionline.com/buy.php?detail/26402671671763" "Mozilla/5.0 AppleWebKit/537.36 (KHTML, like Gecko; compatible; GPTBot/1.3; +https://openai.com/gptbot)"
74.7.242.31 - - [13/Feb/2026:16:18:29 +0000] "GET /buy.php?detail/26402669433019 HTTP/1.1" 200 119838 "https://mohamionline.com/buy.php?detail/26402671671763" "Mozilla/5.0 AppleWebKit/537.36 (KHTML, like Gecko; compatible; GPTBot/1.3; +https://openai.com/gptbot)"
74.7.242.31 - - [13/Feb/2026:16:18:33 +0000] "GET /buy.php?jp/165000613.html HTTP/1.1" 200 120385 "https://mohamionline.com/buy.php?detail/16500061390377" "Mozilla/5.0 AppleWebKit/537.36 (KHTML, like Gecko; compatible; GPTBot/1.3; +https://openai.com/gptbot)"
74.7.242.31 - - [13/Feb/2026:16:18:35 +0000] "GET /buy.php?detail/16500051117901 HTTP/1.1" 200 120352 "https://mohamionline.com/buy.php?detail/16500037777448" "Mozilla/5.0 AppleWebKit/537.36 (KHTML, like Gecko; compatible; GPTBot/1.3; +https://openai.com/gptbot)"
74.7.242.31 - - [13/Feb/2026:16:18:38 +0000] "GET /buy.php?goods/211017982 HTTP/1.1" 200 136179 "https://mohamionline.com/buy.php?detail/16500061259183" "Mozilla/5.0 AppleWebKit/537.36 (KHTML, like Gecko; compatible; GPTBot/1.3; +https://openai.com/gptbot)"
74.7.242.31 - - [13/Feb/2026:16:18:41 +0000] "GET /buy.php?detail/27203026280242 HTTP/1.1" 200 122411 "https://mohamionline.com/buy.php?detail/27203083516000" "Mozilla/5.0 AppleWebKit/537.36 (KHTML, like Gecko; compatible; GPTBot/1.3; +https://openai.com/gptbot)"
74.7.242.31 - - [13/Feb/2026:16:18:44 +0000] "GET /buy.php?detail/11103178977541 HTTP/1.1" 200 119146 "https://mohamionline.com/buy.php?detail/11101275503789" "Mozilla/5.0 AppleWebKit/537.36 (KHTML, like Gecko; compatible; GPTBot/1.3; +https://openai.com/gptbot)"
74.7.242.31 - - [13/Feb/2026:16:18:47 +0000] "GET /buy.php?detail/25101281920255 HTTP/1.1" 200 120448 "https://mohamionline.com/buy.php?detail/21301358492452" "Mozilla/5.0 AppleWebKit/537.36 (KHTML, like Gecko; compatible; GPTBot/1.3; +https://openai.com/gptbot)"
74.7.242.31 - - [13/Feb/2026:16:18:50 +0000] "GET /buy.php?detail/26402621090376 HTTP/1.1" 200 119011 "https://mohamionline.com/buy.php?detail/26402671943243" "Mozilla/5.0 AppleWebKit/537.36 (KHTML, like Gecko; compatible; GPTBot/1.3; +https://openai.com/gptbot)"
114.119.153.209 - - [13/Feb/2026:16:18:53 +0000] "GET /goods.php?shop/pg/222drift/35218 HTTP/1.1" 404 - "http://mohamionline.com/goods.php?sitemap803.xml" "Mozilla/5.0 (Linux; Android 7.0;) AppleWebKit/537.36 (KHTML, like Gecko) Mobile Safari/537.36 (compatible; PetalBot;+https://webmaster.petalsearch.com/site/petalbot)"
74.7.242.31 - - [13/Feb/2026:16:18:53 +0000] "GET /buy.php?detail/16500069749031 HTTP/1.1" 200 118925 "https://mohamionline.com/buy.php?detail/16500051539819" "Mozilla/5.0 AppleWebKit/537.36 (KHTML, like Gecko; compatible; GPTBot/1.3; +https://openai.com/gptbot)"
74.7.242.31 - - [13/Feb/2026:16:18:57 +0000] "GET /buy.php?detail/1130117337976 HTTP/1.1" 200 124956 "https://mohamionline.com/buy.php?detail/11301166657276" "Mozilla/5.0 AppleWebKit/537.36 (KHTML, like Gecko; compatible; GPTBot/1.3; +https://openai.com/gptbot)"
74.7.242.31 - - [13/Feb/2026:16:19:01 +0000] "GET /buy.php?detail/26402624819899 HTTP/1.1" 200 118341 "https://mohamionline.com/buy.php?detail/26402670686976" "Mozilla/5.0 AppleWebKit/537.36 (KHTML, like Gecko; compatible; GPTBot/1.3; +https://openai.com/gptbot)"
74.7.242.31 - - [13/Feb/2026:16:19:04 +0000] "GET /buy.php?detail/26402624210437 HTTP/1.1" 200 119747 "https://mohamionline.com/buy.php?detail/26402670686976" "Mozilla/5.0 AppleWebKit/537.36 (KHTML, like Gecko; compatible; GPTBot/1.3; +https://openai.com/gptbot)"
74.7.242.31 - - [13/Feb/2026:16:19:07 +0000] "GET /buy.php?detail/165000158720 HTTP/1.1" 200 119971 "https://mohamionline.com/buy.php?jp/165000613.html" "Mozilla/5.0 AppleWebKit/537.36 (KHTML, like Gecko; compatible; GPTBot/1.3; +https://openai.com/gptbot)"
74.7.242.31 - - [13/Feb/2026:16:19:10 +0000] "GET /buy.php?detail/16500016129412 HTTP/1.1" 200 119140 "https://mohamionline.com/buy.php?jp/165000613.html" "Mozilla/5.0 AppleWebKit/537.36 (KHTML, like Gecko; compatible; GPTBot/1.3; +https://openai.com/gptbot)"
74.7.242.31 - - [13/Feb/2026:16:19:14 +0000] "GET /buy.php?detail/16500016289069 HTTP/1.1" 200 119942 "https://mohamionline.com/buy.php?jp/165000613.html" "Mozilla/5.0 AppleWebKit/537.36 (KHTML, like Gecko; compatible; GPTBot/1.3; +https://openai.com/gptbot)"
74.7.242.31 - - [13/Feb/2026:16:19:17 +0000] "GET /buy.php?detail/16500049794951 HTTP/1.1" 200 120095 "https://mohamionline.com/buy.php?detail/16500051117901" "Mozilla/5.0 AppleWebKit/537.36 (KHTML, like Gecko; compatible; GPTBot/1.3; +https://openai.com/gptbot)"
74.7.242.31 - - [13/Feb/2026:16:19:20 +0000] "GET /buy.php?detail/07304635040388 HTTP/1.1" 200 120186 "https://mohamionline.com/buy.php?detail/16500051117901" "Mozilla/5.0 AppleWebKit/537.36 (KHTML, like Gecko; compatible; GPTBot/1.3; +https://openai.com/gptbot)"
74.7.242.31 - - [13/Feb/2026:16:19:24 +0000] "GET /buy.php?detail/25101255243564 HTTP/1.1" 200 120115 "https://mohamionline.com/buy.php?detail/25101281920255" "Mozilla/5.0 AppleWebKit/537.36 (KHTML, like Gecko; compatible; GPTBot/1.3; +https://openai.com/gptbot)"
69.30.223.218 - - [13/Feb/2026:16:19:29 +0000] "GET /wp-content/pla25a50/edit.php HTTP/1.1" 404 - "http://mohamionline.com/wp-content/pla25a50/edit.php" "Mozilla/5.0 (Windows NT 10.0; Win64; x64) AppleWebKit/537.36 (KHTML, like Gecko) Chrome/58.0.3029.110 Safari/537.3"
74.7.242.31 - - [13/Feb/2026:16:19:27 +0000] "GET /buy.php?detail/26402629864740 HTTP/1.1" 200 120487 "https://mohamionline.com/buy.php?detail/26402621090376" "Mozilla/5.0 AppleWebKit/537.36 (KHTML, like Gecko; compatible; GPTBot/1.3; +https://openai.com/gptbot)"
