74.7.242.31 - - [13/Feb/2026:16:54:08 +0000] "GET /buy.php?goods/095049686 HTTP/1.1" 200 118543 "https://mohamionline.com/buy.php?detail/09504968343094" "Mozilla/5.0 AppleWebKit/537.36 (KHTML, like Gecko; compatible; GPTBot/1.3; +https://openai.com/gptbot)"
74.7.242.31 - - [13/Feb/2026:16:54:11 +0000] "GET /buy.php?detail/22202592005854 HTTP/1.1" 200 124727 "https://mohamionline.com/buy.php?detail/22202656090866" "Mozilla/5.0 AppleWebKit/537.36 (KHTML, like Gecko; compatible; GPTBot/1.3; +https://openai.com/gptbot)"
74.7.242.31 - - [13/Feb/2026:16:54:14 +0000] "GET /buy.php?detail/22202591284333 HTTP/1.1" 200 124612 "https://mohamionline.com/buy.php?detail/22202656090866" "Mozilla/5.0 AppleWebKit/537.36 (KHTML, like Gecko; compatible; GPTBot/1.3; +https://openai.com/gptbot)"
2a00:4b40:1000:590:185:111:90:125 - - [13/Feb/2026:16:54:17 +0000] "GET /checkout/ HTTP/1.1" 404 - "-" "Mozilla/5.0 (Windows NT 10.0; Win64; x64) AppleWebKit/537.36 (KHTML, like Gecko) Chrome/107.0.0.0 Safari/537.36"
2a01:4f9:c013:686f::1 - - [13/Feb/2026:16:54:17 +0000] "GET /checkout/ HTTP/1.1" 404 - "-" "Mozilla/5.0 (X11; Linux x86_64) AppleWebKit/537.36 (KHTML, like Gecko) Chrome/143.0.0.0 Safari/537.36"
147.45.116.17 - - [13/Feb/2026:16:54:19 +0000] "GET /checkout/ HTTP/1.1" 404 - "-" "Mozilla/5.0 (Linux; Android 10; K) AppleWebKit/537.36 (KHTML, like Gecko) Chrome/144.0.0.0 Mobile Safari/537.36"
74.7.242.31 - - [13/Feb/2026:16:54:17 +0000] "GET /buy.php?detail/10000374734432 HTTP/1.1" 200 119832 "https://mohamionline.com/buy.php?detail/25000866371113" "Mozilla/5.0 AppleWebKit/537.36 (KHTML, like Gecko; compatible; GPTBot/1.3; +https://openai.com/gptbot)"
74.7.242.31 - - [13/Feb/2026:16:54:20 +0000] "GET /buy.php?detail/21200442051708 HTTP/1.1" 200 130726 "https://mohamionline.com/buy.php?detail/22202656090866" "Mozilla/5.0 AppleWebKit/537.36 (KHTML, like Gecko; compatible; GPTBot/1.3; +https://openai.com/gptbot)"
74.7.242.31 - - [13/Feb/2026:16:54:24 +0000] "GET /buy.php?detail/15800045392128 HTTP/1.1" 200 125802 "https://mohamionline.com/buy.php?detail/15800304504838" "Mozilla/5.0 AppleWebKit/537.36 (KHTML, like Gecko; compatible; GPTBot/1.3; +https://openai.com/gptbot)"
74.7.242.31 - - [13/Feb/2026:16:54:27 +0000] "GET /buy.php?detail/25601749449841 HTTP/1.1" 200 121271 "https://mohamionline.com/buy.php?detail/11502920411925" "Mozilla/5.0 AppleWebKit/537.36 (KHTML, like Gecko; compatible; GPTBot/1.3; +https://openai.com/gptbot)"
74.7.242.31 - - [13/Feb/2026:16:54:30 +0000] "GET /buy.php?detail/04204982853815 HTTP/1.1" 200 128666 "https://mohamionline.com/buy.php?detail/04204918998820" "Mozilla/5.0 AppleWebKit/537.36 (KHTML, like Gecko; compatible; GPTBot/1.3; +https://openai.com/gptbot)"
74.7.242.31 - - [13/Feb/2026:16:54:34 +0000] "GET /buy.php?detail/09402921992554 HTTP/1.1" 200 124088 "https://mohamionline.com/buy.php?detail/25000815966368" "Mozilla/5.0 AppleWebKit/537.36 (KHTML, like Gecko; compatible; GPTBot/1.3; +https://openai.com/gptbot)"
74.7.242.31 - - [13/Feb/2026:16:54:37 +0000] "GET /buy.php?goods/102026583 HTTP/1.1" 200 120353 "https://mohamionline.com/buy.php?detail/10202658326047" "Mozilla/5.0 AppleWebKit/537.36 (KHTML, like Gecko; compatible; GPTBot/1.3; +https://openai.com/gptbot)"
74.7.242.31 - - [13/Feb/2026:16:54:40 +0000] "GET /buy.php?detail/22202588079439 HTTP/1.1" 200 124395 "https://mohamionline.com/buy.php?detail/22202589920512" "Mozilla/5.0 AppleWebKit/537.36 (KHTML, like Gecko; compatible; GPTBot/1.3; +https://openai.com/gptbot)"
74.7.242.31 - - [13/Feb/2026:16:54:44 +0000] "GET /buy.php?detail/03801028410607 HTTP/1.1" 200 120765 "https://mohamionline.com/buy.php?detail/10202658326047" "Mozilla/5.0 AppleWebKit/537.36 (KHTML, like Gecko; compatible; GPTBot/1.3; +https://openai.com/gptbot)"
74.7.242.31 - - [13/Feb/2026:16:54:47 +0000] "GET /buy.php?goods/222025920 HTTP/1.1" 200 124655 "https://mohamionline.com/buy.php?detail/22202592005854" "Mozilla/5.0 AppleWebKit/537.36 (KHTML, like Gecko; compatible; GPTBot/1.3; +https://openai.com/gptbot)"
74.7.242.31 - - [13/Feb/2026:16:54:50 +0000] "GET /buy.php?detail/22202634064740 HTTP/1.1" 200 122910 "https://mohamionline.com/buy.php?detail/22202592005854" "Mozilla/5.0 AppleWebKit/537.36 (KHTML, like Gecko; compatible; GPTBot/1.3; +https://openai.com/gptbot)"
74.7.242.31 - - [13/Feb/2026:16:54:54 +0000] "GET /buy.php?detail/22202567659633 HTTP/1.1" 200 124408 "https://mohamionline.com/buy.php?detail/22202591284333" "Mozilla/5.0 AppleWebKit/537.36 (KHTML, like Gecko; compatible; GPTBot/1.3; +https://openai.com/gptbot)"
74.7.242.31 - - [13/Feb/2026:16:54:56 +0000] "GET /buy.php?detail/29900697829721 HTTP/1.1" 200 118568 "https://mohamionline.com/buy.php?detail/22202592005854" "Mozilla/5.0 AppleWebKit/537.36 (KHTML, like Gecko; compatible; GPTBot/1.3; +https://openai.com/gptbot)"
74.7.242.31 - - [13/Feb/2026:16:55:00 +0000] "GET /buy.php?detail/21404311872138 HTTP/1.1" 200 121233 "https://mohamionline.com/buy.php?detail/22202589920512" "Mozilla/5.0 AppleWebKit/537.36 (KHTML, like Gecko; compatible; GPTBot/1.3; +https://openai.com/gptbot)"
74.7.242.31 - - [13/Feb/2026:16:55:03 +0000] "GET /buy.php?detail/10000373875951 HTTP/1.1" 200 125903 "https://mohamionline.com/buy.php?detail/10000374734432" "Mozilla/5.0 AppleWebKit/537.36 (KHTML, like Gecko; compatible; GPTBot/1.3; +https://openai.com/gptbot)"
114.119.155.10 - - [13/Feb/2026:16:55:06 +0000] "GET /goods.php?shop/pg/218carry/37026 HTTP/1.1" 404 - "http://mohamionline.com/goods.php?sitemap803.xml" "Mozilla/5.0 (Linux; Android 7.0;) AppleWebKit/537.36 (KHTML, like Gecko) Mobile Safari/537.36 (compatible; PetalBot;+https://webmaster.petalsearch.com/site/petalbot)"
74.7.242.31 - - [13/Feb/2026:16:55:06 +0000] "GET /buy.php?detail/01003144977109 HTTP/1.1" 200 125995 "https://mohamionline.com/buy.php?detail/01003113041468" "Mozilla/5.0 AppleWebKit/537.36 (KHTML, like Gecko; compatible; GPTBot/1.3; +https://openai.com/gptbot)"
74.7.242.31 - - [13/Feb/2026:16:55:09 +0000] "GET /buy.php?goods/250008683 HTTP/1.1" 200 119259 "https://mohamionline.com/buy.php?detail/25000873498492" "Mozilla/5.0 AppleWebKit/537.36 (KHTML, like Gecko; compatible; GPTBot/1.3; +https://openai.com/gptbot)"
74.7.242.31 - - [13/Feb/2026:16:55:13 +0000] "GET /buy.php?detail/18200821287749 HTTP/1.1" 200 125458 "https://mohamionline.com/buy.php?goods/102026583" "Mozilla/5.0 AppleWebKit/537.36 (KHTML, like Gecko; compatible; GPTBot/1.3; +https://openai.com/gptbot)"
74.7.242.31 - - [13/Feb/2026:16:55:16 +0000] "GET /buy.php?detail/18904880707658 HTTP/1.1" 200 119758 "https://mohamionline.com/buy.php?detail/25000875957235" "Mozilla/5.0 AppleWebKit/537.36 (KHTML, like Gecko; compatible; GPTBot/1.3; +https://openai.com/gptbot)"
74.7.242.31 - - [13/Feb/2026:16:55:19 +0000] "GET /buy.php?detail/03800975597395 HTTP/1.1" 200 119261 "https://mohamionline.com/buy.php?detail/03801028410607" "Mozilla/5.0 AppleWebKit/537.36 (KHTML, like Gecko; compatible; GPTBot/1.3; +https://openai.com/gptbot)"
74.7.242.31 - - [13/Feb/2026:16:55:22 +0000] "GET /buy.php?detail/22202455107518 HTTP/1.1" 200 125408 "https://mohamionline.com/buy.php?goods/222025920" "Mozilla/5.0 AppleWebKit/537.36 (KHTML, like Gecko; compatible; GPTBot/1.3; +https://openai.com/gptbot)"
74.7.242.31 - - [13/Feb/2026:16:55:26 +0000] "GET /buy.php?detail/22202496778115 HTTP/1.1" 200 125011 "https://mohamionline.com/buy.php?detail/22202634064740" "Mozilla/5.0 AppleWebKit/537.36 (KHTML, like Gecko; compatible; GPTBot/1.3; +https://openai.com/gptbot)"
74.7.242.31 - - [13/Feb/2026:16:55:31 +0000] "GET /buy.php?detail/09100986367056 HTTP/1.1" 200 121421 "https://mohamionline.com/buy.php?detail/09100977346677" "Mozilla/5.0 AppleWebKit/537.36 (KHTML, like Gecko; compatible; GPTBot/1.3; +https://openai.com/gptbot)"
2a01:4f9:c013:686f::1 - - [13/Feb/2026:16:55:37 +0000] "GET /checkout/ HTTP/1.1" 404 - "-" "Mozilla/5.0 (Macintosh; Intel Mac OS X 10_15_7) AppleWebKit/537.36 (KHTML, like Gecko) Chrome/136.0.0.0 Safari/537.36"
74.7.242.31 - - [13/Feb/2026:16:55:34 +0000] "GET /buy.php?detail/01101958087798 HTTP/1.1" 200 120041 "https://mohamionline.com/buy.php?detail/29900697829721" "Mozilla/5.0 AppleWebKit/537.36 (KHTML, like Gecko; compatible; GPTBot/1.3; +https://openai.com/gptbot)"
74.7.242.31 - - [13/Feb/2026:16:55:37 +0000] "GET /buy.php?detail/18303306169859 HTTP/1.1" 200 118906 "https://mohamionline.com/buy.php?detail/18303531563570" "Mozilla/5.0 AppleWebKit/537.36 (KHTML, like Gecko; compatible; GPTBot/1.3; +https://openai.com/gptbot)"
2a01:4f9:c013:686f::1 - - [13/Feb/2026:16:55:42 +0000] "GET /checkout/ HTTP/1.1" 404 - "-" "Mozilla/5.0 (iPhone; CPU iPhone OS 18_0 like Mac OS X) AppleWebKit/605.1.15 (KHTML, like Gecko) Mobile/15E148 Safari Line/26.0.0"
74.7.242.31 - - [13/Feb/2026:16:55:40 +0000] "GET /buy.php?detail/10000367726161 HTTP/1.1" 200 118323 "https://mohamionline.com/buy.php?detail/10000373875951" "Mozilla/5.0 AppleWebKit/537.36 (KHTML, like Gecko; compatible; GPTBot/1.3; +https://openai.com/gptbot)"
74.7.242.31 - - [13/Feb/2026:16:55:43 +0000] "GET /buy.php?detail/25203452314745 HTTP/1.1" 200 137127 "https://mohamionline.com/buy.php?detail/01003144977109" "Mozilla/5.0 AppleWebKit/537.36 (KHTML, like Gecko; compatible; GPTBot/1.3; +https://openai.com/gptbot)"
74.7.242.31 - - [13/Feb/2026:16:55:46 +0000] "GET /buy.php?detail/21401662362880 HTTP/1.1" 200 130322 "https://mohamionline.com/buy.php?detail/10000373875951" "Mozilla/5.0 AppleWebKit/537.36 (KHTML, like Gecko; compatible; GPTBot/1.3; +https://openai.com/gptbot)"
74.7.242.31 - - [13/Feb/2026:16:55:49 +0000] "GET /buy.php?detail/18200922025302 HTTP/1.1" 200 130347 "https://mohamionline.com/buy.php?detail/18200821287749" "Mozilla/5.0 AppleWebKit/537.36 (KHTML, like Gecko; compatible; GPTBot/1.3; +https://openai.com/gptbot)"
74.7.242.31 - - [13/Feb/2026:16:55:52 +0000] "GET /buy.php?detail/10000368615398 HTTP/1.1" 200 127920 "https://mohamionline.com/buy.php?detail/10000373875951" "Mozilla/5.0 AppleWebKit/537.36 (KHTML, like Gecko; compatible; GPTBot/1.3; +https://openai.com/gptbot)"
74.7.242.31 - - [13/Feb/2026:16:55:55 +0000] "GET /buy.php?detail/10000368026241 HTTP/1.1" 200 123477 "https://mohamionline.com/buy.php?detail/10000373875951" "Mozilla/5.0 AppleWebKit/537.36 (KHTML, like Gecko; compatible; GPTBot/1.3; +https://openai.com/gptbot)"
74.7.242.31 - - [13/Feb/2026:16:55:58 +0000] "GET /buy.php?detail/22202676941575 HTTP/1.1" 200 126230 "https://mohamionline.com/buy.php?detail/22202455107518" "Mozilla/5.0 AppleWebKit/537.36 (KHTML, like Gecko; compatible; GPTBot/1.3; +https://openai.com/gptbot)"
74.7.242.31 - - [13/Feb/2026:16:56:01 +0000] "GET /buy.php?detail/22202616510375 HTTP/1.1" 200 122196 "https://mohamionline.com/buy.php?detail/22202496778115" "Mozilla/5.0 AppleWebKit/537.36 (KHTML, like Gecko; compatible; GPTBot/1.3; +https://openai.com/gptbot)"
74.7.242.31 - - [13/Feb/2026:16:56:03 +0000] "GET /buy.php?jp/059040750.html HTTP/1.1" 200 119309 "https://mohamionline.com/buy.php?detail/09100986367056" "Mozilla/5.0 AppleWebKit/537.36 (KHTML, like Gecko; compatible; GPTBot/1.3; +https://openai.com/gptbot)"
74.7.242.31 - - [13/Feb/2026:16:56:07 +0000] "GET /buy.php?detail/08704099924217 HTTP/1.1" 200 122797 "https://mohamionline.com/buy.php?detail/22202496778115" "Mozilla/5.0 AppleWebKit/537.36 (KHTML, like Gecko; compatible; GPTBot/1.3; +https://openai.com/gptbot)"
74.7.242.31 - - [13/Feb/2026:16:56:10 +0000] "GET /buy.php?detail/18200920357422 HTTP/1.1" 200 130407 "https://mohamionline.com/buy.php?detail/18200821287749" "Mozilla/5.0 AppleWebKit/537.36 (KHTML, like Gecko; compatible; GPTBot/1.3; +https://openai.com/gptbot)"
170.106.160.90 - - [13/Feb/2026:16:56:14 +0000] "GET /3e2b8/ HTTP/1.1" 200 635 "-" "Mozilla/5.0 (iPhone; CPU iPhone OS 13_2_3 like Mac OS X) AppleWebKit/605.1.15 (KHTML, like Gecko) Version/13.0.3 Mobile/15E148 Safari/604.1"
74.7.242.31 - - [13/Feb/2026:16:56:13 +0000] "GET /buy.php?detail/10000369682292 HTTP/1.1" 200 121883 "https://mohamionline.com/buy.php?detail/10000367726161" "Mozilla/5.0 AppleWebKit/537.36 (KHTML, like Gecko; compatible; GPTBot/1.3; +https://openai.com/gptbot)"
74.7.242.31 - - [13/Feb/2026:16:56:16 +0000] "GET /buy.php?detail/25203500528191 HTTP/1.1" 200 121000 "https://mohamionline.com/buy.php?detail/25203452314745" "Mozilla/5.0 AppleWebKit/537.36 (KHTML, like Gecko; compatible; GPTBot/1.3; +https://openai.com/gptbot)"
74.7.242.31 - - [13/Feb/2026:16:56:20 +0000] "GET /buy.php?detail/21401643336648 HTTP/1.1" 200 121332 "https://mohamionline.com/buy.php?detail/21401662362880" "Mozilla/5.0 AppleWebKit/537.36 (KHTML, like Gecko; compatible; GPTBot/1.3; +https://openai.com/gptbot)"
74.7.242.31 - - [13/Feb/2026:16:56:23 +0000] "GET /buy.php?detail/21401643563430 HTTP/1.1" 200 118114 "https://mohamionline.com/buy.php?detail/21401662362880" "Mozilla/5.0 AppleWebKit/537.36 (KHTML, like Gecko; compatible; GPTBot/1.3; +https://openai.com/gptbot)"
114.119.155.180 - - [13/Feb/2026:16:56:28 +0000] "GET /goods.php?shop/pg/218blink/34570 HTTP/1.1" 404 - "http://mohamionline.com/goods.php?sitemap803.xml" "Mozilla/5.0 (Linux; Android 7.0;) AppleWebKit/537.36 (KHTML, like Gecko) Mobile Safari/537.36 (compatible; PetalBot;+https://webmaster.petalsearch.com/site/petalbot)"
74.7.242.31 - - [13/Feb/2026:16:56:27 +0000] "GET /buy.php?detail/04604422686633 HTTP/1.1" 200 118548 "https://mohamionline.com/buy.php?detail/10000373875951" "Mozilla/5.0 AppleWebKit/537.36 (KHTML, like Gecko; compatible; GPTBot/1.3; +https://openai.com/gptbot)"
74.7.242.31 - - [13/Feb/2026:16:56:30 +0000] "GET /buy.php?detail/10000401539942 HTTP/1.1" 200 120204 "https://mohamionline.com/buy.php?detail/10000368026241" "Mozilla/5.0 AppleWebKit/537.36 (KHTML, like Gecko; compatible; GPTBot/1.3; +https://openai.com/gptbot)"
74.7.242.31 - - [13/Feb/2026:16:56:33 +0000] "GET /buy.php?detail/01103281285435 HTTP/1.1" 200 118914 "https://mohamionline.com/buy.php?detail/25203452314745" "Mozilla/5.0 AppleWebKit/537.36 (KHTML, like Gecko; compatible; GPTBot/1.3; +https://openai.com/gptbot)"
74.7.242.31 - - [13/Feb/2026:16:56:36 +0000] "GET /buy.php?detail/22202555895778 HTTP/1.1" 200 123878 "https://mohamionline.com/buy.php?detail/22202616510375" "Mozilla/5.0 AppleWebKit/537.36 (KHTML, like Gecko; compatible; GPTBot/1.3; +https://openai.com/gptbot)"
74.7.242.31 - - [13/Feb/2026:16:56:39 +0000] "GET /buy.php?goods/059026846 HTTP/1.1" 200 126388 "https://mohamionline.com/buy.php?jp/059040750.html" "Mozilla/5.0 AppleWebKit/537.36 (KHTML, like Gecko; compatible; GPTBot/1.3; +https://openai.com/gptbot)"
74.7.242.31 - - [13/Feb/2026:16:56:41 +0000] "GET /buy.php?detail/24902390055361 HTTP/1.1" 200 120095 "https://mohamionline.com/buy.php?jp/059040750.html" "Mozilla/5.0 AppleWebKit/537.36 (KHTML, like Gecko; compatible; GPTBot/1.3; +https://openai.com/gptbot)"
74.7.242.31 - - [13/Feb/2026:16:56:44 +0000] "GET /buy.php?detail/11502900269398 HTTP/1.1" 200 125186 "https://mohamionline.com/buy.php?detail/11503040471774" "Mozilla/5.0 AppleWebKit/537.36 (KHTML, like Gecko; compatible; GPTBot/1.3; +https://openai.com/gptbot)"
74.7.242.31 - - [13/Feb/2026:16:56:47 +0000] "GET /buy.php?detail/02902565130765 HTTP/1.1" 200 146673 "https://mohamionline.com/buy.php?detail/25000875763578" "Mozilla/5.0 AppleWebKit/537.36 (KHTML, like Gecko; compatible; GPTBot/1.3; +https://openai.com/gptbot)"
74.7.242.31 - - [13/Feb/2026:16:56:50 +0000] "GET /buy.php?detail/28202883643457 HTTP/1.1" 200 120922 "https://mohamionline.com/buy.php?detail/25000873498492" "Mozilla/5.0 AppleWebKit/537.36 (KHTML, like Gecko; compatible; GPTBot/1.3; +https://openai.com/gptbot)"
74.7.242.31 - - [13/Feb/2026:16:56:53 +0000] "GET /buy.php?detail/10604633308799 HTTP/1.1" 200 120523 "https://mohamionline.com/buy.php?detail/21401643336648" "Mozilla/5.0 AppleWebKit/537.36 (KHTML, like Gecko; compatible; GPTBot/1.3; +https://openai.com/gptbot)"
74.7.242.31 - - [13/Feb/2026:16:56:55 +0000] "GET /buy.php?detail/18103102665811 HTTP/1.1" 200 120643 "https://mohamionline.com/buy.php?detail/21401643336648" "Mozilla/5.0 AppleWebKit/537.36 (KHTML, like Gecko; compatible; GPTBot/1.3; +https://openai.com/gptbot)"
74.7.242.31 - - [13/Feb/2026:16:56:58 +0000] "GET /buy.php?detail/11001048264668 HTTP/1.1" 200 138708 "https://mohamionline.com/buy.php?detail/21401643336648" "Mozilla/5.0 AppleWebKit/537.36 (KHTML, like Gecko; compatible; GPTBot/1.3; +https://openai.com/gptbot)"
74.7.242.31 - - [13/Feb/2026:16:57:01 +0000] "GET /buy.php?detail/08400126746763 HTTP/1.1" 200 122601 "https://mohamionline.com/buy.php?detail/18904880707658" "Mozilla/5.0 AppleWebKit/537.36 (KHTML, like Gecko; compatible; GPTBot/1.3; +https://openai.com/gptbot)"
74.7.242.31 - - [13/Feb/2026:16:57:04 +0000] "GET /buy.php?detail/01103221789782 HTTP/1.1" 200 123334 "https://mohamionline.com/buy.php?detail/01103281285435" "Mozilla/5.0 AppleWebKit/537.36 (KHTML, like Gecko; compatible; GPTBot/1.3; +https://openai.com/gptbot)"
74.7.242.31 - - [13/Feb/2026:16:57:07 +0000] "GET /buy.php?detail/25000836494721 HTTP/1.1" 200 119225 "https://mohamionline.com/buy.php?detail/25000868298874" "Mozilla/5.0 AppleWebKit/537.36 (KHTML, like Gecko; compatible; GPTBot/1.3; +https://openai.com/gptbot)"
74.7.242.31 - - [13/Feb/2026:16:57:10 +0000] "GET /buy.php?detail/05902741908225 HTTP/1.1" 200 125070 "https://mohamionline.com/buy.php?goods/059026846" "Mozilla/5.0 AppleWebKit/537.36 (KHTML, like Gecko; compatible; GPTBot/1.3; +https://openai.com/gptbot)"
74.7.242.31 - - [13/Feb/2026:16:57:13 +0000] "GET /buy.php?detail/24903902633391 HTTP/1.1" 200 119830 "https://mohamionline.com/buy.php?detail/24902390055361" "Mozilla/5.0 AppleWebKit/537.36 (KHTML, like Gecko; compatible; GPTBot/1.3; +https://openai.com/gptbot)"
74.7.242.31 - - [13/Feb/2026:16:57:16 +0000] "GET /buy.php?detail/11502834117786 HTTP/1.1" 200 122380 "https://mohamionline.com/buy.php?detail/11502900269398" "Mozilla/5.0 AppleWebKit/537.36 (KHTML, like Gecko; compatible; GPTBot/1.3; +https://openai.com/gptbot)"
74.7.242.31 - - [13/Feb/2026:16:57:19 +0000] "GET /buy.php?detail/25000831874261 HTTP/1.1" 200 119572 "https://mohamionline.com/buy.php?detail/25000814487749" "Mozilla/5.0 AppleWebKit/537.36 (KHTML, like Gecko; compatible; GPTBot/1.3; +https://openai.com/gptbot)"
74.7.242.31 - - [13/Feb/2026:16:57:22 +0000] "GET /buy.php?detail/24402446564100 HTTP/1.1" 200 119866 "https://mohamionline.com/buy.php?detail/04204918998820" "Mozilla/5.0 AppleWebKit/537.36 (KHTML, like Gecko; compatible; GPTBot/1.3; +https://openai.com/gptbot)"
74.7.242.31 - - [13/Feb/2026:16:57:25 +0000] "GET /buy.php?detail/09100917092062 HTTP/1.1" 200 122725 "https://mohamionline.com/buy.php?detail/09100986367056" "Mozilla/5.0 AppleWebKit/537.36 (KHTML, like Gecko; compatible; GPTBot/1.3; +https://openai.com/gptbot)"
185.231.100.76 - - [13/Feb/2026:16:57:29 +0000] "GET /robots.txt HTTP/1.1" 404 - "-" "Mozilla/5.0 (compatible; MJ12bot/v1.4.8; http://mj12bot.com/)"
74.7.242.31 - - [13/Feb/2026:16:57:28 +0000] "GET /buy.php?detail/23402237355715 HTTP/1.1" 200 119977 "https://mohamionline.com/buy.php?detail/18103102665811" "Mozilla/5.0 AppleWebKit/537.36 (KHTML, like Gecko; compatible; GPTBot/1.3; +https://openai.com/gptbot)"
185.231.100.76 - - [13/Feb/2026:16:57:31 +0000] "GET /?C=D;O=A HTTP/1.1" 200 5171 "-" "Mozilla/5.0 (compatible; MJ12bot/v1.4.8; http://mj12bot.com/)"
185.231.100.76 - - [13/Feb/2026:16:57:32 +0000] "GET /?C=M;O=A HTTP/1.1" 200 5171 "-" "Mozilla/5.0 (compatible; MJ12bot/v1.4.8; http://mj12bot.com/)"
74.7.242.31 - - [13/Feb/2026:16:57:31 +0000] "GET /buy.php?detail/11001016449697 HTTP/1.1" 200 127999 "https://mohamionline.com/buy.php?detail/11001048264668" "Mozilla/5.0 AppleWebKit/537.36 (KHTML, like Gecko; compatible; GPTBot/1.3; +https://openai.com/gptbot)"
185.231.100.76 - - [13/Feb/2026:16:57:34 +0000] "GET /?C=N;O=D HTTP/1.1" 200 5171 "-" "Mozilla/5.0 (compatible; MJ12bot/v1.4.8; http://mj12bot.com/)"
185.231.100.76 - - [13/Feb/2026:16:57:36 +0000] "GET /?C=S;O=A HTTP/1.1" 200 5171 "-" "Mozilla/5.0 (compatible; MJ12bot/v1.4.8; http://mj12bot.com/)"
74.7.242.31 - - [13/Feb/2026:16:57:34 +0000] "GET /buy.php?detail/15300300688603 HTTP/1.1" 200 118417 "https://mohamionline.com/buy.php?detail/04204885561190" "Mozilla/5.0 AppleWebKit/537.36 (KHTML, like Gecko; compatible; GPTBot/1.3; +https://openai.com/gptbot)"
74.7.242.31 - - [13/Feb/2026:16:57:36 +0000] "GET /buy.php?detail/0110322332183 HTTP/1.1" 200 121774 "https://mohamionline.com/buy.php?detail/01103221789782" "Mozilla/5.0 AppleWebKit/537.36 (KHTML, like Gecko; compatible; GPTBot/1.3; +https://openai.com/gptbot)"
74.7.242.31 - - [13/Feb/2026:16:57:39 +0000] "GET /buy.php?jp/250008463.html HTTP/1.1" 200 118350 "https://mohamionline.com/buy.php?detail/25000836494721" "Mozilla/5.0 AppleWebKit/537.36 (KHTML, like Gecko; compatible; GPTBot/1.3; +https://openai.com/gptbot)"
74.7.242.31 - - [13/Feb/2026:16:57:43 +0000] "GET /buy.php?detail/25000845977534 HTTP/1.1" 200 118910 "https://mohamionline.com/buy.php?detail/25000836494721" "Mozilla/5.0 AppleWebKit/537.36 (KHTML, like Gecko; compatible; GPTBot/1.3; +https://openai.com/gptbot)"
74.7.242.31 - - [13/Feb/2026:16:57:47 +0000] "GET /buy.php?detail/25000846195177 HTTP/1.1" 200 119377 "https://mohamionline.com/buy.php?detail/25000836494721" "Mozilla/5.0 AppleWebKit/537.36 (KHTML, like Gecko; compatible; GPTBot/1.3; +https://openai.com/gptbot)"
74.7.242.31 - - [13/Feb/2026:16:57:49 +0000] "GET /buy.php?detail/11503106565606 HTTP/1.1" 200 136477 "https://mohamionline.com/buy.php?detail/11502834117786" "Mozilla/5.0 AppleWebKit/537.36 (KHTML, like Gecko; compatible; GPTBot/1.3; +https://openai.com/gptbot)"
114.119.155.180 - - [13/Feb/2026:16:57:54 +0000] "GET /goods.php?shop/pg/218bind/34346 HTTP/1.1" 404 - "http://mohamionline.com/goods.php?sitemap803.xml" "Mozilla/5.0 (Linux; Android 7.0;) AppleWebKit/537.36 (KHTML, like Gecko) Mobile Safari/537.36 (compatible; PetalBot;+https://webmaster.petalsearch.com/site/petalbot)"
74.7.242.31 - - [13/Feb/2026:16:57:53 +0000] "GET /buy.php?detail/15101514301861 HTTP/1.1" 200 118377 "https://mohamionline.com/buy.php?detail/15101499598610" "Mozilla/5.0 AppleWebKit/537.36 (KHTML, like Gecko; compatible; GPTBot/1.3; +https://openai.com/gptbot)"
74.7.242.31 - - [13/Feb/2026:16:57:56 +0000] "GET /buy.php?detail/13701800033589 HTTP/1.1" 200 155191 "https://mohamionline.com/buy.php?detail/24402446564100" "Mozilla/5.0 AppleWebKit/537.36 (KHTML, like Gecko; compatible; GPTBot/1.3; +https://openai.com/gptbot)"
74.7.242.31 - - [13/Feb/2026:16:57:59 +0000] "GET /buy.php?detail/24404524243614 HTTP/1.1" 200 119851 "https://mohamionline.com/buy.php?detail/24402446564100" "Mozilla/5.0 AppleWebKit/537.36 (KHTML, like Gecko; compatible; GPTBot/1.3; +https://openai.com/gptbot)"
74.7.242.31 - - [13/Feb/2026:16:58:02 +0000] "GET /buy.php?detail/29000800349250 HTTP/1.1" 200 120858 "https://mohamionline.com/buy.php?detail/23402237355715" "Mozilla/5.0 AppleWebKit/537.36 (KHTML, like Gecko; compatible; GPTBot/1.3; +https://openai.com/gptbot)"
74.7.242.31 - - [13/Feb/2026:16:58:07 +0000] "GET /buy.php?detail/23402396339662 HTTP/1.1" 200 118249 "https://mohamionline.com/buy.php?detail/23402237355715" "Mozilla/5.0 AppleWebKit/537.36 (KHTML, like Gecko; compatible; GPTBot/1.3; +https://openai.com/gptbot)"
74.7.242.31 - - [13/Feb/2026:16:58:10 +0000] "GET /buy.php?detail/15300306555677 HTTP/1.1" 200 118254 "https://mohamionline.com/buy.php?detail/15300300688603" "Mozilla/5.0 AppleWebKit/537.36 (KHTML, like Gecko; compatible; GPTBot/1.3; +https://openai.com/gptbot)"
74.7.242.31 - - [13/Feb/2026:16:58:13 +0000] "GET /buy.php?detail/11903105231398 HTTP/1.1" 200 134343 "https://mohamionline.com/buy.php?detail/15300300688603" "Mozilla/5.0 AppleWebKit/537.36 (KHTML, like Gecko; compatible; GPTBot/1.3; +https://openai.com/gptbot)"
74.7.242.31 - - [13/Feb/2026:16:58:16 +0000] "GET /buy.php?detail/25000900729186 HTTP/1.1" 200 119287 "https://mohamionline.com/buy.php?jp/250008463.html" "Mozilla/5.0 AppleWebKit/537.36 (KHTML, like Gecko; compatible; GPTBot/1.3; +https://openai.com/gptbot)"
74.7.242.31 - - [13/Feb/2026:16:58:19 +0000] "GET /buy.php?detail/25000901447690 HTTP/1.1" 200 118290 "https://mohamionline.com/buy.php?jp/250008463.html" "Mozilla/5.0 AppleWebKit/537.36 (KHTML, like Gecko; compatible; GPTBot/1.3; +https://openai.com/gptbot)"
74.7.242.31 - - [13/Feb/2026:16:58:23 +0000] "GET /buy.php?detail/25000899938477 HTTP/1.1" 200 120028 "https://mohamionline.com/buy.php?jp/250008463.html" "Mozilla/5.0 AppleWebKit/537.36 (KHTML, like Gecko; compatible; GPTBot/1.3; +https://openai.com/gptbot)"
74.7.242.31 - - [13/Feb/2026:16:58:26 +0000] "GET /buy.php?detail/14302000838297 HTTP/1.1" 200 119101 "https://mohamionline.com/buy.php?jp/250008463.html" "Mozilla/5.0 AppleWebKit/537.36 (KHTML, like Gecko; compatible; GPTBot/1.3; +https://openai.com/gptbot)"
74.7.242.31 - - [13/Feb/2026:16:58:29 +0000] "GET /buy.php?detail/15101569985883 HTTP/1.1" 200 118852 "https://mohamionline.com/buy.php?detail/15101514301861" "Mozilla/5.0 AppleWebKit/537.36 (KHTML, like Gecko; compatible; GPTBot/1.3; +https://openai.com/gptbot)"
74.7.242.31 - - [13/Feb/2026:16:58:33 +0000] "GET /buy.php?detail/21601372015055 HTTP/1.1" 200 119837 "https://mohamionline.com/buy.php?jp/250008463.html" "Mozilla/5.0 AppleWebKit/537.36 (KHTML, like Gecko; compatible; GPTBot/1.3; +https://openai.com/gptbot)"
74.7.242.31 - - [13/Feb/2026:16:58:36 +0000] "GET /buy.php?detail/24402173957041 HTTP/1.1" 200 119606 "https://mohamionline.com/buy.php?detail/24404524243614" "Mozilla/5.0 AppleWebKit/537.36 (KHTML, like Gecko; compatible; GPTBot/1.3; +https://openai.com/gptbot)"
74.7.242.31 - - [13/Feb/2026:16:58:38 +0000] "GET /buy.php?goods/290014233 HTTP/1.1" 200 119670 "https://mohamionline.com/buy.php?detail/29000800349250" "Mozilla/5.0 AppleWebKit/537.36 (KHTML, like Gecko; compatible; GPTBot/1.3; +https://openai.com/gptbot)"
74.7.242.31 - - [13/Feb/2026:16:58:42 +0000] "GET /buy.php?detail/12303075278861 HTTP/1.1" 200 117641 "https://mohamionline.com/buy.php?detail/23402396339662" "Mozilla/5.0 AppleWebKit/537.36 (KHTML, like Gecko; compatible; GPTBot/1.3; +https://openai.com/gptbot)"
74.7.242.31 - - [13/Feb/2026:16:58:44 +0000] "GET /buy.php?detail/15300370096870 HTTP/1.1" 200 118382 "https://mohamionline.com/buy.php?detail/15300306555677" "Mozilla/5.0 AppleWebKit/537.36 (KHTML, like Gecko; compatible; GPTBot/1.3; +https://openai.com/gptbot)"
74.7.242.31 - - [13/Feb/2026:16:58:48 +0000] "GET /buy.php?detail/11903131165516 HTTP/1.1" 200 134328 "https://mohamionline.com/buy.php?detail/11903105231398" "Mozilla/5.0 AppleWebKit/537.36 (KHTML, like Gecko; compatible; GPTBot/1.3; +https://openai.com/gptbot)"
216.244.66.200 - - [13/Feb/2026:16:58:53 +0000] "GET /robots.txt HTTP/1.1" 404 - "-" "Mozilla/5.0 (compatible; DotBot/1.2; +https://opensiteexplorer.org/dotbot; help@moz.com)"
74.7.242.31 - - [13/Feb/2026:16:58:51 +0000] "GET /buy.php?detail/25000869355500 HTTP/1.1" 200 119740 "https://mohamionline.com/buy.php?detail/25000900729186" "Mozilla/5.0 AppleWebKit/537.36 (KHTML, like Gecko; compatible; GPTBot/1.3; +https://openai.com/gptbot)"
74.7.242.31 - - [13/Feb/2026:16:58:54 +0000] "GET /buy.php?detail/25000836279904 HTTP/1.1" 200 119241 "https://mohamionline.com/buy.php?detail/25000901447690" "Mozilla/5.0 AppleWebKit/537.36 (KHTML, like Gecko; compatible; GPTBot/1.3; +https://openai.com/gptbot)"
74.7.242.31 - - [13/Feb/2026:16:58:57 +0000] "GET /buy.php?detail/25000863033401 HTTP/1.1" 200 119710 "https://mohamionline.com/buy.php?detail/25000899938477" "Mozilla/5.0 AppleWebKit/537.36 (KHTML, like Gecko; compatible; GPTBot/1.3; +https://openai.com/gptbot)"
74.7.242.31 - - [13/Feb/2026:16:59:00 +0000] "GET /buy.php?detail/25000863845668 HTTP/1.1" 200 120547 "https://mohamionline.com/buy.php?detail/25000899938477" "Mozilla/5.0 AppleWebKit/537.36 (KHTML, like Gecko; compatible; GPTBot/1.3; +https://openai.com/gptbot)"
74.7.242.31 - - [13/Feb/2026:16:59:03 +0000] "GET /buy.php?detail/15101466955055 HTTP/1.1" 200 119211 "https://mohamionline.com/buy.php?detail/15101569985883" "Mozilla/5.0 AppleWebKit/537.36 (KHTML, like Gecko; compatible; GPTBot/1.3; +https://openai.com/gptbot)"
74.7.242.31 - - [13/Feb/2026:16:59:06 +0000] "GET /buy.php?detail/11903130048331 HTTP/1.1" 200 121715 "https://mohamionline.com/buy.php?detail/11903105231398" "Mozilla/5.0 AppleWebKit/537.36 (KHTML, like Gecko; compatible; GPTBot/1.3; +https://openai.com/gptbot)"
74.7.242.31 - - [13/Feb/2026:16:59:09 +0000] "GET /buy.php?detail/24402840333789 HTTP/1.1" 200 119481 "https://mohamionline.com/buy.php?detail/24402173957041" "Mozilla/5.0 AppleWebKit/537.36 (KHTML, like Gecko; compatible; GPTBot/1.3; +https://openai.com/gptbot)"
74.7.242.31 - - [13/Feb/2026:16:59:12 +0000] "GET /buy.php?detail/29001423336332 HTTP/1.1" 200 119288 "https://mohamionline.com/buy.php?goods/290014233" "Mozilla/5.0 AppleWebKit/537.36 (KHTML, like Gecko; compatible; GPTBot/1.3; +https://openai.com/gptbot)"
114.119.144.143 - - [13/Feb/2026:16:59:15 +0000] "GET /goods.php?shop/pg/217tear/9531 HTTP/1.1" 404 - "http://mohamionline.com/goods.php?sitemap803.xml" "Mozilla/5.0 (Linux; Android 7.0;) AppleWebKit/537.36 (KHTML, like Gecko) Mobile Safari/537.36 (compatible; PetalBot;+https://webmaster.petalsearch.com/site/petalbot)"
74.7.242.31 - - [13/Feb/2026:16:59:16 +0000] "GET /buy.php?detail/23000886785878 HTTP/1.1" 200 118044 "https://mohamionline.com/buy.php?detail/12303075278861" "Mozilla/5.0 AppleWebKit/537.36 (KHTML, like Gecko; compatible; GPTBot/1.3; +https://openai.com/gptbot)"
74.7.242.31 - - [13/Feb/2026:16:59:19 +0000] "GET /buy.php?detail/09503255116162 HTTP/1.1" 200 128718 "https://mohamionline.com/buy.php?goods/290014233" "Mozilla/5.0 AppleWebKit/537.36 (KHTML, like Gecko; compatible; GPTBot/1.3; +https://openai.com/gptbot)"
74.7.242.31 - - [13/Feb/2026:16:59:21 +0000] "GET /buy.php?detail/01804313556563 HTTP/1.1" 200 119177 "https://mohamionline.com/buy.php?detail/25000899938477" "Mozilla/5.0 AppleWebKit/537.36 (KHTML, like Gecko; compatible; GPTBot/1.3; +https://openai.com/gptbot)"
74.7.241.182 - - [13/Feb/2026:16:59:26 +0000] "GET /robots.txt HTTP/1.1" 404 - "-" "Mozilla/5.0 (Macintosh; Intel Mac OS X 10_15_7) AppleWebKit/537.36 (KHTML, like Gecko) Chrome/131.0.0.0 Safari/537.36; compatible; OAI-SearchBot/1.3; robots.txt; +https://openai.com/searchbot"
74.7.242.31 - - [13/Feb/2026:16:59:24 +0000] "GET /buy.php?detail/25000887073509 HTTP/1.1" 200 119650 "https://mohamionline.com/buy.php?detail/25000869355500" "Mozilla/5.0 AppleWebKit/537.36 (KHTML, like Gecko; compatible; GPTBot/1.3; +https://openai.com/gptbot)"
74.7.242.31 - - [13/Feb/2026:16:59:29 +0000] "GET /buy.php?detail/15101580374364 HTTP/1.1" 200 118752 "https://mohamionline.com/buy.php?detail/15101514301861" "Mozilla/5.0 AppleWebKit/537.36 (KHTML, like Gecko; compatible; GPTBot/1.3; +https://openai.com/gptbot)"
74.7.242.31 - - [13/Feb/2026:16:59:33 +0000] "GET /buy.php?detail/12303078132037 HTTP/1.1" 200 118942 "https://mohamionline.com/buy.php?detail/12303075278861" "Mozilla/5.0 AppleWebKit/537.36 (KHTML, like Gecko; compatible; GPTBot/1.3; +https://openai.com/gptbot)"
74.7.242.31 - - [13/Feb/2026:16:59:36 +0000] "GET /buy.php?detail/13701366238207 HTTP/1.1" 200 141400 "https://mohamionline.com/buy.php?detail/13701800033589" "Mozilla/5.0 AppleWebKit/537.36 (KHTML, like Gecko; compatible; GPTBot/1.3; +https://openai.com/gptbot)"
74.7.242.31 - - [13/Feb/2026:16:59:39 +0000] "GET /buy.php?detail/15304949330157 HTTP/1.1" 200 120816 "https://mohamionline.com/buy.php?detail/25000845977534" "Mozilla/5.0 AppleWebKit/537.36 (KHTML, like Gecko; compatible; GPTBot/1.3; +https://openai.com/gptbot)"
74.7.242.31 - - [13/Feb/2026:16:59:42 +0000] "GET /buy.php?detail/11902677053967 HTTP/1.1" 200 120361 "https://mohamionline.com/buy.php?detail/11903130048331" "Mozilla/5.0 AppleWebKit/537.36 (KHTML, like Gecko; compatible; GPTBot/1.3; +https://openai.com/gptbot)"
74.7.242.31 - - [13/Feb/2026:16:59:45 +0000] "GET /buy.php?detail/18500284933099 HTTP/1.1" 200 119399 "https://mohamionline.com/buy.php?detail/12303075278861" "Mozilla/5.0 AppleWebKit/537.36 (KHTML, like Gecko; compatible; GPTBot/1.3; +https://openai.com/gptbot)"
74.7.242.31 - - [13/Feb/2026:16:59:48 +0000] "GET /buy.php?detail/29001440131980 HTTP/1.1" 200 118921 "https://mohamionline.com/buy.php?detail/29001423336332" "Mozilla/5.0 AppleWebKit/537.36 (KHTML, like Gecko; compatible; GPTBot/1.3; +https://openai.com/gptbot)"
74.7.242.31 - - [13/Feb/2026:16:59:51 +0000] "GET /buy.php?detail/23000927361967 HTTP/1.1" 200 118211 "https://mohamionline.com/buy.php?detail/23000886785878" "Mozilla/5.0 AppleWebKit/537.36 (KHTML, like Gecko; compatible; GPTBot/1.3; +https://openai.com/gptbot)"
2a01:4f9:c013:686f::1 - - [13/Feb/2026:16:59:55 +0000] "GET /favicon.ico HTTP/1.1" 404 - "-" "Mozilla/5.0 (X11; Linux x86_64) AppleWebKit/537.36 (KHTML, like Gecko) Chrome/143.0.0.0 Safari/537.36"
74.7.242.31 - - [13/Feb/2026:16:59:54 +0000] "GET /buy.php?detail/09503150719987 HTTP/1.1" 200 120533 "https://mohamionline.com/buy.php?detail/09503255116162" "Mozilla/5.0 AppleWebKit/537.36 (KHTML, like Gecko; compatible; GPTBot/1.3; +https://openai.com/gptbot)"
74.7.242.31 - - [13/Feb/2026:16:59:57 +0000] "GET /buy.php?detail/01804295074013 HTTP/1.1" 200 119441 "https://mohamionline.com/buy.php?detail/01804313556563" "Mozilla/5.0 AppleWebKit/537.36 (KHTML, like Gecko; compatible; GPTBot/1.3; +https://openai.com/gptbot)"
74.7.242.31 - - [13/Feb/2026:17:00:00 +0000] "GET /buy.php?detail/01804294911873 HTTP/1.1" 200 119165 "https://mohamionline.com/buy.php?detail/01804313556563" "Mozilla/5.0 AppleWebKit/537.36 (KHTML, like Gecko; compatible; GPTBot/1.3; +https://openai.com/gptbot)"
74.7.242.31 - - [13/Feb/2026:17:00:03 +0000] "GET /buy.php?detail/16401507797933 HTTP/1.1" 200 119880 "https://mohamionline.com/buy.php?detail/23000886785878" "Mozilla/5.0 AppleWebKit/537.36 (KHTML, like Gecko; compatible; GPTBot/1.3; +https://openai.com/gptbot)"
74.7.242.31 - - [13/Feb/2026:17:00:07 +0000] "GET /buy.php?detail/25000178471635 HTTP/1.1" 200 123031 "https://mohamionline.com/buy.php?detail/24404524243614" "Mozilla/5.0 AppleWebKit/537.36 (KHTML, like Gecko; compatible; GPTBot/1.3; +https://openai.com/gptbot)"
74.7.242.31 - - [13/Feb/2026:17:00:10 +0000] "GET /buy.php?detail/25000863771399 HTTP/1.1" 200 119942 "https://mohamionline.com/buy.php?detail/25000899938477" "Mozilla/5.0 AppleWebKit/537.36 (KHTML, like Gecko; compatible; GPTBot/1.3; +https://openai.com/gptbot)"
74.7.242.31 - - [13/Feb/2026:17:00:14 +0000] "GET /buy.php?detail/15304814555759 HTTP/1.1" 200 119645 "https://mohamionline.com/buy.php?detail/15304949330157" "Mozilla/5.0 AppleWebKit/537.36 (KHTML, like Gecko; compatible; GPTBot/1.3; +https://openai.com/gptbot)"
74.7.242.31 - - [13/Feb/2026:17:00:17 +0000] "GET /buy.php?detail/15502352415544 HTTP/1.1" 200 128572 "https://mohamionline.com/buy.php?detail/12303075278861" "Mozilla/5.0 AppleWebKit/537.36 (KHTML, like Gecko; compatible; GPTBot/1.3; +https://openai.com/gptbot)"
74.7.242.31 - - [13/Feb/2026:17:00:20 +0000] "GET /buy.php?detail/09503150339385 HTTP/1.1" 200 119669 "https://mohamionline.com/buy.php?detail/09503255116162" "Mozilla/5.0 AppleWebKit/537.36 (KHTML, like Gecko; compatible; GPTBot/1.3; +https://openai.com/gptbot)"
74.7.242.31 - - [13/Feb/2026:17:00:23 +0000] "GET /buy.php?detail/09402942941346 HTTP/1.1" 200 121849 "https://mohamionline.com/buy.php?detail/09402921992554" "Mozilla/5.0 AppleWebKit/537.36 (KHTML, like Gecko; compatible; GPTBot/1.3; +https://openai.com/gptbot)"
74.7.242.31 - - [13/Feb/2026:17:00:27 +0000] "GET /buy.php?detail/23000974632733 HTTP/1.1" 200 119483 "https://mohamionline.com/buy.php?detail/23000927361967" "Mozilla/5.0 AppleWebKit/537.36 (KHTML, like Gecko; compatible; GPTBot/1.3; +https://openai.com/gptbot)"
74.7.242.31 - - [13/Feb/2026:17:00:30 +0000] "GET /buy.php?detail/09100915208914 HTTP/1.1" 200 123918 "https://mohamionline.com/buy.php?detail/09100986367056" "Mozilla/5.0 AppleWebKit/537.36 (KHTML, like Gecko; compatible; GPTBot/1.3; +https://openai.com/gptbot)"
74.7.242.31 - - [13/Feb/2026:17:00:33 +0000] "GET /buy.php?detail/29404582478787 HTTP/1.1" 200 120584 "https://mohamionline.com/buy.php?detail/25000901447690" "Mozilla/5.0 AppleWebKit/537.36 (KHTML, like Gecko; compatible; GPTBot/1.3; +https://openai.com/gptbot)"
114.119.153.209 - - [13/Feb/2026:17:00:39 +0000] "GET /goods.php?shop/pg/217rice/44271 HTTP/1.1" 404 - "http://mohamionline.com/goods.php?sitemap803.xml" "Mozilla/5.0 (Linux; Android 7.0;) AppleWebKit/537.36 (KHTML, like Gecko) Mobile Safari/537.36 (compatible; PetalBot;+https://webmaster.petalsearch.com/site/petalbot)"
74.7.242.31 - - [13/Feb/2026:17:00:36 +0000] "GET /buy.php?detail/01804360336058 HTTP/1.1" 200 118794 "https://mohamionline.com/buy.php?detail/01804295074013" "Mozilla/5.0 AppleWebKit/537.36 (KHTML, like Gecko; compatible; GPTBot/1.3; +https://openai.com/gptbot)"
74.7.242.31 - - [13/Feb/2026:17:00:40 +0000] "GET /buy.php?detail/15300292492463 HTTP/1.1" 200 119432 "https://mohamionline.com/buy.php?detail/15300370096870" "Mozilla/5.0 AppleWebKit/537.36 (KHTML, like Gecko; compatible; GPTBot/1.3; +https://openai.com/gptbot)"
74.7.242.31 - - [13/Feb/2026:17:00:43 +0000] "GET /buy.php?detail/25000183114329 HTTP/1.1" 200 151390 "https://mohamionline.com/buy.php?detail/25000178471635" "Mozilla/5.0 AppleWebKit/537.36 (KHTML, like Gecko; compatible; GPTBot/1.3; +https://openai.com/gptbot)"
47.82.11.157 - - [13/Feb/2026:17:00:46 +0000] "GET /shopdetail/8331096314 HTTP/1.1" 404 - "https://mohamionline.com/" "Mozilla/5.0 (Windows NT 10.0; Win64; x64) AppleWebKit/537.36 (KHTML, like Gecko) Chrome/135.0.0.0 Safari/537.36"
74.7.242.31 - - [13/Feb/2026:17:00:46 +0000] "GET /buy.php?detail/25000848703552 HTTP/1.1" 200 120602 "https://mohamionline.com/buy.php?detail/25000863771399" "Mozilla/5.0 AppleWebKit/537.36 (KHTML, like Gecko; compatible; GPTBot/1.3; +https://openai.com/gptbot)"
74.7.242.31 - - [13/Feb/2026:17:00:49 +0000] "GET /buy.php?detail/25000849054345 HTTP/1.1" 200 118222 "https://mohamionline.com/buy.php?detail/25000863771399" "Mozilla/5.0 AppleWebKit/537.36 (KHTML, like Gecko; compatible; GPTBot/1.3; +https://openai.com/gptbot)"
74.7.242.31 - - [13/Feb/2026:17:00:53 +0000] "GET /buy.php?detail/25000183676451 HTTP/1.1" 200 127078 "https://mohamionline.com/buy.php?detail/25000178471635" "Mozilla/5.0 AppleWebKit/537.36 (KHTML, like Gecko; compatible; GPTBot/1.3; +https://openai.com/gptbot)"
74.7.242.31 - - [13/Feb/2026:17:00:56 +0000] "GET /buy.php?detail/23103870690697 HTTP/1.1" 200 119640 "https://mohamionline.com/buy.php?detail/22202658487315" "Mozilla/5.0 AppleWebKit/537.36 (KHTML, like Gecko; compatible; GPTBot/1.3; +https://openai.com/gptbot)"
74.7.242.31 - - [13/Feb/2026:17:00:59 +0000] "GET /buy.php?detail/01004837990453 HTTP/1.1" 200 142337 "https://mohamionline.com/buy.php?detail/22202658487315" "Mozilla/5.0 AppleWebKit/537.36 (KHTML, like Gecko; compatible; GPTBot/1.3; +https://openai.com/gptbot)"
74.7.242.31 - - [13/Feb/2026:17:01:02 +0000] "GET /buy.php?detail/27700815935955 HTTP/1.1" 200 119788 "https://mohamionline.com/buy.php?detail/15101513666332" "Mozilla/5.0 AppleWebKit/537.36 (KHTML, like Gecko; compatible; GPTBot/1.3; +https://openai.com/gptbot)"
74.7.242.31 - - [13/Feb/2026:17:01:06 +0000] "GET /buy.php?detail/09100929457422 HTTP/1.1" 200 119753 "https://mohamionline.com/buy.php?detail/09100915208914" "Mozilla/5.0 AppleWebKit/537.36 (KHTML, like Gecko; compatible; GPTBot/1.3; +https://openai.com/gptbot)"
74.7.242.31 - - [13/Feb/2026:17:01:10 +0000] "GET /buy.php?detail/29404556450886 HTTP/1.1" 200 117624 "https://mohamionline.com/buy.php?detail/29404582478787" "Mozilla/5.0 AppleWebKit/537.36 (KHTML, like Gecko; compatible; GPTBot/1.3; +https://openai.com/gptbot)"
74.7.242.31 - - [13/Feb/2026:17:01:14 +0000] "GET /buy.php?detail/09100931402083 HTTP/1.1" 200 123610 "https://mohamionline.com/buy.php?detail/09100915208914" "Mozilla/5.0 AppleWebKit/537.36 (KHTML, like Gecko; compatible; GPTBot/1.3; +https://openai.com/gptbot)"
74.7.242.31 - - [13/Feb/2026:17:01:17 +0000] "GET /buy.php?detail/01804285675218 HTTP/1.1" 200 119926 "https://mohamionline.com/buy.php?detail/01804360336058" "Mozilla/5.0 AppleWebKit/537.36 (KHTML, like Gecko; compatible; GPTBot/1.3; +https://openai.com/gptbot)"
74.7.242.31 - - [13/Feb/2026:17:01:21 +0000] "GET /buy.php?detail/16000587156489 HTTP/1.1" 200 158155 "https://mohamionline.com/buy.php?detail/25000183114329" "Mozilla/5.0 AppleWebKit/537.36 (KHTML, like Gecko; compatible; GPTBot/1.3; +https://openai.com/gptbot)"
62.164.177.252 - - [13/Feb/2026:17:01:27 +0000] "POST /xmlrpc.php HTTP/1.1" 404 - "-" "Mozilla/5.0 (Windows NT 10.0; Win64; x64) AppleWebKit/537.36 (KHTML, like Gecko) Chrome/138.0.0.0 Safari/537.36"
74.7.242.31 - - [13/Feb/2026:17:01:24 +0000] "GET /buy.php?detail/21200467691228 HTTP/1.1" 200 124306 "https://mohamionline.com/buy.php?detail/21200442051708" "Mozilla/5.0 AppleWebKit/537.36 (KHTML, like Gecko; compatible; GPTBot/1.3; +https://openai.com/gptbot)"
47.82.11.59 - - [13/Feb/2026:17:01:29 +0000] "GET /shopdetail/83310974300 HTTP/1.1" 404 - "https://mohamionline.com/" "Mozilla/5.0 (Macintosh; Intel Mac OS X 10_15_7) AppleWebKit/537.36 (KHTML, like Gecko) Chrome/135.0.0.0 Safari/537.36"
74.7.242.31 - - [13/Feb/2026:17:01:28 +0000] "GET /buy.php?detail/25000841253614 HTTP/1.1" 200 119040 "https://mohamionline.com/buy.php?detail/25000849054345" "Mozilla/5.0 AppleWebKit/537.36 (KHTML, like Gecko; compatible; GPTBot/1.3; +https://openai.com/gptbot)"
74.7.242.31 - - [13/Feb/2026:17:01:31 +0000] "GET /buy.php?detail/25000841986859 HTTP/1.1" 200 118396 "https://mohamionline.com/buy.php?detail/25000849054345" "Mozilla/5.0 AppleWebKit/537.36 (KHTML, like Gecko; compatible; GPTBot/1.3; +https://openai.com/gptbot)"
74.7.242.31 - - [13/Feb/2026:17:01:35 +0000] "GET /buy.php?detail/25000841405869 HTTP/1.1" 200 119313 "https://mohamionline.com/buy.php?detail/25000849054345" "Mozilla/5.0 AppleWebKit/537.36 (KHTML, like Gecko; compatible; GPTBot/1.3; +https://openai.com/gptbot)"
74.7.242.31 - - [13/Feb/2026:17:01:38 +0000] "GET /buy.php?detail/26900220213462 HTTP/1.1" 200 117281 "https://mohamionline.com/buy.php?detail/25000183676451" "Mozilla/5.0 AppleWebKit/537.36 (KHTML, like Gecko; compatible; GPTBot/1.3; +https://openai.com/gptbot)"
74.7.242.31 - - [13/Feb/2026:17:01:42 +0000] "GET /buy.php?detail/07100625145907 HTTP/1.1" 200 120053 "https://mohamionline.com/buy.php?detail/25000827308923" "Mozilla/5.0 AppleWebKit/537.36 (KHTML, like Gecko; compatible; GPTBot/1.3; +https://openai.com/gptbot)"
74.7.242.31 - - [13/Feb/2026:17:01:46 +0000] "GET /buy.php?detail/09100960584830 HTTP/1.1" 200 121029 "https://mohamionline.com/buy.php?detail/09100929457422" "Mozilla/5.0 AppleWebKit/537.36 (KHTML, like Gecko; compatible; GPTBot/1.3; +https://openai.com/gptbot)"
74.7.242.31 - - [13/Feb/2026:17:01:49 +0000] "GET /buy.php?detail/29404514570485 HTTP/1.1" 200 118647 "https://mohamionline.com/buy.php?detail/29404556450886" "Mozilla/5.0 AppleWebKit/537.36 (KHTML, like Gecko; compatible; GPTBot/1.3; +https://openai.com/gptbot)"
74.7.242.31 - - [13/Feb/2026:17:01:52 +0000] "GET /buy.php?detail/09100937377605 HTTP/1.1" 200 125671 "https://mohamionline.com/buy.php?detail/09100931402083" "Mozilla/5.0 AppleWebKit/537.36 (KHTML, like Gecko; compatible; GPTBot/1.3; +https://openai.com/gptbot)"
74.7.242.31 - - [13/Feb/2026:17:01:56 +0000] "GET /buy.php?detail/01804341475034 HTTP/1.1" 200 119034 "https://mohamionline.com/buy.php?detail/01804285675218" "Mozilla/5.0 AppleWebKit/537.36 (KHTML, like Gecko; compatible; GPTBot/1.3; +https://openai.com/gptbot)"
74.7.242.31 - - [13/Feb/2026:17:01:59 +0000] "GET /buy.php?detail/25903790644576 HTTP/1.1" 200 121470 "https://mohamionline.com/buy.php?detail/16000587156489" "Mozilla/5.0 AppleWebKit/537.36 (KHTML, like Gecko; compatible; GPTBot/1.3; +https://openai.com/gptbot)"
114.119.155.180 - - [13/Feb/2026:17:02:03 +0000] "GET /goods.php?shop/pg/217present/37961 HTTP/1.1" 404 - "http://mohamionline.com/goods.php?sitemap803.xml" "Mozilla/5.0 (Linux; Android 7.0;) AppleWebKit/537.36 (KHTML, like Gecko) Mobile Safari/537.36 (compatible; PetalBot;+https://webmaster.petalsearch.com/site/petalbot)"
74.7.242.31 - - [13/Feb/2026:17:02:03 +0000] "GET /buy.php?detail/04404451270487 HTTP/1.1" 200 120439 "https://mohamionline.com/buy.php?detail/23000927361967" "Mozilla/5.0 AppleWebKit/537.36 (KHTML, like Gecko; compatible; GPTBot/1.3; +https://openai.com/gptbot)"
74.7.242.31 - - [13/Feb/2026:17:02:06 +0000] "GET /buy.php?detail/18200858208034 HTTP/1.1" 200 125686 "https://mohamionline.com/buy.php?detail/18200920357422" "Mozilla/5.0 AppleWebKit/537.36 (KHTML, like Gecko; compatible; GPTBot/1.3; +https://openai.com/gptbot)"
74.7.242.31 - - [13/Feb/2026:17:02:09 +0000] "GET /buy.php?detail/25000899101985 HTTP/1.1" 200 118537 "https://mohamionline.com/buy.php?detail/25000841986859" "Mozilla/5.0 AppleWebKit/537.36 (KHTML, like Gecko; compatible; GPTBot/1.3; +https://openai.com/gptbot)"
209.97.171.24 - - [13/Feb/2026:17:02:13 +0000] "GET /wp-content/plugins/profile-builder/readme.txt HTTP/1.1" 404 - "-" "Mozlila/5.0 (Linux; Android 7.0; SM-G892A Bulid/NRD90M; wv) AppleWebKit/537.36 (KHTML, like Gecko) Version/4.0 Chrome/60.0.3112.107 Moblie Safari/537.36"
74.7.242.31 - - [13/Feb/2026:17:02:13 +0000] "GET /buy.php?detail/16303893275693 HTTP/1.1" 200 135664 "https://mohamionline.com/buy.php?detail/25000841405869" "Mozilla/5.0 AppleWebKit/537.36 (KHTML, like Gecko; compatible; GPTBot/1.3; +https://openai.com/gptbot)"
74.7.242.31 - - [13/Feb/2026:17:02:16 +0000] "GET /buy.php?detail/17404449235945 HTTP/1.1" 200 119253 "https://mohamionline.com/buy.php?detail/26900220213462" "Mozilla/5.0 AppleWebKit/537.36 (KHTML, like Gecko; compatible; GPTBot/1.3; +https://openai.com/gptbot)"
74.7.242.31 - - [13/Feb/2026:17:02:19 +0000] "GET /buy.php?detail/07100781081359 HTTP/1.1" 200 119188 "https://mohamionline.com/buy.php?detail/07100625145907" "Mozilla/5.0 AppleWebKit/537.36 (KHTML, like Gecko; compatible; GPTBot/1.3; +https://openai.com/gptbot)"
74.7.242.31 - - [13/Feb/2026:17:02:22 +0000] "GET /buy.php?detail/09100905146453 HTTP/1.1" 200 127837 "https://mohamionline.com/buy.php?detail/09100960584830" "Mozilla/5.0 AppleWebKit/537.36 (KHTML, like Gecko; compatible; GPTBot/1.3; +https://openai.com/gptbot)"
74.7.242.31 - - [13/Feb/2026:17:02:25 +0000] "GET /buy.php?detail/29404467099996 HTTP/1.1" 200 118097 "https://mohamionline.com/buy.php?detail/29404514570485" "Mozilla/5.0 AppleWebKit/537.36 (KHTML, like Gecko; compatible; GPTBot/1.3; +https://openai.com/gptbot)"
74.7.242.31 - - [13/Feb/2026:17:02:29 +0000] "GET /buy.php?detail/2760067650804 HTTP/1.1" 200 123260 "https://mohamionline.com/buy.php?detail/09100937377605" "Mozilla/5.0 AppleWebKit/537.36 (KHTML, like Gecko; compatible; GPTBot/1.3; +https://openai.com/gptbot)"
74.7.242.31 - - [13/Feb/2026:17:02:32 +0000] "GET /buy.php?detail/27902747664264 HTTP/1.1" 200 120019 "https://mohamionline.com/buy.php?detail/01804341475034" "Mozilla/5.0 AppleWebKit/537.36 (KHTML, like Gecko; compatible; GPTBot/1.3; +https://openai.com/gptbot)"
74.7.242.31 - - [13/Feb/2026:17:02:35 +0000] "GET /buy.php?detail/09704469932939 HTTP/1.1" 200 120021 "https://mohamionline.com/buy.php?detail/25000841986859" "Mozilla/5.0 AppleWebKit/537.36 (KHTML, like Gecko; compatible; GPTBot/1.3; +https://openai.com/gptbot)"
74.7.242.31 - - [13/Feb/2026:17:02:40 +0000] "GET /buy.php?detail/01804364004137 HTTP/1.1" 200 119189 "https://mohamionline.com/buy.php?detail/01804341475034" "Mozilla/5.0 AppleWebKit/537.36 (KHTML, like Gecko; compatible; GPTBot/1.3; +https://openai.com/gptbot)"
74.7.242.31 - - [13/Feb/2026:17:02:44 +0000] "GET /buy.php?detail/08000013554238 HTTP/1.1" 200 121814 "https://mohamionline.com/buy.php?detail/09100960584830" "Mozilla/5.0 AppleWebKit/537.36 (KHTML, like Gecko; compatible; GPTBot/1.3; +https://openai.com/gptbot)"
74.7.242.31 - - [13/Feb/2026:17:02:48 +0000] "GET /buy.php?detail/25000893112967 HTTP/1.1" 200 119899 "https://mohamionline.com/buy.php?detail/25000841405869" "Mozilla/5.0 AppleWebKit/537.36 (KHTML, like Gecko; compatible; GPTBot/1.3; +https://openai.com/gptbot)"
74.7.242.31 - - [13/Feb/2026:17:02:51 +0000] "GET /buy.php?detail/08304930441353 HTTP/1.1" 200 120442 "https://mohamionline.com/buy.php?detail/26900220213462" "Mozilla/5.0 AppleWebKit/537.36 (KHTML, like Gecko; compatible; GPTBot/1.3; +https://openai.com/gptbot)"
74.7.242.31 - - [13/Feb/2026:17:02:54 +0000] "GET /buy.php?detail/05100519607540 HTTP/1.1" 200 127313 "https://mohamionline.com/buy.php?detail/25000809921772" "Mozilla/5.0 AppleWebKit/537.36 (KHTML, like Gecko; compatible; GPTBot/1.3; +https://openai.com/gptbot)"
74.7.242.31 - - [13/Feb/2026:17:02:57 +0000] "GET /buy.php?detail/07100748371855 HTTP/1.1" 200 119802 "https://mohamionline.com/buy.php?detail/07100781081359" "Mozilla/5.0 AppleWebKit/537.36 (KHTML, like Gecko; compatible; GPTBot/1.3; +https://openai.com/gptbot)"
74.7.242.31 - - [13/Feb/2026:17:03:00 +0000] "GET /buy.php?detail/09100953454073 HTTP/1.1" 200 126770 "https://mohamionline.com/buy.php?detail/09100905146453" "Mozilla/5.0 AppleWebKit/537.36 (KHTML, like Gecko; compatible; GPTBot/1.3; +https://openai.com/gptbot)"
66.249.66.70 - - [13/Feb/2026:17:03:03 +0000] "GET /header.php?merchandises/37310973964 HTTP/1.1" 404 - "-" "Mozilla/5.0 (Linux; Android 6.0.1; Nexus 5X Build/MMB29P) AppleWebKit/537.36 (KHTML, like Gecko) Chrome/144.0.7559.132 Mobile Safari/537.36 (compatible; Googlebot/2.1; +http://www.google.com/bot.html)"
74.7.242.31 - - [13/Feb/2026:17:03:03 +0000] "GET /buy.php?detail/143015726536 HTTP/1.1" 200 142016 "https://mohamionline.com/buy.php?detail/29404467099996" "Mozilla/5.0 AppleWebKit/537.36 (KHTML, like Gecko; compatible; GPTBot/1.3; +https://openai.com/gptbot)"
