74.7.242.31 - - [13/Feb/2026:15:18:21 +0000] "GET /buy.php?detail/16603830759530 HTTP/1.1" 200 123875 "https://mohamionline.com/buy.php?detail/16603514291445" "Mozilla/5.0 AppleWebKit/537.36 (KHTML, like Gecko; compatible; GPTBot/1.3; +https://openai.com/gptbot)"
74.7.242.31 - - [13/Feb/2026:15:18:24 +0000] "GET /buy.php?detail/01700760073024 HTTP/1.1" 200 134371 "https://mohamionline.com/buy.php?detail/01700876301144" "Mozilla/5.0 AppleWebKit/537.36 (KHTML, like Gecko; compatible; GPTBot/1.3; +https://openai.com/gptbot)"
74.7.242.31 - - [13/Feb/2026:15:18:27 +0000] "GET /buy.php?detail/30003090914415 HTTP/1.1" 200 119550 "https://mohamionline.com/buy.php?detail/30002894013299" "Mozilla/5.0 AppleWebKit/537.36 (KHTML, like Gecko; compatible; GPTBot/1.3; +https://openai.com/gptbot)"
74.7.242.31 - - [13/Feb/2026:15:18:30 +0000] "GET /buy.php?detail/29604988825922 HTTP/1.1" 200 127337 "https://mohamionline.com/buy.php?detail/29604999547704" "Mozilla/5.0 AppleWebKit/537.36 (KHTML, like Gecko; compatible; GPTBot/1.3; +https://openai.com/gptbot)"
74.7.242.31 - - [13/Feb/2026:15:18:33 +0000] "GET /buy.php?detail/03800851494977 HTTP/1.1" 200 124278 "https://mohamionline.com/buy.php?detail/30002893584589" "Mozilla/5.0 AppleWebKit/537.36 (KHTML, like Gecko; compatible; GPTBot/1.3; +https://openai.com/gptbot)"
74.7.242.31 - - [13/Feb/2026:15:18:36 +0000] "GET /buy.php?detail/15302228055898 HTTP/1.1" 200 123033 "https://mohamionline.com/buy.php?detail/30002832479195" "Mozilla/5.0 AppleWebKit/537.36 (KHTML, like Gecko; compatible; GPTBot/1.3; +https://openai.com/gptbot)"
74.7.242.31 - - [13/Feb/2026:15:18:39 +0000] "GET /buy.php?jp/080020408.html HTTP/1.1" 200 126297 "https://mohamionline.com/buy.php?detail/00101742850680" "Mozilla/5.0 AppleWebKit/537.36 (KHTML, like Gecko; compatible; GPTBot/1.3; +https://openai.com/gptbot)"
74.7.242.31 - - [13/Feb/2026:15:18:42 +0000] "GET /buy.php?detail/09702546888515 HTTP/1.1" 200 120172 "https://mohamionline.com/buy.php?goods/097026880" "Mozilla/5.0 AppleWebKit/537.36 (KHTML, like Gecko; compatible; GPTBot/1.3; +https://openai.com/gptbot)"
74.7.242.31 - - [13/Feb/2026:15:18:44 +0000] "GET /buy.php?detail/23203793037422 HTTP/1.1" 200 118259 "https://mohamionline.com/buy.php?detail/24003609430002" "Mozilla/5.0 AppleWebKit/537.36 (KHTML, like Gecko; compatible; GPTBot/1.3; +https://openai.com/gptbot)"
74.7.242.31 - - [13/Feb/2026:15:18:47 +0000] "GET /buy.php?detail/00101626446779 HTTP/1.1" 200 120740 "https://mohamionline.com/buy.php?detail/00101446885584" "Mozilla/5.0 AppleWebKit/537.36 (KHTML, like Gecko; compatible; GPTBot/1.3; +https://openai.com/gptbot)"
74.7.242.31 - - [13/Feb/2026:15:18:50 +0000] "GET /buy.php?detail/00101626897236 HTTP/1.1" 200 121360 "https://mohamionline.com/buy.php?detail/00101446885584" "Mozilla/5.0 AppleWebKit/537.36 (KHTML, like Gecko; compatible; GPTBot/1.3; +https://openai.com/gptbot)"
74.7.242.31 - - [13/Feb/2026:15:18:54 +0000] "GET /buy.php?detail/00101801861470 HTTP/1.1" 200 119651 "https://mohamionline.com/buy.php?detail/00101571985675" "Mozilla/5.0 AppleWebKit/537.36 (KHTML, like Gecko; compatible; GPTBot/1.3; +https://openai.com/gptbot)"
114.119.144.143 - - [13/Feb/2026:15:19:00 +0000] "GET /goods.php?shop/pg/22grip/4120 HTTP/1.1" 404 - "http://mohamionline.com/goods.php?sitemap803.xml" "Mozilla/5.0 (Linux; Android 7.0;) AppleWebKit/537.36 (KHTML, like Gecko) Mobile Safari/537.36 (compatible; PetalBot;+https://webmaster.petalsearch.com/site/petalbot)"
74.7.242.31 - - [13/Feb/2026:15:18:57 +0000] "GET /buy.php?detail/01700797272479 HTTP/1.1" 200 135493 "https://mohamionline.com/buy.php?detail/01700760073024" "Mozilla/5.0 AppleWebKit/537.36 (KHTML, like Gecko; compatible; GPTBot/1.3; +https://openai.com/gptbot)"
74.7.242.31 - - [13/Feb/2026:15:19:00 +0000] "GET /buy.php?detail/24700044870670 HTTP/1.1" 200 119552 "https://mohamionline.com/buy.php?detail/30003090914415" "Mozilla/5.0 AppleWebKit/537.36 (KHTML, like Gecko; compatible; GPTBot/1.3; +https://openai.com/gptbot)"
74.7.242.31 - - [13/Feb/2026:15:19:02 +0000] "GET /buy.php?detail/30002880217544 HTTP/1.1" 200 120301 "https://mohamionline.com/buy.php?detail/30003090914415" "Mozilla/5.0 AppleWebKit/537.36 (KHTML, like Gecko; compatible; GPTBot/1.3; +https://openai.com/gptbot)"
74.7.242.31 - - [13/Feb/2026:15:19:05 +0000] "GET /buy.php?detail/21904747402145 HTTP/1.1" 200 118876 "https://mohamionline.com/buy.php?detail/21904633217239" "Mozilla/5.0 AppleWebKit/537.36 (KHTML, like Gecko; compatible; GPTBot/1.3; +https://openai.com/gptbot)"
74.7.242.31 - - [13/Feb/2026:15:19:07 +0000] "GET /buy.php?detail/15302280416888 HTTP/1.1" 200 121250 "https://mohamionline.com/buy.php?detail/15302228055898" "Mozilla/5.0 AppleWebKit/537.36 (KHTML, like Gecko; compatible; GPTBot/1.3; +https://openai.com/gptbot)"
74.7.242.31 - - [13/Feb/2026:15:19:09 +0000] "GET /buy.php?detail/08002032847477 HTTP/1.1" 200 128982 "https://mohamionline.com/buy.php?jp/080020408.html" "Mozilla/5.0 AppleWebKit/537.36 (KHTML, like Gecko; compatible; GPTBot/1.3; +https://openai.com/gptbot)"
74.7.242.31 - - [13/Feb/2026:15:19:11 +0000] "GET /buy.php?detail/15700258028722 HTTP/1.1" 200 129341 "https://mohamionline.com/buy.php?detail/09702546888515" "Mozilla/5.0 AppleWebKit/537.36 (KHTML, like Gecko; compatible; GPTBot/1.3; +https://openai.com/gptbot)"
74.7.242.31 - - [13/Feb/2026:15:19:14 +0000] "GET /buy.php?detail/29301702530144 HTTP/1.1" 200 129262 "https://mohamionline.com/buy.php?detail/03800851494977" "Mozilla/5.0 AppleWebKit/537.36 (KHTML, like Gecko; compatible; GPTBot/1.3; +https://openai.com/gptbot)"
74.7.242.31 - - [13/Feb/2026:15:19:17 +0000] "GET /buy.php?detail/29604988500981 HTTP/1.1" 200 134689 "https://mohamionline.com/buy.php?detail/29604999547704" "Mozilla/5.0 AppleWebKit/537.36 (KHTML, like Gecko; compatible; GPTBot/1.3; +https://openai.com/gptbot)"
66.249.66.70 - - [13/Feb/2026:15:19:20 +0000] "GET /header.php?merchandises/205109444146 HTTP/1.1" 404 - "-" "Mozilla/5.0 (Linux; Android 6.0.1; Nexus 5X Build/MMB29P) AppleWebKit/537.36 (KHTML, like Gecko) Chrome/144.0.7559.132 Mobile Safari/537.36 (compatible; Googlebot/2.1; +http://www.google.com/bot.html)"
74.7.242.31 - - [13/Feb/2026:15:19:20 +0000] "GET /buy.php?detail/09400529752621 HTTP/1.1" 200 121891 "https://mohamionline.com/buy.php?detail/00101626897236" "Mozilla/5.0 AppleWebKit/537.36 (KHTML, like Gecko; compatible; GPTBot/1.3; +https://openai.com/gptbot)"
74.7.242.31 - - [13/Feb/2026:15:19:23 +0000] "GET /buy.php?detail/00101712125466 HTTP/1.1" 200 119005 "https://mohamionline.com/buy.php?detail/00101801861470" "Mozilla/5.0 AppleWebKit/537.36 (KHTML, like Gecko; compatible; GPTBot/1.3; +https://openai.com/gptbot)"
74.7.242.31 - - [13/Feb/2026:15:19:26 +0000] "GET /buy.php?detail/00101593700118 HTTP/1.1" 200 120051 "https://mohamionline.com/buy.php?detail/00101626897236" "Mozilla/5.0 AppleWebKit/537.36 (KHTML, like Gecko; compatible; GPTBot/1.3; +https://openai.com/gptbot)"
74.7.242.31 - - [13/Feb/2026:15:19:28 +0000] "GET /buy.php?detail/27300583285128 HTTP/1.1" 200 132682 "https://mohamionline.com/buy.php?detail/24700044870670" "Mozilla/5.0 AppleWebKit/537.36 (KHTML, like Gecko; compatible; GPTBot/1.3; +https://openai.com/gptbot)"
74.7.242.31 - - [13/Feb/2026:15:19:31 +0000] "GET /buy.php?goods/032003491 HTTP/1.1" 200 119601 "https://mohamionline.com/buy.php?detail/30002880217544" "Mozilla/5.0 AppleWebKit/537.36 (KHTML, like Gecko; compatible; GPTBot/1.3; +https://openai.com/gptbot)"
74.7.242.31 - - [13/Feb/2026:15:19:33 +0000] "GET /buy.php?detail/26101499090052 HTTP/1.1" 200 118250 "https://mohamionline.com/buy.php?detail/30002880217544" "Mozilla/5.0 AppleWebKit/537.36 (KHTML, like Gecko; compatible; GPTBot/1.3; +https://openai.com/gptbot)"
74.7.242.31 - - [13/Feb/2026:15:19:36 +0000] "GET /buy.php?detail/15302224922468 HTTP/1.1" 200 122510 "https://mohamionline.com/buy.php?detail/15302280416888" "Mozilla/5.0 AppleWebKit/537.36 (KHTML, like Gecko; compatible; GPTBot/1.3; +https://openai.com/gptbot)"
74.7.242.31 - - [13/Feb/2026:15:19:38 +0000] "GET /buy.php?detail/01200072579165 HTTP/1.1" 200 118984 "https://mohamionline.com/buy.php?detail/15302280416888" "Mozilla/5.0 AppleWebKit/537.36 (KHTML, like Gecko; compatible; GPTBot/1.3; +https://openai.com/gptbot)"
74.7.242.31 - - [13/Feb/2026:15:19:41 +0000] "GET /buy.php?detail/15302224521672 HTTP/1.1" 200 122717 "https://mohamionline.com/buy.php?detail/15302280416888" "Mozilla/5.0 AppleWebKit/537.36 (KHTML, like Gecko; compatible; GPTBot/1.3; +https://openai.com/gptbot)"
74.7.242.31 - - [13/Feb/2026:15:19:44 +0000] "GET /buy.php?detail/15302225136266 HTTP/1.1" 200 123058 "https://mohamionline.com/buy.php?detail/15302280416888" "Mozilla/5.0 AppleWebKit/537.36 (KHTML, like Gecko; compatible; GPTBot/1.3; +https://openai.com/gptbot)"
74.7.242.31 - - [13/Feb/2026:15:19:47 +0000] "GET /buy.php?detail/29301753817728 HTTP/1.1" 200 129881 "https://mohamionline.com/buy.php?detail/29301702530144" "Mozilla/5.0 AppleWebKit/537.36 (KHTML, like Gecko; compatible; GPTBot/1.3; +https://openai.com/gptbot)"
74.7.242.31 - - [13/Feb/2026:15:19:50 +0000] "GET /buy.php?detail/23900522058413 HTTP/1.1" 200 120641 "https://mohamionline.com/buy.php?detail/09400529752621" "Mozilla/5.0 AppleWebKit/537.36 (KHTML, like Gecko; compatible; GPTBot/1.3; +https://openai.com/gptbot)"
74.7.242.31 - - [13/Feb/2026:15:19:53 +0000] "GET /buy.php?detail/08001922090807 HTTP/1.1" 200 121717 "https://mohamionline.com/buy.php?detail/08002032847477" "Mozilla/5.0 AppleWebKit/537.36 (KHTML, like Gecko; compatible; GPTBot/1.3; +https://openai.com/gptbot)"
74.7.242.31 - - [13/Feb/2026:15:19:56 +0000] "GET /buy.php?detail/09601933440744 HTTP/1.1" 200 125053 "https://mohamionline.com/buy.php?detail/00101593700118" "Mozilla/5.0 AppleWebKit/537.36 (KHTML, like Gecko; compatible; GPTBot/1.3; +https://openai.com/gptbot)"
74.7.242.31 - - [13/Feb/2026:15:19:58 +0000] "GET /buy.php?detail/21003620126661 HTTP/1.1" 200 123010 "https://mohamionline.com/buy.php?detail/29604988500981" "Mozilla/5.0 AppleWebKit/537.36 (KHTML, like Gecko; compatible; GPTBot/1.3; +https://openai.com/gptbot)"
74.7.242.31 - - [13/Feb/2026:15:20:01 +0000] "GET /buy.php?goods/032002904 HTTP/1.1" 200 118991 "https://mohamionline.com/buy.php?goods/032003491" "Mozilla/5.0 AppleWebKit/537.36 (KHTML, like Gecko; compatible; GPTBot/1.3; +https://openai.com/gptbot)"
74.7.242.31 - - [13/Feb/2026:15:20:05 +0000] "GET /buy.php?detail/26101389051413 HTTP/1.1" 200 117678 "https://mohamionline.com/buy.php?detail/26101499090052" "Mozilla/5.0 AppleWebKit/537.36 (KHTML, like Gecko; compatible; GPTBot/1.3; +https://openai.com/gptbot)"
74.7.242.31 - - [13/Feb/2026:15:20:09 +0000] "GET /buy.php?detail/03200289770050 HTTP/1.1" 200 121941 "https://mohamionline.com/buy.php?goods/032003491" "Mozilla/5.0 AppleWebKit/537.36 (KHTML, like Gecko; compatible; GPTBot/1.3; +https://openai.com/gptbot)"
74.7.242.31 - - [13/Feb/2026:15:20:12 +0000] "GET /buy.php?detail/01200082637971 HTTP/1.1" 200 120664 "https://mohamionline.com/buy.php?detail/01200072579165" "Mozilla/5.0 AppleWebKit/537.36 (KHTML, like Gecko; compatible; GPTBot/1.3; +https://openai.com/gptbot)"
74.7.242.31 - - [13/Feb/2026:15:20:15 +0000] "GET /buy.php?detail/12403250506313 HTTP/1.1" 200 121297 "https://mohamionline.com/buy.php?detail/15302224922468" "Mozilla/5.0 AppleWebKit/537.36 (KHTML, like Gecko; compatible; GPTBot/1.3; +https://openai.com/gptbot)"
114.119.136.141 - - [13/Feb/2026:15:20:20 +0000] "GET /goods.php?shop/pg/22acquire/5562 HTTP/1.1" 404 - "http://mohamionline.com/goods.php?sitemap803.xml" "Mozilla/5.0 (Linux; Android 7.0;) AppleWebKit/537.36 (KHTML, like Gecko) Mobile Safari/537.36 (compatible; PetalBot;+https://webmaster.petalsearch.com/site/petalbot)"
74.7.242.31 - - [13/Feb/2026:15:20:17 +0000] "GET /buy.php?detail/30000447330052 HTTP/1.1" 200 119527 "https://mohamionline.com/buy.php?detail/01200072579165" "Mozilla/5.0 AppleWebKit/537.36 (KHTML, like Gecko; compatible; GPTBot/1.3; +https://openai.com/gptbot)"
74.7.242.31 - - [13/Feb/2026:15:20:20 +0000] "GET /buy.php?detail/29301759341938 HTTP/1.1" 200 120555 "https://mohamionline.com/buy.php?detail/29301753817728" "Mozilla/5.0 AppleWebKit/537.36 (KHTML, like Gecko; compatible; GPTBot/1.3; +https://openai.com/gptbot)"
74.7.242.31 - - [13/Feb/2026:15:20:23 +0000] "GET /buy.php?detail/05000071574308 HTTP/1.1" 200 119678 "https://mohamionline.com/buy.php?detail/23900522058413" "Mozilla/5.0 AppleWebKit/537.36 (KHTML, like Gecko; compatible; GPTBot/1.3; +https://openai.com/gptbot)"
74.7.242.31 - - [13/Feb/2026:15:20:26 +0000] "GET /buy.php?detail/29301760677691 HTTP/1.1" 200 119046 "https://mohamionline.com/buy.php?detail/29301753817728" "Mozilla/5.0 AppleWebKit/537.36 (KHTML, like Gecko; compatible; GPTBot/1.3; +https://openai.com/gptbot)"
74.7.242.31 - - [13/Feb/2026:15:20:29 +0000] "GET /buy.php?detail/09601935014457 HTTP/1.1" 200 118645 "https://mohamionline.com/buy.php?detail/09601933440744" "Mozilla/5.0 AppleWebKit/537.36 (KHTML, like Gecko; compatible; GPTBot/1.3; +https://openai.com/gptbot)"
74.7.242.31 - - [13/Feb/2026:15:20:32 +0000] "GET /buy.php?detail/20200373051620 HTTP/1.1" 200 121246 "https://mohamionline.com/buy.php?detail/08001922090807" "Mozilla/5.0 AppleWebKit/537.36 (KHTML, like Gecko; compatible; GPTBot/1.3; +https://openai.com/gptbot)"
74.7.242.31 - - [13/Feb/2026:15:20:35 +0000] "GET /buy.php?detail/21003550342174 HTTP/1.1" 200 119666 "https://mohamionline.com/buy.php?detail/21003620126661" "Mozilla/5.0 AppleWebKit/537.36 (KHTML, like Gecko; compatible; GPTBot/1.3; +https://openai.com/gptbot)"
74.7.242.31 - - [13/Feb/2026:15:20:37 +0000] "GET /buy.php?detail/08300232090837 HTTP/1.1" 200 119075 "https://mohamionline.com/buy.php?detail/29301753817728" "Mozilla/5.0 AppleWebKit/537.36 (KHTML, like Gecko; compatible; GPTBot/1.3; +https://openai.com/gptbot)"
74.7.242.31 - - [13/Feb/2026:15:20:39 +0000] "GET /buy.php?detail/03200404368509 HTTP/1.1" 200 120000 "https://mohamionline.com/buy.php?detail/03200289770050" "Mozilla/5.0 AppleWebKit/537.36 (KHTML, like Gecko; compatible; GPTBot/1.3; +https://openai.com/gptbot)"
74.7.242.31 - - [13/Feb/2026:15:20:40 +0000] "GET /buy.php?detail/01200082823924 HTTP/1.1" 200 121886 "https://mohamionline.com/buy.php?detail/01200082637971" "Mozilla/5.0 AppleWebKit/537.36 (KHTML, like Gecko; compatible; GPTBot/1.3; +https://openai.com/gptbot)"
74.7.242.31 - - [13/Feb/2026:15:20:42 +0000] "GET /buy.php?detail/12403228617770 HTTP/1.1" 200 120497 "https://mohamionline.com/buy.php?detail/12403250506313" "Mozilla/5.0 AppleWebKit/537.36 (KHTML, like Gecko; compatible; GPTBot/1.3; +https://openai.com/gptbot)"
74.7.242.31 - - [13/Feb/2026:15:20:45 +0000] "GET /buy.php?detail/30000744080533 HTTP/1.1" 200 119259 "https://mohamionline.com/buy.php?detail/30000447330052" "Mozilla/5.0 AppleWebKit/537.36 (KHTML, like Gecko; compatible; GPTBot/1.3; +https://openai.com/gptbot)"
74.7.242.31 - - [13/Feb/2026:15:20:48 +0000] "GET /buy.php?detail/30000744282292 HTTP/1.1" 200 119613 "https://mohamionline.com/buy.php?detail/30000447330052" "Mozilla/5.0 AppleWebKit/537.36 (KHTML, like Gecko; compatible; GPTBot/1.3; +https://openai.com/gptbot)"
74.7.242.31 - - [13/Feb/2026:15:20:53 +0000] "GET /buy.php?detail/12901541978418 HTTP/1.1" 200 118562 "https://mohamionline.com/buy.php?detail/29604988500981" "Mozilla/5.0 AppleWebKit/537.36 (KHTML, like Gecko; compatible; GPTBot/1.3; +https://openai.com/gptbot)"
74.7.242.31 - - [13/Feb/2026:15:20:55 +0000] "GET /buy.php?detail/15302188408829 HTTP/1.1" 200 121125 "https://mohamionline.com/buy.php?detail/15302224922468" "Mozilla/5.0 AppleWebKit/537.36 (KHTML, like Gecko; compatible; GPTBot/1.3; +https://openai.com/gptbot)"
74.7.242.31 - - [13/Feb/2026:15:20:57 +0000] "GET /buy.php?detail/09601907156020 HTTP/1.1" 200 122718 "https://mohamionline.com/buy.php?detail/09601935014457" "Mozilla/5.0 AppleWebKit/537.36 (KHTML, like Gecko; compatible; GPTBot/1.3; +https://openai.com/gptbot)"
74.7.242.31 - - [13/Feb/2026:15:20:59 +0000] "GET /buy.php?detail/10901437998698 HTTP/1.1" 200 124048 "https://mohamionline.com/buy.php?detail/21904747931614" "Mozilla/5.0 AppleWebKit/537.36 (KHTML, like Gecko; compatible; GPTBot/1.3; +https://openai.com/gptbot)"
74.7.242.31 - - [13/Feb/2026:15:21:00 +0000] "GET /buy.php?detail/00204086969138 HTTP/1.1" 200 118367 "https://mohamionline.com/buy.php?detail/04804501094510" "Mozilla/5.0 AppleWebKit/537.36 (KHTML, like Gecko; compatible; GPTBot/1.3; +https://openai.com/gptbot)"
74.7.242.31 - - [13/Feb/2026:15:21:03 +0000] "GET /buy.php?detail/29301759502931 HTTP/1.1" 200 119580 "https://mohamionline.com/buy.php?detail/29301753817728" "Mozilla/5.0 AppleWebKit/537.36 (KHTML, like Gecko; compatible; GPTBot/1.3; +https://openai.com/gptbot)"
74.7.242.31 - - [13/Feb/2026:15:21:06 +0000] "GET /buy.php?detail/09704979058928 HTTP/1.1" 200 119104 "https://mohamionline.com/buy.php?detail/03200404368509" "Mozilla/5.0 AppleWebKit/537.36 (KHTML, like Gecko; compatible; GPTBot/1.3; +https://openai.com/gptbot)"
74.7.242.31 - - [13/Feb/2026:15:21:09 +0000] "GET /buy.php?detail/25100662006743 HTTP/1.1" 200 118994 "https://mohamionline.com/buy.php?detail/00101626897236" "Mozilla/5.0 AppleWebKit/537.36 (KHTML, like Gecko; compatible; GPTBot/1.3; +https://openai.com/gptbot)"
74.7.242.31 - - [13/Feb/2026:15:21:11 +0000] "GET /buy.php?detail/12403266786863 HTTP/1.1" 200 121599 "https://mohamionline.com/buy.php?detail/12403228617770" "Mozilla/5.0 AppleWebKit/537.36 (KHTML, like Gecko; compatible; GPTBot/1.3; +https://openai.com/gptbot)"
74.7.242.31 - - [13/Feb/2026:15:21:14 +0000] "GET /buy.php?detail/30000673376922 HTTP/1.1" 200 119117 "https://mohamionline.com/buy.php?detail/30000744080533" "Mozilla/5.0 AppleWebKit/537.36 (KHTML, like Gecko; compatible; GPTBot/1.3; +https://openai.com/gptbot)"
74.7.242.31 - - [13/Feb/2026:15:21:16 +0000] "GET /buy.php?detail/30000392279539 HTTP/1.1" 200 118022 "https://mohamionline.com/buy.php?detail/30000744282292" "Mozilla/5.0 AppleWebKit/537.36 (KHTML, like Gecko; compatible; GPTBot/1.3; +https://openai.com/gptbot)"
74.7.242.31 - - [13/Feb/2026:15:21:18 +0000] "GET /buy.php?detail/08701870523531 HTTP/1.1" 200 134230 "https://mohamionline.com/buy.php?goods/300031387" "Mozilla/5.0 AppleWebKit/537.36 (KHTML, like Gecko; compatible; GPTBot/1.3; +https://openai.com/gptbot)"
74.7.242.31 - - [13/Feb/2026:15:21:21 +0000] "GET /buy.php?jp/001016132.html HTTP/1.1" 200 120696 "https://mohamionline.com/buy.php?detail/00101706293206" "Mozilla/5.0 AppleWebKit/537.36 (KHTML, like Gecko; compatible; GPTBot/1.3; +https://openai.com/gptbot)"
74.7.242.31 - - [13/Feb/2026:15:21:23 +0000] "GET /buy.php?detail/1110255473574 HTTP/1.1" 200 118949 "https://mohamionline.com/buy.php?detail/09601907156020" "Mozilla/5.0 AppleWebKit/537.36 (KHTML, like Gecko; compatible; GPTBot/1.3; +https://openai.com/gptbot)"
74.7.242.31 - - [13/Feb/2026:15:21:24 +0000] "GET /buy.php?detail/08504643661665 HTTP/1.1" 200 119701 "https://mohamionline.com/buy.php?detail/10901437998698" "Mozilla/5.0 AppleWebKit/537.36 (KHTML, like Gecko; compatible; GPTBot/1.3; +https://openai.com/gptbot)"
74.7.241.182 - - [13/Feb/2026:15:21:27 +0000] "GET /robots.txt HTTP/1.1" 404 - "-" "Mozilla/5.0 (Macintosh; Intel Mac OS X 10_15_7) AppleWebKit/537.36 (KHTML, like Gecko) Chrome/131.0.0.0 Safari/537.36; compatible; OAI-SearchBot/1.3; robots.txt; +https://openai.com/searchbot"
74.7.242.31 - - [13/Feb/2026:15:21:27 +0000] "GET /buy.php?detail/00204089128104 HTTP/1.1" 200 119017 "https://mohamionline.com/buy.php?detail/00204086969138" "Mozilla/5.0 AppleWebKit/537.36 (KHTML, like Gecko; compatible; GPTBot/1.3; +https://openai.com/gptbot)"
74.7.242.31 - - [13/Feb/2026:15:21:30 +0000] "GET /buy.php?detail/29301755522029 HTTP/1.1" 200 132300 "https://mohamionline.com/buy.php?detail/29301759502931" "Mozilla/5.0 AppleWebKit/537.36 (KHTML, like Gecko; compatible; GPTBot/1.3; +https://openai.com/gptbot)"
74.7.242.31 - - [13/Feb/2026:15:21:32 +0000] "GET /buy.php?detail/10901817012348 HTTP/1.1" 200 122305 "https://mohamionline.com/buy.php?detail/10901437998698" "Mozilla/5.0 AppleWebKit/537.36 (KHTML, like Gecko; compatible; GPTBot/1.3; +https://openai.com/gptbot)"
74.7.242.31 - - [13/Feb/2026:15:21:33 +0000] "GET /buy.php?detail/18403353337622 HTTP/1.1" 200 122964 "https://mohamionline.com/buy.php?detail/25100662006743" "Mozilla/5.0 AppleWebKit/537.36 (KHTML, like Gecko; compatible; GPTBot/1.3; +https://openai.com/gptbot)"
74.7.242.31 - - [13/Feb/2026:15:21:35 +0000] "GET /buy.php?detail/29100589692704 HTTP/1.1" 200 137798 "https://mohamionline.com/buy.php?detail/08300232090837" "Mozilla/5.0 AppleWebKit/537.36 (KHTML, like Gecko; compatible; GPTBot/1.3; +https://openai.com/gptbot)"
74.7.242.31 - - [13/Feb/2026:15:21:37 +0000] "GET /buy.php?detail/30000481775032 HTTP/1.1" 200 118753 "https://mohamionline.com/buy.php?detail/30000673376922" "Mozilla/5.0 AppleWebKit/537.36 (KHTML, like Gecko; compatible; GPTBot/1.3; +https://openai.com/gptbot)"
74.7.242.31 - - [13/Feb/2026:15:21:38 +0000] "GET /buy.php?detail/30000679676612 HTTP/1.1" 200 118078 "https://mohamionline.com/buy.php?detail/30000392279539" "Mozilla/5.0 AppleWebKit/537.36 (KHTML, like Gecko; compatible; GPTBot/1.3; +https://openai.com/gptbot)"
114.119.141.191 - - [13/Feb/2026:15:21:44 +0000] "GET /goods.php?shop/pg/229tiny/41433 HTTP/1.1" 404 - "http://mohamionline.com/goods.php?sitemap803.xml" "Mozilla/5.0 (Linux; Android 7.0;) AppleWebKit/537.36 (KHTML, like Gecko) Mobile Safari/537.36 (compatible; PetalBot;+https://webmaster.petalsearch.com/site/petalbot)"
74.7.242.31 - - [13/Feb/2026:15:21:41 +0000] "GET /buy.php?detail/25500563950389 HTTP/1.1" 200 119546 "https://mohamionline.com/buy.php?detail/08701870523531" "Mozilla/5.0 AppleWebKit/537.36 (KHTML, like Gecko; compatible; GPTBot/1.3; +https://openai.com/gptbot)"
74.7.242.31 - - [13/Feb/2026:15:21:44 +0000] "GET /buy.php?detail/22604283211745 HTTP/1.1" 200 119759 "https://mohamionline.com/buy.php?detail/00101626897236" "Mozilla/5.0 AppleWebKit/537.36 (KHTML, like Gecko; compatible; GPTBot/1.3; +https://openai.com/gptbot)"
74.7.242.31 - - [13/Feb/2026:15:21:46 +0000] "GET /buy.php?detail/11102470275056 HTTP/1.1" 200 118367 "https://mohamionline.com/buy.php?detail/1110255473574" "Mozilla/5.0 AppleWebKit/537.36 (KHTML, like Gecko; compatible; GPTBot/1.3; +https://openai.com/gptbot)"
74.7.242.31 - - [13/Feb/2026:15:21:47 +0000] "GET /buy.php?detail/08103833667660 HTTP/1.1" 200 121139 "https://mohamionline.com/buy.php?detail/1110255473574" "Mozilla/5.0 AppleWebKit/537.36 (KHTML, like Gecko; compatible; GPTBot/1.3; +https://openai.com/gptbot)"
74.7.242.31 - - [13/Feb/2026:15:21:50 +0000] "GET /buy.php?detail/08604583639757 HTTP/1.1" 200 135011 "https://mohamionline.com/buy.php?detail/01201628415833" "Mozilla/5.0 AppleWebKit/537.36 (KHTML, like Gecko; compatible; GPTBot/1.3; +https://openai.com/gptbot)"
74.7.242.31 - - [13/Feb/2026:15:21:52 +0000] "GET /buy.php?detail/06804349512940 HTTP/1.1" 200 123741 "https://mohamionline.com/buy.php?detail/07703813139862" "Mozilla/5.0 AppleWebKit/537.36 (KHTML, like Gecko; compatible; GPTBot/1.3; +https://openai.com/gptbot)"
74.7.242.31 - - [13/Feb/2026:15:21:55 +0000] "GET /buy.php?detail/04003727275414 HTTP/1.1" 200 120621 "https://mohamionline.com/buy.php?detail/10901817012348" "Mozilla/5.0 AppleWebKit/537.36 (KHTML, like Gecko; compatible; GPTBot/1.3; +https://openai.com/gptbot)"
74.7.242.31 - - [13/Feb/2026:15:21:56 +0000] "GET /buy.php?detail/246009524134 HTTP/1.1" 200 121228 "https://mohamionline.com/buy.php?detail/18403353337622" "Mozilla/5.0 AppleWebKit/537.36 (KHTML, like Gecko; compatible; GPTBot/1.3; +https://openai.com/gptbot)"
74.7.242.31 - - [13/Feb/2026:15:21:59 +0000] "GET /buy.php?detail/20304487831662 HTTP/1.1" 200 121055 "https://mohamionline.com/buy.php?detail/30000744282292" "Mozilla/5.0 AppleWebKit/537.36 (KHTML, like Gecko; compatible; GPTBot/1.3; +https://openai.com/gptbot)"
74.7.242.31 - - [13/Feb/2026:15:22:02 +0000] "GET /buy.php?detail/24204860176137 HTTP/1.1" 200 118579 "https://mohamionline.com/buy.php?detail/30002779798825" "Mozilla/5.0 AppleWebKit/537.36 (KHTML, like Gecko; compatible; GPTBot/1.3; +https://openai.com/gptbot)"
74.7.242.31 - - [13/Feb/2026:15:22:05 +0000] "GET /buy.php?detail/13100076109813 HTTP/1.1" 200 118936 "https://mohamionline.com/buy.php?detail/30000679676612" "Mozilla/5.0 AppleWebKit/537.36 (KHTML, like Gecko; compatible; GPTBot/1.3; +https://openai.com/gptbot)"
74.7.242.31 - - [13/Feb/2026:15:22:06 +0000] "GET /buy.php?detail/05104321614097 HTTP/1.1" 200 118915 "https://mohamionline.com/buy.php?detail/24404279881627" "Mozilla/5.0 AppleWebKit/537.36 (KHTML, like Gecko; compatible; GPTBot/1.3; +https://openai.com/gptbot)"
74.7.242.31 - - [13/Feb/2026:15:22:08 +0000] "GET /buy.php?detail/22604005243338 HTTP/1.1" 200 119269 "https://mohamionline.com/buy.php?detail/22604283211745" "Mozilla/5.0 AppleWebKit/537.36 (KHTML, like Gecko; compatible; GPTBot/1.3; +https://openai.com/gptbot)"
74.7.242.31 - - [13/Feb/2026:15:22:10 +0000] "GET /buy.php?detail/27202098240072 HTTP/1.1" 200 120071 "https://mohamionline.com/buy.php?detail/22604283211745" "Mozilla/5.0 AppleWebKit/537.36 (KHTML, like Gecko; compatible; GPTBot/1.3; +https://openai.com/gptbot)"
74.7.242.31 - - [13/Feb/2026:15:22:12 +0000] "GET /buy.php?detail/08103805876638 HTTP/1.1" 200 118989 "https://mohamionline.com/buy.php?detail/08103833667660" "Mozilla/5.0 AppleWebKit/537.36 (KHTML, like Gecko; compatible; GPTBot/1.3; +https://openai.com/gptbot)"
74.7.242.31 - - [13/Feb/2026:15:22:15 +0000] "GET /buy.php?detail/08604805848200 HTTP/1.1" 200 120741 "https://mohamionline.com/buy.php?detail/08604583639757" "Mozilla/5.0 AppleWebKit/537.36 (KHTML, like Gecko; compatible; GPTBot/1.3; +https://openai.com/gptbot)"
74.7.242.31 - - [13/Feb/2026:15:22:17 +0000] "GET /buy.php?detail/02201624472293 HTTP/1.1" 200 120178 "https://mohamionline.com/buy.php?detail/08103833667660" "Mozilla/5.0 AppleWebKit/537.36 (KHTML, like Gecko; compatible; GPTBot/1.3; +https://openai.com/gptbot)"
74.7.242.31 - - [13/Feb/2026:15:22:20 +0000] "GET /buy.php?detail/04003737467281 HTTP/1.1" 200 120012 "https://mohamionline.com/buy.php?detail/04003727275414" "Mozilla/5.0 AppleWebKit/537.36 (KHTML, like Gecko; compatible; GPTBot/1.3; +https://openai.com/gptbot)"
2a01:4f9:4a:2aa5::2 - - [13/Feb/2026:15:22:24 +0000] "GET /robots.txt HTTP/1.1" 404 - "-" "Mozilla/5.0 (compatible; MJ12bot/v1.4.8; http://mj12bot.com/)"
74.7.242.31 - - [13/Feb/2026:15:22:23 +0000] "GET /buy.php?detail/05304557892965 HTTP/1.1" 200 121889 "https://mohamionline.com/buy.php?detail/00404298923461" "Mozilla/5.0 AppleWebKit/537.36 (KHTML, like Gecko; compatible; GPTBot/1.3; +https://openai.com/gptbot)"
2a01:4f9:4a:2aa5::2 - - [13/Feb/2026:15:22:28 +0000] "GET /195499__fc72c33/ HTTP/1.1" 200 655 "-" "Mozilla/5.0 (compatible; MJ12bot/v1.4.8; http://mj12bot.com/)"
74.7.242.31 - - [13/Feb/2026:15:22:26 +0000] "GET /buy.php?detail/14703758457796 HTTP/1.1" 200 117828 "https://mohamionline.com/buy.php?detail/14703903376326" "Mozilla/5.0 AppleWebKit/537.36 (KHTML, like Gecko; compatible; GPTBot/1.3; +https://openai.com/gptbot)"
2a01:4f9:4a:2aa5::2 - - [13/Feb/2026:15:22:30 +0000] "GET /3e2b8/ HTTP/1.1" 200 635 "-" "Mozilla/5.0 (compatible; MJ12bot/v1.4.8; http://mj12bot.com/)"
2a01:4f9:4a:2aa5::2 - - [13/Feb/2026:15:22:32 +0000] "GET /3e2b8__fc72c33/ HTTP/1.1" 200 653 "-" "Mozilla/5.0 (compatible; MJ12bot/v1.4.8; http://mj12bot.com/)"
74.7.242.31 - - [13/Feb/2026:15:22:29 +0000] "GET /buy.php?detail/08800527948633 HTTP/1.1" 200 123967 "https://mohamionline.com/buy.php?detail/07400724290059" "Mozilla/5.0 AppleWebKit/537.36 (KHTML, like Gecko; compatible; GPTBot/1.3; +https://openai.com/gptbot)"
74.7.242.31 - - [13/Feb/2026:15:22:33 +0000] "GET /buy.php?detail/03201337548944 HTTP/1.1" 200 125380 "https://mohamionline.com/buy.php?detail/15302228055898" "Mozilla/5.0 AppleWebKit/537.36 (KHTML, like Gecko; compatible; GPTBot/1.3; +https://openai.com/gptbot)"
2a01:4f9:4a:2aa5::2 - - [13/Feb/2026:15:22:34 +0000] "GET /404NAJ__fc72c33/ HTTP/1.1" 200 152958 "-" "Mozilla/5.0 (compatible; MJ12bot/v1.4.8; http://mj12bot.com/)"
74.7.242.31 - - [13/Feb/2026:15:22:34 +0000] "GET /buy.php?detail/08201646536543 HTTP/1.1" 200 119200 "https://mohamionline.com/buy.php?detail/05104321614097" "Mozilla/5.0 AppleWebKit/537.36 (KHTML, like Gecko; compatible; GPTBot/1.3; +https://openai.com/gptbot)"
2a01:4f9:4a:2aa5::2 - - [13/Feb/2026:15:22:37 +0000] "GET /8fd0f3/ HTTP/1.1" 200 1092 "-" "Mozilla/5.0 (compatible; MJ12bot/v1.4.8; http://mj12bot.com/)"
74.7.242.31 - - [13/Feb/2026:15:22:37 +0000] "GET /buy.php?detail/22604295391950 HTTP/1.1" 200 119275 "https://mohamionline.com/buy.php?detail/22604005243338" "Mozilla/5.0 AppleWebKit/537.36 (KHTML, like Gecko; compatible; GPTBot/1.3; +https://openai.com/gptbot)"
74.7.242.31 - - [13/Feb/2026:15:22:40 +0000] "GET /buy.php?detail/27202082663821 HTTP/1.1" 200 138862 "https://mohamionline.com/buy.php?detail/27202098240072" "Mozilla/5.0 AppleWebKit/537.36 (KHTML, like Gecko; compatible; GPTBot/1.3; +https://openai.com/gptbot)"
74.7.242.31 - - [13/Feb/2026:15:22:43 +0000] "GET /buy.php?detail/19701261531459 HTTP/1.1" 200 129024 "https://mohamionline.com/buy.php?jp/001012308.html" "Mozilla/5.0 AppleWebKit/537.36 (KHTML, like Gecko; compatible; GPTBot/1.3; +https://openai.com/gptbot)"
216.244.66.200 - - [13/Feb/2026:15:22:46 +0000] "GET /index.php?option=com_k2&view=item&id=76:%25D8%25A7%25D9%2584%25D8%25A8%25D8%25A7%25D8%25A8-%25D8 HTTP/1.1" 404 - "-" "Mozilla/5.0 (compatible; DotBot/1.2; +https://opensiteexplorer.org/dotbot; help@moz.com)"
2a01:4f9:4a:2aa5::2 - - [13/Feb/2026:15:22:47 +0000] "GET /dwnngzmj.php HTTP/1.1" 200 158 "-" "Mozilla/5.0 (compatible; MJ12bot/v1.4.8; http://mj12bot.com/)"
74.7.242.31 - - [13/Feb/2026:15:22:46 +0000] "GET /buy.php?detail/22404902799996 HTTP/1.1" 200 119311 "https://mohamionline.com/buy.php?detail/08604805848200" "Mozilla/5.0 AppleWebKit/537.36 (KHTML, like Gecko; compatible; GPTBot/1.3; +https://openai.com/gptbot)"
74.7.242.31 - - [13/Feb/2026:15:22:50 +0000] "GET /buy.php?detail/02202780317474 HTTP/1.1" 200 118251 "https://mohamionline.com/buy.php?detail/02201624472293" "Mozilla/5.0 AppleWebKit/537.36 (KHTML, like Gecko; compatible; GPTBot/1.3; +https://openai.com/gptbot)"
74.7.242.31 - - [13/Feb/2026:15:22:53 +0000] "GET /buy.php?detail/03401270098513 HTTP/1.1" 200 120085 "https://mohamionline.com/buy.php?detail/30002810657059" "Mozilla/5.0 AppleWebKit/537.36 (KHTML, like Gecko; compatible; GPTBot/1.3; +https://openai.com/gptbot)"
74.7.242.31 - - [13/Feb/2026:15:22:56 +0000] "GET /buy.php?detail/10804233514529 HTTP/1.1" 200 119340 "https://mohamionline.com/buy.php?detail/10804202768828" "Mozilla/5.0 AppleWebKit/537.36 (KHTML, like Gecko; compatible; GPTBot/1.3; +https://openai.com/gptbot)"
216.244.66.200 - - [13/Feb/2026:15:22:59 +0000] "GET /?option=com_k2&view=itemlist&task=user&id=23763 HTTP/1.1" 200 5171 "-" "Mozilla/5.0 (compatible; DotBot/1.2; +https://opensiteexplorer.org/dotbot; help@moz.com)"
74.7.242.31 - - [13/Feb/2026:15:22:59 +0000] "GET /buy.php?detail/05700183161296 HTTP/1.1" 200 123595 "https://mohamionline.com/buy.php?jp/067039978.html" "Mozilla/5.0 AppleWebKit/537.36 (KHTML, like Gecko; compatible; GPTBot/1.3; +https://openai.com/gptbot)"
74.7.242.31 - - [13/Feb/2026:15:23:02 +0000] "GET /buy.php?detail/06702578209374 HTTP/1.1" 200 140567 "https://mohamionline.com/buy.php?goods/067024186" "Mozilla/5.0 AppleWebKit/537.36 (KHTML, like Gecko; compatible; GPTBot/1.3; +https://openai.com/gptbot)"
216.244.66.200 - - [13/Feb/2026:15:23:04 +0000] "GET /?option=com_k2&view=itemlist&task=user&id=2748 HTTP/1.1" 200 5171 "-" "Mozilla/5.0 (compatible; DotBot/1.2; +https://opensiteexplorer.org/dotbot; help@moz.com)"
74.7.242.31 - - [13/Feb/2026:15:23:04 +0000] "GET /buy.php?detail/11504108980673 HTTP/1.1" 200 120950 "https://mohamionline.com/buy.php?detail/00400447401896" "Mozilla/5.0 AppleWebKit/537.36 (KHTML, like Gecko; compatible; GPTBot/1.3; +https://openai.com/gptbot)"
114.119.137.94 - - [13/Feb/2026:15:23:07 +0000] "GET /goods.php?shop/pg/229successfully/8745 HTTP/1.1" 404 - "http://mohamionline.com/goods.php?sitemap803.xml" "Mozilla/5.0 (Linux; Android 7.0;) AppleWebKit/537.36 (KHTML, like Gecko) Mobile Safari/537.36 (compatible; PetalBot;+https://webmaster.petalsearch.com/site/petalbot)"
216.244.66.200 - - [13/Feb/2026:15:23:08 +0000] "GET /?option=com_k2&view=itemlist&task=user&id=9702 HTTP/1.1" 200 5171 "-" "Mozilla/5.0 (compatible; DotBot/1.2; +https://opensiteexplorer.org/dotbot; help@moz.com)"
74.7.242.31 - - [13/Feb/2026:15:23:06 +0000] "GET /buy.php?detail/18704464294895 HTTP/1.1" 200 126751 "https://mohamionline.com/buy.php?detail/02902746218737" "Mozilla/5.0 AppleWebKit/537.36 (KHTML, like Gecko; compatible; GPTBot/1.3; +https://openai.com/gptbot)"
216.244.66.200 - - [13/Feb/2026:15:23:10 +0000] "GET /index.php?option=com_k2&view=item&id=29:%D9%85%D8%B4%D9%83%D9%84%D9%87&limitstart=26120 HTTP/1.1" 404 - "-" "Mozilla/5.0 (compatible; DotBot/1.2; +https://opensiteexplorer.org/dotbot; help@moz.com)"
74.7.242.31 - - [13/Feb/2026:15:23:10 +0000] "GET /buy.php?detail/04403277855682 HTTP/1.1" 200 119617 "https://mohamionline.com/buy.php?detail/04403226333750" "Mozilla/5.0 AppleWebKit/537.36 (KHTML, like Gecko; compatible; GPTBot/1.3; +https://openai.com/gptbot)"
74.7.242.31 - - [13/Feb/2026:15:23:12 +0000] "GET /buy.php?detail/27202086727881 HTTP/1.1" 200 119748 "https://mohamionline.com/buy.php?detail/27202082663821" "Mozilla/5.0 AppleWebKit/537.36 (KHTML, like Gecko; compatible; GPTBot/1.3; +https://openai.com/gptbot)"
74.7.242.31 - - [13/Feb/2026:15:23:15 +0000] "GET /buy.php?detail/19701110109332 HTTP/1.1" 200 133160 "https://mohamionline.com/buy.php?detail/19701261531459" "Mozilla/5.0 AppleWebKit/537.36 (KHTML, like Gecko; compatible; GPTBot/1.3; +https://openai.com/gptbot)"
74.7.242.31 - - [13/Feb/2026:15:23:17 +0000] "GET /buy.php?detail/18404087179663 HTTP/1.1" 200 120030 "https://mohamionline.com/buy.php?detail/19701261531459" "Mozilla/5.0 AppleWebKit/537.36 (KHTML, like Gecko; compatible; GPTBot/1.3; +https://openai.com/gptbot)"
124.156.225.181 - - [13/Feb/2026:15:23:20 +0000] "GET /05b7e7/?C=D;O=A HTTP/1.1" 200 637 "-" "Mozilla/5.0 (iPhone; CPU iPhone OS 13_2_3 like Mac OS X) AppleWebKit/605.1.15 (KHTML, like Gecko) Version/13.0.3 Mobile/15E148 Safari/604.1"
74.7.242.31 - - [13/Feb/2026:15:23:20 +0000] "GET /buy.php?detail/02202898927252 HTTP/1.1" 200 118566 "https://mohamionline.com/buy.php?detail/02202780317474" "Mozilla/5.0 AppleWebKit/537.36 (KHTML, like Gecko; compatible; GPTBot/1.3; +https://openai.com/gptbot)"
74.7.242.31 - - [13/Feb/2026:15:23:23 +0000] "GET /buy.php?detail/11902145000633 HTTP/1.1" 200 122477 "https://mohamionline.com/buy.php?detail/03401270098513" "Mozilla/5.0 AppleWebKit/537.36 (KHTML, like Gecko; compatible; GPTBot/1.3; +https://openai.com/gptbot)"
74.7.242.31 - - [13/Feb/2026:15:23:26 +0000] "GET /buy.php?goods/022028989 HTTP/1.1" 200 118600 "https://mohamionline.com/buy.php?detail/02202898927252" "Mozilla/5.0 AppleWebKit/537.36 (KHTML, like Gecko; compatible; GPTBot/1.3; +https://openai.com/gptbot)"
74.7.242.31 - - [13/Feb/2026:15:23:30 +0000] "GET /buy.php?detail/03401255863886 HTTP/1.1" 200 121651 "https://mohamionline.com/buy.php?detail/03401270098513" "Mozilla/5.0 AppleWebKit/537.36 (KHTML, like Gecko; compatible; GPTBot/1.3; +https://openai.com/gptbot)"
74.7.242.31 - - [13/Feb/2026:15:23:33 +0000] "GET /buy.php?detail/23602203389489 HTTP/1.1" 200 120654 "https://mohamionline.com/buy.php?detail/05700183161296" "Mozilla/5.0 AppleWebKit/537.36 (KHTML, like Gecko; compatible; GPTBot/1.3; +https://openai.com/gptbot)"
74.7.242.31 - - [13/Feb/2026:15:23:35 +0000] "GET /buy.php?detail/05700178626238 HTTP/1.1" 200 124722 "https://mohamionline.com/buy.php?detail/05700183161296" "Mozilla/5.0 AppleWebKit/537.36 (KHTML, like Gecko; compatible; GPTBot/1.3; +https://openai.com/gptbot)"
74.7.242.31 - - [13/Feb/2026:15:23:37 +0000] "GET /buy.php?detail/06702448220068 HTTP/1.1" 200 125413 "https://mohamionline.com/buy.php?detail/06702578209374" "Mozilla/5.0 AppleWebKit/537.36 (KHTML, like Gecko; compatible; GPTBot/1.3; +https://openai.com/gptbot)"
74.7.242.31 - - [13/Feb/2026:15:23:39 +0000] "GET /buy.php?detail/10804812819503 HTTP/1.1" 200 120884 "https://mohamionline.com/buy.php?detail/02202780317474" "Mozilla/5.0 AppleWebKit/537.36 (KHTML, like Gecko; compatible; GPTBot/1.3; +https://openai.com/gptbot)"
74.7.242.31 - - [13/Feb/2026:15:23:42 +0000] "GET /buy.php?detail/15600844897769 HTTP/1.1" 200 120421 "https://mohamionline.com/buy.php?detail/15601159808589" "Mozilla/5.0 AppleWebKit/537.36 (KHTML, like Gecko; compatible; GPTBot/1.3; +https://openai.com/gptbot)"
74.7.242.31 - - [13/Feb/2026:15:23:44 +0000] "GET /buy.php?detail/27202112041309 HTTP/1.1" 200 119919 "https://mohamionline.com/buy.php?detail/27202086727881" "Mozilla/5.0 AppleWebKit/537.36 (KHTML, like Gecko; compatible; GPTBot/1.3; +https://openai.com/gptbot)"
74.7.242.31 - - [13/Feb/2026:15:23:47 +0000] "GET /buy.php?detail/29201370370037 HTTP/1.1" 200 125735 "https://mohamionline.com/buy.php?detail/29201431917174" "Mozilla/5.0 AppleWebKit/537.36 (KHTML, like Gecko; compatible; GPTBot/1.3; +https://openai.com/gptbot)"
74.7.242.31 - - [13/Feb/2026:15:23:50 +0000] "GET /buy.php?detail/18404076642788 HTTP/1.1" 200 119735 "https://mohamionline.com/buy.php?detail/18404087179663" "Mozilla/5.0 AppleWebKit/537.36 (KHTML, like Gecko; compatible; GPTBot/1.3; +https://openai.com/gptbot)"
74.7.242.31 - - [13/Feb/2026:15:23:51 +0000] "GET /buy.php?detail/02201654102121 HTTP/1.1" 200 119891 "https://mohamionline.com/buy.php?detail/02202898927252" "Mozilla/5.0 AppleWebKit/537.36 (KHTML, like Gecko; compatible; GPTBot/1.3; +https://openai.com/gptbot)"
74.7.242.31 - - [13/Feb/2026:15:23:53 +0000] "GET /buy.php?detail/24504893030108 HTTP/1.1" 200 127446 "https://mohamionline.com/buy.php?detail/18404087179663" "Mozilla/5.0 AppleWebKit/537.36 (KHTML, like Gecko; compatible; GPTBot/1.3; +https://openai.com/gptbot)"
74.7.242.31 - - [13/Feb/2026:15:23:56 +0000] "GET /buy.php?detail/03401245455155 HTTP/1.1" 200 133840 "https://mohamionline.com/buy.php?detail/03401255863886" "Mozilla/5.0 AppleWebKit/537.36 (KHTML, like Gecko; compatible; GPTBot/1.3; +https://openai.com/gptbot)"
74.7.242.31 - - [13/Feb/2026:15:23:59 +0000] "GET /buy.php?detail/23602216622468 HTTP/1.1" 200 119709 "https://mohamionline.com/buy.php?detail/23602203389489" "Mozilla/5.0 AppleWebKit/537.36 (KHTML, like Gecko; compatible; GPTBot/1.3; +https://openai.com/gptbot)"
74.7.242.31 - - [13/Feb/2026:15:24:03 +0000] "GET /buy.php?detail/08202664046306 HTTP/1.1" 200 127504 "https://mohamionline.com/buy.php?detail/08201903020282" "Mozilla/5.0 AppleWebKit/537.36 (KHTML, like Gecko; compatible; GPTBot/1.3; +https://openai.com/gptbot)"
74.7.242.31 - - [13/Feb/2026:15:24:06 +0000] "GET /buy.php?detail/03504367063655 HTTP/1.1" 200 119940 "https://mohamionline.com/buy.php?detail/06702448220068" "Mozilla/5.0 AppleWebKit/537.36 (KHTML, like Gecko; compatible; GPTBot/1.3; +https://openai.com/gptbot)"
74.7.242.31 - - [13/Feb/2026:15:24:09 +0000] "GET /buy.php?detail/07401301876748 HTTP/1.1" 200 119538 "https://mohamionline.com/buy.php?detail/10804812819503" "Mozilla/5.0 AppleWebKit/537.36 (KHTML, like Gecko; compatible; GPTBot/1.3; +https://openai.com/gptbot)"
74.7.242.31 - - [13/Feb/2026:15:24:11 +0000] "GET /buy.php?detail/19903269600936 HTTP/1.1" 200 119421 "https://mohamionline.com/buy.php?jp/213034030.html" "Mozilla/5.0 AppleWebKit/537.36 (KHTML, like Gecko; compatible; GPTBot/1.3; +https://openai.com/gptbot)"
74.7.242.31 - - [13/Feb/2026:15:24:14 +0000] "GET /buy.php?detail/25003301232855 HTTP/1.1" 200 119659 "https://mohamionline.com/buy.php?detail/13501642802121" "Mozilla/5.0 AppleWebKit/537.36 (KHTML, like Gecko; compatible; GPTBot/1.3; +https://openai.com/gptbot)"
74.7.242.31 - - [13/Feb/2026:15:24:17 +0000] "GET /buy.php?detail/03400248214110 HTTP/1.1" 200 122122 "https://mohamionline.com/buy.php?detail/20003895185561" "Mozilla/5.0 AppleWebKit/537.36 (KHTML, like Gecko; compatible; GPTBot/1.3; +https://openai.com/gptbot)"
74.7.242.31 - - [13/Feb/2026:15:24:20 +0000] "GET /buy.php?detail/05504525909242 HTTP/1.1" 200 119748 "https://mohamionline.com/buy.php?detail/20003863927216" "Mozilla/5.0 AppleWebKit/537.36 (KHTML, like Gecko; compatible; GPTBot/1.3; +https://openai.com/gptbot)"
74.7.242.31 - - [13/Feb/2026:15:24:23 +0000] "GET /buy.php?detail/15801378448837 HTTP/1.1" 200 128921 "https://mohamionline.com/buy.php?detail/02201654102121" "Mozilla/5.0 AppleWebKit/537.36 (KHTML, like Gecko; compatible; GPTBot/1.3; +https://openai.com/gptbot)"
216.244.66.200 - - [13/Feb/2026:15:24:27 +0000] "GET /?option=com_k2&view=item&id=261:%25D9%2585%25D8%25AD%25D8%25A7%25D9%2581%25D8%25B8%25D8%25A9-%25D8%25AF%25D9%2585%25D9%258A%25D8%25A7%25D8%25B7%FFchild+support HTTP/1.1" 200 5171 "-" "Mozilla/5.0 (compatible; DotBot/1.2; +https://opensiteexplorer.org/dotbot; help@moz.com)"
74.7.242.31 - - [13/Feb/2026:15:24:26 +0000] "GET /buy.php?detail/18403303896560 HTTP/1.1" 200 132055 "https://mohamionline.com/buy.php?detail/24504893030108" "Mozilla/5.0 AppleWebKit/537.36 (KHTML, like Gecko; compatible; GPTBot/1.3; +https://openai.com/gptbot)"
114.119.149.237 - - [13/Feb/2026:15:24:30 +0000] "GET /goods.php?shop/pg/229phase/10679 HTTP/1.1" 404 - "http://mohamionline.com/goods.php?sitemap803.xml" "Mozilla/5.0 (Linux; Android 7.0;) AppleWebKit/537.36 (KHTML, like Gecko) Mobile Safari/537.36 (compatible; PetalBot;+https://webmaster.petalsearch.com/site/petalbot)"
74.7.242.31 - - [13/Feb/2026:15:24:29 +0000] "GET /buy.php?detail/24504431170487 HTTP/1.1" 200 120210 "https://mohamionline.com/buy.php?detail/24504893030108" "Mozilla/5.0 AppleWebKit/537.36 (KHTML, like Gecko; compatible; GPTBot/1.3; +https://openai.com/gptbot)"
74.7.242.31 - - [13/Feb/2026:15:24:32 +0000] "GET /buy.php?detail/10200123241531 HTTP/1.1" 200 119869 "https://mohamionline.com/buy.php?detail/10200128089084" "Mozilla/5.0 AppleWebKit/537.36 (KHTML, like Gecko; compatible; GPTBot/1.3; +https://openai.com/gptbot)"
74.7.242.31 - - [13/Feb/2026:15:24:35 +0000] "GET /buy.php?detail/20803055375070 HTTP/1.1" 200 118835 "https://mohamionline.com/buy.php?detail/24404279881627" "Mozilla/5.0 AppleWebKit/537.36 (KHTML, like Gecko; compatible; GPTBot/1.3; +https://openai.com/gptbot)"
74.7.242.31 - - [13/Feb/2026:15:24:38 +0000] "GET /buy.php?detail/03504367283338 HTTP/1.1" 200 119109 "https://mohamionline.com/buy.php?detail/03504367063655" "Mozilla/5.0 AppleWebKit/537.36 (KHTML, like Gecko; compatible; GPTBot/1.3; +https://openai.com/gptbot)"
74.7.242.31 - - [13/Feb/2026:15:24:41 +0000] "GET /buy.php?goods/074017214 HTTP/1.1" 200 120387 "https://mohamionline.com/buy.php?detail/07401301876748" "Mozilla/5.0 AppleWebKit/537.36 (KHTML, like Gecko; compatible; GPTBot/1.3; +https://openai.com/gptbot)"
74.7.242.31 - - [13/Feb/2026:15:24:44 +0000] "GET /buy.php?goods/185015028 HTTP/1.1" 200 119064 "https://mohamionline.com/buy.php?detail/19903269600936" "Mozilla/5.0 AppleWebKit/537.36 (KHTML, like Gecko; compatible; GPTBot/1.3; +https://openai.com/gptbot)"
74.7.242.31 - - [13/Feb/2026:15:24:47 +0000] "GET /buy.php?goods/074049024 HTTP/1.1" 200 118460 "https://mohamionline.com/buy.php?detail/19903269600936" "Mozilla/5.0 AppleWebKit/537.36 (KHTML, like Gecko; compatible; GPTBot/1.3; +https://openai.com/gptbot)"
216.244.66.200 - - [13/Feb/2026:15:24:50 +0000] "GET /?option=com_k2&view=item&id=186:%D8%A7%D9%84%D9%83%D8%AA%D8%A7%D8%A8-%D8%A7%D9%84%D8%AB%D8%A7%D9%86%D9%89--%D8%A7%D9%84%D8%A8%D8%A7%D8%A8-%D8%A7%D9%84%D8%A7%D9%88%D9%84--%D8%A7%D9%84%D9%81%D8%B5%D9%84-%D8%A7%D9%84%D8%B1... HTTP/1.1" 200 5171 "-" "Mozilla/5.0 (compatible; DotBot/1.2; +https://opensiteexplorer.org/dotbot; help@moz.com)"
74.7.242.31 - - [13/Feb/2026:15:24:50 +0000] "GET /buy.php?detail/15000606620463 HTTP/1.1" 200 118868 "https://mohamionline.com/buy.php?detail/19903269600936" "Mozilla/5.0 AppleWebKit/537.36 (KHTML, like Gecko; compatible; GPTBot/1.3; +https://openai.com/gptbot)"
74.7.242.31 - - [13/Feb/2026:15:24:52 +0000] "GET /buy.php?detail/03504366645740 HTTP/1.1" 200 119315 "https://mohamionline.com/buy.php?detail/03504367063655" "Mozilla/5.0 AppleWebKit/537.36 (KHTML, like Gecko; compatible; GPTBot/1.3; +https://openai.com/gptbot)"
74.7.242.31 - - [13/Feb/2026:15:24:55 +0000] "GET /buy.php?detail/02201896693013 HTTP/1.1" 200 120018 "https://mohamionline.com/buy.php?detail/15801378448837" "Mozilla/5.0 AppleWebKit/537.36 (KHTML, like Gecko; compatible; GPTBot/1.3; +https://openai.com/gptbot)"
74.7.242.31 - - [13/Feb/2026:15:24:59 +0000] "GET /buy.php?detail/03504366851353 HTTP/1.1" 200 119966 "https://mohamionline.com/buy.php?detail/03504367063655" "Mozilla/5.0 AppleWebKit/537.36 (KHTML, like Gecko; compatible; GPTBot/1.3; +https://openai.com/gptbot)"
74.7.242.31 - - [13/Feb/2026:15:25:03 +0000] "GET /buy.php?detail/20903682868680 HTTP/1.1" 200 120967 "https://mohamionline.com/buy.php?detail/03504367063655" "Mozilla/5.0 AppleWebKit/537.36 (KHTML, like Gecko; compatible; GPTBot/1.3; +https://openai.com/gptbot)"
74.7.242.31 - - [13/Feb/2026:15:25:05 +0000] "GET /buy.php?detail/01801821695978 HTTP/1.1" 200 119636 "https://mohamionline.com/buy.php?detail/10200123241531" "Mozilla/5.0 AppleWebKit/537.36 (KHTML, like Gecko; compatible; GPTBot/1.3; +https://openai.com/gptbot)"
74.7.242.31 - - [13/Feb/2026:15:25:08 +0000] "GET /buy.php?detail/20803141456211 HTTP/1.1" 200 118231 "https://mohamionline.com/buy.php?detail/20803055375070" "Mozilla/5.0 AppleWebKit/537.36 (KHTML, like Gecko; compatible; GPTBot/1.3; +https://openai.com/gptbot)"
74.7.242.31 - - [13/Feb/2026:15:25:11 +0000] "GET /buy.php?detail/08801131697776 HTTP/1.1" 200 124745 "https://mohamionline.com/buy.php?detail/03504367283338" "Mozilla/5.0 AppleWebKit/537.36 (KHTML, like Gecko; compatible; GPTBot/1.3; +https://openai.com/gptbot)"
74.7.242.31 - - [13/Feb/2026:15:25:14 +0000] "GET /buy.php?detail/074016996345 HTTP/1.1" 200 119322 "https://mohamionline.com/buy.php?goods/074017214" "Mozilla/5.0 AppleWebKit/537.36 (KHTML, like Gecko; compatible; GPTBot/1.3; +https://openai.com/gptbot)"
74.7.242.31 - - [13/Feb/2026:15:25:18 +0000] "GET /buy.php?detail/04501413447007 HTTP/1.1" 200 133184 "https://mohamionline.com/buy.php?detail/04904486145775" "Mozilla/5.0 AppleWebKit/537.36 (KHTML, like Gecko; compatible; GPTBot/1.3; +https://openai.com/gptbot)"
74.7.242.31 - - [13/Feb/2026:15:25:22 +0000] "GET /buy.php?detail/07400237026699 HTTP/1.1" 200 118649 "https://mohamionline.com/buy.php?goods/074049024" "Mozilla/5.0 AppleWebKit/537.36 (KHTML, like Gecko; compatible; GPTBot/1.3; +https://openai.com/gptbot)"
74.7.242.31 - - [13/Feb/2026:15:25:25 +0000] "GET /buy.php?detail/15000682929393 HTTP/1.1" 200 118473 "https://mohamionline.com/buy.php?detail/15000606620463" "Mozilla/5.0 AppleWebKit/537.36 (KHTML, like Gecko; compatible; GPTBot/1.3; +https://openai.com/gptbot)"
74.7.242.31 - - [13/Feb/2026:15:25:28 +0000] "GET /buy.php?detail/15000684629445 HTTP/1.1" 200 120009 "https://mohamionline.com/buy.php?detail/15000606620463" "Mozilla/5.0 AppleWebKit/537.36 (KHTML, like Gecko; compatible; GPTBot/1.3; +https://openai.com/gptbot)"
74.7.242.31 - - [13/Feb/2026:15:25:31 +0000] "GET /buy.php?detail/09701100599679 HTTP/1.1" 200 119049 "https://mohamionline.com/buy.php?detail/09701417866470" "Mozilla/5.0 AppleWebKit/537.36 (KHTML, like Gecko; compatible; GPTBot/1.3; +https://openai.com/gptbot)"
74.7.242.31 - - [13/Feb/2026:15:25:34 +0000] "GET /buy.php?detail/05400511314442 HTTP/1.1" 200 129888 "https://mohamionline.com/buy.php?detail/03504366851353" "Mozilla/5.0 AppleWebKit/537.36 (KHTML, like Gecko; compatible; GPTBot/1.3; +https://openai.com/gptbot)"
74.7.242.31 - - [13/Feb/2026:15:25:37 +0000] "GET /buy.php?goods/209039441 HTTP/1.1" 200 120127 "https://mohamionline.com/buy.php?detail/20903682868680" "Mozilla/5.0 AppleWebKit/537.36 (KHTML, like Gecko; compatible; GPTBot/1.3; +https://openai.com/gptbot)"
74.7.242.31 - - [13/Feb/2026:15:25:40 +0000] "GET /buy.php?goods/209039437 HTTP/1.1" 200 120662 "https://mohamionline.com/buy.php?detail/20903682868680" "Mozilla/5.0 AppleWebKit/537.36 (KHTML, like Gecko; compatible; GPTBot/1.3; +https://openai.com/gptbot)"
74.7.242.31 - - [13/Feb/2026:15:25:43 +0000] "GET /buy.php?detail/0180241403279 HTTP/1.1" 200 119678 "https://mohamionline.com/buy.php?detail/01801821695978" "Mozilla/5.0 AppleWebKit/537.36 (KHTML, like Gecko; compatible; GPTBot/1.3; +https://openai.com/gptbot)"
74.7.242.31 - - [13/Feb/2026:15:25:45 +0000] "GET /buy.php?detail/01802414433444 HTTP/1.1" 200 119317 "https://mohamionline.com/buy.php?detail/01801821695978" "Mozilla/5.0 AppleWebKit/537.36 (KHTML, like Gecko; compatible; GPTBot/1.3; +https://openai.com/gptbot)"
74.7.242.31 - - [13/Feb/2026:15:25:47 +0000] "GET /buy.php?detail/08801101825099 HTTP/1.1" 200 130412 "https://mohamionline.com/buy.php?detail/08801131697776" "Mozilla/5.0 AppleWebKit/537.36 (KHTML, like Gecko; compatible; GPTBot/1.3; +https://openai.com/gptbot)"
74.7.242.31 - - [13/Feb/2026:15:25:48 +0000] "GET /buy.php?detail/22103633646626 HTTP/1.1" 200 123166 "https://mohamionline.com/buy.php?detail/20803141456211" "Mozilla/5.0 AppleWebKit/537.36 (KHTML, like Gecko; compatible; GPTBot/1.3; +https://openai.com/gptbot)"
74.7.242.31 - - [13/Feb/2026:15:25:50 +0000] "GET /buy.php?detail/03504358991044 HTTP/1.1" 200 118888 "https://mohamionline.com/buy.php?detail/03504366851353" "Mozilla/5.0 AppleWebKit/537.36 (KHTML, like Gecko; compatible; GPTBot/1.3; +https://openai.com/gptbot)"
114.119.153.209 - - [13/Feb/2026:15:25:53 +0000] "GET /goods.php?shop/pg/229missile/47965 HTTP/1.1" 404 - "http://mohamionline.com/goods.php?sitemap803.xml" "Mozilla/5.0 (Linux; Android 7.0;) AppleWebKit/537.36 (KHTML, like Gecko) Mobile Safari/537.36 (compatible; PetalBot;+https://webmaster.petalsearch.com/site/petalbot)"
