74.7.227.33 - - [13/Feb/2026:19:23:32 +0000] "GET /buy.php?detail/27002303009613 HTTP/1.1" 200 121015 "http://sdiptunasbangsabna.sch.id/buy.php?jp/076002688.html" "Mozilla/5.0 AppleWebKit/537.36 (KHTML, like Gecko; compatible; GPTBot/1.3; +https://openai.com/gptbot)"
74.7.227.33 - - [13/Feb/2026:19:23:35 +0000] "GET /buy.php?detail/07601820312348 HTTP/1.1" 200 132164 "http://sdiptunasbangsabna.sch.id/buy.php?jp/076002688.html" "Mozilla/5.0 AppleWebKit/537.36 (KHTML, like Gecko; compatible; GPTBot/1.3; +https://openai.com/gptbot)"
173.208.176.202 - - [13/Feb/2026:19:22:19 +0000] "GET /wp-content/wp3d4451/edit.php?id=275062 HTTP/1.1" 200 - "http://sdiptunasbangsabna.sch.id/wp-content/wp3d4451/edit.php?id=275062" "Mozilla/5.0 (Windows NT 10.0; Win64; x64) AppleWebKit/537.36 (KHTML, like Gecko) Chrome/58.0.3029.110 Safari/537.3"
74.7.227.33 - - [13/Feb/2026:19:24:05 +0000] "GET /buy.php?detail/07600722376982 HTTP/1.1" 200 138548 "http://sdiptunasbangsabna.sch.id/buy.php?detail/07600208109921" "Mozilla/5.0 AppleWebKit/537.36 (KHTML, like Gecko; compatible; GPTBot/1.3; +https://openai.com/gptbot)"
74.7.227.33 - - [13/Feb/2026:19:24:08 +0000] "GET /buy.php?detail/21001448986889 HTTP/1.1" 200 115704 "http://sdiptunasbangsabna.sch.id/buy.php?detail/07600208109921" "Mozilla/5.0 AppleWebKit/537.36 (KHTML, like Gecko; compatible; GPTBot/1.3; +https://openai.com/gptbot)"
74.7.227.33 - - [13/Feb/2026:19:24:12 +0000] "GET /buy.php?detail/27000089845768 HTTP/1.1" 200 133630 "http://sdiptunasbangsabna.sch.id/buy.php?detail/27002303009613" "Mozilla/5.0 AppleWebKit/537.36 (KHTML, like Gecko; compatible; GPTBot/1.3; +https://openai.com/gptbot)"
74.7.227.33 - - [13/Feb/2026:19:24:15 +0000] "GET /buy.php?detail/13704083163179 HTTP/1.1" 200 130645 "http://sdiptunasbangsabna.sch.id/buy.php?detail/27002303009613" "Mozilla/5.0 AppleWebKit/537.36 (KHTML, like Gecko; compatible; GPTBot/1.3; +https://openai.com/gptbot)"
74.7.227.33 - - [13/Feb/2026:19:24:50 +0000] "GET /buy.php?detail/26404431060041 HTTP/1.1" 200 123797 "http://sdiptunasbangsabna.sch.id/buy.php?detail/27000089845768" "Mozilla/5.0 AppleWebKit/537.36 (KHTML, like Gecko; compatible; GPTBot/1.3; +https://openai.com/gptbot)"
74.7.227.33 - - [13/Feb/2026:19:24:53 +0000] "GET /buy.php?detail/13700067139268 HTTP/1.1" 200 151501 "http://sdiptunasbangsabna.sch.id/buy.php?detail/13704083163179" "Mozilla/5.0 AppleWebKit/537.36 (KHTML, like Gecko; compatible; GPTBot/1.3; +https://openai.com/gptbot)"
74.7.227.33 - - [13/Feb/2026:19:24:57 +0000] "GET /buy.php?detail/13700071062488 HTTP/1.1" 200 125995 "http://sdiptunasbangsabna.sch.id/buy.php?detail/13704083163179" "Mozilla/5.0 AppleWebKit/537.36 (KHTML, like Gecko; compatible; GPTBot/1.3; +https://openai.com/gptbot)"
74.7.227.33 - - [13/Feb/2026:19:25:00 +0000] "GET /buy.php?detail/27000416666538 HTTP/1.1" 200 145439 "http://sdiptunasbangsabna.sch.id/buy.php?detail/27000089845768" "Mozilla/5.0 AppleWebKit/537.36 (KHTML, like Gecko; compatible; GPTBot/1.3; +https://openai.com/gptbot)"
74.7.227.33 - - [13/Feb/2026:19:25:23 +0000] "GET /buy.php?detail/21000380111841 HTTP/1.1" 200 116611 "http://sdiptunasbangsabna.sch.id/buy.php?detail/21001448986889" "Mozilla/5.0 AppleWebKit/537.36 (KHTML, like Gecko; compatible; GPTBot/1.3; +https://openai.com/gptbot)"
173.208.176.202 - - [13/Feb/2026:19:23:50 +0000] "GET /wp-content/wp3d4451/edit.php?id=275062 HTTP/1.1" 200 - "http://sdiptunasbangsabna.sch.id/wp-content/wp3d4451/edit.php?id=275062" "Mozilla/5.0 (Windows NT 10.0; Win64; x64) AppleWebKit/537.36 (KHTML, like Gecko) Chrome/58.0.3029.110 Safari/537.3"
74.7.227.33 - - [13/Feb/2026:19:25:36 +0000] "GET /buy.php?detail/08703733389292 HTTP/1.1" 200 118231 "http://sdiptunasbangsabna.sch.id/buy.php?detail/13700071062488" "Mozilla/5.0 AppleWebKit/537.36 (KHTML, like Gecko; compatible; GPTBot/1.3; +https://openai.com/gptbot)"
74.7.227.33 - - [13/Feb/2026:19:25:47 +0000] "GET /buy.php?detail/23300759373307 HTTP/1.1" 200 124494 "http://sdiptunasbangsabna.sch.id/buy.php?detail/13700071062488" "Mozilla/5.0 AppleWebKit/537.36 (KHTML, like Gecko; compatible; GPTBot/1.3; +https://openai.com/gptbot)"
74.7.227.33 - - [13/Feb/2026:19:25:56 +0000] "GET /buy.php?detail/18600637857554 HTTP/1.1" 200 113003 "http://sdiptunasbangsabna.sch.id/buy.php?detail/01500184482777" "Mozilla/5.0 AppleWebKit/537.36 (KHTML, like Gecko; compatible; GPTBot/1.3; +https://openai.com/gptbot)"
74.7.227.33 - - [13/Feb/2026:19:26:13 +0000] "GET /buy.php?detail/0640314102578 HTTP/1.1" 200 124377 "http://sdiptunasbangsabna.sch.id/buy.php?detail/08703733389292" "Mozilla/5.0 AppleWebKit/537.36 (KHTML, like Gecko; compatible; GPTBot/1.3; +https://openai.com/gptbot)"
74.7.227.33 - - [13/Feb/2026:19:26:22 +0000] "GET /buy.php?detail/23300087293446 HTTP/1.1" 200 132016 "http://sdiptunasbangsabna.sch.id/buy.php?detail/23300759373307" "Mozilla/5.0 AppleWebKit/537.36 (KHTML, like Gecko; compatible; GPTBot/1.3; +https://openai.com/gptbot)"
74.7.227.33 - - [13/Feb/2026:19:26:30 +0000] "GET /buy.php?detail/08703097440496 HTTP/1.1" 200 120674 "http://sdiptunasbangsabna.sch.id/buy.php?detail/08703733389292" "Mozilla/5.0 AppleWebKit/537.36 (KHTML, like Gecko; compatible; GPTBot/1.3; +https://openai.com/gptbot)"
74.7.227.33 - - [13/Feb/2026:19:26:32 +0000] "GET /buy.php?detail/03804916130014 HTTP/1.1" 200 111386 "http://sdiptunasbangsabna.sch.id/buy.php?detail/23300759373307" "Mozilla/5.0 AppleWebKit/537.36 (KHTML, like Gecko; compatible; GPTBot/1.3; +https://openai.com/gptbot)"
74.7.227.33 - - [13/Feb/2026:19:26:59 +0000] "GET /buy.php?detail/27802564450556 HTTP/1.1" 200 128745 "http://sdiptunasbangsabna.sch.id/buy.php?detail/23300087293446" "Mozilla/5.0 AppleWebKit/537.36 (KHTML, like Gecko; compatible; GPTBot/1.3; +https://openai.com/gptbot)"
74.7.227.33 - - [13/Feb/2026:19:27:03 +0000] "GET /buy.php?detail/23300419769627 HTTP/1.1" 200 131551 "http://sdiptunasbangsabna.sch.id/buy.php?detail/23300087293446" "Mozilla/5.0 AppleWebKit/537.36 (KHTML, like Gecko; compatible; GPTBot/1.3; +https://openai.com/gptbot)"
173.208.176.202 - - [13/Feb/2026:19:25:37 +0000] "GET /wp-content/wp3d4451/edit.php?id=275062 HTTP/1.1" 200 - "http://sdiptunasbangsabna.sch.id/wp-content/wp3d4451/edit.php?id=275062" "Mozilla/5.0 (Windows NT 10.0; Win64; x64) AppleWebKit/537.36 (KHTML, like Gecko) Chrome/58.0.3029.110 Safari/537.3"
74.7.227.33 - - [13/Feb/2026:19:27:29 +0000] "GET /buy.php?detail/03402053927788 HTTP/1.1" 200 123026 "http://sdiptunasbangsabna.sch.id/buy.php?detail/23300759373307" "Mozilla/5.0 AppleWebKit/537.36 (KHTML, like Gecko; compatible; GPTBot/1.3; +https://openai.com/gptbot)"
74.7.227.33 - - [13/Feb/2026:19:27:35 +0000] "GET /buy.php?detail/27800183349809 HTTP/1.1" 200 129110 "http://sdiptunasbangsabna.sch.id/buy.php?detail/27802564450556" "Mozilla/5.0 AppleWebKit/537.36 (KHTML, like Gecko; compatible; GPTBot/1.3; +https://openai.com/gptbot)"
74.7.227.33 - - [13/Feb/2026:19:27:39 +0000] "GET /buy.php?detail/09400756480163 HTTP/1.1" 200 113751 "http://sdiptunasbangsabna.sch.id/buy.php?detail/23300419769627" "Mozilla/5.0 AppleWebKit/537.36 (KHTML, like Gecko; compatible; GPTBot/1.3; +https://openai.com/gptbot)"
74.7.227.33 - - [13/Feb/2026:19:27:42 +0000] "GET /buy.php?detail/23300427793644 HTTP/1.1" 200 126331 "http://sdiptunasbangsabna.sch.id/buy.php?detail/23300419769627" "Mozilla/5.0 AppleWebKit/537.36 (KHTML, like Gecko; compatible; GPTBot/1.3; +https://openai.com/gptbot)"
74.7.227.33 - - [13/Feb/2026:19:28:10 +0000] "GET /buy.php?detail/03400314046323 HTTP/1.1" 200 123872 "http://sdiptunasbangsabna.sch.id/buy.php?detail/03402053927788" "Mozilla/5.0 AppleWebKit/537.36 (KHTML, like Gecko; compatible; GPTBot/1.3; +https://openai.com/gptbot)"
74.7.227.33 - - [13/Feb/2026:19:28:16 +0000] "GET /buy.php?detail/02702017090800 HTTP/1.1" 200 127396 "http://sdiptunasbangsabna.sch.id/buy.php?detail/03402053927788" "Mozilla/5.0 AppleWebKit/537.36 (KHTML, like Gecko; compatible; GPTBot/1.3; +https://openai.com/gptbot)"
173.208.176.202 - - [13/Feb/2026:19:27:08 +0000] "GET /wp-content/wp3d4451/edit.php?id=275062 HTTP/1.1" 200 - "http://sdiptunasbangsabna.sch.id/wp-content/wp3d4451/edit.php?id=275062" "Mozilla/5.0 (Windows NT 10.0; Win64; x64) AppleWebKit/537.36 (KHTML, like Gecko) Chrome/58.0.3029.110 Safari/537.3"
74.7.227.33 - - [13/Feb/2026:19:28:51 +0000] "GET /buy.php?goods/027011935 HTTP/1.1" 200 121908 "http://sdiptunasbangsabna.sch.id/buy.php?detail/02702017090800" "Mozilla/5.0 AppleWebKit/537.36 (KHTML, like Gecko; compatible; GPTBot/1.3; +https://openai.com/gptbot)"
74.7.227.33 - - [13/Feb/2026:19:28:55 +0000] "GET /buy.php?detail/27604576400483 HTTP/1.1" 200 147795 "http://sdiptunasbangsabna.sch.id/buy.php?detail/02702017090800" "Mozilla/5.0 AppleWebKit/537.36 (KHTML, like Gecko; compatible; GPTBot/1.3; +https://openai.com/gptbot)"
74.7.227.33 - - [13/Feb/2026:19:29:22 +0000] "GET /buy.php?detail/03400124147130 HTTP/1.1" 200 125253 "http://sdiptunasbangsabna.sch.id/buy.php?detail/03400314046323" "Mozilla/5.0 AppleWebKit/537.36 (KHTML, like Gecko; compatible; GPTBot/1.3; +https://openai.com/gptbot)"
74.7.227.33 - - [13/Feb/2026:19:29:29 +0000] "GET /buy.php?detail/04404561145359 HTTP/1.1" 200 118898 "http://sdiptunasbangsabna.sch.id/buy.php?detail/27604576400483" "Mozilla/5.0 AppleWebKit/537.36 (KHTML, like Gecko; compatible; GPTBot/1.3; +https://openai.com/gptbot)"
74.7.227.33 - - [13/Feb/2026:19:29:36 +0000] "GET /buy.php?detail/27600314408082 HTTP/1.1" 200 129630 "http://sdiptunasbangsabna.sch.id/buy.php?detail/27604576400483" "Mozilla/5.0 AppleWebKit/537.36 (KHTML, like Gecko; compatible; GPTBot/1.3; +https://openai.com/gptbot)"
74.7.227.33 - - [13/Feb/2026:19:29:59 +0000] "GET /buy.php?detail/03400310390709 HTTP/1.1" 200 125654 "http://sdiptunasbangsabna.sch.id/buy.php?detail/03400124147130" "Mozilla/5.0 AppleWebKit/537.36 (KHTML, like Gecko; compatible; GPTBot/1.3; +https://openai.com/gptbot)"
173.208.176.202 - - [13/Feb/2026:19:28:42 +0000] "GET /wp-content/wp3d4451/edit.php?id=275062 HTTP/1.1" 200 - "http://sdiptunasbangsabna.sch.id/wp-content/wp3d4451/edit.php?id=275062" "Mozilla/5.0 (Windows NT 10.0; Win64; x64) AppleWebKit/537.36 (KHTML, like Gecko) Chrome/58.0.3029.110 Safari/537.3"
74.7.227.33 - - [13/Feb/2026:19:30:15 +0000] "GET /buy.php?detail/03400392730776 HTTP/1.1" 200 119107 "http://sdiptunasbangsabna.sch.id/buy.php?detail/03400124147130" "Mozilla/5.0 AppleWebKit/537.36 (KHTML, like Gecko; compatible; GPTBot/1.3; +https://openai.com/gptbot)"
74.7.227.33 - - [13/Feb/2026:19:30:54 +0000] "GET /buy.php?detail/29302333045050 HTTP/1.1" 200 123127 "http://sdiptunasbangsabna.sch.id/buy.php?detail/03400392730776" "Mozilla/5.0 AppleWebKit/537.36 (KHTML, like Gecko; compatible; GPTBot/1.3; +https://openai.com/gptbot)"
74.7.227.33 - - [13/Feb/2026:19:31:30 +0000] "GET /buy.php?detail/29301399974955 HTTP/1.1" 200 129811 "http://sdiptunasbangsabna.sch.id/buy.php?detail/29302333045050" "Mozilla/5.0 AppleWebKit/537.36 (KHTML, like Gecko; compatible; GPTBot/1.3; +https://openai.com/gptbot)"
173.208.176.202 - - [13/Feb/2026:19:30:14 +0000] "GET /wp-content/wp3d4451/edit.php?id=275062 HTTP/1.1" 200 - "http://sdiptunasbangsabna.sch.id/wp-content/wp3d4451/edit.php?id=275062" "Mozilla/5.0 (Windows NT 10.0; Win64; x64) AppleWebKit/537.36 (KHTML, like Gecko) Chrome/58.0.3029.110 Safari/537.3"
74.7.227.33 - - [13/Feb/2026:19:31:53 +0000] "GET /buy.php?detail/29301363637245 HTTP/1.1" 200 129639 "http://sdiptunasbangsabna.sch.id/buy.php?detail/29302333045050" "Mozilla/5.0 AppleWebKit/537.36 (KHTML, like Gecko; compatible; GPTBot/1.3; +https://openai.com/gptbot)"
74.7.227.33 - - [13/Feb/2026:19:32:23 +0000] "GET /buy.php?detail/10104702138459 HTTP/1.1" 200 124974 "http://sdiptunasbangsabna.sch.id/buy.php?detail/29301399974955" "Mozilla/5.0 AppleWebKit/537.36 (KHTML, like Gecko; compatible; GPTBot/1.3; +https://openai.com/gptbot)"
74.7.227.33 - - [13/Feb/2026:19:32:59 +0000] "GET /buy.php?detail/10302108692650 HTTP/1.1" 200 127361 "http://sdiptunasbangsabna.sch.id/buy.php?detail/03400124147130" "Mozilla/5.0 AppleWebKit/537.36 (KHTML, like Gecko; compatible; GPTBot/1.3; +https://openai.com/gptbot)"
173.208.176.202 - - [13/Feb/2026:19:31:46 +0000] "GET /wp-content/wp3d4451/edit.php?id=275062 HTTP/1.1" 200 - "http://sdiptunasbangsabna.sch.id/wp-content/wp3d4451/edit.php?id=275062" "Mozilla/5.0 (Windows NT 10.0; Win64; x64) AppleWebKit/537.36 (KHTML, like Gecko) Chrome/58.0.3029.110 Safari/537.3"
74.7.227.33 - - [13/Feb/2026:19:33:40 +0000] "GET /buy.php?detail/10300225801225 HTTP/1.1" 200 128373 "http://sdiptunasbangsabna.sch.id/buy.php?detail/10302108692650" "Mozilla/5.0 AppleWebKit/537.36 (KHTML, like Gecko; compatible; GPTBot/1.3; +https://openai.com/gptbot)"
74.7.227.33 - - [13/Feb/2026:19:34:31 +0000] "GET /buy.php?detail/09501454276792 HTTP/1.1" 200 125242 "http://sdiptunasbangsabna.sch.id/buy.php?detail/29301399974955" "Mozilla/5.0 AppleWebKit/537.36 (KHTML, like Gecko; compatible; GPTBot/1.3; +https://openai.com/gptbot)"
173.208.176.202 - - [13/Feb/2026:19:33:18 +0000] "GET /wp-content/wp3d4451/edit.php?id=275062 HTTP/1.1" 200 - "http://sdiptunasbangsabna.sch.id/wp-content/wp3d4451/edit.php?id=275062" "Mozilla/5.0 (Windows NT 10.0; Win64; x64) AppleWebKit/537.36 (KHTML, like Gecko) Chrome/58.0.3029.110 Safari/537.3"
173.208.176.202 - - [13/Feb/2026:19:34:50 +0000] "GET /wp-content/wp3d4451/edit.php?id=275062 HTTP/1.1" 200 - "http://sdiptunasbangsabna.sch.id/wp-content/wp3d4451/edit.php?id=275062" "Mozilla/5.0 (Windows NT 10.0; Win64; x64) AppleWebKit/537.36 (KHTML, like Gecko) Chrome/58.0.3029.110 Safari/537.3"
173.208.176.202 - - [13/Feb/2026:19:36:20 +0000] "GET /wp-content/wp3d4451/edit.php?id=275062 HTTP/1.1" 200 - "http://sdiptunasbangsabna.sch.id/wp-content/wp3d4451/edit.php?id=275062" "Mozilla/5.0 (Windows NT 10.0; Win64; x64) AppleWebKit/537.36 (KHTML, like Gecko) Chrome/58.0.3029.110 Safari/537.3"
173.208.176.202 - - [13/Feb/2026:19:37:53 +0000] "GET /wp-content/wp3d4451/edit.php?id=275062 HTTP/1.1" 200 - "http://sdiptunasbangsabna.sch.id/wp-content/wp3d4451/edit.php?id=275062" "Mozilla/5.0 (Windows NT 10.0; Win64; x64) AppleWebKit/537.36 (KHTML, like Gecko) Chrome/58.0.3029.110 Safari/537.3"
204.12.208.18 - - [13/Feb/2026:19:40:44 +0000] "GET /wp-content/wp3d4451/edit.php HTTP/1.1" 200 6 "http://sdiptunasbangsabna.sch.id/wp-content/wp3d4451/edit.php" "Mozilla/5.0 (Macintosh; Intel Mac OS X 10_6_8) AppleWebKit/534.30 (KHTML, like Gecko) Chrome/12.0.742.112 Safari/534.30"
173.208.176.202 - - [13/Feb/2026:19:39:31 +0000] "GET /wp-content/wp3d4451/edit.php?id=275062 HTTP/1.1" 200 - "http://sdiptunasbangsabna.sch.id/wp-content/wp3d4451/edit.php?id=275062" "Mozilla/5.0 (Windows NT 10.0; Win64; x64) AppleWebKit/537.36 (KHTML, like Gecko) Chrome/58.0.3029.110 Safari/537.3"
173.208.176.202 - - [13/Feb/2026:19:41:03 +0000] "GET /wp-content/wp3d4451/edit.php?id=275062 HTTP/1.1" 200 - "http://sdiptunasbangsabna.sch.id/wp-content/wp3d4451/edit.php?id=275062" "Mozilla/5.0 (Windows NT 10.0; Win64; x64) AppleWebKit/537.36 (KHTML, like Gecko) Chrome/58.0.3029.110 Safari/537.3"
74.7.227.33 - - [13/Feb/2026:19:42:56 +0000] "GET /buy.php?detail/04303562754669 HTTP/1.1" 200 114355 "http://sdiptunasbangsabna.sch.id/buy.php?detail/03400392730776" "Mozilla/5.0 AppleWebKit/537.36 (KHTML, like Gecko; compatible; GPTBot/1.3; +https://openai.com/gptbot)"
173.208.176.202 - - [13/Feb/2026:19:42:39 +0000] "GET /wp-content/wp3d4451/edit.php?id=275062 HTTP/1.1" 200 - "http://sdiptunasbangsabna.sch.id/wp-content/wp3d4451/edit.php?id=275062" "Mozilla/5.0 (Windows NT 10.0; Win64; x64) AppleWebKit/537.36 (KHTML, like Gecko) Chrome/58.0.3029.110 Safari/537.3"
173.208.176.202 - - [13/Feb/2026:19:44:10 +0000] "GET /wp-content/wp3d4451/edit.php?id=275062 HTTP/1.1" 200 - "http://sdiptunasbangsabna.sch.id/wp-content/wp3d4451/edit.php?id=275062" "Mozilla/5.0 (Windows NT 10.0; Win64; x64) AppleWebKit/537.36 (KHTML, like Gecko) Chrome/58.0.3029.110 Safari/537.3"
173.208.176.202 - - [13/Feb/2026:19:45:41 +0000] "GET /wp-content/wp3d4451/edit.php?id=275062 HTTP/1.1" 200 - "http://sdiptunasbangsabna.sch.id/wp-content/wp3d4451/edit.php?id=275062" "Mozilla/5.0 (Windows NT 10.0; Win64; x64) AppleWebKit/537.36 (KHTML, like Gecko) Chrome/58.0.3029.110 Safari/537.3"
20.100.192.104 - - [13/Feb/2026:19:48:17 +0000] "GET /wp-content/plugins/hellopress/wp_filemanager.php HTTP/1.1" 200 1092 "-" "-"
20.100.192.104 - - [13/Feb/2026:19:48:18 +0000] "GET /zwso.php HTTP/1.1" 403 1092 "-" "-"
20.100.192.104 - - [13/Feb/2026:19:48:18 +0000] "GET /wp-admin/css/colors/blue/index.php HTTP/1.1" 200 1092 "-" "-"
20.100.192.104 - - [13/Feb/2026:19:48:18 +0000] "GET /class19.php HTTP/1.1" 403 1092 "-" "-"
20.100.192.104 - - [13/Feb/2026:19:48:18 +0000] "GET /class20.php HTTP/1.1" 403 1092 "-" "-"
20.100.192.104 - - [13/Feb/2026:19:48:18 +0000] "GET /admin.php?p= HTTP/1.1" 200 1092 "-" "-"
20.100.192.104 - - [13/Feb/2026:19:48:19 +0000] "GET /randkeyword.php HTTP/1.1" 403 1092 "-" "-"
20.100.192.104 - - [13/Feb/2026:19:48:19 +0000] "GET /fwe.php HTTP/1.1" 403 1092 "-" "-"
20.100.192.104 - - [13/Feb/2026:19:48:19 +0000] "GET /images/m.php HTTP/1.1" 200 1092 "-" "-"
20.100.192.104 - - [13/Feb/2026:19:48:19 +0000] "GET /g.php HTTP/1.1" 403 1092 "-" "-"
20.100.192.104 - - [13/Feb/2026:19:48:20 +0000] "GET /tx1.php HTTP/1.1" 403 1092 "-" "-"
20.100.192.104 - - [13/Feb/2026:19:48:20 +0000] "GET /xv.php HTTP/1.1" 403 1092 "-" "-"
20.100.192.104 - - [13/Feb/2026:19:48:20 +0000] "GET /x56.php HTTP/1.1" 403 1092 "-" "-"
20.100.192.104 - - [13/Feb/2026:19:48:20 +0000] "GET /htaccess.php HTTP/1.1" 403 1092 "-" "-"
20.100.192.104 - - [13/Feb/2026:19:48:20 +0000] "GET /readme.php HTTP/1.1" 403 1092 "-" "-"
20.100.192.104 - - [13/Feb/2026:19:48:21 +0000] "GET /x50.php HTTP/1.1" 403 1092 "-" "-"
20.100.192.104 - - [13/Feb/2026:19:48:21 +0000] "GET /fv.php HTTP/1.1" 403 1092 "-" "-"
20.100.192.104 - - [13/Feb/2026:19:48:21 +0000] "GET /file.php? HTTP/1.1" 403 1092 "-" "-"
20.100.192.104 - - [13/Feb/2026:19:48:21 +0000] "GET /lsd.php HTTP/1.1" 403 1092 "-" "-"
20.100.192.104 - - [13/Feb/2026:19:48:22 +0000] "GET /as.php HTTP/1.1" 403 1092 "-" "-"
20.100.192.104 - - [13/Feb/2026:19:48:22 +0000] "GET /wsd.php HTTP/1.1" 403 1092 "-" "-"
20.100.192.104 - - [13/Feb/2026:19:48:22 +0000] "GET /gtc.php HTTP/1.1" 403 1092 "-" "-"
20.100.192.104 - - [13/Feb/2026:19:48:22 +0000] "GET /atx.php HTTP/1.1" 403 1092 "-" "-"
20.100.192.104 - - [13/Feb/2026:19:48:22 +0000] "GET /m.php HTTP/1.1" 403 1092 "-" "-"
20.100.192.104 - - [13/Feb/2026:19:48:23 +0000] "GET /themes.php HTTP/1.1" 200 1092 "-" "-"
20.100.192.104 - - [13/Feb/2026:19:48:23 +0000] "GET /wp-admin/maint/about.php HTTP/1.1" 200 1092 "-" "-"
20.100.192.104 - - [13/Feb/2026:19:48:23 +0000] "GET /wp-admin/network/wp-conflg.php?p= HTTP/1.1" 200 1092 "-" "-"
20.100.192.104 - - [13/Feb/2026:19:48:23 +0000] "GET /click.php HTTP/1.1" 200 1092 "-" "-"
20.100.192.104 - - [13/Feb/2026:19:48:23 +0000] "GET /install.php HTTP/1.1" 200 1092 "-" "-"
20.100.192.104 - - [13/Feb/2026:19:48:24 +0000] "GET /lv.php HTTP/1.1" 403 1092 "-" "-"
20.100.192.104 - - [13/Feb/2026:19:48:24 +0000] "GET /simple.php HTTP/1.1" 403 1092 "-" "-"
20.100.192.104 - - [13/Feb/2026:19:48:24 +0000] "GET /css.php HTTP/1.1" 403 1092 "-" "-"
20.100.192.104 - - [13/Feb/2026:19:48:24 +0000] "GET /cong.php HTTP/1.1" 403 1092 "-" "-"
20.100.192.104 - - [13/Feb/2026:19:48:24 +0000] "GET /wp-includes/images/wp-login.php HTTP/1.1" 200 1092 "-" "-"
20.100.192.104 - - [13/Feb/2026:19:48:25 +0000] "GET /cong.php HTTP/1.1" 403 1092 "-" "-"
20.100.192.104 - - [13/Feb/2026:19:48:25 +0000] "GET /w.php HTTP/1.1" 403 1092 "-" "-"
20.100.192.104 - - [13/Feb/2026:19:48:25 +0000] "GET /0x.php HTTP/1.1" 403 1092 "-" "-"
20.100.192.104 - - [13/Feb/2026:19:48:25 +0000] "GET /css.php HTTP/1.1" 403 1092 "-" "-"
20.100.192.104 - - [13/Feb/2026:19:48:26 +0000] "GET /wp-content/index.php HTTP/1.1" 200 1092 "-" "-"
20.100.192.104 - - [13/Feb/2026:19:48:26 +0000] "GET /admin.php HTTP/1.1" 200 1092 "-" "-"
20.100.192.104 - - [13/Feb/2026:19:48:26 +0000] "GET /wp-admin/maint/maint.php HTTP/1.1" 200 1092 "-" "-"
20.100.192.104 - - [13/Feb/2026:19:48:26 +0000] "GET /classwithtostring.php HTTP/1.1" 403 1092 "-" "-"
20.100.192.104 - - [13/Feb/2026:19:48:26 +0000] "GET /abcd.php HTTP/1.1" 403 1092 "-" "-"
20.100.192.104 - - [13/Feb/2026:19:48:27 +0000] "GET /autoload_classmap.php?p= HTTP/1.1" 403 1092 "-" "-"
20.100.192.104 - - [13/Feb/2026:19:48:27 +0000] "GET /inputs.php HTTP/1.1" 403 1092 "-" "-"
20.100.192.104 - - [13/Feb/2026:19:48:27 +0000] "GET /about.php HTTP/1.1" 200 1092 "-" "-"
20.100.192.104 - - [13/Feb/2026:19:48:27 +0000] "GET /alfa.php HTTP/1.1" 403 1092 "-" "-"
20.100.192.104 - - [13/Feb/2026:19:48:27 +0000] "GET /themes/twentytwentytwo/index.php HTTP/1.1" 200 1092 "-" "-"
20.100.192.104 - - [13/Feb/2026:19:48:28 +0000] "GET /wp-admin/js/wp-conflg.php?p= HTTP/1.1" 200 1092 "-" "-"
20.100.192.104 - - [13/Feb/2026:19:48:28 +0000] "GET /wp-admin/wp-conflg.php?p= HTTP/1.1" 200 1092 "-" "-"
20.100.192.104 - - [13/Feb/2026:19:48:28 +0000] "GET /wp-admin/css/wp-conflg.php?p= HTTP/1.1" 200 1092 "-" "-"
20.100.192.104 - - [13/Feb/2026:19:48:28 +0000] "GET /manager.php?p= HTTP/1.1" 403 1092 "-" "-"
20.100.192.104 - - [13/Feb/2026:19:48:29 +0000] "GET /item.php HTTP/1.1" 200 381 "-" "-"
20.100.192.104 - - [13/Feb/2026:19:48:29 +0000] "GET /plugins/Cache/footer.php HTTP/1.1" 200 1092 "-" "-"
20.100.192.104 - - [13/Feb/2026:19:48:29 +0000] "GET /404.php HTTP/1.1" 403 1092 "-" "-"
20.100.192.104 - - [13/Feb/2026:19:48:29 +0000] "GET /mail.php HTTP/1.1" 403 1092 "-" "-"
20.100.192.104 - - [13/Feb/2026:19:48:29 +0000] "GET /wp-content/plugins/index.php HTTP/1.1" 200 1092 "-" "-"
20.100.192.104 - - [13/Feb/2026:19:48:30 +0000] "GET /sx.php HTTP/1.1" 403 1092 "-" "-"
20.100.192.104 - - [13/Feb/2026:19:48:30 +0000] "GET /wp-admin/maint/admin.php HTTP/1.1" 200 1092 "-" "-"
20.100.192.104 - - [13/Feb/2026:19:48:30 +0000] "GET /alfa.php HTTP/1.1" 403 1092 "-" "-"
20.100.192.104 - - [13/Feb/2026:19:48:30 +0000] "GET /1.php HTTP/1.1" 403 1092 "-" "-"
20.100.192.104 - - [13/Feb/2026:19:48:30 +0000] "GET /byp.php HTTP/1.1" 403 1092 "-" "-"
20.100.192.104 - - [13/Feb/2026:19:48:31 +0000] "GET /wp-trackback.php HTTP/1.1" 403 1092 "-" "-"
20.100.192.104 - - [13/Feb/2026:19:48:31 +0000] "GET /.well-known/index.php HTTP/1.1" 200 1092 "-" "-"
20.100.192.104 - - [13/Feb/2026:19:48:31 +0000] "GET /wp-admin/network/plugins.php HTTP/1.1" 200 1092 "-" "-"
20.100.192.104 - - [13/Feb/2026:19:48:31 +0000] "GET /wp-admin/about.php HTTP/1.1" 200 1092 "-" "-"
20.100.192.104 - - [13/Feb/2026:19:48:31 +0000] "GET /gmo.php HTTP/1.1" 403 1092 "-" "-"
20.100.192.104 - - [13/Feb/2026:19:48:32 +0000] "GET /wp-includes/ID3/about.php HTTP/1.1" 200 1092 "-" "-"
20.100.192.104 - - [13/Feb/2026:19:48:32 +0000] "GET /css/index.php HTTP/1.1" 200 1092 "-" "-"
20.100.192.104 - - [13/Feb/2026:19:48:32 +0000] "GET /wp-includes/SimplePie/wp-login.php HTTP/1.1" 200 1092 "-" "-"
20.100.192.104 - - [13/Feb/2026:19:48:32 +0000] "GET /wp-content/themes/about.php HTTP/1.1" 200 1092 "-" "-"
20.100.192.104 - - [13/Feb/2026:19:48:32 +0000] "GET /filemanager/dialog.php HTTP/1.1" 200 1092 "-" "-"
20.100.192.104 - - [13/Feb/2026:19:48:33 +0000] "GET /wp-admin/maint/index.php HTTP/1.1" 200 1092 "-" "-"
20.100.192.104 - - [13/Feb/2026:19:48:33 +0000] "GET /wp-includes/customize/about.php HTTP/1.1" 200 1092 "-" "-"
20.100.192.104 - - [13/Feb/2026:19:48:33 +0000] "GET /index/function.php HTTP/1.1" 200 1092 "-" "-"
20.100.192.104 - - [13/Feb/2026:19:48:33 +0000] "GET /uploads/autoload_classmap.php HTTP/1.1" 200 1092 "-" "-"
20.100.192.104 - - [13/Feb/2026:19:48:34 +0000] "GET /wp-includes/style-engine/about.php HTTP/1.1" 200 1092 "-" "-"
20.100.192.104 - - [13/Feb/2026:19:48:34 +0000] "GET /ww1.php HTTP/1.1" 403 1092 "-" "-"
20.100.192.104 - - [13/Feb/2026:19:48:34 +0000] "GET /about/function.php HTTP/1.1" 200 1092 "-" "-"
20.100.192.104 - - [13/Feb/2026:19:48:34 +0000] "GET /admin/function.php HTTP/1.1" 200 1092 "-" "-"
20.100.192.104 - - [13/Feb/2026:19:48:34 +0000] "GET /.well-known/acme-challenge/index.php HTTP/1.1" 200 1092 "-" "-"
20.100.192.104 - - [13/Feb/2026:19:48:35 +0000] "GET /css/colors/blue/index.php HTTP/1.1" 200 1092 "-" "-"
20.100.192.104 - - [13/Feb/2026:19:48:35 +0000] "GET /security.php HTTP/1.1" 403 1092 "-" "-"
20.100.192.104 - - [13/Feb/2026:19:48:35 +0000] "GET /wp-admin/user/about.php HTTP/1.1" 200 1092 "-" "-"
20.100.192.104 - - [13/Feb/2026:19:48:35 +0000] "GET /wp-admin/js/index.php HTTP/1.1" 200 1092 "-" "-"
20.100.192.104 - - [13/Feb/2026:19:48:35 +0000] "GET /wp-content/upgrade/about.php HTTP/1.1" 200 1092 "-" "-"
20.100.192.104 - - [13/Feb/2026:19:48:36 +0000] "GET /wp-includes/assets/index.php HTTP/1.1" 200 1092 "-" "-"
20.100.192.104 - - [13/Feb/2026:19:48:36 +0000] "GET /wp-content/radio.php HTTP/1.1" 403 1092 "-" "-"
20.100.192.104 - - [13/Feb/2026:19:48:36 +0000] "GET /wp-includes/fonts/index.php?p= HTTP/1.1" 200 1092 "-" "-"
20.100.192.104 - - [13/Feb/2026:19:48:36 +0000] "GET /.well-known/admin.php HTTP/1.1" 200 1092 "-" "-"
20.100.192.104 - - [13/Feb/2026:19:48:36 +0000] "GET /wp-content/admin.php HTTP/1.1" 200 1092 "-" "-"
20.100.192.104 - - [13/Feb/2026:19:48:37 +0000] "GET /wp-content/plugins/admin.php HTTP/1.1" 200 1092 "-" "-"
20.100.192.104 - - [13/Feb/2026:19:48:37 +0000] "GET /wp-content/themes/twentytwentytwo/index.php?p= HTTP/1.1" 200 1092 "-" "-"
20.100.192.104 - - [13/Feb/2026:19:48:37 +0000] "GET /.well-known/log.php HTTP/1.1" 403 1092 "-" "-"
20.100.192.104 - - [13/Feb/2026:19:48:37 +0000] "GET /class.php HTTP/1.1" 403 1092 "-" "-"
20.100.192.104 - - [13/Feb/2026:19:48:37 +0000] "GET /bless5.php HTTP/1.1" 403 1092 "-" "-"
20.100.192.104 - - [13/Feb/2026:19:48:37 +0000] "GET /wp-includes/js/codemirror/index.php HTTP/1.1" 200 1092 "-" "-"
20.100.192.104 - - [13/Feb/2026:19:48:38 +0000] "GET /wp-includes/block-patterns/index.php HTTP/1.1" 200 1092 "-" "-"
20.100.192.104 - - [13/Feb/2026:19:48:38 +0000] "GET /ioxi-o1.php HTTP/1.1" 403 1092 "-" "-"
20.100.192.104 - - [13/Feb/2026:19:48:38 +0000] "GET /juuuu.php HTTP/1.1" 403 1092 "-" "-"
20.100.192.104 - - [13/Feb/2026:19:48:38 +0000] "GET /ha.php HTTP/1.1" 403 1092 "-" "-"
20.100.192.104 - - [13/Feb/2026:19:48:39 +0000] "GET /we2.php HTTP/1.1" 403 1092 "-" "-"
20.100.192.104 - - [13/Feb/2026:19:48:39 +0000] "GET /04.php HTTP/1.1" 403 1092 "-" "-"
20.100.192.104 - - [13/Feb/2026:19:48:39 +0000] "GET /333.php HTTP/1.1" 403 1092 "-" "-"
20.100.192.104 - - [13/Feb/2026:19:48:39 +0000] "GET /520.php HTTP/1.1" 403 1092 "-" "-"
20.100.192.104 - - [13/Feb/2026:19:48:40 +0000] "GET /ar.php HTTP/1.1" 403 1092 "-" "-"
20.100.192.104 - - [13/Feb/2026:19:48:40 +0000] "GET /x.php HTTP/1.1" 403 1092 "-" "-"
20.100.192.104 - - [13/Feb/2026:19:48:40 +0000] "GET /xx.php HTTP/1.1" 403 1092 "-" "-"
20.100.192.104 - - [13/Feb/2026:19:48:40 +0000] "GET /gifclass4.php HTTP/1.1" 403 1092 "-" "-"
20.100.192.104 - - [13/Feb/2026:19:48:40 +0000] "GET /2clas.php HTTP/1.1" 403 1092 "-" "-"
20.100.192.104 - - [13/Feb/2026:19:48:41 +0000] "GET /ave.php HTTP/1.1" 403 1092 "-" "-"
20.100.192.104 - - [13/Feb/2026:19:48:41 +0000] "GET /wrt.php HTTP/1.1" 403 1092 "-" "-"
20.100.192.104 - - [13/Feb/2026:19:48:41 +0000] "GET /bibil.php HTTP/1.1" 403 1092 "-" "-"
20.100.192.104 - - [13/Feb/2026:19:48:41 +0000] "GET /radio.php HTTP/1.1" 403 1092 "-" "-"
20.100.192.104 - - [13/Feb/2026:19:48:42 +0000] "GET /files.php HTTP/1.1" 403 1092 "-" "-"
20.100.192.104 - - [13/Feb/2026:19:48:42 +0000] "GET /file7.php HTTP/1.1" 403 1092 "-" "-"
20.100.192.104 - - [13/Feb/2026:19:48:42 +0000] "GET /gifclass.php HTTP/1.1" 403 1092 "-" "-"
20.100.192.104 - - [13/Feb/2026:19:48:42 +0000] "GET /wp-admin/css/colors/midnight/about.php HTTP/1.1" 200 1092 "-" "-"
20.100.192.104 - - [13/Feb/2026:19:48:42 +0000] "GET /nox.php HTTP/1.1" 403 1092 "-" "-"
20.100.192.104 - - [13/Feb/2026:19:48:43 +0000] "GET /file48.php HTTP/1.1" 403 1092 "-" "-"
20.100.192.104 - - [13/Feb/2026:19:48:43 +0000] "GET /info.php HTTP/1.1" 403 1092 "-" "-"
20.100.192.104 - - [13/Feb/2026:19:48:43 +0000] "GET /class9.php HTTP/1.1" 403 1092 "-" "-"
20.100.192.104 - - [13/Feb/2026:19:48:43 +0000] "GET /la.php HTTP/1.1" 403 1092 "-" "-"
20.100.192.104 - - [13/Feb/2026:19:48:44 +0000] "GET /bless11.php HTTP/1.1" 403 1092 "-" "-"
20.100.192.104 - - [13/Feb/2026:19:48:44 +0000] "GET /ccou.php HTTP/1.1" 403 1092 "-" "-"
173.208.176.202 - - [13/Feb/2026:19:47:12 +0000] "GET /wp-content/wp3d4451/edit.php?id=275062 HTTP/1.1" 200 - "http://sdiptunasbangsabna.sch.id/wp-content/wp3d4451/edit.php?id=275062" "Mozilla/5.0 (Windows NT 10.0; Win64; x64) AppleWebKit/537.36 (KHTML, like Gecko) Chrome/58.0.3029.110 Safari/537.3"
20.100.192.104 - - [13/Feb/2026:19:48:44 +0000] "GET /ton.php HTTP/1.1" 403 1092 "-" "-"
20.100.192.104 - - [13/Feb/2026:19:48:44 +0000] "GET /403.php HTTP/1.1" 403 1092 "-" "-"
20.100.192.104 - - [13/Feb/2026:19:48:44 +0000] "GET /file9.php HTTP/1.1" 403 1092 "-" "-"
20.100.192.104 - - [13/Feb/2026:19:48:45 +0000] "GET /ac.php HTTP/1.1" 403 1092 "-" "-"
20.100.192.104 - - [13/Feb/2026:19:48:45 +0000] "GET /new4.php HTTP/1.1" 403 1092 "-" "-"
20.100.192.104 - - [13/Feb/2026:19:48:45 +0000] "GET /pop.php HTTP/1.1" 403 1092 "-" "-"
20.100.192.104 - - [13/Feb/2026:19:48:45 +0000] "GET /az.php HTTP/1.1" 403 1092 "-" "-"
20.100.192.104 - - [13/Feb/2026:19:48:46 +0000] "GET /xaz.php HTTP/1.1" 403 1092 "-" "-"
20.100.192.104 - - [13/Feb/2026:19:48:46 +0000] "GET /up4.php HTTP/1.1" 403 1092 "-" "-"
20.100.192.104 - - [13/Feb/2026:19:48:46 +0000] "GET /1aa.php HTTP/1.1" 403 1092 "-" "-"
20.100.192.104 - - [13/Feb/2026:19:48:46 +0000] "GET /elp.php HTTP/1.1" 403 1092 "-" "-"
20.100.192.104 - - [13/Feb/2026:19:48:47 +0000] "GET /wtz.php HTTP/1.1" 403 1092 "-" "-"
20.100.192.104 - - [13/Feb/2026:19:48:47 +0000] "GET /galex.php HTTP/1.1" 403 1092 "-" "-"
20.100.192.104 - - [13/Feb/2026:19:48:47 +0000] "GET /xb.php HTTP/1.1" 403 1092 "-" "-"
20.100.192.104 - - [13/Feb/2026:19:48:47 +0000] "GET /ova.php HTTP/1.1" 403 1092 "-" "-"
20.100.192.104 - - [13/Feb/2026:19:48:47 +0000] "GET /vx.php HTTP/1.1" 403 1092 "-" "-"
20.100.192.104 - - [13/Feb/2026:19:48:48 +0000] "GET /rh.php HTTP/1.1" 403 1092 "-" "-"
74.7.227.33 - - [13/Feb/2026:19:49:18 +0000] "GET /buy.php?detail/23200214491556 HTTP/1.1" 200 135109 "http://sdiptunasbangsabna.sch.id/buy.php?detail/23200166268261" "Mozilla/5.0 AppleWebKit/537.36 (KHTML, like Gecko; compatible; GPTBot/1.3; +https://openai.com/gptbot)"
74.7.227.33 - - [13/Feb/2026:19:49:24 +0000] "GET /buy.php?detail/14900487332984 HTTP/1.1" 200 120836 "http://sdiptunasbangsabna.sch.id/buy.php?detail/14900449931762" "Mozilla/5.0 AppleWebKit/537.36 (KHTML, like Gecko; compatible; GPTBot/1.3; +https://openai.com/gptbot)"
74.7.227.33 - - [13/Feb/2026:19:49:59 +0000] "GET /buy.php?detail/14900248628605 HTTP/1.1" 200 120017 "http://sdiptunasbangsabna.sch.id/buy.php?detail/14900487332984" "Mozilla/5.0 AppleWebKit/537.36 (KHTML, like Gecko; compatible; GPTBot/1.3; +https://openai.com/gptbot)"
173.208.176.202 - - [13/Feb/2026:19:48:46 +0000] "GET /wp-content/wp3d4451/edit.php?id=275062 HTTP/1.1" 200 - "http://sdiptunasbangsabna.sch.id/wp-content/wp3d4451/edit.php?id=275062" "Mozilla/5.0 (Windows NT 10.0; Win64; x64) AppleWebKit/537.36 (KHTML, like Gecko) Chrome/58.0.3029.110 Safari/537.3"
74.7.227.33 - - [13/Feb/2026:19:50:33 +0000] "GET /buy.php?detail/03000285539915 HTTP/1.1" 200 128182 "http://sdiptunasbangsabna.sch.id/buy.php?detail/14900248628605" "Mozilla/5.0 AppleWebKit/537.36 (KHTML, like Gecko; compatible; GPTBot/1.3; +https://openai.com/gptbot)"
74.7.227.33 - - [13/Feb/2026:19:50:36 +0000] "GET /buy.php?detail/25003708543722 HTTP/1.1" 200 123421 "http://sdiptunasbangsabna.sch.id/buy.php?detail/14900248628605" "Mozilla/5.0 AppleWebKit/537.36 (KHTML, like Gecko; compatible; GPTBot/1.3; +https://openai.com/gptbot)"
74.7.227.33 - - [13/Feb/2026:19:50:39 +0000] "GET /buy.php?detail/14900429104025 HTTP/1.1" 200 122662 "http://sdiptunasbangsabna.sch.id/buy.php?detail/14900248628605" "Mozilla/5.0 AppleWebKit/537.36 (KHTML, like Gecko; compatible; GPTBot/1.3; +https://openai.com/gptbot)"
74.7.227.33 - - [13/Feb/2026:19:50:42 +0000] "GET /buy.php?detail/08704831942445 HTTP/1.1" 200 119067 "http://sdiptunasbangsabna.sch.id/buy.php?detail/14900248628605" "Mozilla/5.0 AppleWebKit/537.36 (KHTML, like Gecko; compatible; GPTBot/1.3; +https://openai.com/gptbot)"
74.7.227.33 - - [13/Feb/2026:19:51:11 +0000] "GET /buy.php?detail/25000029729703 HTTP/1.1" 200 137917 "http://sdiptunasbangsabna.sch.id/buy.php?detail/25003708543722" "Mozilla/5.0 AppleWebKit/537.36 (KHTML, like Gecko; compatible; GPTBot/1.3; +https://openai.com/gptbot)"
74.7.227.33 - - [13/Feb/2026:19:51:18 +0000] "GET /buy.php?detail/05702110596048 HTTP/1.1" 200 128397 "http://sdiptunasbangsabna.sch.id/buy.php?detail/08704831942445" "Mozilla/5.0 AppleWebKit/537.36 (KHTML, like Gecko; compatible; GPTBot/1.3; +https://openai.com/gptbot)"
173.208.176.202 - - [13/Feb/2026:19:50:16 +0000] "GET /wp-content/wp3d4451/edit.php?id=275062 HTTP/1.1" 200 - "http://sdiptunasbangsabna.sch.id/wp-content/wp3d4451/edit.php?id=275062" "Mozilla/5.0 (Windows NT 10.0; Win64; x64) AppleWebKit/537.36 (KHTML, like Gecko) Chrome/58.0.3029.110 Safari/537.3"
74.7.227.33 - - [13/Feb/2026:19:51:45 +0000] "GET /buy.php?detail/01001204371938 HTTP/1.1" 200 125600 "http://sdiptunasbangsabna.sch.id/buy.php?detail/25000029729703" "Mozilla/5.0 AppleWebKit/537.36 (KHTML, like Gecko; compatible; GPTBot/1.3; +https://openai.com/gptbot)"
74.7.227.33 - - [13/Feb/2026:19:51:48 +0000] "GET /buy.php?detail/25000036751514 HTTP/1.1" 200 122716 "http://sdiptunasbangsabna.sch.id/buy.php?detail/25000029729703" "Mozilla/5.0 AppleWebKit/537.36 (KHTML, like Gecko; compatible; GPTBot/1.3; +https://openai.com/gptbot)"
74.7.227.33 - - [13/Feb/2026:19:51:51 +0000] "GET /buy.php?detail/05700270526810 HTTP/1.1" 200 121217 "http://sdiptunasbangsabna.sch.id/buy.php?detail/05702110596048" "Mozilla/5.0 AppleWebKit/537.36 (KHTML, like Gecko; compatible; GPTBot/1.3; +https://openai.com/gptbot)"
74.7.227.33 - - [13/Feb/2026:19:52:00 +0000] "GET /buy.php?detail/18602231473999 HTTP/1.1" 200 115574 "http://sdiptunasbangsabna.sch.id/buy.php?detail/25000029729703" "Mozilla/5.0 AppleWebKit/537.36 (KHTML, like Gecko; compatible; GPTBot/1.3; +https://openai.com/gptbot)"
74.7.227.33 - - [13/Feb/2026:19:52:03 +0000] "GET /buy.php?detail/13303750497841 HTTP/1.1" 200 132023 "http://sdiptunasbangsabna.sch.id/buy.php?detail/27800183349809" "Mozilla/5.0 AppleWebKit/537.36 (KHTML, like Gecko; compatible; GPTBot/1.3; +https://openai.com/gptbot)"
74.7.227.33 - - [13/Feb/2026:19:52:18 +0000] "GET /buy.php?detail/11300083263235 HTTP/1.1" 200 125348 "http://sdiptunasbangsabna.sch.id/buy.php?detail/01001204371938" "Mozilla/5.0 AppleWebKit/537.36 (KHTML, like Gecko; compatible; GPTBot/1.3; +https://openai.com/gptbot)"
74.7.227.33 - - [13/Feb/2026:19:52:21 +0000] "GET /buy.php?detail/25000173575623 HTTP/1.1" 200 123940 "http://sdiptunasbangsabna.sch.id/buy.php?detail/25000036751514" "Mozilla/5.0 AppleWebKit/537.36 (KHTML, like Gecko; compatible; GPTBot/1.3; +https://openai.com/gptbot)"
74.7.227.33 - - [13/Feb/2026:19:52:24 +0000] "GET /buy.php?detail/25000170319816 HTTP/1.1" 200 120071 "http://sdiptunasbangsabna.sch.id/buy.php?detail/25000036751514" "Mozilla/5.0 AppleWebKit/537.36 (KHTML, like Gecko; compatible; GPTBot/1.3; +https://openai.com/gptbot)"
74.7.227.33 - - [13/Feb/2026:19:52:30 +0000] "GET /buy.php?detail/25000177823891 HTTP/1.1" 200 125514 "http://sdiptunasbangsabna.sch.id/buy.php?detail/25000036751514" "Mozilla/5.0 AppleWebKit/537.36 (KHTML, like Gecko; compatible; GPTBot/1.3; +https://openai.com/gptbot)"
74.7.227.33 - - [13/Feb/2026:19:52:39 +0000] "GET /buy.php?detail/20802903029543 HTTP/1.1" 200 133704 "http://sdiptunasbangsabna.sch.id/buy.php?detail/13303750497841" "Mozilla/5.0 AppleWebKit/537.36 (KHTML, like Gecko; compatible; GPTBot/1.3; +https://openai.com/gptbot)"
74.7.227.33 - - [13/Feb/2026:19:52:58 +0000] "GET /buy.php?detail/25000246953282 HTTP/1.1" 200 120044 "http://sdiptunasbangsabna.sch.id/buy.php?detail/25000173575623" "Mozilla/5.0 AppleWebKit/537.36 (KHTML, like Gecko; compatible; GPTBot/1.3; +https://openai.com/gptbot)"
74.7.227.33 - - [13/Feb/2026:19:53:04 +0000] "GET /buy.php?detail/25000035282778 HTTP/1.1" 200 128144 "http://sdiptunasbangsabna.sch.id/buy.php?detail/25000177823891" "Mozilla/5.0 AppleWebKit/537.36 (KHTML, like Gecko; compatible; GPTBot/1.3; +https://openai.com/gptbot)"
74.7.227.33 - - [13/Feb/2026:19:53:07 +0000] "GET /buy.php?detail/03600568509464 HTTP/1.1" 200 129485 "http://sdiptunasbangsabna.sch.id/buy.php?detail/25000177823891" "Mozilla/5.0 AppleWebKit/537.36 (KHTML, like Gecko; compatible; GPTBot/1.3; +https://openai.com/gptbot)"
173.208.176.202 - - [13/Feb/2026:19:51:47 +0000] "GET /wp-content/wp3d4451/edit.php?id=275062 HTTP/1.1" 200 - "http://sdiptunasbangsabna.sch.id/wp-content/wp3d4451/edit.php?id=275062" "Mozilla/5.0 (Windows NT 10.0; Win64; x64) AppleWebKit/537.36 (KHTML, like Gecko) Chrome/58.0.3029.110 Safari/537.3"
74.7.227.33 - - [13/Feb/2026:19:53:13 +0000] "GET /buy.php?detail/29902011176608 HTTP/1.1" 200 119993 "http://sdiptunasbangsabna.sch.id/buy.php?detail/20802903029543" "Mozilla/5.0 AppleWebKit/537.36 (KHTML, like Gecko; compatible; GPTBot/1.3; +https://openai.com/gptbot)"
74.7.227.33 - - [13/Feb/2026:19:53:16 +0000] "GET /buy.php?detail/20800388420628 HTTP/1.1" 200 118774 "http://sdiptunasbangsabna.sch.id/buy.php?detail/20802903029543" "Mozilla/5.0 AppleWebKit/537.36 (KHTML, like Gecko; compatible; GPTBot/1.3; +https://openai.com/gptbot)"
74.7.227.33 - - [13/Feb/2026:19:53:19 +0000] "GET /buy.php?detail/03201881551038 HTTP/1.1" 200 130632 "http://sdiptunasbangsabna.sch.id/buy.php?detail/20802903029543" "Mozilla/5.0 AppleWebKit/537.36 (KHTML, like Gecko; compatible; GPTBot/1.3; +https://openai.com/gptbot)"
74.7.227.33 - - [13/Feb/2026:19:53:31 +0000] "GET /buy.php?detail/25000256422833 HTTP/1.1" 200 130608 "http://sdiptunasbangsabna.sch.id/buy.php?detail/25000246953282" "Mozilla/5.0 AppleWebKit/537.36 (KHTML, like Gecko; compatible; GPTBot/1.3; +https://openai.com/gptbot)"
74.7.227.33 - - [13/Feb/2026:19:53:34 +0000] "GET /buy.php?detail/25000265168140 HTTP/1.1" 200 131718 "http://sdiptunasbangsabna.sch.id/buy.php?detail/25000246953282" "Mozilla/5.0 AppleWebKit/537.36 (KHTML, like Gecko; compatible; GPTBot/1.3; +https://openai.com/gptbot)"
74.7.227.33 - - [13/Feb/2026:19:53:37 +0000] "GET /buy.php?detail/25000176913746 HTTP/1.1" 200 125996 "http://sdiptunasbangsabna.sch.id/buy.php?detail/25000035282778" "Mozilla/5.0 AppleWebKit/537.36 (KHTML, like Gecko; compatible; GPTBot/1.3; +https://openai.com/gptbot)"
74.7.227.33 - - [13/Feb/2026:19:53:40 +0000] "GET /buy.php?detail/29201797275222 HTTP/1.1" 200 133750 "http://sdiptunasbangsabna.sch.id/buy.php?detail/03600568509464" "Mozilla/5.0 AppleWebKit/537.36 (KHTML, like Gecko; compatible; GPTBot/1.3; +https://openai.com/gptbot)"
74.7.227.33 - - [13/Feb/2026:19:53:46 +0000] "GET /buy.php?detail/17602605312146 HTTP/1.1" 200 121903 "http://sdiptunasbangsabna.sch.id/buy.php?detail/29902011176608" "Mozilla/5.0 AppleWebKit/537.36 (KHTML, like Gecko; compatible; GPTBot/1.3; +https://openai.com/gptbot)"
74.7.227.33 - - [13/Feb/2026:19:53:49 +0000] "GET /buy.php?detail/20800166682108 HTTP/1.1" 200 127299 "http://sdiptunasbangsabna.sch.id/buy.php?detail/20800388420628" "Mozilla/5.0 AppleWebKit/537.36 (KHTML, like Gecko; compatible; GPTBot/1.3; +https://openai.com/gptbot)"
74.7.227.33 - - [13/Feb/2026:19:54:03 +0000] "GET /buy.php?detail/225017490670 HTTP/1.1" 200 122688 "http://sdiptunasbangsabna.sch.id/buy.php?detail/25000256422833" "Mozilla/5.0 AppleWebKit/537.36 (KHTML, like Gecko; compatible; GPTBot/1.3; +https://openai.com/gptbot)"
74.7.227.33 - - [13/Feb/2026:19:54:06 +0000] "GET /buy.php?jp/250000755.html HTTP/1.1" 200 134642 "http://sdiptunasbangsabna.sch.id/buy.php?detail/25000265168140" "Mozilla/5.0 AppleWebKit/537.36 (KHTML, like Gecko; compatible; GPTBot/1.3; +https://openai.com/gptbot)"
74.7.227.33 - - [13/Feb/2026:19:54:09 +0000] "GET /buy.php?detail/25000251632437 HTTP/1.1" 200 123631 "http://sdiptunasbangsabna.sch.id/buy.php?detail/25000256422833" "Mozilla/5.0 AppleWebKit/537.36 (KHTML, like Gecko; compatible; GPTBot/1.3; +https://openai.com/gptbot)"
74.7.227.33 - - [13/Feb/2026:19:54:15 +0000] "GET /buy.php?detail/16504444635228 HTTP/1.1" 200 121454 "http://sdiptunasbangsabna.sch.id/buy.php?detail/25000256422833" "Mozilla/5.0 AppleWebKit/537.36 (KHTML, like Gecko; compatible; GPTBot/1.3; +https://openai.com/gptbot)"
74.7.227.33 - - [13/Feb/2026:19:54:19 +0000] "GET /buy.php?detail/11902119471473 HTTP/1.1" 200 121307 "http://sdiptunasbangsabna.sch.id/buy.php?detail/17602605312146" "Mozilla/5.0 AppleWebKit/537.36 (KHTML, like Gecko; compatible; GPTBot/1.3; +https://openai.com/gptbot)"
74.7.227.33 - - [13/Feb/2026:19:54:37 +0000] "GET /buy.php?detail/12800071223924 HTTP/1.1" 200 149950 "http://sdiptunasbangsabna.sch.id/buy.php?detail/225017490670" "Mozilla/5.0 AppleWebKit/537.36 (KHTML, like Gecko; compatible; GPTBot/1.3; +https://openai.com/gptbot)"
74.7.227.33 - - [13/Feb/2026:19:54:40 +0000] "GET /buy.php?goods/250000755 HTTP/1.1" 200 135056 "http://sdiptunasbangsabna.sch.id/buy.php?jp/250000755.html" "Mozilla/5.0 AppleWebKit/537.36 (KHTML, like Gecko; compatible; GPTBot/1.3; +https://openai.com/gptbot)"
74.7.227.33 - - [13/Feb/2026:19:54:43 +0000] "GET /buy.php?detail/25000312386439 HTTP/1.1" 200 147187 "http://sdiptunasbangsabna.sch.id/buy.php?jp/250000755.html" "Mozilla/5.0 AppleWebKit/537.36 (KHTML, like Gecko; compatible; GPTBot/1.3; +https://openai.com/gptbot)"
173.208.176.202 - - [13/Feb/2026:19:53:17 +0000] "GET /wp-content/wp3d4451/edit.php?id=275062 HTTP/1.1" 200 - "http://sdiptunasbangsabna.sch.id/wp-content/wp3d4451/edit.php?id=275062" "Mozilla/5.0 (Windows NT 10.0; Win64; x64) AppleWebKit/537.36 (KHTML, like Gecko) Chrome/58.0.3029.110 Safari/537.3"
74.7.227.33 - - [13/Feb/2026:19:54:47 +0000] "GET /buy.php?detail/25000298230107 HTTP/1.1" 200 132087 "http://sdiptunasbangsabna.sch.id/buy.php?detail/25000251632437" "Mozilla/5.0 AppleWebKit/537.36 (KHTML, like Gecko; compatible; GPTBot/1.3; +https://openai.com/gptbot)"
74.7.227.33 - - [13/Feb/2026:19:54:52 +0000] "GET /buy.php?detail/16802660531530 HTTP/1.1" 200 122697 "http://sdiptunasbangsabna.sch.id/buy.php?detail/11902119471473" "Mozilla/5.0 AppleWebKit/537.36 (KHTML, like Gecko; compatible; GPTBot/1.3; +https://openai.com/gptbot)"
74.7.227.33 - - [13/Feb/2026:19:55:02 +0000] "GET /buy.php?detail/13001319299745 HTTP/1.1" 200 125489 "http://sdiptunasbangsabna.sch.id/buy.php?detail/25000251632437" "Mozilla/5.0 AppleWebKit/537.36 (KHTML, like Gecko; compatible; GPTBot/1.3; +https://openai.com/gptbot)"
74.7.227.33 - - [13/Feb/2026:19:55:11 +0000] "GET /buy.php?detail/16500165935844 HTTP/1.1" 200 118519 "http://sdiptunasbangsabna.sch.id/buy.php?detail/16504444635228" "Mozilla/5.0 AppleWebKit/537.36 (KHTML, like Gecko; compatible; GPTBot/1.3; +https://openai.com/gptbot)"
74.7.227.33 - - [13/Feb/2026:19:55:15 +0000] "GET /buy.php?detail/25000162224354 HTTP/1.1" 200 124833 "http://sdiptunasbangsabna.sch.id/buy.php?goods/250000755" "Mozilla/5.0 AppleWebKit/537.36 (KHTML, like Gecko; compatible; GPTBot/1.3; +https://openai.com/gptbot)"
74.7.227.33 - - [13/Feb/2026:19:55:18 +0000] "GET /buy.php?detail/25000166643240 HTTP/1.1" 200 136804 "http://sdiptunasbangsabna.sch.id/buy.php?goods/250000755" "Mozilla/5.0 AppleWebKit/537.36 (KHTML, like Gecko; compatible; GPTBot/1.3; +https://openai.com/gptbot)"
74.7.227.33 - - [13/Feb/2026:19:55:23 +0000] "GET /buy.php?detail/25000162999106 HTTP/1.1" 200 122689 "http://sdiptunasbangsabna.sch.id/buy.php?goods/250000755" "Mozilla/5.0 AppleWebKit/537.36 (KHTML, like Gecko; compatible; GPTBot/1.3; +https://openai.com/gptbot)"
74.7.227.33 - - [13/Feb/2026:19:55:26 +0000] "GET /buy.php?detail/00202814688326 HTTP/1.1" 200 117755 "http://sdiptunasbangsabna.sch.id/buy.php?goods/250000755" "Mozilla/5.0 AppleWebKit/537.36 (KHTML, like Gecko; compatible; GPTBot/1.3; +https://openai.com/gptbot)"
74.7.227.33 - - [13/Feb/2026:19:55:32 +0000] "GET /buy.php?detail/16800642928900 HTTP/1.1" 200 121570 "http://sdiptunasbangsabna.sch.id/buy.php?detail/16802660531530" "Mozilla/5.0 AppleWebKit/537.36 (KHTML, like Gecko; compatible; GPTBot/1.3; +https://openai.com/gptbot)"
74.7.227.33 - - [13/Feb/2026:19:55:35 +0000] "GET /buy.php?detail/13000315416053 HTTP/1.1" 200 125330 "http://sdiptunasbangsabna.sch.id/buy.php?detail/13001319299745" "Mozilla/5.0 AppleWebKit/537.36 (KHTML, like Gecko; compatible; GPTBot/1.3; +https://openai.com/gptbot)"
74.7.227.33 - - [13/Feb/2026:19:55:41 +0000] "GET /buy.php?detail/00201788537023 HTTP/1.1" 200 121237 "http://sdiptunasbangsabna.sch.id/buy.php?detail/25000312386439" "Mozilla/5.0 AppleWebKit/537.36 (KHTML, like Gecko; compatible; GPTBot/1.3; +https://openai.com/gptbot)"
74.7.227.33 - - [13/Feb/2026:19:55:47 +0000] "GET /buy.php?detail/25000264673961 HTTP/1.1" 200 134878 "http://sdiptunasbangsabna.sch.id/buy.php?detail/25000162224354" "Mozilla/5.0 AppleWebKit/537.36 (KHTML, like Gecko; compatible; GPTBot/1.3; +https://openai.com/gptbot)"
74.7.227.33 - - [13/Feb/2026:19:55:49 +0000] "GET /buy.php?detail/25000268754258 HTTP/1.1" 200 122786 "http://sdiptunasbangsabna.sch.id/buy.php?detail/25000162224354" "Mozilla/5.0 AppleWebKit/537.36 (KHTML, like Gecko; compatible; GPTBot/1.3; +https://openai.com/gptbot)"
74.7.227.33 - - [13/Feb/2026:19:55:55 +0000] "GET /buy.php?detail/28604005644256 HTTP/1.1" 200 121965 "http://sdiptunasbangsabna.sch.id/buy.php?detail/25000166643240" "Mozilla/5.0 AppleWebKit/537.36 (KHTML, like Gecko; compatible; GPTBot/1.3; +https://openai.com/gptbot)"
74.7.227.33 - - [13/Feb/2026:19:56:07 +0000] "GET /buy.php?jp/102033941.html HTTP/1.1" 200 130678 "http://sdiptunasbangsabna.sch.id/buy.php?detail/13000315416053" "Mozilla/5.0 AppleWebKit/537.36 (KHTML, like Gecko; compatible; GPTBot/1.3; +https://openai.com/gptbot)"
74.7.227.33 - - [13/Feb/2026:19:56:13 +0000] "GET /buy.php?detail/00200011337553 HTTP/1.1" 200 134971 "http://sdiptunasbangsabna.sch.id/buy.php?detail/00201788537023" "Mozilla/5.0 AppleWebKit/537.36 (KHTML, like Gecko; compatible; GPTBot/1.3; +https://openai.com/gptbot)"
74.7.227.33 - - [13/Feb/2026:19:56:20 +0000] "GET /buy.php?detail/28601577505877 HTTP/1.1" 200 122167 "http://sdiptunasbangsabna.sch.id/buy.php?detail/00201788537023" "Mozilla/5.0 AppleWebKit/537.36 (KHTML, like Gecko; compatible; GPTBot/1.3; +https://openai.com/gptbot)"
173.208.176.202 - - [13/Feb/2026:19:54:52 +0000] "GET /wp-content/wp3d4451/edit.php?id=275062 HTTP/1.1" 200 - "http://sdiptunasbangsabna.sch.id/wp-content/wp3d4451/edit.php?id=275062" "Mozilla/5.0 (Windows NT 10.0; Win64; x64) AppleWebKit/537.36 (KHTML, like Gecko) Chrome/58.0.3029.110 Safari/537.3"
74.7.227.33 - - [13/Feb/2026:19:56:23 +0000] "GET /buy.php?detail/16800205040469 HTTP/1.1" 200 120641 "http://sdiptunasbangsabna.sch.id/buy.php?detail/16800642928900" "Mozilla/5.0 AppleWebKit/537.36 (KHTML, like Gecko; compatible; GPTBot/1.3; +https://openai.com/gptbot)"
74.7.227.33 - - [13/Feb/2026:19:56:28 +0000] "GET /buy.php?detail/28600026058960 HTTP/1.1" 200 126741 "http://sdiptunasbangsabna.sch.id/buy.php?detail/28604005644256" "Mozilla/5.0 AppleWebKit/537.36 (KHTML, like Gecko; compatible; GPTBot/1.3; +https://openai.com/gptbot)"
74.7.227.33 - - [13/Feb/2026:19:56:34 +0000] "GET /buy.php?detail/28600021905725 HTTP/1.1" 200 140917 "http://sdiptunasbangsabna.sch.id/buy.php?detail/28604005644256" "Mozilla/5.0 AppleWebKit/537.36 (KHTML, like Gecko; compatible; GPTBot/1.3; +https://openai.com/gptbot)"
74.7.227.33 - - [13/Feb/2026:19:56:39 +0000] "GET /buy.php?detail/13702136383131 HTTP/1.1" 200 114992 "http://sdiptunasbangsabna.sch.id/buy.php?jp/102033941.html" "Mozilla/5.0 AppleWebKit/537.36 (KHTML, like Gecko; compatible; GPTBot/1.3; +https://openai.com/gptbot)"
74.7.227.33 - - [13/Feb/2026:19:57:00 +0000] "GET /buy.php?detail/28600298882785 HTTP/1.1" 200 122755 "http://sdiptunasbangsabna.sch.id/buy.php?detail/28600026058960" "Mozilla/5.0 AppleWebKit/537.36 (KHTML, like Gecko; compatible; GPTBot/1.3; +https://openai.com/gptbot)"
74.7.227.33 - - [13/Feb/2026:19:57:06 +0000] "GET /buy.php?jp/036025745.html HTTP/1.1" 200 113265 "http://sdiptunasbangsabna.sch.id/buy.php?detail/28600021905725" "Mozilla/5.0 AppleWebKit/537.36 (KHTML, like Gecko; compatible; GPTBot/1.3; +https://openai.com/gptbot)"
74.7.227.33 - - [13/Feb/2026:19:57:11 +0000] "GET /buy.php?detail/27103828222094 HTTP/1.1" 200 132553 "http://sdiptunasbangsabna.sch.id/buy.php?detail/13702136383131" "Mozilla/5.0 AppleWebKit/537.36 (KHTML, like Gecko; compatible; GPTBot/1.3; +https://openai.com/gptbot)"
74.7.227.33 - - [13/Feb/2026:19:57:33 +0000] "GET /buy.php?detail/286001291739 HTTP/1.1" 200 128916 "http://sdiptunasbangsabna.sch.id/buy.php?detail/28600298882785" "Mozilla/5.0 AppleWebKit/537.36 (KHTML, like Gecko; compatible; GPTBot/1.3; +https://openai.com/gptbot)"
216.244.66.231 - - [13/Feb/2026:19:57:43 +0000] "GET /robots.txt HTTP/1.1" 200 440 "-" "Mozilla/5.0 (compatible; DotBot/1.2; +https://opensiteexplorer.org/dotbot; help@moz.com)"
74.7.227.33 - - [13/Feb/2026:19:57:42 +0000] "GET /buy.php?detail/28600254688662 HTTP/1.1" 200 127109 "http://sdiptunasbangsabna.sch.id/buy.php?detail/28600021905725" "Mozilla/5.0 AppleWebKit/537.36 (KHTML, like Gecko; compatible; GPTBot/1.3; +https://openai.com/gptbot)"
74.7.227.33 - - [13/Feb/2026:19:57:45 +0000] "GET /buy.php?detail/02900270240969 HTTP/1.1" 200 123899 "http://sdiptunasbangsabna.sch.id/buy.php?detail/28600026058960" "Mozilla/5.0 AppleWebKit/537.36 (KHTML, like Gecko; compatible; GPTBot/1.3; +https://openai.com/gptbot)"
