74.7.227.33 - - [13/Feb/2026:12:45:20 +0000] "GET /buy.php?detail/21500003596645 HTTP/1.1" 200 129364 "http://sdiptunasbangsabna.sch.id/buy.php?jp/215027963.html" "Mozilla/5.0 AppleWebKit/537.36 (KHTML, like Gecko; compatible; GPTBot/1.3; +https://openai.com/gptbot)"
74.7.227.33 - - [13/Feb/2026:12:45:41 +0000] "GET /buy.php?detail/06002057151815 HTTP/1.1" 200 137861 "http://sdiptunasbangsabna.sch.id/buy.php?detail/06002074265391" "Mozilla/5.0 AppleWebKit/537.36 (KHTML, like Gecko; compatible; GPTBot/1.3; +https://openai.com/gptbot)"
74.7.227.33 - - [13/Feb/2026:12:45:50 +0000] "GET /buy.php?detail/21500004150132 HTTP/1.1" 200 129383 "http://sdiptunasbangsabna.sch.id/buy.php?detail/21500014498460" "Mozilla/5.0 AppleWebKit/537.36 (KHTML, like Gecko; compatible; GPTBot/1.3; +https://openai.com/gptbot)"
74.7.227.33 - - [13/Feb/2026:12:45:53 +0000] "GET /buy.php?detail/10203161903126 HTTP/1.1" 200 117772 "http://sdiptunasbangsabna.sch.id/buy.php?detail/21500003596645" "Mozilla/5.0 AppleWebKit/537.36 (KHTML, like Gecko; compatible; GPTBot/1.3; +https://openai.com/gptbot)"
173.208.176.202 - - [13/Feb/2026:12:44:29 +0000] "GET /wp-content/wp3d4451/edit.php?id=275062 HTTP/1.1" 200 - "http://sdiptunasbangsabna.sch.id/wp-content/wp3d4451/edit.php?id=275062" "Mozilla/5.0 (Windows NT 10.0; Win64; x64) AppleWebKit/537.36 (KHTML, like Gecko) Chrome/58.0.3029.110 Safari/537.3"
74.7.227.33 - - [13/Feb/2026:12:46:02 +0000] "GET /buy.php?detail/16101010498168 HTTP/1.1" 200 126457 "http://sdiptunasbangsabna.sch.id/buy.php?detail/16101687613717" "Mozilla/5.0 AppleWebKit/537.36 (KHTML, like Gecko; compatible; GPTBot/1.3; +https://openai.com/gptbot)"
74.7.227.33 - - [13/Feb/2026:12:46:14 +0000] "GET /buy.php?detail/06000842148025 HTTP/1.1" 200 124990 "http://sdiptunasbangsabna.sch.id/buy.php?detail/06002057151815" "Mozilla/5.0 AppleWebKit/537.36 (KHTML, like Gecko; compatible; GPTBot/1.3; +https://openai.com/gptbot)"
74.7.227.33 - - [13/Feb/2026:12:46:23 +0000] "GET /buy.php?detail/06000806993799 HTTP/1.1" 200 121023 "http://sdiptunasbangsabna.sch.id/buy.php?detail/06002057151815" "Mozilla/5.0 AppleWebKit/537.36 (KHTML, like Gecko; compatible; GPTBot/1.3; +https://openai.com/gptbot)"
74.7.227.33 - - [13/Feb/2026:12:46:26 +0000] "GET /buy.php?detail/20403958452242 HTTP/1.1" 200 125359 "http://sdiptunasbangsabna.sch.id/buy.php?detail/01902366239980" "Mozilla/5.0 AppleWebKit/537.36 (KHTML, like Gecko; compatible; GPTBot/1.3; +https://openai.com/gptbot)"
74.7.227.33 - - [13/Feb/2026:12:46:55 +0000] "GET /buy.php?detail/06000632210051 HTTP/1.1" 200 126614 "http://sdiptunasbangsabna.sch.id/buy.php?detail/06000806993799" "Mozilla/5.0 AppleWebKit/537.36 (KHTML, like Gecko; compatible; GPTBot/1.3; +https://openai.com/gptbot)"
74.7.227.33 - - [13/Feb/2026:12:46:58 +0000] "GET /buy.php?detail/06000585540797 HTTP/1.1" 200 134040 "http://sdiptunasbangsabna.sch.id/buy.php?detail/06000806993799" "Mozilla/5.0 AppleWebKit/537.36 (KHTML, like Gecko; compatible; GPTBot/1.3; +https://openai.com/gptbot)"
74.7.227.33 - - [13/Feb/2026:12:47:01 +0000] "GET /buy.php?detail/14902476060812 HTTP/1.1" 200 117394 "http://sdiptunasbangsabna.sch.id/buy.php?detail/06000806993799" "Mozilla/5.0 AppleWebKit/537.36 (KHTML, like Gecko; compatible; GPTBot/1.3; +https://openai.com/gptbot)"
173.208.176.202 - - [13/Feb/2026:12:46:00 +0000] "GET /wp-content/wp3d4451/edit.php?id=275062 HTTP/1.1" 200 - "http://sdiptunasbangsabna.sch.id/wp-content/wp3d4451/edit.php?id=275062" "Mozilla/5.0 (Windows NT 10.0; Win64; x64) AppleWebKit/537.36 (KHTML, like Gecko) Chrome/58.0.3029.110 Safari/537.3"
74.7.227.33 - - [13/Feb/2026:12:47:27 +0000] "GET /buy.php?detail/05903054771587 HTTP/1.1" 200 119239 "http://sdiptunasbangsabna.sch.id/buy.php?detail/06000842148025" "Mozilla/5.0 AppleWebKit/537.36 (KHTML, like Gecko; compatible; GPTBot/1.3; +https://openai.com/gptbot)"
173.208.176.202 - - [13/Feb/2026:12:47:30 +0000] "GET /wp-content/wp3d4451/edit.php?id=275062 HTTP/1.1" 200 - "http://sdiptunasbangsabna.sch.id/wp-content/wp3d4451/edit.php?id=275062" "Mozilla/5.0 (Windows NT 10.0; Win64; x64) AppleWebKit/537.36 (KHTML, like Gecko) Chrome/58.0.3029.110 Safari/537.3"
74.7.227.33 - - [13/Feb/2026:12:48:59 +0000] "GET /buy.php?detail/03604937564530 HTTP/1.1" 200 132014 "http://sdiptunasbangsabna.sch.id/buy.php?detail/14902476060812" "Mozilla/5.0 AppleWebKit/537.36 (KHTML, like Gecko; compatible; GPTBot/1.3; +https://openai.com/gptbot)"
74.7.227.33 - - [13/Feb/2026:12:49:18 +0000] "GET /buy.php?detail/15704338747517 HTTP/1.1" 200 131299 "http://sdiptunasbangsabna.sch.id/buy.php?jp/215027963.html" "Mozilla/5.0 AppleWebKit/537.36 (KHTML, like Gecko; compatible; GPTBot/1.3; +https://openai.com/gptbot)"
74.7.227.33 - - [13/Feb/2026:12:49:34 +0000] "GET /buy.php?detail/20004006708233 HTTP/1.1" 200 123197 "http://sdiptunasbangsabna.sch.id/buy.php?detail/03604937564530" "Mozilla/5.0 AppleWebKit/537.36 (KHTML, like Gecko; compatible; GPTBot/1.3; +https://openai.com/gptbot)"
74.7.227.33 - - [13/Feb/2026:12:49:43 +0000] "GET /buy.php?detail/13104595979708 HTTP/1.1" 200 137018 "http://sdiptunasbangsabna.sch.id/buy.php?detail/03604937564530" "Mozilla/5.0 AppleWebKit/537.36 (KHTML, like Gecko; compatible; GPTBot/1.3; +https://openai.com/gptbot)"
74.7.227.33 - - [13/Feb/2026:12:49:46 +0000] "GET /buy.php?detail/03600282575102 HTTP/1.1" 200 144142 "http://sdiptunasbangsabna.sch.id/buy.php?detail/03604937564530" "Mozilla/5.0 AppleWebKit/537.36 (KHTML, like Gecko; compatible; GPTBot/1.3; +https://openai.com/gptbot)"
74.7.227.33 - - [13/Feb/2026:12:49:52 +0000] "GET /buy.php?detail/15700214322574 HTTP/1.1" 200 129972 "http://sdiptunasbangsabna.sch.id/buy.php?detail/15704338747517" "Mozilla/5.0 AppleWebKit/537.36 (KHTML, like Gecko; compatible; GPTBot/1.3; +https://openai.com/gptbot)"
74.7.227.33 - - [13/Feb/2026:12:50:08 +0000] "GET /buy.php?detail/20000431664681 HTTP/1.1" 200 128382 "http://sdiptunasbangsabna.sch.id/buy.php?detail/20004006708233" "Mozilla/5.0 AppleWebKit/537.36 (KHTML, like Gecko; compatible; GPTBot/1.3; +https://openai.com/gptbot)"
74.7.227.33 - - [13/Feb/2026:12:50:17 +0000] "GET /buy.php?goods/134012509 HTTP/1.1" 200 129487 "http://sdiptunasbangsabna.sch.id/buy.php?detail/13104595979708" "Mozilla/5.0 AppleWebKit/537.36 (KHTML, like Gecko; compatible; GPTBot/1.3; +https://openai.com/gptbot)"
74.7.227.33 - - [13/Feb/2026:12:50:20 +0000] "GET /buy.php?detail/30002571820849 HTTP/1.1" 200 126827 "http://sdiptunasbangsabna.sch.id/buy.php?detail/13104595979708" "Mozilla/5.0 AppleWebKit/537.36 (KHTML, like Gecko; compatible; GPTBot/1.3; +https://openai.com/gptbot)"
74.7.227.33 - - [13/Feb/2026:12:50:23 +0000] "GET /buy.php?detail/13100170217912 HTTP/1.1" 200 124106 "http://sdiptunasbangsabna.sch.id/buy.php?detail/13104595979708" "Mozilla/5.0 AppleWebKit/537.36 (KHTML, like Gecko; compatible; GPTBot/1.3; +https://openai.com/gptbot)"
74.7.227.33 - - [13/Feb/2026:12:50:26 +0000] "GET /buy.php?jp/157017348.html HTTP/1.1" 200 133264 "http://sdiptunasbangsabna.sch.id/buy.php?detail/15700214322574" "Mozilla/5.0 AppleWebKit/537.36 (KHTML, like Gecko; compatible; GPTBot/1.3; +https://openai.com/gptbot)"
173.208.176.202 - - [13/Feb/2026:12:49:01 +0000] "GET /wp-content/wp3d4451/edit.php?id=275062 HTTP/1.1" 200 - "http://sdiptunasbangsabna.sch.id/wp-content/wp3d4451/edit.php?id=275062" "Mozilla/5.0 (Windows NT 10.0; Win64; x64) AppleWebKit/537.36 (KHTML, like Gecko) Chrome/58.0.3029.110 Safari/537.3"
74.7.227.33 - - [13/Feb/2026:12:50:40 +0000] "GET /buy.php?detail/20001110374331 HTTP/1.1" 200 123971 "http://sdiptunasbangsabna.sch.id/buy.php?detail/20000431664681" "Mozilla/5.0 AppleWebKit/537.36 (KHTML, like Gecko; compatible; GPTBot/1.3; +https://openai.com/gptbot)"
74.7.227.33 - - [13/Feb/2026:12:50:43 +0000] "GET /buy.php?detail/20001106837517 HTTP/1.1" 200 124389 "http://sdiptunasbangsabna.sch.id/buy.php?detail/20000431664681" "Mozilla/5.0 AppleWebKit/537.36 (KHTML, like Gecko; compatible; GPTBot/1.3; +https://openai.com/gptbot)"
74.7.227.33 - - [13/Feb/2026:12:50:53 +0000] "GET /buy.php?detail/30002301976213 HTTP/1.1" 200 147963 "http://sdiptunasbangsabna.sch.id/buy.php?detail/30002571820849" "Mozilla/5.0 AppleWebKit/537.36 (KHTML, like Gecko; compatible; GPTBot/1.3; +https://openai.com/gptbot)"
74.7.227.33 - - [13/Feb/2026:12:50:56 +0000] "GET /buy.php?detail/30002153728608 HTTP/1.1" 200 120570 "http://sdiptunasbangsabna.sch.id/buy.php?detail/30002571820849" "Mozilla/5.0 AppleWebKit/537.36 (KHTML, like Gecko; compatible; GPTBot/1.3; +https://openai.com/gptbot)"
74.7.227.33 - - [13/Feb/2026:12:51:00 +0000] "GET /buy.php?detail/01900574165416 HTTP/1.1" 200 115186 "http://sdiptunasbangsabna.sch.id/buy.php?goods/134012509" "Mozilla/5.0 AppleWebKit/537.36 (KHTML, like Gecko; compatible; GPTBot/1.3; +https://openai.com/gptbot)"
74.7.227.33 - - [13/Feb/2026:12:51:22 +0000] "GET /buy.php?detail/27000676501111 HTTP/1.1" 200 121272 "http://sdiptunasbangsabna.sch.id/buy.php?detail/20001106837517" "Mozilla/5.0 AppleWebKit/537.36 (KHTML, like Gecko; compatible; GPTBot/1.3; +https://openai.com/gptbot)"
74.7.227.33 - - [13/Feb/2026:12:51:25 +0000] "GET /buy.php?detail/08802511562851 HTTP/1.1" 200 122210 "http://sdiptunasbangsabna.sch.id/buy.php?detail/20001106837517" "Mozilla/5.0 AppleWebKit/537.36 (KHTML, like Gecko; compatible; GPTBot/1.3; +https://openai.com/gptbot)"
74.7.227.33 - - [13/Feb/2026:12:51:29 +0000] "GET /buy.php?detail/30001752251881 HTTP/1.1" 200 119036 "http://sdiptunasbangsabna.sch.id/buy.php?detail/30002301976213" "Mozilla/5.0 AppleWebKit/537.36 (KHTML, like Gecko; compatible; GPTBot/1.3; +https://openai.com/gptbot)"
74.7.227.33 - - [13/Feb/2026:12:51:33 +0000] "GET /buy.php?detail/30002147984416 HTTP/1.1" 200 123483 "http://sdiptunasbangsabna.sch.id/buy.php?detail/30002153728608" "Mozilla/5.0 AppleWebKit/537.36 (KHTML, like Gecko; compatible; GPTBot/1.3; +https://openai.com/gptbot)"
74.7.227.33 - - [13/Feb/2026:12:51:36 +0000] "GET /buy.php?detail/30002112464929 HTTP/1.1" 200 120893 "http://sdiptunasbangsabna.sch.id/buy.php?detail/30002153728608" "Mozilla/5.0 AppleWebKit/537.36 (KHTML, like Gecko; compatible; GPTBot/1.3; +https://openai.com/gptbot)"
74.7.227.33 - - [13/Feb/2026:12:51:42 +0000] "GET /buy.php?detail/30001795340103 HTTP/1.1" 200 122299 "http://sdiptunasbangsabna.sch.id/buy.php?detail/30002301976213" "Mozilla/5.0 AppleWebKit/537.36 (KHTML, like Gecko; compatible; GPTBot/1.3; +https://openai.com/gptbot)"
74.7.227.33 - - [13/Feb/2026:12:51:45 +0000] "GET /buy.php?detail/30002140889435 HTTP/1.1" 200 118266 "http://sdiptunasbangsabna.sch.id/buy.php?detail/30002153728608" "Mozilla/5.0 AppleWebKit/537.36 (KHTML, like Gecko; compatible; GPTBot/1.3; +https://openai.com/gptbot)"
74.7.227.33 - - [13/Feb/2026:12:51:51 +0000] "GET /buy.php?detail/11100600694808 HTTP/1.1" 200 120891 "http://sdiptunasbangsabna.sch.id/buy.php?detail/30002301976213" "Mozilla/5.0 AppleWebKit/537.36 (KHTML, like Gecko; compatible; GPTBot/1.3; +https://openai.com/gptbot)"
74.7.227.33 - - [13/Feb/2026:12:51:55 +0000] "GET /buy.php?goods/236008271 HTTP/1.1" 200 119740 "http://sdiptunasbangsabna.sch.id/buy.php?detail/27000676501111" "Mozilla/5.0 AppleWebKit/537.36 (KHTML, like Gecko; compatible; GPTBot/1.3; +https://openai.com/gptbot)"
74.7.227.33 - - [13/Feb/2026:12:51:58 +0000] "GET /buy.php?detail/27000298412372 HTTP/1.1" 200 123561 "http://sdiptunasbangsabna.sch.id/buy.php?detail/27000676501111" "Mozilla/5.0 AppleWebKit/537.36 (KHTML, like Gecko; compatible; GPTBot/1.3; +https://openai.com/gptbot)"
74.7.227.33 - - [13/Feb/2026:12:52:00 +0000] "GET /buy.php?detail/27000031150891 HTTP/1.1" 200 136121 "http://sdiptunasbangsabna.sch.id/buy.php?detail/27000676501111" "Mozilla/5.0 AppleWebKit/537.36 (KHTML, like Gecko; compatible; GPTBot/1.3; +https://openai.com/gptbot)"
173.208.176.202 - - [13/Feb/2026:12:50:35 +0000] "GET /wp-content/wp3d4451/edit.php?id=275062 HTTP/1.1" 200 - "http://sdiptunasbangsabna.sch.id/wp-content/wp3d4451/edit.php?id=275062" "Mozilla/5.0 (Windows NT 10.0; Win64; x64) AppleWebKit/537.36 (KHTML, like Gecko) Chrome/58.0.3029.110 Safari/537.3"
74.7.227.33 - - [13/Feb/2026:12:52:07 +0000] "GET /buy.php?detail/16102792888223 HTTP/1.1" 200 129112 "http://sdiptunasbangsabna.sch.id/buy.php?detail/30002147984416" "Mozilla/5.0 AppleWebKit/537.36 (KHTML, like Gecko; compatible; GPTBot/1.3; +https://openai.com/gptbot)"
74.7.227.33 - - [13/Feb/2026:12:52:09 +0000] "GET /buy.php?detail/30000333559447 HTTP/1.1" 200 120384 "http://sdiptunasbangsabna.sch.id/buy.php?detail/30002147984416" "Mozilla/5.0 AppleWebKit/537.36 (KHTML, like Gecko; compatible; GPTBot/1.3; +https://openai.com/gptbot)"
74.7.227.33 - - [13/Feb/2026:12:52:13 +0000] "GET /buy.php?detail/30002640172086 HTTP/1.1" 200 122279 "http://sdiptunasbangsabna.sch.id/buy.php?detail/30001795340103" "Mozilla/5.0 AppleWebKit/537.36 (KHTML, like Gecko; compatible; GPTBot/1.3; +https://openai.com/gptbot)"
74.7.227.33 - - [13/Feb/2026:12:52:15 +0000] "GET /buy.php?jp/300007537.html HTTP/1.1" 200 118922 "http://sdiptunasbangsabna.sch.id/buy.php?detail/30002140889435" "Mozilla/5.0 AppleWebKit/537.36 (KHTML, like Gecko; compatible; GPTBot/1.3; +https://openai.com/gptbot)"
74.7.227.33 - - [13/Feb/2026:12:52:22 +0000] "GET /buy.php?detail/16304400948042 HTTP/1.1" 200 129542 "http://sdiptunasbangsabna.sch.id/buy.php?detail/30001795340103" "Mozilla/5.0 AppleWebKit/537.36 (KHTML, like Gecko; compatible; GPTBot/1.3; +https://openai.com/gptbot)"
74.7.227.33 - - [13/Feb/2026:12:52:25 +0000] "GET /buy.php?detail/27000046884611 HTTP/1.1" 200 128622 "http://sdiptunasbangsabna.sch.id/buy.php?detail/27000676501111" "Mozilla/5.0 AppleWebKit/537.36 (KHTML, like Gecko; compatible; GPTBot/1.3; +https://openai.com/gptbot)"
74.7.227.33 - - [13/Feb/2026:12:52:32 +0000] "GET /buy.php?detail/27000019064680 HTTP/1.1" 200 125518 "http://sdiptunasbangsabna.sch.id/buy.php?detail/27000298412372" "Mozilla/5.0 AppleWebKit/537.36 (KHTML, like Gecko; compatible; GPTBot/1.3; +https://openai.com/gptbot)"
74.7.227.33 - - [13/Feb/2026:12:52:43 +0000] "GET /buy.php?detail/02402228631793 HTTP/1.1" 200 120684 "http://sdiptunasbangsabna.sch.id/buy.php?detail/30000333559447" "Mozilla/5.0 AppleWebKit/537.36 (KHTML, like Gecko; compatible; GPTBot/1.3; +https://openai.com/gptbot)"
74.7.227.33 - - [13/Feb/2026:12:52:50 +0000] "GET /buy.php?detail/30001514029911 HTTP/1.1" 200 121078 "http://sdiptunasbangsabna.sch.id/buy.php?detail/30000333559447" "Mozilla/5.0 AppleWebKit/537.36 (KHTML, like Gecko; compatible; GPTBot/1.3; +https://openai.com/gptbot)"
74.7.227.33 - - [13/Feb/2026:12:52:53 +0000] "GET /buy.php?detail/30002408236598 HTTP/1.1" 200 124523 "http://sdiptunasbangsabna.sch.id/buy.php?jp/300007537.html" "Mozilla/5.0 AppleWebKit/537.36 (KHTML, like Gecko; compatible; GPTBot/1.3; +https://openai.com/gptbot)"
74.7.227.33 - - [13/Feb/2026:12:52:56 +0000] "GET /buy.php?jp/163003346.html HTTP/1.1" 200 128033 "http://sdiptunasbangsabna.sch.id/buy.php?detail/16304400948042" "Mozilla/5.0 AppleWebKit/537.36 (KHTML, like Gecko; compatible; GPTBot/1.3; +https://openai.com/gptbot)"
74.7.227.33 - - [13/Feb/2026:12:52:59 +0000] "GET /buy.php?jp/163004209.html HTTP/1.1" 200 131227 "http://sdiptunasbangsabna.sch.id/buy.php?detail/16304400948042" "Mozilla/5.0 AppleWebKit/537.36 (KHTML, like Gecko; compatible; GPTBot/1.3; +https://openai.com/gptbot)"
74.7.227.33 - - [13/Feb/2026:12:53:01 +0000] "GET /buy.php?detail/16300333897371 HTTP/1.1" 200 138799 "http://sdiptunasbangsabna.sch.id/buy.php?detail/16304400948042" "Mozilla/5.0 AppleWebKit/537.36 (KHTML, like Gecko; compatible; GPTBot/1.3; +https://openai.com/gptbot)"
74.7.227.33 - - [13/Feb/2026:12:53:03 +0000] "GET /buy.php?detail/27000461891228 HTTP/1.1" 200 125871 "http://sdiptunasbangsabna.sch.id/buy.php?detail/27000046884611" "Mozilla/5.0 AppleWebKit/537.36 (KHTML, like Gecko; compatible; GPTBot/1.3; +https://openai.com/gptbot)"
74.7.227.33 - - [13/Feb/2026:12:53:15 +0000] "GET /buy.php?detail/02400114445768 HTTP/1.1" 200 130385 "http://sdiptunasbangsabna.sch.id/buy.php?detail/02402228631793" "Mozilla/5.0 AppleWebKit/537.36 (KHTML, like Gecko; compatible; GPTBot/1.3; +https://openai.com/gptbot)"
74.7.227.33 - - [13/Feb/2026:12:53:27 +0000] "GET /buy.php?detail/16101038866948 HTTP/1.1" 200 134750 "http://sdiptunasbangsabna.sch.id/buy.php?detail/16102792888223" "Mozilla/5.0 AppleWebKit/537.36 (KHTML, like Gecko; compatible; GPTBot/1.3; +https://openai.com/gptbot)"
74.7.227.33 - - [13/Feb/2026:12:53:33 +0000] "GET /buy.php?detail/30001701767435 HTTP/1.1" 200 122906 "http://sdiptunasbangsabna.sch.id/buy.php?detail/30001514029911" "Mozilla/5.0 AppleWebKit/537.36 (KHTML, like Gecko; compatible; GPTBot/1.3; +https://openai.com/gptbot)"
173.208.176.202 - - [13/Feb/2026:12:52:06 +0000] "GET /wp-content/wp3d4451/edit.php?id=275062 HTTP/1.1" 200 - "http://sdiptunasbangsabna.sch.id/wp-content/wp3d4451/edit.php?id=275062" "Mozilla/5.0 (Windows NT 10.0; Win64; x64) AppleWebKit/537.36 (KHTML, like Gecko) Chrome/58.0.3029.110 Safari/537.3"
204.12.208.18 - - [13/Feb/2026:12:53:46 +0000] "GET /wp-content/wp3d4451/edit.php HTTP/1.1" 200 6 "http://sdiptunasbangsabna.sch.id/wp-content/wp3d4451/edit.php" "Mozilla/5.0 (Macintosh; U; Intel Mac OS X 10_6_3; ja-jp) AppleWebKit/533.16 (KHTML, like Gecko) Version/5.0 Safari/533.16"
74.7.227.33 - - [13/Feb/2026:12:53:49 +0000] "GET /buy.php?detail/02400260174168 HTTP/1.1" 200 125071 "http://sdiptunasbangsabna.sch.id/buy.php?detail/02400114445768" "Mozilla/5.0 AppleWebKit/537.36 (KHTML, like Gecko; compatible; GPTBot/1.3; +https://openai.com/gptbot)"
74.7.227.33 - - [13/Feb/2026:12:54:01 +0000] "GET /buy.php?detail/09303077222630 HTTP/1.1" 200 122022 "http://sdiptunasbangsabna.sch.id/buy.php?detail/16101038866948" "Mozilla/5.0 AppleWebKit/537.36 (KHTML, like Gecko; compatible; GPTBot/1.3; +https://openai.com/gptbot)"
74.7.227.33 - - [13/Feb/2026:12:54:22 +0000] "GET /buy.php?detail/02400205872600 HTTP/1.1" 200 123909 "http://sdiptunasbangsabna.sch.id/buy.php?detail/02400260174168" "Mozilla/5.0 AppleWebKit/537.36 (KHTML, like Gecko; compatible; GPTBot/1.3; +https://openai.com/gptbot)"
74.7.227.33 - - [13/Feb/2026:12:54:40 +0000] "GET /buy.php?detail/02400219328284 HTTP/1.1" 200 123900 "http://sdiptunasbangsabna.sch.id/buy.php?detail/02400260174168" "Mozilla/5.0 AppleWebKit/537.36 (KHTML, like Gecko; compatible; GPTBot/1.3; +https://openai.com/gptbot)"
74.7.227.33 - - [13/Feb/2026:12:54:53 +0000] "GET /buy.php?detail/30000753717998 HTTP/1.1" 200 119078 "http://sdiptunasbangsabna.sch.id/buy.php?jp/300007537.html" "Mozilla/5.0 AppleWebKit/537.36 (KHTML, like Gecko; compatible; GPTBot/1.3; +https://openai.com/gptbot)"
173.208.176.202 - - [13/Feb/2026:12:53:39 +0000] "GET /wp-content/wp3d4451/edit.php?id=275062 HTTP/1.1" 200 - "http://sdiptunasbangsabna.sch.id/wp-content/wp3d4451/edit.php?id=275062" "Mozilla/5.0 (Windows NT 10.0; Win64; x64) AppleWebKit/537.36 (KHTML, like Gecko) Chrome/58.0.3029.110 Safari/537.3"
74.7.227.33 - - [13/Feb/2026:12:55:10 +0000] "GET /buy.php?detail/16300419643027 HTTP/1.1" 200 121131 "http://sdiptunasbangsabna.sch.id/buy.php?detail/16304400948042" "Mozilla/5.0 AppleWebKit/537.36 (KHTML, like Gecko; compatible; GPTBot/1.3; +https://openai.com/gptbot)"
74.7.227.33 - - [13/Feb/2026:12:55:30 +0000] "GET /buy.php?detail/01102068648013 HTTP/1.1" 200 133342 "http://sdiptunasbangsabna.sch.id/buy.php?detail/30000753717998" "Mozilla/5.0 AppleWebKit/537.36 (KHTML, like Gecko; compatible; GPTBot/1.3; +https://openai.com/gptbot)"
74.7.227.33 - - [13/Feb/2026:12:55:43 +0000] "GET /buy.php?goods/175018444 HTTP/1.1" 200 119148 "http://sdiptunasbangsabna.sch.id/buy.php?detail/16300419643027" "Mozilla/5.0 AppleWebKit/537.36 (KHTML, like Gecko; compatible; GPTBot/1.3; +https://openai.com/gptbot)"
74.7.227.33 - - [13/Feb/2026:12:55:49 +0000] "GET /buy.php?detail/10403226173256 HTTP/1.1" 200 125903 "http://sdiptunasbangsabna.sch.id/buy.php?detail/02400219328284" "Mozilla/5.0 AppleWebKit/537.36 (KHTML, like Gecko; compatible; GPTBot/1.3; +https://openai.com/gptbot)"
74.7.227.33 - - [13/Feb/2026:12:55:56 +0000] "GET /buy.php?detail/15202809664281 HTTP/1.1" 200 124644 "http://sdiptunasbangsabna.sch.id/buy.php?detail/02400205872600" "Mozilla/5.0 AppleWebKit/537.36 (KHTML, like Gecko; compatible; GPTBot/1.3; +https://openai.com/gptbot)"
74.7.227.33 - - [13/Feb/2026:12:56:18 +0000] "GET /buy.php?detail/30000927330874 HTTP/1.1" 200 123831 "http://sdiptunasbangsabna.sch.id/buy.php?detail/30000753717998" "Mozilla/5.0 AppleWebKit/537.36 (KHTML, like Gecko; compatible; GPTBot/1.3; +https://openai.com/gptbot)"
74.7.227.33 - - [13/Feb/2026:12:56:24 +0000] "GET /buy.php?detail/02400127351901 HTTP/1.1" 200 132172 "http://sdiptunasbangsabna.sch.id/buy.php?detail/02402228631793" "Mozilla/5.0 AppleWebKit/537.36 (KHTML, like Gecko; compatible; GPTBot/1.3; +https://openai.com/gptbot)"
74.7.227.33 - - [13/Feb/2026:12:56:31 +0000] "GET /buy.php?detail/15200332157759 HTTP/1.1" 200 120266 "http://sdiptunasbangsabna.sch.id/buy.php?detail/15202809664281" "Mozilla/5.0 AppleWebKit/537.36 (KHTML, like Gecko; compatible; GPTBot/1.3; +https://openai.com/gptbot)"
173.208.176.202 - - [13/Feb/2026:12:55:10 +0000] "GET /wp-content/wp3d4451/edit.php?id=275062 HTTP/1.1" 200 - "http://sdiptunasbangsabna.sch.id/wp-content/wp3d4451/edit.php?id=275062" "Mozilla/5.0 (Windows NT 10.0; Win64; x64) AppleWebKit/537.36 (KHTML, like Gecko) Chrome/58.0.3029.110 Safari/537.3"
74.7.227.33 - - [13/Feb/2026:12:56:51 +0000] "GET /buy.php?detail/17802325626171 HTTP/1.1" 200 145443 "http://sdiptunasbangsabna.sch.id/buy.php?detail/08802511562851" "Mozilla/5.0 AppleWebKit/537.36 (KHTML, like Gecko; compatible; GPTBot/1.3; +https://openai.com/gptbot)"
74.7.227.33 - - [13/Feb/2026:12:56:54 +0000] "GET /buy.php?detail/21500872776668 HTTP/1.1" 200 120213 "http://sdiptunasbangsabna.sch.id/buy.php?detail/30000927330874" "Mozilla/5.0 AppleWebKit/537.36 (KHTML, like Gecko; compatible; GPTBot/1.3; +https://openai.com/gptbot)"
74.7.227.33 - - [13/Feb/2026:12:56:57 +0000] "GET /buy.php?detail/23202343603231 HTTP/1.1" 200 119925 "http://sdiptunasbangsabna.sch.id/buy.php?detail/30000927330874" "Mozilla/5.0 AppleWebKit/537.36 (KHTML, like Gecko; compatible; GPTBot/1.3; +https://openai.com/gptbot)"
74.7.175.130 - - [13/Feb/2026:12:57:00 +0000] "GET /robots.txt HTTP/1.1" 304 - "-" "Mozilla/5.0 (Macintosh; Intel Mac OS X 10_15_7) AppleWebKit/537.36 (KHTML, like Gecko) Chrome/131.0.0.0 Safari/537.36; compatible; OAI-SearchBot/1.3; robots.txt; +https://openai.com/searchbot"
74.7.227.33 - - [13/Feb/2026:12:57:00 +0000] "GET /buy.php?detail/03501349301625 HTTP/1.1" 200 112585 "http://sdiptunasbangsabna.sch.id/buy.php?detail/30002301976213" "Mozilla/5.0 AppleWebKit/537.36 (KHTML, like Gecko; compatible; GPTBot/1.3; +https://openai.com/gptbot)"
74.7.227.33 - - [13/Feb/2026:12:57:03 +0000] "GET /buy.php?detail/17900336772908 HTTP/1.1" 200 119648 "http://sdiptunasbangsabna.sch.id/buy.php?detail/15202809664281" "Mozilla/5.0 AppleWebKit/537.36 (KHTML, like Gecko; compatible; GPTBot/1.3; +https://openai.com/gptbot)"
74.7.227.33 - - [13/Feb/2026:12:57:51 +0000] "GET /buy.php?detail/15501762974443 HTTP/1.1" 200 122294 "http://sdiptunasbangsabna.sch.id/buy.php?detail/16102792888223" "Mozilla/5.0 AppleWebKit/537.36 (KHTML, like Gecko; compatible; GPTBot/1.3; +https://openai.com/gptbot)"
173.208.176.202 - - [13/Feb/2026:12:56:43 +0000] "GET /wp-content/wp3d4451/edit.php?id=275062 HTTP/1.1" 200 - "http://sdiptunasbangsabna.sch.id/wp-content/wp3d4451/edit.php?id=275062" "Mozilla/5.0 (Windows NT 10.0; Win64; x64) AppleWebKit/537.36 (KHTML, like Gecko) Chrome/58.0.3029.110 Safari/537.3"
74.7.227.33 - - [13/Feb/2026:12:58:26 +0000] "GET /buy.php?detail/09401088812548 HTTP/1.1" 200 120983 "http://sdiptunasbangsabna.sch.id/buy.php?detail/15501762974443" "Mozilla/5.0 AppleWebKit/537.36 (KHTML, like Gecko; compatible; GPTBot/1.3; +https://openai.com/gptbot)"
74.7.227.33 - - [13/Feb/2026:12:59:03 +0000] "GET /buy.php?detail/09400173917912 HTTP/1.1" 200 134634 "http://sdiptunasbangsabna.sch.id/buy.php?detail/09401088812548" "Mozilla/5.0 AppleWebKit/537.36 (KHTML, like Gecko; compatible; GPTBot/1.3; +https://openai.com/gptbot)"
173.208.176.202 - - [13/Feb/2026:12:58:14 +0000] "GET /wp-content/wp3d4451/edit.php?id=275062 HTTP/1.1" 200 - "http://sdiptunasbangsabna.sch.id/wp-content/wp3d4451/edit.php?id=275062" "Mozilla/5.0 (Windows NT 10.0; Win64; x64) AppleWebKit/537.36 (KHTML, like Gecko) Chrome/58.0.3029.110 Safari/537.3"
74.7.227.33 - - [13/Feb/2026:13:00:14 +0000] "GET /buy.php?detail/03902703913317 HTTP/1.1" 200 120709 "http://sdiptunasbangsabna.sch.id/buy.php?detail/21500872776668" "Mozilla/5.0 AppleWebKit/537.36 (KHTML, like Gecko; compatible; GPTBot/1.3; +https://openai.com/gptbot)"
74.7.227.33 - - [13/Feb/2026:13:00:17 +0000] "GET /buy.php?detail/30000587661122 HTTP/1.1" 200 121452 "http://sdiptunasbangsabna.sch.id/buy.php?detail/30002140889435" "Mozilla/5.0 AppleWebKit/537.36 (KHTML, like Gecko; compatible; GPTBot/1.3; +https://openai.com/gptbot)"
74.7.227.33 - - [13/Feb/2026:13:00:23 +0000] "GET /buy.php?detail/14700602851559 HTTP/1.1" 200 132161 "http://sdiptunasbangsabna.sch.id/buy.php?detail/30000333559447" "Mozilla/5.0 AppleWebKit/537.36 (KHTML, like Gecko; compatible; GPTBot/1.3; +https://openai.com/gptbot)"
74.7.227.33 - - [13/Feb/2026:13:00:28 +0000] "GET /buy.php?detail/14503580592116 HTTP/1.1" 200 129359 "http://sdiptunasbangsabna.sch.id/buy.php?detail/27000019064680" "Mozilla/5.0 AppleWebKit/537.36 (KHTML, like Gecko; compatible; GPTBot/1.3; +https://openai.com/gptbot)"
74.7.227.33 - - [13/Feb/2026:13:00:30 +0000] "GET /buy.php?detail/16301552476407 HTTP/1.1" 200 125274 "http://sdiptunasbangsabna.sch.id/buy.php?detail/16300333897371" "Mozilla/5.0 AppleWebKit/537.36 (KHTML, like Gecko; compatible; GPTBot/1.3; +https://openai.com/gptbot)"
74.7.227.33 - - [13/Feb/2026:13:00:43 +0000] "GET /buy.php?goods/039008708 HTTP/1.1" 200 127364 "http://sdiptunasbangsabna.sch.id/buy.php?detail/03902703913317" "Mozilla/5.0 AppleWebKit/537.36 (KHTML, like Gecko; compatible; GPTBot/1.3; +https://openai.com/gptbot)"
74.7.227.33 - - [13/Feb/2026:13:00:50 +0000] "GET /buy.php?detail/14700332972032 HTTP/1.1" 200 135749 "http://sdiptunasbangsabna.sch.id/buy.php?detail/14700602851559" "Mozilla/5.0 AppleWebKit/537.36 (KHTML, like Gecko; compatible; GPTBot/1.3; +https://openai.com/gptbot)"
74.7.227.33 - - [13/Feb/2026:13:01:10 +0000] "GET /buy.php?detail/15500675610479 HTTP/1.1" 200 120305 "http://sdiptunasbangsabna.sch.id/buy.php?detail/15501762974443" "Mozilla/5.0 AppleWebKit/537.36 (KHTML, like Gecko; compatible; GPTBot/1.3; +https://openai.com/gptbot)"
173.208.176.202 - - [13/Feb/2026:12:59:44 +0000] "GET /wp-content/wp3d4451/edit.php?id=275062 HTTP/1.1" 200 - "http://sdiptunasbangsabna.sch.id/wp-content/wp3d4451/edit.php?id=275062" "Mozilla/5.0 (Windows NT 10.0; Win64; x64) AppleWebKit/537.36 (KHTML, like Gecko) Chrome/58.0.3029.110 Safari/537.3"
74.7.227.33 - - [13/Feb/2026:13:01:13 +0000] "GET /buy.php?jp/250040919.html HTTP/1.1" 200 121606 "http://sdiptunasbangsabna.sch.id/buy.php?goods/039008708" "Mozilla/5.0 AppleWebKit/537.36 (KHTML, like Gecko; compatible; GPTBot/1.3; +https://openai.com/gptbot)"
74.7.227.33 - - [13/Feb/2026:13:01:20 +0000] "GET /buy.php?detail/03901121055951 HTTP/1.1" 200 129098 "http://sdiptunasbangsabna.sch.id/buy.php?goods/039008708" "Mozilla/5.0 AppleWebKit/537.36 (KHTML, like Gecko; compatible; GPTBot/1.3; +https://openai.com/gptbot)"
74.7.227.33 - - [13/Feb/2026:13:01:42 +0000] "GET /buy.php?detail/15500202255104 HTTP/1.1" 200 119225 "http://sdiptunasbangsabna.sch.id/buy.php?detail/15500675610479" "Mozilla/5.0 AppleWebKit/537.36 (KHTML, like Gecko; compatible; GPTBot/1.3; +https://openai.com/gptbot)"
74.7.227.33 - - [13/Feb/2026:13:01:44 +0000] "GET /buy.php?detail/16501662211072 HTTP/1.1" 200 121942 "http://sdiptunasbangsabna.sch.id/buy.php?detail/15500675610479" "Mozilla/5.0 AppleWebKit/537.36 (KHTML, like Gecko; compatible; GPTBot/1.3; +https://openai.com/gptbot)"
74.7.227.33 - - [13/Feb/2026:13:01:52 +0000] "GET /buy.php?detail/03900675033889 HTTP/1.1" 200 135666 "http://sdiptunasbangsabna.sch.id/buy.php?detail/03901121055951" "Mozilla/5.0 AppleWebKit/537.36 (KHTML, like Gecko; compatible; GPTBot/1.3; +https://openai.com/gptbot)"
74.7.227.33 - - [13/Feb/2026:13:02:14 +0000] "GET /buy.php?detail/28103558977755 HTTP/1.1" 200 125749 "http://sdiptunasbangsabna.sch.id/buy.php?detail/16501662211072" "Mozilla/5.0 AppleWebKit/537.36 (KHTML, like Gecko; compatible; GPTBot/1.3; +https://openai.com/gptbot)"
74.7.227.33 - - [13/Feb/2026:13:02:25 +0000] "GET /buy.php?detail/05902468693933 HTTP/1.1" 200 121861 "http://sdiptunasbangsabna.sch.id/buy.php?detail/15500202255104" "Mozilla/5.0 AppleWebKit/537.36 (KHTML, like Gecko; compatible; GPTBot/1.3; +https://openai.com/gptbot)"
74.7.227.33 - - [13/Feb/2026:13:02:28 +0000] "GET /buy.php?detail/15502648558129 HTTP/1.1" 200 129118 "http://sdiptunasbangsabna.sch.id/buy.php?detail/15500202255104" "Mozilla/5.0 AppleWebKit/537.36 (KHTML, like Gecko; compatible; GPTBot/1.3; +https://openai.com/gptbot)"
173.208.176.202 - - [13/Feb/2026:13:01:15 +0000] "GET /wp-content/wp3d4451/edit.php?id=275062 HTTP/1.1" 200 - "http://sdiptunasbangsabna.sch.id/wp-content/wp3d4451/edit.php?id=275062" "Mozilla/5.0 (Windows NT 10.0; Win64; x64) AppleWebKit/537.36 (KHTML, like Gecko) Chrome/58.0.3029.110 Safari/537.3"
74.7.227.33 - - [13/Feb/2026:13:02:54 +0000] "GET /buy.php?detail/04800878384315 HTTP/1.1" 200 129403 "http://sdiptunasbangsabna.sch.id/buy.php?jp/300007537.html" "Mozilla/5.0 AppleWebKit/537.36 (KHTML, like Gecko; compatible; GPTBot/1.3; +https://openai.com/gptbot)"
74.7.227.33 - - [13/Feb/2026:13:02:57 +0000] "GET /buy.php?detail/155020474982 HTTP/1.1" 200 119093 "http://sdiptunasbangsabna.sch.id/buy.php?detail/15502648558129" "Mozilla/5.0 AppleWebKit/537.36 (KHTML, like Gecko; compatible; GPTBot/1.3; +https://openai.com/gptbot)"
74.7.227.33 - - [13/Feb/2026:13:03:26 +0000] "GET /buy.php?detail/02804801956525 HTTP/1.1" 200 114493 "http://sdiptunasbangsabna.sch.id/buy.php?detail/04800878384315" "Mozilla/5.0 AppleWebKit/537.36 (KHTML, like Gecko; compatible; GPTBot/1.3; +https://openai.com/gptbot)"
74.7.227.33 - - [13/Feb/2026:13:03:27 +0000] "GET /buy.php?detail/15500107607859 HTTP/1.1" 200 120107 "http://sdiptunasbangsabna.sch.id/buy.php?detail/155020474982" "Mozilla/5.0 AppleWebKit/537.36 (KHTML, like Gecko; compatible; GPTBot/1.3; +https://openai.com/gptbot)"
74.7.227.33 - - [13/Feb/2026:13:03:30 +0000] "GET /buy.php?detail/04800293790263 HTTP/1.1" 200 134317 "http://sdiptunasbangsabna.sch.id/buy.php?detail/04800878384315" "Mozilla/5.0 AppleWebKit/537.36 (KHTML, like Gecko; compatible; GPTBot/1.3; +https://openai.com/gptbot)"
74.7.227.33 - - [13/Feb/2026:13:03:42 +0000] "GET /buy.php?detail/18703353228831 HTTP/1.1" 200 132055 "http://sdiptunasbangsabna.sch.id/buy.php?detail/155020474982" "Mozilla/5.0 AppleWebKit/537.36 (KHTML, like Gecko; compatible; GPTBot/1.3; +https://openai.com/gptbot)"
74.7.227.33 - - [13/Feb/2026:13:03:59 +0000] "GET /buy.php?detail/04800142866186 HTTP/1.1" 200 124894 "http://sdiptunasbangsabna.sch.id/buy.php?detail/04800293790263" "Mozilla/5.0 AppleWebKit/537.36 (KHTML, like Gecko; compatible; GPTBot/1.3; +https://openai.com/gptbot)"
173.208.176.202 - - [13/Feb/2026:13:02:45 +0000] "GET /wp-content/wp3d4451/edit.php?id=275062 HTTP/1.1" 200 - "http://sdiptunasbangsabna.sch.id/wp-content/wp3d4451/edit.php?id=275062" "Mozilla/5.0 (Windows NT 10.0; Win64; x64) AppleWebKit/537.36 (KHTML, like Gecko) Chrome/58.0.3029.110 Safari/537.3"
74.7.227.33 - - [13/Feb/2026:13:04:14 +0000] "GET /buy.php?detail/18700064333815 HTTP/1.1" 200 138075 "http://sdiptunasbangsabna.sch.id/buy.php?detail/18703353228831" "Mozilla/5.0 AppleWebKit/537.36 (KHTML, like Gecko; compatible; GPTBot/1.3; +https://openai.com/gptbot)"
74.7.227.33 - - [13/Feb/2026:13:04:32 +0000] "GET /buy.php?detail/04800327816369 HTTP/1.1" 200 135506 "http://sdiptunasbangsabna.sch.id/buy.php?detail/04800142866186" "Mozilla/5.0 AppleWebKit/537.36 (KHTML, like Gecko; compatible; GPTBot/1.3; +https://openai.com/gptbot)"
74.7.227.33 - - [13/Feb/2026:13:04:59 +0000] "GET /buy.php?detail/24800707719042 HTTP/1.1" 200 119818 "http://sdiptunasbangsabna.sch.id/buy.php?detail/04800142866186" "Mozilla/5.0 AppleWebKit/537.36 (KHTML, like Gecko; compatible; GPTBot/1.3; +https://openai.com/gptbot)"
74.7.227.33 - - [13/Feb/2026:13:05:02 +0000] "GET /buy.php?detail/04800058066369 HTTP/1.1" 200 120762 "http://sdiptunasbangsabna.sch.id/buy.php?detail/04800327816369" "Mozilla/5.0 AppleWebKit/537.36 (KHTML, like Gecko; compatible; GPTBot/1.3; +https://openai.com/gptbot)"
74.7.227.33 - - [13/Feb/2026:13:05:04 +0000] "GET /buy.php?detail/15200604774754 HTTP/1.1" 200 123744 "http://sdiptunasbangsabna.sch.id/buy.php?detail/04800327816369" "Mozilla/5.0 AppleWebKit/537.36 (KHTML, like Gecko; compatible; GPTBot/1.3; +https://openai.com/gptbot)"
74.7.227.33 - - [13/Feb/2026:13:05:28 +0000] "GET /buy.php?detail/18700062309623 HTTP/1.1" 200 129177 "http://sdiptunasbangsabna.sch.id/buy.php?detail/18703353228831" "Mozilla/5.0 AppleWebKit/537.36 (KHTML, like Gecko; compatible; GPTBot/1.3; +https://openai.com/gptbot)"
173.208.176.202 - - [13/Feb/2026:13:04:16 +0000] "GET /wp-content/wp3d4451/edit.php?id=275062 HTTP/1.1" 200 - "http://sdiptunasbangsabna.sch.id/wp-content/wp3d4451/edit.php?id=275062" "Mozilla/5.0 (Windows NT 10.0; Win64; x64) AppleWebKit/537.36 (KHTML, like Gecko) Chrome/58.0.3029.110 Safari/537.3"
74.7.227.33 - - [13/Feb/2026:13:06:10 +0000] "GET /buy.php?detail/18700174627436 HTTP/1.1" 200 121720 "http://sdiptunasbangsabna.sch.id/buy.php?detail/18700062309623" "Mozilla/5.0 AppleWebKit/537.36 (KHTML, like Gecko; compatible; GPTBot/1.3; +https://openai.com/gptbot)"
74.7.227.33 - - [13/Feb/2026:13:07:11 +0000] "GET /buy.php?detail/08702627488041 HTTP/1.1" 200 131145 "http://sdiptunasbangsabna.sch.id/buy.php?detail/14700602851559" "Mozilla/5.0 AppleWebKit/537.36 (KHTML, like Gecko; compatible; GPTBot/1.3; +https://openai.com/gptbot)"
173.208.176.202 - - [13/Feb/2026:13:05:54 +0000] "GET /wp-content/wp3d4451/edit.php?id=275062 HTTP/1.1" 200 - "http://sdiptunasbangsabna.sch.id/wp-content/wp3d4451/edit.php?id=275062" "Mozilla/5.0 (Windows NT 10.0; Win64; x64) AppleWebKit/537.36 (KHTML, like Gecko) Chrome/58.0.3029.110 Safari/537.3"
74.7.227.33 - - [13/Feb/2026:13:07:37 +0000] "GET /buy.php?detail/28100701876982 HTTP/1.1" 200 132979 "http://sdiptunasbangsabna.sch.id/buy.php?detail/28103558977755" "Mozilla/5.0 AppleWebKit/537.36 (KHTML, like Gecko; compatible; GPTBot/1.3; +https://openai.com/gptbot)"
74.7.227.33 - - [13/Feb/2026:13:08:29 +0000] "GET /buy.php?detail/08503789490957 HTTP/1.1" 200 119948 "http://sdiptunasbangsabna.sch.id/buy.php?detail/29501777305553" "Mozilla/5.0 AppleWebKit/537.36 (KHTML, like Gecko; compatible; GPTBot/1.3; +https://openai.com/gptbot)"
173.208.176.202 - - [13/Feb/2026:13:07:24 +0000] "GET /wp-content/wp3d4451/edit.php?id=275062 HTTP/1.1" 200 - "http://sdiptunasbangsabna.sch.id/wp-content/wp3d4451/edit.php?id=275062" "Mozilla/5.0 (Windows NT 10.0; Win64; x64) AppleWebKit/537.36 (KHTML, like Gecko) Chrome/58.0.3029.110 Safari/537.3"
74.7.227.33 - - [13/Feb/2026:13:08:59 +0000] "GET /buy.php?detail/21200295991408 HTTP/1.1" 200 128146 "http://sdiptunasbangsabna.sch.id/buy.php?detail/21204618614757" "Mozilla/5.0 AppleWebKit/537.36 (KHTML, like Gecko; compatible; GPTBot/1.3; +https://openai.com/gptbot)"
74.7.227.33 - - [13/Feb/2026:13:09:02 +0000] "GET /buy.php?detail/10700788991350 HTTP/1.1" 200 131337 "http://sdiptunasbangsabna.sch.id/buy.php?detail/08503789490957" "Mozilla/5.0 AppleWebKit/537.36 (KHTML, like Gecko; compatible; GPTBot/1.3; +https://openai.com/gptbot)"
74.7.227.33 - - [13/Feb/2026:13:09:32 +0000] "GET /buy.php?detail/21200273235277 HTTP/1.1" 200 122231 "http://sdiptunasbangsabna.sch.id/buy.php?detail/21200295991408" "Mozilla/5.0 AppleWebKit/537.36 (KHTML, like Gecko; compatible; GPTBot/1.3; +https://openai.com/gptbot)"
74.7.227.33 - - [13/Feb/2026:13:10:05 +0000] "GET /buy.php?detail/212000145949 HTTP/1.1" 200 131575 "http://sdiptunasbangsabna.sch.id/buy.php?detail/21200273235277" "Mozilla/5.0 AppleWebKit/537.36 (KHTML, like Gecko; compatible; GPTBot/1.3; +https://openai.com/gptbot)"
74.7.227.33 - - [13/Feb/2026:13:10:09 +0000] "GET /buy.php?detail/21200018770257 HTTP/1.1" 200 121019 "http://sdiptunasbangsabna.sch.id/buy.php?detail/21200273235277" "Mozilla/5.0 AppleWebKit/537.36 (KHTML, like Gecko; compatible; GPTBot/1.3; +https://openai.com/gptbot)"
74.7.227.33 - - [13/Feb/2026:13:10:12 +0000] "GET /buy.php?detail/21200021132436 HTTP/1.1" 200 127798 "http://sdiptunasbangsabna.sch.id/buy.php?detail/21200273235277" "Mozilla/5.0 AppleWebKit/537.36 (KHTML, like Gecko; compatible; GPTBot/1.3; +https://openai.com/gptbot)"
173.208.176.202 - - [13/Feb/2026:13:08:57 +0000] "GET /wp-content/wp3d4451/edit.php?id=275062 HTTP/1.1" 200 - "http://sdiptunasbangsabna.sch.id/wp-content/wp3d4451/edit.php?id=275062" "Mozilla/5.0 (Windows NT 10.0; Win64; x64) AppleWebKit/537.36 (KHTML, like Gecko) Chrome/58.0.3029.110 Safari/537.3"
74.7.227.33 - - [13/Feb/2026:13:10:40 +0000] "GET /buy.php?detail/20200193598306 HTTP/1.1" 200 122591 "http://sdiptunasbangsabna.sch.id/buy.php?detail/21200273235277" "Mozilla/5.0 AppleWebKit/537.36 (KHTML, like Gecko; compatible; GPTBot/1.3; +https://openai.com/gptbot)"
74.7.227.33 - - [13/Feb/2026:13:10:43 +0000] "GET /buy.php?detail/21200470791125 HTTP/1.1" 200 122752 "http://sdiptunasbangsabna.sch.id/buy.php?detail/21200021132436" "Mozilla/5.0 AppleWebKit/537.36 (KHTML, like Gecko; compatible; GPTBot/1.3; +https://openai.com/gptbot)"
74.7.227.33 - - [13/Feb/2026:13:10:56 +0000] "GET /buy.php?detail/21200496252829 HTTP/1.1" 200 130029 "http://sdiptunasbangsabna.sch.id/buy.php?detail/21200018770257" "Mozilla/5.0 AppleWebKit/537.36 (KHTML, like Gecko; compatible; GPTBot/1.3; +https://openai.com/gptbot)"
74.7.227.33 - - [13/Feb/2026:13:11:05 +0000] "GET /buy.php?detail/21200278729940 HTTP/1.1" 200 144662 "http://sdiptunasbangsabna.sch.id/buy.php?detail/21200295991408" "Mozilla/5.0 AppleWebKit/537.36 (KHTML, like Gecko; compatible; GPTBot/1.3; +https://openai.com/gptbot)"
74.7.227.33 - - [13/Feb/2026:13:11:11 +0000] "GET /buy.php?detail/20201990541275 HTTP/1.1" 200 129895 "http://sdiptunasbangsabna.sch.id/buy.php?detail/20200193598306" "Mozilla/5.0 AppleWebKit/537.36 (KHTML, like Gecko; compatible; GPTBot/1.3; +https://openai.com/gptbot)"
74.7.227.33 - - [13/Feb/2026:13:11:25 +0000] "GET /buy.php?detail/21200367729136 HTTP/1.1" 200 128707 "http://sdiptunasbangsabna.sch.id/buy.php?detail/21200470791125" "Mozilla/5.0 AppleWebKit/537.36 (KHTML, like Gecko; compatible; GPTBot/1.3; +https://openai.com/gptbot)"
74.7.227.33 - - [13/Feb/2026:13:11:36 +0000] "GET /buy.php?goods/212000057 HTTP/1.1" 200 125351 "http://sdiptunasbangsabna.sch.id/buy.php?detail/21200278729940" "Mozilla/5.0 AppleWebKit/537.36 (KHTML, like Gecko; compatible; GPTBot/1.3; +https://openai.com/gptbot)"
173.208.176.202 - - [13/Feb/2026:13:10:28 +0000] "GET /wp-content/wp3d4451/edit.php?id=275062 HTTP/1.1" 200 - "http://sdiptunasbangsabna.sch.id/wp-content/wp3d4451/edit.php?id=275062" "Mozilla/5.0 (Windows NT 10.0; Win64; x64) AppleWebKit/537.36 (KHTML, like Gecko) Chrome/58.0.3029.110 Safari/537.3"
74.7.227.33 - - [13/Feb/2026:13:12:04 +0000] "GET /buy.php?detail/05302839808518 HTTP/1.1" 200 126270 "http://sdiptunasbangsabna.sch.id/buy.php?detail/12603030441352" "Mozilla/5.0 AppleWebKit/537.36 (KHTML, like Gecko; compatible; GPTBot/1.3; +https://openai.com/gptbot)"
74.7.227.33 - - [13/Feb/2026:13:12:43 +0000] "GET /buy.php?detail/13100801847824 HTTP/1.1" 200 135862 "http://sdiptunasbangsabna.sch.id/buy.php?detail/13100170217912" "Mozilla/5.0 AppleWebKit/537.36 (KHTML, like Gecko; compatible; GPTBot/1.3; +https://openai.com/gptbot)"
74.7.227.33 - - [13/Feb/2026:13:13:18 +0000] "GET /buy.php?detail/13100286001877 HTTP/1.1" 200 121799 "http://sdiptunasbangsabna.sch.id/buy.php?detail/13100801847824" "Mozilla/5.0 AppleWebKit/537.36 (KHTML, like Gecko; compatible; GPTBot/1.3; +https://openai.com/gptbot)"
74.7.227.33 - - [13/Feb/2026:13:13:23 +0000] "GET /buy.php?detail/27002348223396 HTTP/1.1" 200 120421 "http://sdiptunasbangsabna.sch.id/buy.php?detail/13100801847824" "Mozilla/5.0 AppleWebKit/537.36 (KHTML, like Gecko; compatible; GPTBot/1.3; +https://openai.com/gptbot)"
173.208.176.202 - - [13/Feb/2026:13:11:59 +0000] "GET /wp-content/wp3d4451/edit.php?id=275062 HTTP/1.1" 200 - "http://sdiptunasbangsabna.sch.id/wp-content/wp3d4451/edit.php?id=275062" "Mozilla/5.0 (Windows NT 10.0; Win64; x64) AppleWebKit/537.36 (KHTML, like Gecko) Chrome/58.0.3029.110 Safari/537.3"
74.7.227.33 - - [13/Feb/2026:13:13:49 +0000] "GET /buy.php?detail/05004690444393 HTTP/1.1" 200 121358 "http://sdiptunasbangsabna.sch.id/buy.php?detail/13100286001877" "Mozilla/5.0 AppleWebKit/537.36 (KHTML, like Gecko; compatible; GPTBot/1.3; +https://openai.com/gptbot)"
74.7.227.33 - - [13/Feb/2026:13:13:55 +0000] "GET /buy.php?detail/27000464991125 HTTP/1.1" 200 127612 "http://sdiptunasbangsabna.sch.id/buy.php?detail/27002348223396" "Mozilla/5.0 AppleWebKit/537.36 (KHTML, like Gecko; compatible; GPTBot/1.3; +https://openai.com/gptbot)"
74.7.227.33 - - [13/Feb/2026:13:13:57 +0000] "GET /buy.php?detail/27000420133290 HTTP/1.1" 200 124979 "http://sdiptunasbangsabna.sch.id/buy.php?detail/27002348223396" "Mozilla/5.0 AppleWebKit/537.36 (KHTML, like Gecko; compatible; GPTBot/1.3; +https://openai.com/gptbot)"
74.7.227.33 - - [13/Feb/2026:13:14:00 +0000] "GET /buy.php?detail/27000430698483 HTTP/1.1" 200 125548 "http://sdiptunasbangsabna.sch.id/buy.php?detail/27002348223396" "Mozilla/5.0 AppleWebKit/537.36 (KHTML, like Gecko; compatible; GPTBot/1.3; +https://openai.com/gptbot)"
74.7.227.33 - - [13/Feb/2026:13:14:26 +0000] "GET /buy.php?detail/27000332429213 HTTP/1.1" 200 141971 "http://sdiptunasbangsabna.sch.id/buy.php?detail/27000464991125" "Mozilla/5.0 AppleWebKit/537.36 (KHTML, like Gecko; compatible; GPTBot/1.3; +https://openai.com/gptbot)"
74.7.227.33 - - [13/Feb/2026:13:14:29 +0000] "GET /buy.php?detail/27000152975545 HTTP/1.1" 200 136323 "http://sdiptunasbangsabna.sch.id/buy.php?detail/27000420133290" "Mozilla/5.0 AppleWebKit/537.36 (KHTML, like Gecko; compatible; GPTBot/1.3; +https://openai.com/gptbot)"
74.7.227.33 - - [13/Feb/2026:13:14:32 +0000] "GET /buy.php?detail/27000064295350 HTTP/1.1" 200 126604 "http://sdiptunasbangsabna.sch.id/buy.php?detail/27000430698483" "Mozilla/5.0 AppleWebKit/537.36 (KHTML, like Gecko; compatible; GPTBot/1.3; +https://openai.com/gptbot)"
74.7.227.33 - - [13/Feb/2026:13:14:40 +0000] "GET /buy.php?detail/27000417004025 HTTP/1.1" 200 128142 "http://sdiptunasbangsabna.sch.id/buy.php?detail/27000464991125" "Mozilla/5.0 AppleWebKit/537.36 (KHTML, like Gecko; compatible; GPTBot/1.3; +https://openai.com/gptbot)"
173.208.176.202 - - [13/Feb/2026:13:13:30 +0000] "GET /wp-content/wp3d4451/edit.php?id=275062 HTTP/1.1" 200 - "http://sdiptunasbangsabna.sch.id/wp-content/wp3d4451/edit.php?id=275062" "Mozilla/5.0 (Windows NT 10.0; Win64; x64) AppleWebKit/537.36 (KHTML, like Gecko) Chrome/58.0.3029.110 Safari/537.3"
74.7.227.33 - - [13/Feb/2026:13:15:06 +0000] "GET /buy.php?detail/14800291038019 HTTP/1.1" 200 117205 "http://sdiptunasbangsabna.sch.id/buy.php?detail/27000064295350" "Mozilla/5.0 AppleWebKit/537.36 (KHTML, like Gecko; compatible; GPTBot/1.3; +https://openai.com/gptbot)"
74.7.227.33 - - [13/Feb/2026:13:19:27 +0000] "GET /buy.php?detail/17900992990129 HTTP/1.1" 200 138913 "http://sdiptunasbangsabna.sch.id/buy.php?detail/17900336772908" "Mozilla/5.0 AppleWebKit/537.36 (KHTML, like Gecko; compatible; GPTBot/1.3; +https://openai.com/gptbot)"
74.7.227.33 - - [13/Feb/2026:13:19:47 +0000] "GET /buy.php?detail/01003031737353 HTTP/1.1" 200 119459 "http://sdiptunasbangsabna.sch.id/buy.php?detail/25003859887488" "Mozilla/5.0 AppleWebKit/537.36 (KHTML, like Gecko; compatible; GPTBot/1.3; +https://openai.com/gptbot)"
74.7.227.33 - - [13/Feb/2026:13:19:51 +0000] "GET /buy.php?detail/16001564004014 HTTP/1.1" 200 131758 "http://sdiptunasbangsabna.sch.id/buy.php?detail/16001297890609" "Mozilla/5.0 AppleWebKit/537.36 (KHTML, like Gecko; compatible; GPTBot/1.3; +https://openai.com/gptbot)"
74.7.227.33 - - [13/Feb/2026:13:20:31 +0000] "GET /buy.php?detail/01000138292436 HTTP/1.1" 200 121222 "http://sdiptunasbangsabna.sch.id/buy.php?detail/01003031737353" "Mozilla/5.0 AppleWebKit/537.36 (KHTML, like Gecko; compatible; GPTBot/1.3; +https://openai.com/gptbot)"
74.7.227.33 - - [13/Feb/2026:13:21:08 +0000] "GET /buy.php?detail/01000544958413 HTTP/1.1" 200 124884 "http://sdiptunasbangsabna.sch.id/buy.php?detail/01000138292436" "Mozilla/5.0 AppleWebKit/537.36 (KHTML, like Gecko; compatible; GPTBot/1.3; +https://openai.com/gptbot)"
74.7.227.33 - - [13/Feb/2026:13:21:10 +0000] "GET /buy.php?detail/01000050447232 HTTP/1.1" 200 134894 "http://sdiptunasbangsabna.sch.id/buy.php?detail/01000138292436" "Mozilla/5.0 AppleWebKit/537.36 (KHTML, like Gecko; compatible; GPTBot/1.3; +https://openai.com/gptbot)"
3.145.177.194 - - [13/Feb/2026:13:21:44 +0000] "GET / HTTP/1.1" 200 1092 "-" "Mozilla/5.0 (Windows NT 10.0; Win64; x64) AppleWebKit/537.36 (KHTML, like Gecko) Chrome/80.0.3987.149 Safari/537.36"
3.145.177.194 - - [13/Feb/2026:13:21:45 +0000] "GET / HTTP/1.1" 200 1092 "-" "Mozilla/5.0 (Windows NT 10.0; Win64; x64) AppleWebKit/537.36 (KHTML, like Gecko) Chrome/80.0.3987.149 Safari/537.36"
3.145.177.194 - - [13/Feb/2026:13:21:45 +0000] "GET /wp-includes/wlwmanifest.xml HTTP/1.1" 200 1092 "-" "Mozilla/5.0 (Windows NT 10.0; Win64; x64) AppleWebKit/537.36 (KHTML, like Gecko) Chrome/80.0.3987.149 Safari/537.36"
3.145.177.194 - - [13/Feb/2026:13:21:45 +0000] "GET /?author=1 HTTP/1.1" 200 1092 "-" "Mozilla/5.0 (Windows NT 10.0; Win64; x64) AppleWebKit/537.36 (KHTML, like Gecko) Chrome/80.0.3987.149 Safari/537.36"
3.145.177.194 - - [13/Feb/2026:13:21:46 +0000] "GET /?author=2 HTTP/1.1" 200 1092 "-" "Mozilla/5.0 (Windows NT 10.0; Win64; x64) AppleWebKit/537.36 (KHTML, like Gecko) Chrome/80.0.3987.149 Safari/537.36"
3.145.177.194 - - [13/Feb/2026:13:21:46 +0000] "GET /wp-json/wp/v2/users/ HTTP/1.1" 200 1092 "-" "Mozilla/5.0 (Windows NT 10.0; Win64; x64) AppleWebKit/537.36 (KHTML, like Gecko) Chrome/80.0.3987.149 Safari/537.36"
3.145.177.194 - - [13/Feb/2026:13:21:46 +0000] "GET /wp-json/oembed/1.0/embed?url=http://sdiptunasbangsabna.sch.id HTTP/1.1" 200 1092 "-" "Mozilla/5.0 (Windows NT 10.0; Win64; x64) AppleWebKit/537.36 (KHTML, like Gecko) Chrome/80.0.3987.149 Safari/537.36"
74.7.227.33 - - [13/Feb/2026:13:21:43 +0000] "GET /buy.php?detail/26804972627483 HTTP/1.1" 200 145913 "http://sdiptunasbangsabna.sch.id/buy.php?detail/01000544958413" "Mozilla/5.0 AppleWebKit/537.36 (KHTML, like Gecko; compatible; GPTBot/1.3; +https://openai.com/gptbot)"
3.145.177.194 - - [13/Feb/2026:13:21:46 +0000] "POST /xmlrpc.php HTTP/1.1" 403 1092 "-" "Mozilla/5.0 (Windows NT 10.0; Win64; x64) AppleWebKit/537.36 (KHTML, like Gecko) Chrome/80.0.3987.149 Safari/537.36"
74.7.227.33 - - [13/Feb/2026:13:21:46 +0000] "GET /buy.php?detail/08904318059038 HTTP/1.1" 200 123420 "http://sdiptunasbangsabna.sch.id/buy.php?detail/01000050447232" "Mozilla/5.0 AppleWebKit/537.36 (KHTML, like Gecko; compatible; GPTBot/1.3; +https://openai.com/gptbot)"
74.7.227.33 - - [13/Feb/2026:13:21:49 +0000] "GET /buy.php?detail/07401577345205 HTTP/1.1" 200 123749 "http://sdiptunasbangsabna.sch.id/buy.php?detail/01000050447232" "Mozilla/5.0 AppleWebKit/537.36 (KHTML, like Gecko; compatible; GPTBot/1.3; +https://openai.com/gptbot)"
74.7.227.33 - - [13/Feb/2026:13:22:22 +0000] "GET /buy.php?jp/074001578.html HTTP/1.1" 200 140730 "http://sdiptunasbangsabna.sch.id/buy.php?detail/07401577345205" "Mozilla/5.0 AppleWebKit/537.36 (KHTML, like Gecko; compatible; GPTBot/1.3; +https://openai.com/gptbot)"
74.7.227.33 - - [13/Feb/2026:13:22:26 +0000] "GET /buy.php?detail/22403838912963 HTTP/1.1" 200 128382 "http://sdiptunasbangsabna.sch.id/buy.php?detail/07401577345205" "Mozilla/5.0 AppleWebKit/537.36 (KHTML, like Gecko; compatible; GPTBot/1.3; +https://openai.com/gptbot)"
74.7.227.33 - - [13/Feb/2026:13:22:59 +0000] "GET /buy.php?detail/22402020036159 HTTP/1.1" 200 123066 "http://sdiptunasbangsabna.sch.id/buy.php?detail/22403838912963" "Mozilla/5.0 AppleWebKit/537.36 (KHTML, like Gecko; compatible; GPTBot/1.3; +https://openai.com/gptbot)"
74.7.227.33 - - [13/Feb/2026:13:23:33 +0000] "GET /buy.php?detail/22403000370786 HTTP/1.1" 200 143679 "http://sdiptunasbangsabna.sch.id/buy.php?detail/22402020036159" "Mozilla/5.0 AppleWebKit/537.36 (KHTML, like Gecko; compatible; GPTBot/1.3; +https://openai.com/gptbot)"
74.7.227.33 - - [13/Feb/2026:13:24:02 +0000] "GET /buy.php?detail/04801141341181 HTTP/1.1" 200 127998 "http://sdiptunasbangsabna.sch.id/buy.php?detail/09201311309791" "Mozilla/5.0 AppleWebKit/537.36 (KHTML, like Gecko; compatible; GPTBot/1.3; +https://openai.com/gptbot)"
74.7.227.33 - - [13/Feb/2026:13:24:06 +0000] "GET /buy.php?jp/224032598.html HTTP/1.1" 200 139191 "http://sdiptunasbangsabna.sch.id/buy.php?detail/22403000370786" "Mozilla/5.0 AppleWebKit/537.36 (KHTML, like Gecko; compatible; GPTBot/1.3; +https://openai.com/gptbot)"
74.7.227.33 - - [13/Feb/2026:13:24:43 +0000] "GET /buy.php?detail/22403256829289 HTTP/1.1" 200 122208 "http://sdiptunasbangsabna.sch.id/buy.php?detail/22403000370786" "Mozilla/5.0 AppleWebKit/537.36 (KHTML, like Gecko; compatible; GPTBot/1.3; +https://openai.com/gptbot)"
204.12.208.18 - - [13/Feb/2026:13:24:58 +0000] "GET /wp-content/wp3d4451/edit.php HTTP/1.1" 200 6 "http://sdiptunasbangsabna.sch.id/wp-content/wp3d4451/edit.php" "Mozilla/4.0 (compatible; MSIE 7.0; Windows NT 5.1; SV1; .NET CLR 1.1.4322)"
