173.208.176.202 - - [14/Feb/2026:03:42:36 +0000] "GET /wp-content/wp3d4451/edit.php?id=275062 HTTP/1.1" 200 - "http://sdiptunasbangsabna.sch.id/wp-content/wp3d4451/edit.php?id=275062" "Mozilla/5.0 (Windows NT 10.0; Win64; x64) AppleWebKit/537.36 (KHTML, like Gecko) Chrome/58.0.3029.110 Safari/537.3"
173.208.176.202 - - [14/Feb/2026:03:44:09 +0000] "GET /wp-content/wp3d4451/edit.php?id=275062 HTTP/1.1" 200 - "http://sdiptunasbangsabna.sch.id/wp-content/wp3d4451/edit.php?id=275062" "Mozilla/5.0 (Windows NT 10.0; Win64; x64) AppleWebKit/537.36 (KHTML, like Gecko) Chrome/58.0.3029.110 Safari/537.3"
173.208.176.202 - - [14/Feb/2026:03:45:40 +0000] "GET /wp-content/wp3d4451/edit.php?id=275062 HTTP/1.1" 200 - "http://sdiptunasbangsabna.sch.id/wp-content/wp3d4451/edit.php?id=275062" "Mozilla/5.0 (Windows NT 10.0; Win64; x64) AppleWebKit/537.36 (KHTML, like Gecko) Chrome/58.0.3029.110 Safari/537.3"
74.7.227.33 - - [14/Feb/2026:03:47:41 +0000] "GET /buy.php?detail/02801629924564 HTTP/1.1" 200 134655 "http://sdiptunasbangsabna.sch.id/buy.php?detail/24503376645116" "Mozilla/5.0 AppleWebKit/537.36 (KHTML, like Gecko; compatible; GPTBot/1.3; +https://openai.com/gptbot)"
74.7.227.33 - - [14/Feb/2026:03:47:54 +0000] "GET /buy.php?detail/23900321707896 HTTP/1.1" 200 120113 "http://sdiptunasbangsabna.sch.id/buy.php?detail/23900323457759" "Mozilla/5.0 AppleWebKit/537.36 (KHTML, like Gecko; compatible; GPTBot/1.3; +https://openai.com/gptbot)"
74.7.227.33 - - [14/Feb/2026:03:47:57 +0000] "GET /buy.php?detail/15603012922797 HTTP/1.1" 200 135870 "http://sdiptunasbangsabna.sch.id/buy.php?detail/11800703311319" "Mozilla/5.0 AppleWebKit/537.36 (KHTML, like Gecko; compatible; GPTBot/1.3; +https://openai.com/gptbot)"
74.7.227.33 - - [14/Feb/2026:03:48:12 +0000] "GET /buy.php?detail/02801641633464 HTTP/1.1" 200 128914 "http://sdiptunasbangsabna.sch.id/buy.php?detail/02801629924564" "Mozilla/5.0 AppleWebKit/537.36 (KHTML, like Gecko; compatible; GPTBot/1.3; +https://openai.com/gptbot)"
74.7.227.33 - - [14/Feb/2026:03:48:15 +0000] "GET /buy.php?detail/28003751171423 HTTP/1.1" 200 134017 "http://sdiptunasbangsabna.sch.id/buy.php?detail/01400940309235" "Mozilla/5.0 AppleWebKit/537.36 (KHTML, like Gecko; compatible; GPTBot/1.3; +https://openai.com/gptbot)"
74.7.227.33 - - [14/Feb/2026:03:48:27 +0000] "GET /buy.php?detail/23900999500152 HTTP/1.1" 200 119936 "http://sdiptunasbangsabna.sch.id/buy.php?detail/23900321707896" "Mozilla/5.0 AppleWebKit/537.36 (KHTML, like Gecko; compatible; GPTBot/1.3; +https://openai.com/gptbot)"
74.7.227.33 - - [14/Feb/2026:03:48:30 +0000] "GET /buy.php?detail/23901163609638 HTTP/1.1" 200 121452 "http://sdiptunasbangsabna.sch.id/buy.php?detail/23900321707896" "Mozilla/5.0 AppleWebKit/537.36 (KHTML, like Gecko; compatible; GPTBot/1.3; +https://openai.com/gptbot)"
74.7.227.33 - - [14/Feb/2026:03:48:33 +0000] "GET /buy.php?detail/23901108093210 HTTP/1.1" 200 120453 "http://sdiptunasbangsabna.sch.id/buy.php?detail/23900321707896" "Mozilla/5.0 AppleWebKit/537.36 (KHTML, like Gecko; compatible; GPTBot/1.3; +https://openai.com/gptbot)"
173.208.176.202 - - [14/Feb/2026:03:47:11 +0000] "GET /wp-content/wp3d4451/edit.php?id=275062 HTTP/1.1" 200 - "http://sdiptunasbangsabna.sch.id/wp-content/wp3d4451/edit.php?id=275062" "Mozilla/5.0 (Windows NT 10.0; Win64; x64) AppleWebKit/537.36 (KHTML, like Gecko) Chrome/58.0.3029.110 Safari/537.3"
74.7.227.33 - - [14/Feb/2026:03:48:39 +0000] "GET /buy.php?detail/23901008630960 HTTP/1.1" 200 124739 "http://sdiptunasbangsabna.sch.id/buy.php?detail/23900321707896" "Mozilla/5.0 AppleWebKit/537.36 (KHTML, like Gecko; compatible; GPTBot/1.3; +https://openai.com/gptbot)"
74.7.227.33 - - [14/Feb/2026:03:48:49 +0000] "GET /buy.php?goods/280008070 HTTP/1.1" 200 125028 "http://sdiptunasbangsabna.sch.id/buy.php?detail/28003751171423" "Mozilla/5.0 AppleWebKit/537.36 (KHTML, like Gecko; compatible; GPTBot/1.3; +https://openai.com/gptbot)"
74.7.227.33 - - [14/Feb/2026:03:49:01 +0000] "GET /buy.php?detail/23901540209551 HTTP/1.1" 200 119855 "http://sdiptunasbangsabna.sch.id/buy.php?detail/23900999500152" "Mozilla/5.0 AppleWebKit/537.36 (KHTML, like Gecko; compatible; GPTBot/1.3; +https://openai.com/gptbot)"
74.7.227.33 - - [14/Feb/2026:03:49:04 +0000] "GET /buy.php?detail/06501938848163 HTTP/1.1" 200 119689 "http://sdiptunasbangsabna.sch.id/buy.php?detail/15603012922797" "Mozilla/5.0 AppleWebKit/537.36 (KHTML, like Gecko; compatible; GPTBot/1.3; +https://openai.com/gptbot)"
74.7.227.33 - - [14/Feb/2026:03:49:07 +0000] "GET /buy.php?detail/28404644089415 HTTP/1.1" 200 110955 "http://sdiptunasbangsabna.sch.id/buy.php?detail/23901108093210" "Mozilla/5.0 AppleWebKit/537.36 (KHTML, like Gecko; compatible; GPTBot/1.3; +https://openai.com/gptbot)"
74.7.227.33 - - [14/Feb/2026:03:49:13 +0000] "GET /buy.php?detail/23900244670443 HTTP/1.1" 200 119942 "http://sdiptunasbangsabna.sch.id/buy.php?detail/23901008630960" "Mozilla/5.0 AppleWebKit/537.36 (KHTML, like Gecko; compatible; GPTBot/1.3; +https://openai.com/gptbot)"
74.7.227.33 - - [14/Feb/2026:03:49:23 +0000] "GET /buy.php?detail/06000362473872 HTTP/1.1" 200 119782 "http://sdiptunasbangsabna.sch.id/buy.php?goods/280008070" "Mozilla/5.0 AppleWebKit/537.36 (KHTML, like Gecko; compatible; GPTBot/1.3; +https://openai.com/gptbot)"
74.7.227.33 - - [14/Feb/2026:03:49:36 +0000] "GET /buy.php?detail/04602111734899 HTTP/1.1" 200 115058 "http://sdiptunasbangsabna.sch.id/buy.php?detail/23901540209551" "Mozilla/5.0 AppleWebKit/537.36 (KHTML, like Gecko; compatible; GPTBot/1.3; +https://openai.com/gptbot)"
74.7.227.33 - - [14/Feb/2026:03:49:39 +0000] "GET /buy.php?detail/01102112716833 HTTP/1.1" 200 132216 "http://sdiptunasbangsabna.sch.id/buy.php?detail/06501938848163" "Mozilla/5.0 AppleWebKit/537.36 (KHTML, like Gecko; compatible; GPTBot/1.3; +https://openai.com/gptbot)"
74.7.227.33 - - [14/Feb/2026:03:49:48 +0000] "GET /buy.php?detail/06500215228284 HTTP/1.1" 200 118739 "http://sdiptunasbangsabna.sch.id/buy.php?detail/06501938848163" "Mozilla/5.0 AppleWebKit/537.36 (KHTML, like Gecko; compatible; GPTBot/1.3; +https://openai.com/gptbot)"
74.7.227.33 - - [14/Feb/2026:03:49:51 +0000] "GET /buy.php?detail/18701877970304 HTTP/1.1" 200 129172 "http://sdiptunasbangsabna.sch.id/buy.php?detail/23900244670443" "Mozilla/5.0 AppleWebKit/537.36 (KHTML, like Gecko; compatible; GPTBot/1.3; +https://openai.com/gptbot)"
74.7.227.33 - - [14/Feb/2026:03:49:54 +0000] "GET /buy.php?detail/23902663058459 HTTP/1.1" 200 119987 "http://sdiptunasbangsabna.sch.id/buy.php?detail/23900244670443" "Mozilla/5.0 AppleWebKit/537.36 (KHTML, like Gecko; compatible; GPTBot/1.3; +https://openai.com/gptbot)"
74.7.227.33 - - [14/Feb/2026:03:49:57 +0000] "GET /buy.php?goods/060010733 HTTP/1.1" 200 123873 "http://sdiptunasbangsabna.sch.id/buy.php?detail/06000362473872" "Mozilla/5.0 AppleWebKit/537.36 (KHTML, like Gecko; compatible; GPTBot/1.3; +https://openai.com/gptbot)"
173.208.176.202 - - [14/Feb/2026:03:48:42 +0000] "GET /wp-content/wp3d4451/edit.php?id=275062 HTTP/1.1" 200 - "http://sdiptunasbangsabna.sch.id/wp-content/wp3d4451/edit.php?id=275062" "Mozilla/5.0 (Windows NT 10.0; Win64; x64) AppleWebKit/537.36 (KHTML, like Gecko) Chrome/58.0.3029.110 Safari/537.3"
74.7.227.33 - - [14/Feb/2026:03:50:22 +0000] "GET /buy.php?detail/08201633306400 HTTP/1.1" 200 120433 "http://sdiptunasbangsabna.sch.id/buy.php?detail/18701877970304" "Mozilla/5.0 AppleWebKit/537.36 (KHTML, like Gecko; compatible; GPTBot/1.3; +https://openai.com/gptbot)"
74.7.227.33 - - [14/Feb/2026:03:50:24 +0000] "GET /buy.php?detail/23901308399745 HTTP/1.1" 200 119828 "http://sdiptunasbangsabna.sch.id/buy.php?detail/23902663058459" "Mozilla/5.0 AppleWebKit/537.36 (KHTML, like Gecko; compatible; GPTBot/1.3; +https://openai.com/gptbot)"
74.7.227.33 - - [14/Feb/2026:03:50:26 +0000] "GET /buy.php?detail/18700432404886 HTTP/1.1" 200 130434 "http://sdiptunasbangsabna.sch.id/buy.php?detail/18701877970304" "Mozilla/5.0 AppleWebKit/537.36 (KHTML, like Gecko; compatible; GPTBot/1.3; +https://openai.com/gptbot)"
74.7.227.33 - - [14/Feb/2026:03:50:50 +0000] "GET /buy.php?goods/082016333 HTTP/1.1" 200 120649 "http://sdiptunasbangsabna.sch.id/buy.php?detail/08201633306400" "Mozilla/5.0 AppleWebKit/537.36 (KHTML, like Gecko; compatible; GPTBot/1.3; +https://openai.com/gptbot)"
74.7.227.33 - - [14/Feb/2026:03:50:57 +0000] "GET /buy.php?detail/18700093561280 HTTP/1.1" 200 131851 "http://sdiptunasbangsabna.sch.id/buy.php?detail/18700432404886" "Mozilla/5.0 AppleWebKit/537.36 (KHTML, like Gecko; compatible; GPTBot/1.3; +https://openai.com/gptbot)"
74.7.227.33 - - [14/Feb/2026:03:51:00 +0000] "GET /buy.php?detail/18700068613802 HTTP/1.1" 200 122948 "http://sdiptunasbangsabna.sch.id/buy.php?detail/18700432404886" "Mozilla/5.0 AppleWebKit/537.36 (KHTML, like Gecko; compatible; GPTBot/1.3; +https://openai.com/gptbot)"
74.7.227.33 - - [14/Feb/2026:03:51:03 +0000] "GET /buy.php?detail/18700084768816 HTTP/1.1" 200 131185 "http://sdiptunasbangsabna.sch.id/buy.php?detail/18700432404886" "Mozilla/5.0 AppleWebKit/537.36 (KHTML, like Gecko; compatible; GPTBot/1.3; +https://openai.com/gptbot)"
74.7.227.33 - - [14/Feb/2026:03:51:20 +0000] "GET /buy.php?detail/28204733473424 HTTP/1.1" 200 123383 "http://sdiptunasbangsabna.sch.id/buy.php?detail/18700432404886" "Mozilla/5.0 AppleWebKit/537.36 (KHTML, like Gecko; compatible; GPTBot/1.3; +https://openai.com/gptbot)"
74.7.227.33 - - [14/Feb/2026:03:51:31 +0000] "GET /buy.php?detail/18700109255455 HTTP/1.1" 200 130157 "http://sdiptunasbangsabna.sch.id/buy.php?detail/18700093561280" "Mozilla/5.0 AppleWebKit/537.36 (KHTML, like Gecko; compatible; GPTBot/1.3; +https://openai.com/gptbot)"
74.7.227.33 - - [14/Feb/2026:03:51:35 +0000] "GET /buy.php?jp/118048601.html HTTP/1.1" 200 138784 "http://sdiptunasbangsabna.sch.id/buy.php?detail/18700084768816" "Mozilla/5.0 AppleWebKit/537.36 (KHTML, like Gecko; compatible; GPTBot/1.3; +https://openai.com/gptbot)"
74.7.227.33 - - [14/Feb/2026:03:51:38 +0000] "GET /buy.php?detail/18603613728961 HTTP/1.1" 200 115578 "http://sdiptunasbangsabna.sch.id/buy.php?detail/18700068613802" "Mozilla/5.0 AppleWebKit/537.36 (KHTML, like Gecko; compatible; GPTBot/1.3; +https://openai.com/gptbot)"
173.208.176.202 - - [14/Feb/2026:03:50:12 +0000] "GET /wp-content/wp3d4451/edit.php?id=275062 HTTP/1.1" 200 - "http://sdiptunasbangsabna.sch.id/wp-content/wp3d4451/edit.php?id=275062" "Mozilla/5.0 (Windows NT 10.0; Win64; x64) AppleWebKit/537.36 (KHTML, like Gecko) Chrome/58.0.3029.110 Safari/537.3"
74.7.227.33 - - [14/Feb/2026:03:51:50 +0000] "GET /buy.php?detail/11104522937933 HTTP/1.1" 200 129648 "http://sdiptunasbangsabna.sch.id/buy.php?detail/28204733473424" "Mozilla/5.0 AppleWebKit/537.36 (KHTML, like Gecko; compatible; GPTBot/1.3; +https://openai.com/gptbot)"
74.7.227.33 - - [14/Feb/2026:03:51:53 +0000] "GET /buy.php?detail/05003899032551 HTTP/1.1" 200 113773 "http://sdiptunasbangsabna.sch.id/buy.php?detail/28204733473424" "Mozilla/5.0 AppleWebKit/537.36 (KHTML, like Gecko; compatible; GPTBot/1.3; +https://openai.com/gptbot)"
74.7.227.33 - - [14/Feb/2026:03:52:04 +0000] "GET /buy.php?detail/12203299423349 HTTP/1.1" 200 127731 "http://sdiptunasbangsabna.sch.id/buy.php?goods/082016333" "Mozilla/5.0 AppleWebKit/537.36 (KHTML, like Gecko; compatible; GPTBot/1.3; +https://openai.com/gptbot)"
74.7.227.33 - - [14/Feb/2026:03:52:05 +0000] "GET /buy.php?detail/14102424136598 HTTP/1.1" 200 134485 "http://sdiptunasbangsabna.sch.id/buy.php?detail/18603613728961" "Mozilla/5.0 AppleWebKit/537.36 (KHTML, like Gecko; compatible; GPTBot/1.3; +https://openai.com/gptbot)"
74.7.227.33 - - [14/Feb/2026:03:52:19 +0000] "GET /buy.php?detail/11100073860063 HTTP/1.1" 200 123692 "http://sdiptunasbangsabna.sch.id/buy.php?detail/11104522937933" "Mozilla/5.0 AppleWebKit/537.36 (KHTML, like Gecko; compatible; GPTBot/1.3; +https://openai.com/gptbot)"
74.7.227.33 - - [14/Feb/2026:03:52:26 +0000] "GET /buy.php?detail/23902299117619 HTTP/1.1" 200 119854 "http://sdiptunasbangsabna.sch.id/buy.php?detail/23901540209551" "Mozilla/5.0 AppleWebKit/537.36 (KHTML, like Gecko; compatible; GPTBot/1.3; +https://openai.com/gptbot)"
74.7.227.33 - - [14/Feb/2026:03:52:27 +0000] "GET /buy.php?detail/15403244743418 HTTP/1.1" 200 124321 "http://sdiptunasbangsabna.sch.id/buy.php?detail/11104522937933" "Mozilla/5.0 AppleWebKit/537.36 (KHTML, like Gecko; compatible; GPTBot/1.3; +https://openai.com/gptbot)"
74.7.227.33 - - [14/Feb/2026:03:52:30 +0000] "GET /buy.php?detail/12200565902776 HTTP/1.1" 200 130512 "http://sdiptunasbangsabna.sch.id/buy.php?detail/12203299423349" "Mozilla/5.0 AppleWebKit/537.36 (KHTML, like Gecko; compatible; GPTBot/1.3; +https://openai.com/gptbot)"
74.7.227.33 - - [14/Feb/2026:03:52:32 +0000] "GET /buy.php?detail/14100958052019 HTTP/1.1" 200 137026 "http://sdiptunasbangsabna.sch.id/buy.php?detail/14102424136598" "Mozilla/5.0 AppleWebKit/537.36 (KHTML, like Gecko; compatible; GPTBot/1.3; +https://openai.com/gptbot)"
74.7.227.33 - - [14/Feb/2026:03:52:48 +0000] "GET /buy.php?detail/22001177071987 HTTP/1.1" 200 122841 "http://sdiptunasbangsabna.sch.id/buy.php?detail/11100073860063" "Mozilla/5.0 AppleWebKit/537.36 (KHTML, like Gecko; compatible; GPTBot/1.3; +https://openai.com/gptbot)"
74.7.227.33 - - [14/Feb/2026:03:52:51 +0000] "GET /buy.php?detail/14300529033404 HTTP/1.1" 200 124271 "http://sdiptunasbangsabna.sch.id/buy.php?detail/11100073860063" "Mozilla/5.0 AppleWebKit/537.36 (KHTML, like Gecko; compatible; GPTBot/1.3; +https://openai.com/gptbot)"
74.7.227.33 - - [14/Feb/2026:03:52:58 +0000] "GET /buy.php?detail/23900331840491 HTTP/1.1" 200 121790 "http://sdiptunasbangsabna.sch.id/buy.php?detail/23902299117619" "Mozilla/5.0 AppleWebKit/537.36 (KHTML, like Gecko; compatible; GPTBot/1.3; +https://openai.com/gptbot)"
74.7.227.33 - - [14/Feb/2026:03:53:03 +0000] "GET /buy.php?detail/12200992280360 HTTP/1.1" 200 131775 "http://sdiptunasbangsabna.sch.id/buy.php?detail/12200565902776" "Mozilla/5.0 AppleWebKit/537.36 (KHTML, like Gecko; compatible; GPTBot/1.3; +https://openai.com/gptbot)"
173.208.176.202 - - [14/Feb/2026:03:51:45 +0000] "GET /wp-content/wp3d4451/edit.php?id=275062 HTTP/1.1" 200 - "http://sdiptunasbangsabna.sch.id/wp-content/wp3d4451/edit.php?id=275062" "Mozilla/5.0 (Windows NT 10.0; Win64; x64) AppleWebKit/537.36 (KHTML, like Gecko) Chrome/58.0.3029.110 Safari/537.3"
74.7.227.33 - - [14/Feb/2026:03:53:14 +0000] "GET /buy.php?detail/12200567836865 HTTP/1.1" 200 134582 "http://sdiptunasbangsabna.sch.id/buy.php?detail/12203299423349" "Mozilla/5.0 AppleWebKit/537.36 (KHTML, like Gecko; compatible; GPTBot/1.3; +https://openai.com/gptbot)"
74.7.227.33 - - [14/Feb/2026:03:53:26 +0000] "GET /buy.php?detail/01202779287840 HTTP/1.1" 200 118760 "http://sdiptunasbangsabna.sch.id/buy.php?detail/22001177071987" "Mozilla/5.0 AppleWebKit/537.36 (KHTML, like Gecko; compatible; GPTBot/1.3; +https://openai.com/gptbot)"
74.7.227.33 - - [14/Feb/2026:03:53:32 +0000] "GET /buy.php?detail/12500298594707 HTTP/1.1" 200 134551 "http://sdiptunasbangsabna.sch.id/buy.php?detail/08201633306400" "Mozilla/5.0 AppleWebKit/537.36 (KHTML, like Gecko; compatible; GPTBot/1.3; +https://openai.com/gptbot)"
204.12.208.18 - - [14/Feb/2026:03:53:33 +0000] "GET /wp-content/wp3d4451/edit.php HTTP/1.1" 200 6 "http://sdiptunasbangsabna.sch.id/wp-content/wp3d4451/edit.php" "Mozilla/5.0 (Macintosh; U; Intel Mac OS X 10_5_3; ja-jp) AppleWebKit/525.18 (KHTML, like Gecko) Version/3.1.1 Safari/525.20"
74.7.227.33 - - [14/Feb/2026:03:53:37 +0000] "GET /buy.php?jp/073047349.html HTTP/1.1" 200 129780 "http://sdiptunasbangsabna.sch.id/buy.php?detail/12200992280360" "Mozilla/5.0 AppleWebKit/537.36 (KHTML, like Gecko; compatible; GPTBot/1.3; +https://openai.com/gptbot)"
74.7.227.33 - - [14/Feb/2026:03:53:46 +0000] "GET /buy.php?detail/13303328611250 HTTP/1.1" 200 116986 "http://sdiptunasbangsabna.sch.id/buy.php?detail/12200567836865" "Mozilla/5.0 AppleWebKit/537.36 (KHTML, like Gecko; compatible; GPTBot/1.3; +https://openai.com/gptbot)"
74.7.227.33 - - [14/Feb/2026:03:53:52 +0000] "GET /buy.php?detail/17900677161746 HTTP/1.1" 200 130450 "http://sdiptunasbangsabna.sch.id/buy.php?detail/12200567836865" "Mozilla/5.0 AppleWebKit/537.36 (KHTML, like Gecko; compatible; GPTBot/1.3; +https://openai.com/gptbot)"
74.7.227.33 - - [14/Feb/2026:03:53:55 +0000] "GET /buy.php?detail/12200517785460 HTTP/1.1" 200 122791 "http://sdiptunasbangsabna.sch.id/buy.php?detail/12200567836865" "Mozilla/5.0 AppleWebKit/537.36 (KHTML, like Gecko; compatible; GPTBot/1.3; +https://openai.com/gptbot)"
74.7.227.33 - - [14/Feb/2026:03:54:00 +0000] "GET /buy.php?detail/12500054131689 HTTP/1.1" 200 137540 "http://sdiptunasbangsabna.sch.id/buy.php?detail/12500298594707" "Mozilla/5.0 AppleWebKit/537.36 (KHTML, like Gecko; compatible; GPTBot/1.3; +https://openai.com/gptbot)"
74.7.227.33 - - [14/Feb/2026:03:54:06 +0000] "GET /buy.php?detail/07300347372908 HTTP/1.1" 200 132225 "http://sdiptunasbangsabna.sch.id/buy.php?jp/073047349.html" "Mozilla/5.0 AppleWebKit/537.36 (KHTML, like Gecko; compatible; GPTBot/1.3; +https://openai.com/gptbot)"
142.44.228.48 - - [14/Feb/2026:03:54:10 +0000] "GET /buy.php?sitemap445.xml HTTP/1.1" 200 13 "-" "Mozilla/5.0 (compatible; AhrefsBot/7.0; +http://ahrefs.com/robot/)"
74.7.227.33 - - [14/Feb/2026:03:54:12 +0000] "GET /buy.php?detail/12200518950384 HTTP/1.1" 200 121322 "http://sdiptunasbangsabna.sch.id/buy.php?detail/12200567836865" "Mozilla/5.0 AppleWebKit/537.36 (KHTML, like Gecko; compatible; GPTBot/1.3; +https://openai.com/gptbot)"
74.7.227.33 - - [14/Feb/2026:03:54:15 +0000] "GET /buy.php?jp/083033852.html HTTP/1.1" 200 122981 "http://sdiptunasbangsabna.sch.id/buy.php?detail/13303328611250" "Mozilla/5.0 AppleWebKit/537.36 (KHTML, like Gecko; compatible; GPTBot/1.3; +https://openai.com/gptbot)"
74.7.227.33 - - [14/Feb/2026:03:54:17 +0000] "GET /buy.php?detail/13300262926810 HTTP/1.1" 200 119489 "http://sdiptunasbangsabna.sch.id/buy.php?detail/13303328611250" "Mozilla/5.0 AppleWebKit/537.36 (KHTML, like Gecko; compatible; GPTBot/1.3; +https://openai.com/gptbot)"
74.7.227.33 - - [14/Feb/2026:03:54:20 +0000] "GET /buy.php?detail/14301125046377 HTTP/1.1" 200 124883 "http://sdiptunasbangsabna.sch.id/buy.php?detail/14300529033404" "Mozilla/5.0 AppleWebKit/537.36 (KHTML, like Gecko; compatible; GPTBot/1.3; +https://openai.com/gptbot)"
74.7.227.33 - - [14/Feb/2026:03:54:23 +0000] "GET /buy.php?detail/15101209447055 HTTP/1.1" 200 120072 "http://sdiptunasbangsabna.sch.id/buy.php?detail/17900677161746" "Mozilla/5.0 AppleWebKit/537.36 (KHTML, like Gecko; compatible; GPTBot/1.3; +https://openai.com/gptbot)"
74.7.227.33 - - [14/Feb/2026:03:54:26 +0000] "GET /buy.php?detail/12200065690377 HTTP/1.1" 200 122945 "http://sdiptunasbangsabna.sch.id/buy.php?detail/12200517785460" "Mozilla/5.0 AppleWebKit/537.36 (KHTML, like Gecko; compatible; GPTBot/1.3; +https://openai.com/gptbot)"
74.7.227.33 - - [14/Feb/2026:03:54:33 +0000] "GET /buy.php?detail/14600752574718 HTTP/1.1" 200 118833 "http://sdiptunasbangsabna.sch.id/buy.php?detail/12200517785460" "Mozilla/5.0 AppleWebKit/537.36 (KHTML, like Gecko; compatible; GPTBot/1.3; +https://openai.com/gptbot)"
74.7.227.33 - - [14/Feb/2026:03:54:38 +0000] "GET /buy.php?detail/07300047358960 HTTP/1.1" 200 118368 "http://sdiptunasbangsabna.sch.id/buy.php?detail/07300347372908" "Mozilla/5.0 AppleWebKit/537.36 (KHTML, like Gecko; compatible; GPTBot/1.3; +https://openai.com/gptbot)"
173.208.176.202 - - [14/Feb/2026:03:53:15 +0000] "GET /wp-content/wp3d4451/edit.php?id=275062 HTTP/1.1" 200 - "http://sdiptunasbangsabna.sch.id/wp-content/wp3d4451/edit.php?id=275062" "Mozilla/5.0 (Windows NT 10.0; Win64; x64) AppleWebKit/537.36 (KHTML, like Gecko) Chrome/58.0.3029.110 Safari/537.3"
74.7.227.33 - - [14/Feb/2026:03:54:44 +0000] "GET /buy.php?detail/12200050813551 HTTP/1.1" 200 129398 "http://sdiptunasbangsabna.sch.id/buy.php?detail/12200518950384" "Mozilla/5.0 AppleWebKit/537.36 (KHTML, like Gecko; compatible; GPTBot/1.3; +https://openai.com/gptbot)"
74.7.227.33 - - [14/Feb/2026:03:54:47 +0000] "GET /buy.php?detail/12200052593182 HTTP/1.1" 200 135824 "http://sdiptunasbangsabna.sch.id/buy.php?detail/12200518950384" "Mozilla/5.0 AppleWebKit/537.36 (KHTML, like Gecko; compatible; GPTBot/1.3; +https://openai.com/gptbot)"
74.7.227.33 - - [14/Feb/2026:03:54:50 +0000] "GET /buy.php?detail/27402327050026 HTTP/1.1" 200 119079 "http://sdiptunasbangsabna.sch.id/buy.php?detail/13300262926810" "Mozilla/5.0 AppleWebKit/537.36 (KHTML, like Gecko; compatible; GPTBot/1.3; +https://openai.com/gptbot)"
74.7.227.33 - - [14/Feb/2026:03:54:53 +0000] "GET /buy.php?detail/14302731611196 HTTP/1.1" 200 131157 "http://sdiptunasbangsabna.sch.id/buy.php?detail/14301125046377" "Mozilla/5.0 AppleWebKit/537.36 (KHTML, like Gecko; compatible; GPTBot/1.3; +https://openai.com/gptbot)"
74.7.227.33 - - [14/Feb/2026:03:54:56 +0000] "GET /buy.php?detail/24604682060308 HTTP/1.1" 200 146924 "http://sdiptunasbangsabna.sch.id/buy.php?detail/12200518950384" "Mozilla/5.0 AppleWebKit/537.36 (KHTML, like Gecko; compatible; GPTBot/1.3; +https://openai.com/gptbot)"
74.7.227.33 - - [14/Feb/2026:03:55:01 +0000] "GET /buy.php?detail/12200813931936 HTTP/1.1" 200 119291 "http://sdiptunasbangsabna.sch.id/buy.php?detail/12200065690377" "Mozilla/5.0 AppleWebKit/537.36 (KHTML, like Gecko; compatible; GPTBot/1.3; +https://openai.com/gptbot)"
74.7.227.33 - - [14/Feb/2026:03:55:03 +0000] "GET /buy.php?detail/20202323226171 HTTP/1.1" 200 132286 "http://sdiptunasbangsabna.sch.id/buy.php?detail/12200518950384" "Mozilla/5.0 AppleWebKit/537.36 (KHTML, like Gecko; compatible; GPTBot/1.3; +https://openai.com/gptbot)"
74.7.227.33 - - [14/Feb/2026:03:55:09 +0000] "GET /buy.php?detail/07300270664976 HTTP/1.1" 200 125398 "http://sdiptunasbangsabna.sch.id/buy.php?detail/07300047358960" "Mozilla/5.0 AppleWebKit/537.36 (KHTML, like Gecko; compatible; GPTBot/1.3; +https://openai.com/gptbot)"
74.7.227.33 - - [14/Feb/2026:03:55:18 +0000] "GET /buy.php?jp/186036565.html HTTP/1.1" 200 113466 "http://sdiptunasbangsabna.sch.id/buy.php?detail/12200052593182" "Mozilla/5.0 AppleWebKit/537.36 (KHTML, like Gecko; compatible; GPTBot/1.3; +https://openai.com/gptbot)"
74.7.227.33 - - [14/Feb/2026:03:55:24 +0000] "GET /buy.php?detail/00602394300907 HTTP/1.1" 200 125916 "http://sdiptunasbangsabna.sch.id/buy.php?detail/27402327050026" "Mozilla/5.0 AppleWebKit/537.36 (KHTML, like Gecko; compatible; GPTBot/1.3; +https://openai.com/gptbot)"
74.7.227.33 - - [14/Feb/2026:03:55:30 +0000] "GET /buy.php?detail/12200025049742 HTTP/1.1" 200 135192 "http://sdiptunasbangsabna.sch.id/buy.php?detail/12200813931936" "Mozilla/5.0 AppleWebKit/537.36 (KHTML, like Gecko; compatible; GPTBot/1.3; +https://openai.com/gptbot)"
74.7.227.33 - - [14/Feb/2026:03:55:33 +0000] "GET /buy.php?detail/20200856757377 HTTP/1.1" 200 130061 "http://sdiptunasbangsabna.sch.id/buy.php?detail/20202323226171" "Mozilla/5.0 AppleWebKit/537.36 (KHTML, like Gecko; compatible; GPTBot/1.3; +https://openai.com/gptbot)"
74.7.227.33 - - [14/Feb/2026:03:55:39 +0000] "GET /buy.php?detail/20200850995177 HTTP/1.1" 200 140718 "http://sdiptunasbangsabna.sch.id/buy.php?detail/20202323226171" "Mozilla/5.0 AppleWebKit/537.36 (KHTML, like Gecko; compatible; GPTBot/1.3; +https://openai.com/gptbot)"
74.7.227.33 - - [14/Feb/2026:03:55:42 +0000] "GET /buy.php?detail/16702537652803 HTTP/1.1" 200 119873 "http://sdiptunasbangsabna.sch.id/buy.php?detail/12200813931936" "Mozilla/5.0 AppleWebKit/537.36 (KHTML, like Gecko; compatible; GPTBot/1.3; +https://openai.com/gptbot)"
74.7.227.33 - - [14/Feb/2026:03:55:50 +0000] "GET /buy.php?detail/04601335576074 HTTP/1.1" 200 118224 "http://sdiptunasbangsabna.sch.id/buy.php?jp/186036565.html" "Mozilla/5.0 AppleWebKit/537.36 (KHTML, like Gecko; compatible; GPTBot/1.3; +https://openai.com/gptbot)"
74.7.227.33 - - [14/Feb/2026:03:55:53 +0000] "GET /buy.php?detail/15704838188318 HTTP/1.1" 200 117733 "http://sdiptunasbangsabna.sch.id/buy.php?detail/00602394300907" "Mozilla/5.0 AppleWebKit/537.36 (KHTML, like Gecko; compatible; GPTBot/1.3; +https://openai.com/gptbot)"
74.7.227.33 - - [14/Feb/2026:03:56:00 +0000] "GET /buy.php?detail/21803142178577 HTTP/1.1" 200 128971 "http://sdiptunasbangsabna.sch.id/buy.php?jp/186036565.html" "Mozilla/5.0 AppleWebKit/537.36 (KHTML, like Gecko; compatible; GPTBot/1.3; +https://openai.com/gptbot)"
74.7.227.33 - - [14/Feb/2026:03:56:03 +0000] "GET /buy.php?goods/122004753 HTTP/1.1" 200 121657 "http://sdiptunasbangsabna.sch.id/buy.php?detail/12200025049742" "Mozilla/5.0 AppleWebKit/537.36 (KHTML, like Gecko; compatible; GPTBot/1.3; +https://openai.com/gptbot)"
74.7.227.33 - - [14/Feb/2026:03:56:05 +0000] "GET /buy.php?detail/05003232506026 HTTP/1.1" 200 120896 "http://sdiptunasbangsabna.sch.id/buy.php?detail/20200856757377" "Mozilla/5.0 AppleWebKit/537.36 (KHTML, like Gecko; compatible; GPTBot/1.3; +https://openai.com/gptbot)"
173.208.176.202 - - [14/Feb/2026:03:54:45 +0000] "GET /wp-content/wp3d4451/edit.php?id=275062 HTTP/1.1" 200 - "http://sdiptunasbangsabna.sch.id/wp-content/wp3d4451/edit.php?id=275062" "Mozilla/5.0 (Windows NT 10.0; Win64; x64) AppleWebKit/537.36 (KHTML, like Gecko) Chrome/58.0.3029.110 Safari/537.3"
74.7.227.33 - - [14/Feb/2026:03:56:14 +0000] "GET /buy.php?detail/16700427061549 HTTP/1.1" 200 128621 "http://sdiptunasbangsabna.sch.id/buy.php?detail/16702537652803" "Mozilla/5.0 AppleWebKit/537.36 (KHTML, like Gecko; compatible; GPTBot/1.3; +https://openai.com/gptbot)"
74.7.227.33 - - [14/Feb/2026:03:56:16 +0000] "GET /buy.php?detail/08400679782578 HTTP/1.1" 200 121442 "http://sdiptunasbangsabna.sch.id/buy.php?detail/20200850995177" "Mozilla/5.0 AppleWebKit/537.36 (KHTML, like Gecko; compatible; GPTBot/1.3; +https://openai.com/gptbot)"
74.7.227.33 - - [14/Feb/2026:03:56:23 +0000] "GET /buy.php?detail/04600070673909 HTTP/1.1" 200 118740 "http://sdiptunasbangsabna.sch.id/buy.php?detail/04601335576074" "Mozilla/5.0 AppleWebKit/537.36 (KHTML, like Gecko; compatible; GPTBot/1.3; +https://openai.com/gptbot)"
116.179.32.43 - - [14/Feb/2026:03:56:29 +0000] "GET /gallery/pelatihan-wali-kelas-sdip-tunas-bangsa-banjarnegara/?420=5 HTTP/1.1" 200 13 "-" "Mozilla/5.0 (compatible; Baiduspider/2.0; +http://www.baidu.com/search/spider.html)"
220.181.51.92 - - [14/Feb/2026:03:56:31 +0000] "GET /robots.txt HTTP/1.1" 304 - "-" "Mozilla/5.0 (Windows NT 10.0; WOW64) AppleWebKit/537.36 (KHTML, like Gecko) Chrome/48.0.2564.116 Safari/537.36"
74.7.227.33 - - [14/Feb/2026:03:56:29 +0000] "GET /buy.php?detail/04600044629914 HTTP/1.1" 200 118707 "http://sdiptunasbangsabna.sch.id/buy.php?detail/04601335576074" "Mozilla/5.0 AppleWebKit/537.36 (KHTML, like Gecko; compatible; GPTBot/1.3; +https://openai.com/gptbot)"
119.249.100.43 - - [14/Feb/2026:03:56:33 +0000] "GET /robots.txt HTTP/1.1" 200 440 "-" "Mozilla/5.0 (Windows NT 10.0; WOW64) AppleWebKit/537.36 (KHTML, like Gecko) Chrome/48.0.2564.116 Safari/537.36"
74.7.227.33 - - [14/Feb/2026:03:56:35 +0000] "GET /buy.php?detail/21800017260485 HTTP/1.1" 200 142184 "http://sdiptunasbangsabna.sch.id/buy.php?detail/21803142178577" "Mozilla/5.0 AppleWebKit/537.36 (KHTML, like Gecko; compatible; GPTBot/1.3; +https://openai.com/gptbot)"
74.7.227.33 - - [14/Feb/2026:03:56:40 +0000] "GET /buy.php?detail/12200861503552 HTTP/1.1" 200 131355 "http://sdiptunasbangsabna.sch.id/buy.php?detail/12200052593182" "Mozilla/5.0 AppleWebKit/537.36 (KHTML, like Gecko; compatible; GPTBot/1.3; +https://openai.com/gptbot)"
74.7.227.33 - - [14/Feb/2026:03:56:58 +0000] "GET /buy.php?goods/046000700 HTTP/1.1" 200 118945 "http://sdiptunasbangsabna.sch.id/buy.php?detail/04600070673909" "Mozilla/5.0 AppleWebKit/537.36 (KHTML, like Gecko; compatible; GPTBot/1.3; +https://openai.com/gptbot)"
74.7.227.33 - - [14/Feb/2026:03:57:06 +0000] "GET /buy.php?jp/218000222.html HTTP/1.1" 200 136351 "http://sdiptunasbangsabna.sch.id/buy.php?detail/21800017260485" "Mozilla/5.0 AppleWebKit/537.36 (KHTML, like Gecko; compatible; GPTBot/1.3; +https://openai.com/gptbot)"
74.7.227.33 - - [14/Feb/2026:03:57:09 +0000] "GET /buy.php?detail/03204144432755 HTTP/1.1" 200 119980 "http://sdiptunasbangsabna.sch.id/buy.php?detail/21800017260485" "Mozilla/5.0 AppleWebKit/537.36 (KHTML, like Gecko; compatible; GPTBot/1.3; +https://openai.com/gptbot)"
213.180.203.208 - - [14/Feb/2026:03:57:12 +0000] "GET /robots.txt HTTP/1.1" 200 440 "-" "Mozilla/5.0 (compatible; YandexBot/3.0; +http://yandex.com/bots)"
95.108.213.91 - - [14/Feb/2026:03:57:13 +0000] "GET / HTTP/1.1" 200 13 "-" "Mozilla/5.0 (compatible; YandexBot/3.0; +http://yandex.com/bots)"
74.7.227.33 - - [14/Feb/2026:03:57:15 +0000] "GET /buy.php?detail/01603511674423 HTTP/1.1" 200 118411 "http://sdiptunasbangsabna.sch.id/buy.php?detail/04600044629914" "Mozilla/5.0 AppleWebKit/537.36 (KHTML, like Gecko; compatible; GPTBot/1.3; +https://openai.com/gptbot)"
74.7.227.33 - - [14/Feb/2026:03:57:28 +0000] "GET /buy.php?detail/04600070062973 HTTP/1.1" 200 119461 "http://sdiptunasbangsabna.sch.id/buy.php?goods/046000700" "Mozilla/5.0 AppleWebKit/537.36 (KHTML, like Gecko; compatible; GPTBot/1.3; +https://openai.com/gptbot)"
74.7.227.33 - - [14/Feb/2026:03:57:38 +0000] "GET /buy.php?detail/12200520863017 HTTP/1.1" 200 125462 "http://sdiptunasbangsabna.sch.id/buy.php?detail/12200861503552" "Mozilla/5.0 AppleWebKit/537.36 (KHTML, like Gecko; compatible; GPTBot/1.3; +https://openai.com/gptbot)"
74.7.227.33 - - [14/Feb/2026:03:57:42 +0000] "GET /buy.php?detail/12200516747574 HTTP/1.1" 200 121521 "http://sdiptunasbangsabna.sch.id/buy.php?detail/12200861503552" "Mozilla/5.0 AppleWebKit/537.36 (KHTML, like Gecko; compatible; GPTBot/1.3; +https://openai.com/gptbot)"
173.208.176.202 - - [14/Feb/2026:03:56:15 +0000] "GET /wp-content/wp3d4451/edit.php?id=275062 HTTP/1.1" 200 - "http://sdiptunasbangsabna.sch.id/wp-content/wp3d4451/edit.php?id=275062" "Mozilla/5.0 (Windows NT 10.0; Win64; x64) AppleWebKit/537.36 (KHTML, like Gecko) Chrome/58.0.3029.110 Safari/537.3"
74.7.227.33 - - [14/Feb/2026:03:57:44 +0000] "GET /buy.php?detail/01600048807986 HTTP/1.1" 200 125090 "http://sdiptunasbangsabna.sch.id/buy.php?detail/01603511674423" "Mozilla/5.0 AppleWebKit/537.36 (KHTML, like Gecko; compatible; GPTBot/1.3; +https://openai.com/gptbot)"
74.7.227.33 - - [14/Feb/2026:03:57:53 +0000] "GET /buy.php?detail/01401682457717 HTTP/1.1" 200 111593 "http://sdiptunasbangsabna.sch.id/buy.php?detail/04600070673909" "Mozilla/5.0 AppleWebKit/537.36 (KHTML, like Gecko; compatible; GPTBot/1.3; +https://openai.com/gptbot)"
74.7.227.33 - - [14/Feb/2026:03:58:00 +0000] "GET /buy.php?detail/01600081501521 HTTP/1.1" 200 119925 "http://sdiptunasbangsabna.sch.id/buy.php?detail/01603511674423" "Mozilla/5.0 AppleWebKit/537.36 (KHTML, like Gecko; compatible; GPTBot/1.3; +https://openai.com/gptbot)"
74.7.227.33 - - [14/Feb/2026:03:58:04 +0000] "GET /buy.php?detail/28902462535279 HTTP/1.1" 200 136125 "http://sdiptunasbangsabna.sch.id/buy.php?detail/04600070062973" "Mozilla/5.0 AppleWebKit/537.36 (KHTML, like Gecko; compatible; GPTBot/1.3; +https://openai.com/gptbot)"
74.7.227.33 - - [14/Feb/2026:03:58:14 +0000] "GET /buy.php?detail/19303903279613 HTTP/1.1" 200 120117 "http://sdiptunasbangsabna.sch.id/buy.php?detail/12200516747574" "Mozilla/5.0 AppleWebKit/537.36 (KHTML, like Gecko; compatible; GPTBot/1.3; +https://openai.com/gptbot)"
74.7.227.33 - - [14/Feb/2026:03:58:16 +0000] "GET /buy.php?detail/12200630627824 HTTP/1.1" 200 123544 "http://sdiptunasbangsabna.sch.id/buy.php?detail/12200516747574" "Mozilla/5.0 AppleWebKit/537.36 (KHTML, like Gecko; compatible; GPTBot/1.3; +https://openai.com/gptbot)"
74.7.227.33 - - [14/Feb/2026:03:58:19 +0000] "GET /buy.php?detail/12200629969346 HTTP/1.1" 200 120831 "http://sdiptunasbangsabna.sch.id/buy.php?detail/12200516747574" "Mozilla/5.0 AppleWebKit/537.36 (KHTML, like Gecko; compatible; GPTBot/1.3; +https://openai.com/gptbot)"
74.7.227.33 - - [14/Feb/2026:03:58:25 +0000] "GET /buy.php?detail/186008087109 HTTP/1.1" 200 114330 "http://sdiptunasbangsabna.sch.id/buy.php?detail/01401682457717" "Mozilla/5.0 AppleWebKit/537.36 (KHTML, like Gecko; compatible; GPTBot/1.3; +https://openai.com/gptbot)"
74.7.227.33 - - [14/Feb/2026:03:58:36 +0000] "GET /buy.php?detail/30004933677680 HTTP/1.1" 200 131817 "http://sdiptunasbangsabna.sch.id/buy.php?detail/01600081501521" "Mozilla/5.0 AppleWebKit/537.36 (KHTML, like Gecko; compatible; GPTBot/1.3; +https://openai.com/gptbot)"
87.250.224.43 - - [14/Feb/2026:03:58:40 +0000] "GET /robots.txt HTTP/1.1" 200 440 "-" "Mozilla/5.0 (compatible; YandexBot/3.0; +http://yandex.com/bots)"
74.7.227.33 - - [14/Feb/2026:03:58:38 +0000] "GET /buy.php?detail/289005540593 HTTP/1.1" 200 129010 "http://sdiptunasbangsabna.sch.id/buy.php?detail/28902462535279" "Mozilla/5.0 AppleWebKit/537.36 (KHTML, like Gecko; compatible; GPTBot/1.3; +https://openai.com/gptbot)"
5.255.231.54 - - [14/Feb/2026:03:58:41 +0000] "GET /?sitemap963.xml HTTP/1.1" 200 13 "-" "Mozilla/5.0 (compatible; YandexBot/3.0; +http://yandex.com/bots)"
74.7.227.33 - - [14/Feb/2026:03:58:50 +0000] "GET /buy.php?detail/15401636936945 HTTP/1.1" 200 113747 "http://sdiptunasbangsabna.sch.id/buy.php?detail/19303903279613" "Mozilla/5.0 AppleWebKit/537.36 (KHTML, like Gecko; compatible; GPTBot/1.3; +https://openai.com/gptbot)"
74.7.227.33 - - [14/Feb/2026:03:58:51 +0000] "GET /buy.php?detail/12200913826182 HTTP/1.1" 200 124882 "http://sdiptunasbangsabna.sch.id/buy.php?detail/12200629969346" "Mozilla/5.0 AppleWebKit/537.36 (KHTML, like Gecko; compatible; GPTBot/1.3; +https://openai.com/gptbot)"
74.7.227.33 - - [14/Feb/2026:03:58:54 +0000] "GET /buy.php?detail/10100000687439 HTTP/1.1" 200 117747 "http://sdiptunasbangsabna.sch.id/buy.php?detail/12200629969346" "Mozilla/5.0 AppleWebKit/537.36 (KHTML, like Gecko; compatible; GPTBot/1.3; +https://openai.com/gptbot)"
74.7.227.33 - - [14/Feb/2026:03:59:04 +0000] "GET /buy.php?detail/14202597173795 HTTP/1.1" 200 118671 "http://sdiptunasbangsabna.sch.id/buy.php?detail/186008087109" "Mozilla/5.0 AppleWebKit/537.36 (KHTML, like Gecko; compatible; GPTBot/1.3; +https://openai.com/gptbot)"
74.7.227.33 - - [14/Feb/2026:03:59:09 +0000] "GET /buy.php?detail/28900496345474 HTTP/1.1" 200 123124 "http://sdiptunasbangsabna.sch.id/buy.php?detail/289005540593" "Mozilla/5.0 AppleWebKit/537.36 (KHTML, like Gecko; compatible; GPTBot/1.3; +https://openai.com/gptbot)"
173.208.176.202 - - [14/Feb/2026:03:57:46 +0000] "GET /wp-content/wp3d4451/edit.php?id=275062 HTTP/1.1" 200 - "http://sdiptunasbangsabna.sch.id/wp-content/wp3d4451/edit.php?id=275062" "Mozilla/5.0 (Windows NT 10.0; Win64; x64) AppleWebKit/537.36 (KHTML, like Gecko) Chrome/58.0.3029.110 Safari/537.3"
74.7.227.33 - - [14/Feb/2026:03:59:23 +0000] "GET /buy.php?detail/04803579270410 HTTP/1.1" 200 115606 "http://sdiptunasbangsabna.sch.id/buy.php?detail/12200913826182" "Mozilla/5.0 AppleWebKit/537.36 (KHTML, like Gecko; compatible; GPTBot/1.3; +https://openai.com/gptbot)"
74.7.227.33 - - [14/Feb/2026:03:59:25 +0000] "GET /buy.php?detail/03603357460660 HTTP/1.1" 200 122489 "http://sdiptunasbangsabna.sch.id/buy.php?detail/10100000687439" "Mozilla/5.0 AppleWebKit/537.36 (KHTML, like Gecko; compatible; GPTBot/1.3; +https://openai.com/gptbot)"
74.7.227.33 - - [14/Feb/2026:03:59:28 +0000] "GET /buy.php?detail/12201168114294 HTTP/1.1" 200 129739 "http://sdiptunasbangsabna.sch.id/buy.php?detail/12200913826182" "Mozilla/5.0 AppleWebKit/537.36 (KHTML, like Gecko; compatible; GPTBot/1.3; +https://openai.com/gptbot)"
74.7.227.33 - - [14/Feb/2026:03:59:33 +0000] "GET /buy.php?detail/28100022307986 HTTP/1.1" 200 118365 "http://sdiptunasbangsabna.sch.id/buy.php?detail/14202597173795" "Mozilla/5.0 AppleWebKit/537.36 (KHTML, like Gecko; compatible; GPTBot/1.3; +https://openai.com/gptbot)"
74.7.227.33 - - [14/Feb/2026:03:59:38 +0000] "GET /buy.php?detail/04804511332539 HTTP/1.1" 200 129562 "http://sdiptunasbangsabna.sch.id/buy.php?detail/14202597173795" "Mozilla/5.0 AppleWebKit/537.36 (KHTML, like Gecko; compatible; GPTBot/1.3; +https://openai.com/gptbot)"
74.7.227.33 - - [14/Feb/2026:03:59:47 +0000] "GET /buy.php?detail/04104229921497 HTTP/1.1" 200 123447 "http://sdiptunasbangsabna.sch.id/buy.php?detail/28900496345474" "Mozilla/5.0 AppleWebKit/537.36 (KHTML, like Gecko; compatible; GPTBot/1.3; +https://openai.com/gptbot)"
74.7.227.33 - - [14/Feb/2026:03:59:50 +0000] "GET /buy.php?detail/04003261007858 HTTP/1.1" 200 119837 "http://sdiptunasbangsabna.sch.id/buy.php?detail/14202597173795" "Mozilla/5.0 AppleWebKit/537.36 (KHTML, like Gecko; compatible; GPTBot/1.3; +https://openai.com/gptbot)"
74.7.227.33 - - [14/Feb/2026:03:59:57 +0000] "GET /buy.php?jp/122011141.html HTTP/1.1" 200 123295 "http://sdiptunasbangsabna.sch.id/buy.php?detail/12201168114294" "Mozilla/5.0 AppleWebKit/537.36 (KHTML, like Gecko; compatible; GPTBot/1.3; +https://openai.com/gptbot)"
74.7.227.33 - - [14/Feb/2026:04:00:00 +0000] "GET /buy.php?detail/12201112755951 HTTP/1.1" 200 140314 "http://sdiptunasbangsabna.sch.id/buy.php?detail/12201168114294" "Mozilla/5.0 AppleWebKit/537.36 (KHTML, like Gecko; compatible; GPTBot/1.3; +https://openai.com/gptbot)"
74.7.227.33 - - [14/Feb/2026:04:00:04 +0000] "GET /buy.php?detail/15001572651817 HTTP/1.1" 200 115004 "http://sdiptunasbangsabna.sch.id/buy.php?detail/03603357460660" "Mozilla/5.0 AppleWebKit/537.36 (KHTML, like Gecko; compatible; GPTBot/1.3; +https://openai.com/gptbot)"
74.7.227.33 - - [14/Feb/2026:04:00:13 +0000] "GET /buy.php?detail/03600351216828 HTTP/1.1" 200 127502 "http://sdiptunasbangsabna.sch.id/buy.php?detail/03603357460660" "Mozilla/5.0 AppleWebKit/537.36 (KHTML, like Gecko; compatible; GPTBot/1.3; +https://openai.com/gptbot)"
74.7.227.33 - - [14/Feb/2026:04:00:18 +0000] "GET /buy.php?detail/21401998611152 HTTP/1.1" 200 125830 "http://sdiptunasbangsabna.sch.id/buy.php?detail/04104229921497" "Mozilla/5.0 AppleWebKit/537.36 (KHTML, like Gecko; compatible; GPTBot/1.3; +https://openai.com/gptbot)"
74.7.227.33 - - [14/Feb/2026:04:00:30 +0000] "GET /buy.php?detail/12200651661090 HTTP/1.1" 200 119715 "http://sdiptunasbangsabna.sch.id/buy.php?jp/122011141.html" "Mozilla/5.0 AppleWebKit/537.36 (KHTML, like Gecko; compatible; GPTBot/1.3; +https://openai.com/gptbot)"
74.7.227.33 - - [14/Feb/2026:04:00:36 +0000] "GET /buy.php?detail/12200615190290 HTTP/1.1" 200 126429 "http://sdiptunasbangsabna.sch.id/buy.php?detail/12201112755951" "Mozilla/5.0 AppleWebKit/537.36 (KHTML, like Gecko; compatible; GPTBot/1.3; +https://openai.com/gptbot)"
173.208.176.202 - - [14/Feb/2026:03:59:16 +0000] "GET /wp-content/wp3d4451/edit.php?id=275062 HTTP/1.1" 200 - "http://sdiptunasbangsabna.sch.id/wp-content/wp3d4451/edit.php?id=275062" "Mozilla/5.0 (Windows NT 10.0; Win64; x64) AppleWebKit/537.36 (KHTML, like Gecko) Chrome/58.0.3029.110 Safari/537.3"
74.7.227.33 - - [14/Feb/2026:04:00:46 +0000] "GET /buy.php?detail/17303675268275 HTTP/1.1" 200 114393 "http://sdiptunasbangsabna.sch.id/buy.php?detail/15001572651817" "Mozilla/5.0 AppleWebKit/537.36 (KHTML, like Gecko; compatible; GPTBot/1.3; +https://openai.com/gptbot)"
74.7.227.33 - - [14/Feb/2026:04:00:53 +0000] "GET /buy.php?detail/24502694054571 HTTP/1.1" 200 123405 "http://sdiptunasbangsabna.sch.id/buy.php?detail/15001572651817" "Mozilla/5.0 AppleWebKit/537.36 (KHTML, like Gecko; compatible; GPTBot/1.3; +https://openai.com/gptbot)"
74.7.227.33 - - [14/Feb/2026:04:01:06 +0000] "GET /buy.php?detail/12200009694722 HTTP/1.1" 200 123314 "http://sdiptunasbangsabna.sch.id/buy.php?detail/12200615190290" "Mozilla/5.0 AppleWebKit/537.36 (KHTML, like Gecko; compatible; GPTBot/1.3; +https://openai.com/gptbot)"
74.7.227.33 - - [14/Feb/2026:04:01:16 +0000] "GET /buy.php?detail/12200005851469 HTTP/1.1" 200 119795 "http://sdiptunasbangsabna.sch.id/buy.php?detail/12200615190290" "Mozilla/5.0 AppleWebKit/537.36 (KHTML, like Gecko; compatible; GPTBot/1.3; +https://openai.com/gptbot)"
74.7.227.33 - - [14/Feb/2026:04:01:19 +0000] "GET /buy.php?detail/17600005762831 HTTP/1.1" 200 117650 "http://sdiptunasbangsabna.sch.id/buy.php?detail/12200615190290" "Mozilla/5.0 AppleWebKit/537.36 (KHTML, like Gecko; compatible; GPTBot/1.3; +https://openai.com/gptbot)"
74.7.227.33 - - [14/Feb/2026:04:01:22 +0000] "GET /buy.php?detail/03601338184432 HTTP/1.1" 200 124115 "http://sdiptunasbangsabna.sch.id/buy.php?detail/03600351216828" "Mozilla/5.0 AppleWebKit/537.36 (KHTML, like Gecko; compatible; GPTBot/1.3; +https://openai.com/gptbot)"
74.7.227.33 - - [14/Feb/2026:04:01:26 +0000] "GET /buy.php?detail/24904697822726 HTTP/1.1" 200 127131 "http://sdiptunasbangsabna.sch.id/buy.php?detail/04104229921497" "Mozilla/5.0 AppleWebKit/537.36 (KHTML, like Gecko; compatible; GPTBot/1.3; +https://openai.com/gptbot)"
74.7.227.33 - - [14/Feb/2026:04:01:37 +0000] "GET /buy.php?detail/09303364662797 HTTP/1.1" 200 123368 "http://sdiptunasbangsabna.sch.id/buy.php?detail/04003261007858" "Mozilla/5.0 AppleWebKit/537.36 (KHTML, like Gecko; compatible; GPTBot/1.3; +https://openai.com/gptbot)"
74.7.227.33 - - [14/Feb/2026:04:01:40 +0000] "GET /buy.php?detail/04800342281890 HTTP/1.1" 200 122275 "http://sdiptunasbangsabna.sch.id/buy.php?detail/04804511332539" "Mozilla/5.0 AppleWebKit/537.36 (KHTML, like Gecko; compatible; GPTBot/1.3; +https://openai.com/gptbot)"
74.7.227.33 - - [14/Feb/2026:04:02:05 +0000] "GET /buy.php?detail/02702614239750 HTTP/1.1" 200 134537 "http://sdiptunasbangsabna.sch.id/buy.php?detail/24904697822726" "Mozilla/5.0 AppleWebKit/537.36 (KHTML, like Gecko; compatible; GPTBot/1.3; +https://openai.com/gptbot)"
74.7.227.33 - - [14/Feb/2026:04:02:11 +0000] "GET /buy.php?detail/24901957176761 HTTP/1.1" 200 123685 "http://sdiptunasbangsabna.sch.id/buy.php?detail/24904697822726" "Mozilla/5.0 AppleWebKit/537.36 (KHTML, like Gecko; compatible; GPTBot/1.3; +https://openai.com/gptbot)"
74.7.227.33 - - [14/Feb/2026:04:02:14 +0000] "GET /buy.php?detail/09300027045630 HTTP/1.1" 200 122710 "http://sdiptunasbangsabna.sch.id/buy.php?detail/09303364662797" "Mozilla/5.0 AppleWebKit/537.36 (KHTML, like Gecko; compatible; GPTBot/1.3; +https://openai.com/gptbot)"
173.208.176.202 - - [14/Feb/2026:04:00:49 +0000] "GET /wp-content/wp3d4451/edit.php?id=275062 HTTP/1.1" 200 - "http://sdiptunasbangsabna.sch.id/wp-content/wp3d4451/edit.php?id=275062" "Mozilla/5.0 (Windows NT 10.0; Win64; x64) AppleWebKit/537.36 (KHTML, like Gecko) Chrome/58.0.3029.110 Safari/537.3"
74.7.227.33 - - [14/Feb/2026:04:02:18 +0000] "GET /buy.php?detail/09300016553297 HTTP/1.1" 200 130619 "http://sdiptunasbangsabna.sch.id/buy.php?detail/09303364662797" "Mozilla/5.0 AppleWebKit/537.36 (KHTML, like Gecko; compatible; GPTBot/1.3; +https://openai.com/gptbot)"
74.7.227.33 - - [14/Feb/2026:04:02:24 +0000] "GET /buy.php?detail/03601061679151 HTTP/1.1" 200 119417 "http://sdiptunasbangsabna.sch.id/buy.php?detail/03601338184432" "Mozilla/5.0 AppleWebKit/537.36 (KHTML, like Gecko; compatible; GPTBot/1.3; +https://openai.com/gptbot)"
74.7.227.33 - - [14/Feb/2026:04:02:41 +0000] "GET /buy.php?detail/02700642947772 HTTP/1.1" 200 126820 "http://sdiptunasbangsabna.sch.id/buy.php?detail/02702614239750" "Mozilla/5.0 AppleWebKit/537.36 (KHTML, like Gecko; compatible; GPTBot/1.3; +https://openai.com/gptbot)"
74.7.227.33 - - [14/Feb/2026:04:02:46 +0000] "GET /buy.php?detail/02700710322403 HTTP/1.1" 200 149698 "http://sdiptunasbangsabna.sch.id/buy.php?detail/02702614239750" "Mozilla/5.0 AppleWebKit/537.36 (KHTML, like Gecko; compatible; GPTBot/1.3; +https://openai.com/gptbot)"
74.7.227.33 - - [14/Feb/2026:04:02:58 +0000] "GET /buy.php?detail/02700647787544 HTTP/1.1" 200 149898 "http://sdiptunasbangsabna.sch.id/buy.php?detail/02702614239750" "Mozilla/5.0 AppleWebKit/537.36 (KHTML, like Gecko; compatible; GPTBot/1.3; +https://openai.com/gptbot)"
74.7.227.33 - - [14/Feb/2026:04:03:19 +0000] "GET /buy.php?detail/18203868561756 HTTP/1.1" 200 126470 "http://sdiptunasbangsabna.sch.id/buy.php?detail/02700642947772" "Mozilla/5.0 AppleWebKit/537.36 (KHTML, like Gecko; compatible; GPTBot/1.3; +https://openai.com/gptbot)"
74.7.227.33 - - [14/Feb/2026:04:03:25 +0000] "GET /buy.php?detail/02700156049365 HTTP/1.1" 200 127159 "http://sdiptunasbangsabna.sch.id/buy.php?detail/02700710322403" "Mozilla/5.0 AppleWebKit/537.36 (KHTML, like Gecko; compatible; GPTBot/1.3; +https://openai.com/gptbot)"
74.7.227.33 - - [14/Feb/2026:04:03:31 +0000] "GET /buy.php?detail/02701616675830 HTTP/1.1" 200 150670 "http://sdiptunasbangsabna.sch.id/buy.php?detail/02700647787544" "Mozilla/5.0 AppleWebKit/537.36 (KHTML, like Gecko; compatible; GPTBot/1.3; +https://openai.com/gptbot)"
173.208.176.202 - - [14/Feb/2026:04:02:19 +0000] "GET /wp-content/wp3d4451/edit.php?id=275062 HTTP/1.1" 200 - "http://sdiptunasbangsabna.sch.id/wp-content/wp3d4451/edit.php?id=275062" "Mozilla/5.0 (Windows NT 10.0; Win64; x64) AppleWebKit/537.36 (KHTML, like Gecko) Chrome/58.0.3029.110 Safari/537.3"
74.7.227.33 - - [14/Feb/2026:04:03:48 +0000] "GET /buy.php?detail/02701424485150 HTTP/1.1" 200 125889 "http://sdiptunasbangsabna.sch.id/buy.php?detail/02700647787544" "Mozilla/5.0 AppleWebKit/537.36 (KHTML, like Gecko; compatible; GPTBot/1.3; +https://openai.com/gptbot)"
74.7.227.33 - - [14/Feb/2026:04:03:57 +0000] "GET /buy.php?detail/18700676361746 HTTP/1.1" 200 132181 "http://sdiptunasbangsabna.sch.id/buy.php?detail/02700156049365" "Mozilla/5.0 AppleWebKit/537.36 (KHTML, like Gecko; compatible; GPTBot/1.3; +https://openai.com/gptbot)"
74.7.227.33 - - [14/Feb/2026:04:03:59 +0000] "GET /buy.php?detail/22100263420651 HTTP/1.1" 200 128720 "http://sdiptunasbangsabna.sch.id/buy.php?detail/02700156049365" "Mozilla/5.0 AppleWebKit/537.36 (KHTML, like Gecko; compatible; GPTBot/1.3; +https://openai.com/gptbot)"
74.7.227.33 - - [14/Feb/2026:04:04:02 +0000] "GET /buy.php?detail/02700336049555 HTTP/1.1" 200 134178 "http://sdiptunasbangsabna.sch.id/buy.php?detail/02701616675830" "Mozilla/5.0 AppleWebKit/537.36 (KHTML, like Gecko; compatible; GPTBot/1.3; +https://openai.com/gptbot)"
74.7.227.33 - - [14/Feb/2026:04:04:05 +0000] "GET /buy.php?detail/23201197079710 HTTP/1.1" 200 123266 "http://sdiptunasbangsabna.sch.id/buy.php?detail/02701616675830" "Mozilla/5.0 AppleWebKit/537.36 (KHTML, like Gecko; compatible; GPTBot/1.3; +https://openai.com/gptbot)"
74.7.227.33 - - [14/Feb/2026:04:04:20 +0000] "GET /buy.php?detail/02700381773945 HTTP/1.1" 200 124921 "http://sdiptunasbangsabna.sch.id/buy.php?detail/02701424485150" "Mozilla/5.0 AppleWebKit/537.36 (KHTML, like Gecko; compatible; GPTBot/1.3; +https://openai.com/gptbot)"
74.7.227.33 - - [14/Feb/2026:04:04:28 +0000] "GET /buy.php?detail/18700407213137 HTTP/1.1" 200 136654 "http://sdiptunasbangsabna.sch.id/buy.php?detail/18700676361746" "Mozilla/5.0 AppleWebKit/537.36 (KHTML, like Gecko; compatible; GPTBot/1.3; +https://openai.com/gptbot)"
74.7.227.33 - - [14/Feb/2026:04:04:32 +0000] "GET /buy.php?detail/28000096549957 HTTP/1.1" 200 115792 "http://sdiptunasbangsabna.sch.id/buy.php?detail/22100263420651" "Mozilla/5.0 AppleWebKit/537.36 (KHTML, like Gecko; compatible; GPTBot/1.3; +https://openai.com/gptbot)"
74.7.227.33 - - [14/Feb/2026:04:04:37 +0000] "GET /buy.php?detail/23200180358077 HTTP/1.1" 200 123813 "http://sdiptunasbangsabna.sch.id/buy.php?detail/23201197079710" "Mozilla/5.0 AppleWebKit/537.36 (KHTML, like Gecko; compatible; GPTBot/1.3; +https://openai.com/gptbot)"
74.7.227.33 - - [14/Feb/2026:04:05:04 +0000] "GET /buy.php?detail/18700041582778 HTTP/1.1" 200 129075 "http://sdiptunasbangsabna.sch.id/buy.php?detail/18700407213137" "Mozilla/5.0 AppleWebKit/537.36 (KHTML, like Gecko; compatible; GPTBot/1.3; +https://openai.com/gptbot)"
74.7.227.33 - - [14/Feb/2026:04:05:07 +0000] "GET /buy.php?detail/18700028205165 HTTP/1.1" 200 138931 "http://sdiptunasbangsabna.sch.id/buy.php?detail/18700407213137" "Mozilla/5.0 AppleWebKit/537.36 (KHTML, like Gecko; compatible; GPTBot/1.3; +https://openai.com/gptbot)"
74.7.227.33 - - [14/Feb/2026:04:05:10 +0000] "GET /buy.php?detail/18700024193039 HTTP/1.1" 200 125497 "http://sdiptunasbangsabna.sch.id/buy.php?detail/18700407213137" "Mozilla/5.0 AppleWebKit/537.36 (KHTML, like Gecko; compatible; GPTBot/1.3; +https://openai.com/gptbot)"
173.208.176.202 - - [14/Feb/2026:04:03:49 +0000] "GET /wp-content/wp3d4451/edit.php?id=275062 HTTP/1.1" 200 - "http://sdiptunasbangsabna.sch.id/wp-content/wp3d4451/edit.php?id=275062" "Mozilla/5.0 (Windows NT 10.0; Win64; x64) AppleWebKit/537.36 (KHTML, like Gecko) Chrome/58.0.3029.110 Safari/537.3"
74.7.227.33 - - [14/Feb/2026:04:05:24 +0000] "GET /buy.php?detail/12502964320582 HTTP/1.1" 200 124821 "http://sdiptunasbangsabna.sch.id/buy.php?detail/28000096549957" "Mozilla/5.0 AppleWebKit/537.36 (KHTML, like Gecko; compatible; GPTBot/1.3; +https://openai.com/gptbot)"
74.7.227.33 - - [14/Feb/2026:04:05:36 +0000] "GET /buy.php?detail/06501719251191 HTTP/1.1" 200 129906 "http://sdiptunasbangsabna.sch.id/buy.php?detail/18700041582778" "Mozilla/5.0 AppleWebKit/537.36 (KHTML, like Gecko; compatible; GPTBot/1.3; +https://openai.com/gptbot)"
74.7.227.33 - - [14/Feb/2026:04:05:44 +0000] "GET /buy.php?detail/23403998465203 HTTP/1.1" 200 121206 "http://sdiptunasbangsabna.sch.id/buy.php?detail/18700024193039" "Mozilla/5.0 AppleWebKit/537.36 (KHTML, like Gecko; compatible; GPTBot/1.3; +https://openai.com/gptbot)"
74.7.227.33 - - [14/Feb/2026:04:06:00 +0000] "GET /buy.php?detail/12500045144839 HTTP/1.1" 200 126026 "http://sdiptunasbangsabna.sch.id/buy.php?detail/12502964320582" "Mozilla/5.0 AppleWebKit/537.36 (KHTML, like Gecko; compatible; GPTBot/1.3; +https://openai.com/gptbot)"
74.7.227.33 - - [14/Feb/2026:04:06:12 +0000] "GET /buy.php?goods/065027917 HTTP/1.1" 200 118329 "http://sdiptunasbangsabna.sch.id/buy.php?detail/06501719251191" "Mozilla/5.0 AppleWebKit/537.36 (KHTML, like Gecko; compatible; GPTBot/1.3; +https://openai.com/gptbot)"
74.7.227.33 - - [14/Feb/2026:04:06:18 +0000] "GET /buy.php?detail/19204566523766 HTTP/1.1" 200 128934 "http://sdiptunasbangsabna.sch.id/buy.php?detail/23403998465203" "Mozilla/5.0 AppleWebKit/537.36 (KHTML, like Gecko; compatible; GPTBot/1.3; +https://openai.com/gptbot)"
