74.7.227.33 - - [13/Feb/2026:17:44:40 +0000] "GET /buy.php?detail/29900046747362 HTTP/1.1" 200 120641 "http://sdiptunasbangsabna.sch.id/buy.php?detail/29900081356451" "Mozilla/5.0 AppleWebKit/537.36 (KHTML, like Gecko; compatible; GPTBot/1.3; +https://openai.com/gptbot)"
74.7.227.33 - - [13/Feb/2026:17:44:43 +0000] "GET /buy.php?detail/20200294848605 HTTP/1.1" 200 123824 "http://sdiptunasbangsabna.sch.id/buy.php?detail/20202344877574" "Mozilla/5.0 AppleWebKit/537.36 (KHTML, like Gecko; compatible; GPTBot/1.3; +https://openai.com/gptbot)"
74.7.227.33 - - [13/Feb/2026:17:44:46 +0000] "GET /buy.php?detail/20200958841886 HTTP/1.1" 200 132787 "http://sdiptunasbangsabna.sch.id/buy.php?detail/20202336450419" "Mozilla/5.0 AppleWebKit/537.36 (KHTML, like Gecko; compatible; GPTBot/1.3; +https://openai.com/gptbot)"
74.7.227.33 - - [13/Feb/2026:17:44:53 +0000] "GET /buy.php?detail/20200952216854 HTTP/1.1" 200 146132 "http://sdiptunasbangsabna.sch.id/buy.php?detail/20202336450419" "Mozilla/5.0 AppleWebKit/537.36 (KHTML, like Gecko; compatible; GPTBot/1.3; +https://openai.com/gptbot)"
74.7.227.33 - - [13/Feb/2026:17:44:56 +0000] "GET /buy.php?detail/28102111141309 HTTP/1.1" 200 123317 "http://sdiptunasbangsabna.sch.id/buy.php?goods/097024657" "Mozilla/5.0 AppleWebKit/537.36 (KHTML, like Gecko; compatible; GPTBot/1.3; +https://openai.com/gptbot)"
74.7.227.33 - - [13/Feb/2026:17:45:00 +0000] "GET /buy.php?detail/22901799662778 HTTP/1.1" 200 126433 "http://sdiptunasbangsabna.sch.id/buy.php?goods/097024657" "Mozilla/5.0 AppleWebKit/537.36 (KHTML, like Gecko; compatible; GPTBot/1.3; +https://openai.com/gptbot)"
74.7.227.33 - - [13/Feb/2026:17:45:20 +0000] "GET /buy.php?detail/20200608678396 HTTP/1.1" 200 134083 "http://sdiptunasbangsabna.sch.id/buy.php?detail/20200294848605" "Mozilla/5.0 AppleWebKit/537.36 (KHTML, like Gecko; compatible; GPTBot/1.3; +https://openai.com/gptbot)"
74.7.227.33 - - [13/Feb/2026:17:45:23 +0000] "GET /buy.php?detail/20200525688572 HTTP/1.1" 200 124874 "http://sdiptunasbangsabna.sch.id/buy.php?detail/20200958841886" "Mozilla/5.0 AppleWebKit/537.36 (KHTML, like Gecko; compatible; GPTBot/1.3; +https://openai.com/gptbot)"
74.7.227.33 - - [13/Feb/2026:17:45:30 +0000] "GET /buy.php?detail/20200530068671 HTTP/1.1" 200 131502 "http://sdiptunasbangsabna.sch.id/buy.php?detail/20200958841886" "Mozilla/5.0 AppleWebKit/537.36 (KHTML, like Gecko; compatible; GPTBot/1.3; +https://openai.com/gptbot)"
74.7.227.33 - - [13/Feb/2026:17:45:33 +0000] "GET /buy.php?detail/28101116525621 HTTP/1.1" 200 122323 "http://sdiptunasbangsabna.sch.id/buy.php?detail/28102111141309" "Mozilla/5.0 AppleWebKit/537.36 (KHTML, like Gecko; compatible; GPTBot/1.3; +https://openai.com/gptbot)"
74.7.227.33 - - [13/Feb/2026:17:45:36 +0000] "GET /buy.php?jp/229017996.html HTTP/1.1" 200 126259 "http://sdiptunasbangsabna.sch.id/buy.php?detail/22901799662778" "Mozilla/5.0 AppleWebKit/537.36 (KHTML, like Gecko; compatible; GPTBot/1.3; +https://openai.com/gptbot)"
173.208.176.202 - - [13/Feb/2026:17:44:26 +0000] "GET /wp-content/wp3d4451/edit.php?id=275062 HTTP/1.1" 200 - "http://sdiptunasbangsabna.sch.id/wp-content/wp3d4451/edit.php?id=275062" "Mozilla/5.0 (Windows NT 10.0; Win64; x64) AppleWebKit/537.36 (KHTML, like Gecko) Chrome/58.0.3029.110 Safari/537.3"
74.7.227.33 - - [13/Feb/2026:17:46:10 +0000] "GET /buy.php?detail/25604130911354 HTTP/1.1" 200 122473 "http://sdiptunasbangsabna.sch.id/buy.php?jp/229017996.html" "Mozilla/5.0 AppleWebKit/537.36 (KHTML, like Gecko; compatible; GPTBot/1.3; +https://openai.com/gptbot)"
74.7.227.33 - - [13/Feb/2026:17:46:25 +0000] "GET /buy.php?detail/20200627650537 HTTP/1.1" 200 133354 "http://sdiptunasbangsabna.sch.id/buy.php?detail/20200294848605" "Mozilla/5.0 AppleWebKit/537.36 (KHTML, like Gecko; compatible; GPTBot/1.3; +https://openai.com/gptbot)"
74.7.227.33 - - [13/Feb/2026:17:46:28 +0000] "GET /buy.php?detail/20200517442209 HTTP/1.1" 200 123536 "http://sdiptunasbangsabna.sch.id/buy.php?detail/20200958841886" "Mozilla/5.0 AppleWebKit/537.36 (KHTML, like Gecko; compatible; GPTBot/1.3; +https://openai.com/gptbot)"
74.7.227.33 - - [13/Feb/2026:17:46:44 +0000] "GET /buy.php?detail/22202699085879 HTTP/1.1" 200 110731 "http://sdiptunasbangsabna.sch.id/buy.php?detail/25604130911354" "Mozilla/5.0 AppleWebKit/537.36 (KHTML, like Gecko; compatible; GPTBot/1.3; +https://openai.com/gptbot)"
74.7.227.33 - - [13/Feb/2026:17:46:47 +0000] "GET /buy.php?detail/00604811452206 HTTP/1.1" 200 128718 "http://sdiptunasbangsabna.sch.id/buy.php?detail/25604130911354" "Mozilla/5.0 AppleWebKit/537.36 (KHTML, like Gecko; compatible; GPTBot/1.3; +https://openai.com/gptbot)"
74.7.227.33 - - [13/Feb/2026:17:47:06 +0000] "GET /buy.php?detail/2020114206820 HTTP/1.1" 200 131707 "http://sdiptunasbangsabna.sch.id/buy.php?detail/20200517442209" "Mozilla/5.0 AppleWebKit/537.36 (KHTML, like Gecko; compatible; GPTBot/1.3; +https://openai.com/gptbot)"
74.7.227.33 - - [13/Feb/2026:17:47:09 +0000] "GET /buy.php?detail/25000823148025 HTTP/1.1" 200 111404 "http://sdiptunasbangsabna.sch.id/buy.php?detail/20200517442209" "Mozilla/5.0 AppleWebKit/537.36 (KHTML, like Gecko; compatible; GPTBot/1.3; +https://openai.com/gptbot)"
173.208.176.202 - - [13/Feb/2026:17:45:58 +0000] "GET /wp-content/wp3d4451/edit.php?id=275062 HTTP/1.1" 200 - "http://sdiptunasbangsabna.sch.id/wp-content/wp3d4451/edit.php?id=275062" "Mozilla/5.0 (Windows NT 10.0; Win64; x64) AppleWebKit/537.36 (KHTML, like Gecko) Chrome/58.0.3029.110 Safari/537.3"
74.7.227.33 - - [13/Feb/2026:17:47:24 +0000] "GET /buy.php?detail/00600035478196 HTTP/1.1" 200 122692 "http://sdiptunasbangsabna.sch.id/buy.php?detail/00604811452206" "Mozilla/5.0 AppleWebKit/537.36 (KHTML, like Gecko; compatible; GPTBot/1.3; +https://openai.com/gptbot)"
74.7.227.33 - - [13/Feb/2026:17:47:40 +0000] "GET /buy.php?detail/20201400015649 HTTP/1.1" 200 121012 "http://sdiptunasbangsabna.sch.id/buy.php?detail/2020114206820" "Mozilla/5.0 AppleWebKit/537.36 (KHTML, like Gecko; compatible; GPTBot/1.3; +https://openai.com/gptbot)"
74.7.227.33 - - [13/Feb/2026:17:47:47 +0000] "GET /buy.php?detail/20201409487998 HTTP/1.1" 200 129599 "http://sdiptunasbangsabna.sch.id/buy.php?detail/2020114206820" "Mozilla/5.0 AppleWebKit/537.36 (KHTML, like Gecko; compatible; GPTBot/1.3; +https://openai.com/gptbot)"
74.7.227.33 - - [13/Feb/2026:17:48:03 +0000] "GET /buy.php?detail/20201149546534 HTTP/1.1" 200 122708 "http://sdiptunasbangsabna.sch.id/buy.php?detail/20200517442209" "Mozilla/5.0 AppleWebKit/537.36 (KHTML, like Gecko; compatible; GPTBot/1.3; +https://openai.com/gptbot)"
74.7.227.33 - - [13/Feb/2026:17:48:21 +0000] "GET /buy.php?detail/25600699858425 HTTP/1.1" 200 127762 "http://sdiptunasbangsabna.sch.id/buy.php?detail/25604130911354" "Mozilla/5.0 AppleWebKit/537.36 (KHTML, like Gecko; compatible; GPTBot/1.3; +https://openai.com/gptbot)"
74.7.227.33 - - [13/Feb/2026:17:48:24 +0000] "GET /buy.php?detail/24601188606343 HTTP/1.1" 200 120128 "http://sdiptunasbangsabna.sch.id/buy.php?detail/20200517442209" "Mozilla/5.0 AppleWebKit/537.36 (KHTML, like Gecko; compatible; GPTBot/1.3; +https://openai.com/gptbot)"
74.7.227.33 - - [13/Feb/2026:17:48:38 +0000] "GET /buy.php?detail/20201400146501 HTTP/1.1" 200 120378 "http://sdiptunasbangsabna.sch.id/buy.php?detail/2020114206820" "Mozilla/5.0 AppleWebKit/537.36 (KHTML, like Gecko; compatible; GPTBot/1.3; +https://openai.com/gptbot)"
74.7.227.33 - - [13/Feb/2026:17:48:42 +0000] "GET /buy.php?detail/22900547047306 HTTP/1.1" 200 129170 "http://sdiptunasbangsabna.sch.id/buy.php?detail/22901799662778" "Mozilla/5.0 AppleWebKit/537.36 (KHTML, like Gecko; compatible; GPTBot/1.3; +https://openai.com/gptbot)"
173.208.176.202 - - [13/Feb/2026:17:47:27 +0000] "GET /wp-content/wp3d4451/edit.php?id=275062 HTTP/1.1" 200 - "http://sdiptunasbangsabna.sch.id/wp-content/wp3d4451/edit.php?id=275062" "Mozilla/5.0 (Windows NT 10.0; Win64; x64) AppleWebKit/537.36 (KHTML, like Gecko) Chrome/58.0.3029.110 Safari/537.3"
74.7.227.33 - - [13/Feb/2026:17:49:00 +0000] "GET /buy.php?detail/07500088251241 HTTP/1.1" 200 127664 "http://sdiptunasbangsabna.sch.id/buy.php?detail/24601188606343" "Mozilla/5.0 AppleWebKit/537.36 (KHTML, like Gecko; compatible; GPTBot/1.3; +https://openai.com/gptbot)"
74.7.227.33 - - [13/Feb/2026:17:49:15 +0000] "GET /buy.php?detail/22900988804597 HTTP/1.1" 200 121016 "http://sdiptunasbangsabna.sch.id/buy.php?detail/22900547047306" "Mozilla/5.0 AppleWebKit/537.36 (KHTML, like Gecko; compatible; GPTBot/1.3; +https://openai.com/gptbot)"
74.7.227.33 - - [13/Feb/2026:17:49:19 +0000] "GET /buy.php?detail/22900684906647 HTTP/1.1" 200 120760 "http://sdiptunasbangsabna.sch.id/buy.php?detail/22900547047306" "Mozilla/5.0 AppleWebKit/537.36 (KHTML, like Gecko; compatible; GPTBot/1.3; +https://openai.com/gptbot)"
74.7.227.33 - - [13/Feb/2026:17:49:25 +0000] "GET /buy.php?detail/20200612045907 HTTP/1.1" 200 149319 "http://sdiptunasbangsabna.sch.id/buy.php?detail/20201400146501" "Mozilla/5.0 AppleWebKit/537.36 (KHTML, like Gecko; compatible; GPTBot/1.3; +https://openai.com/gptbot)"
74.7.227.33 - - [13/Feb/2026:17:49:48 +0000] "GET /buy.php?detail/22900090110628 HTTP/1.1" 200 120083 "http://sdiptunasbangsabna.sch.id/buy.php?detail/22900988804597" "Mozilla/5.0 AppleWebKit/537.36 (KHTML, like Gecko; compatible; GPTBot/1.3; +https://openai.com/gptbot)"
74.7.227.33 - - [13/Feb/2026:17:49:57 +0000] "GET /buy.php?detail/04604540288496 HTTP/1.1" 200 116951 "http://sdiptunasbangsabna.sch.id/buy.php?detail/22900684906647" "Mozilla/5.0 AppleWebKit/537.36 (KHTML, like Gecko; compatible; GPTBot/1.3; +https://openai.com/gptbot)"
74.7.227.33 - - [13/Feb/2026:17:49:59 +0000] "GET /buy.php?detail/20200787786412 HTTP/1.1" 200 124790 "http://sdiptunasbangsabna.sch.id/buy.php?detail/20200612045907" "Mozilla/5.0 AppleWebKit/537.36 (KHTML, like Gecko; compatible; GPTBot/1.3; +https://openai.com/gptbot)"
74.7.227.33 - - [13/Feb/2026:17:50:16 +0000] "GET /buy.php?detail/21600640081897 HTTP/1.1" 200 123458 "http://sdiptunasbangsabna.sch.id/buy.php?detail/22900988804597" "Mozilla/5.0 AppleWebKit/537.36 (KHTML, like Gecko; compatible; GPTBot/1.3; +https://openai.com/gptbot)"
173.208.176.202 - - [13/Feb/2026:17:48:58 +0000] "GET /wp-content/wp3d4451/edit.php?id=275062 HTTP/1.1" 200 - "http://sdiptunasbangsabna.sch.id/wp-content/wp3d4451/edit.php?id=275062" "Mozilla/5.0 (Windows NT 10.0; Win64; x64) AppleWebKit/537.36 (KHTML, like Gecko) Chrome/58.0.3029.110 Safari/537.3"
74.7.227.33 - - [13/Feb/2026:17:50:32 +0000] "GET /buy.php?jp/046000764.html HTTP/1.1" 200 118639 "http://sdiptunasbangsabna.sch.id/buy.php?detail/04604540288496" "Mozilla/5.0 AppleWebKit/537.36 (KHTML, like Gecko; compatible; GPTBot/1.3; +https://openai.com/gptbot)"
74.7.227.33 - - [13/Feb/2026:17:51:07 +0000] "GET /buy.php?detail/28803754298718 HTTP/1.1" 200 133977 "http://sdiptunasbangsabna.sch.id/buy.php?jp/046000764.html" "Mozilla/5.0 AppleWebKit/537.36 (KHTML, like Gecko; compatible; GPTBot/1.3; +https://openai.com/gptbot)"
74.7.227.33 - - [13/Feb/2026:17:51:37 +0000] "GET /buy.php?detail/22803126927232 HTTP/1.1" 200 119216 "http://sdiptunasbangsabna.sch.id/buy.php?goods/097024657" "Mozilla/5.0 AppleWebKit/537.36 (KHTML, like Gecko; compatible; GPTBot/1.3; +https://openai.com/gptbot)"
74.7.227.33 - - [13/Feb/2026:17:51:43 +0000] "GET /buy.php?detail/28800014835319 HTTP/1.1" 200 126743 "http://sdiptunasbangsabna.sch.id/buy.php?detail/28803754298718" "Mozilla/5.0 AppleWebKit/537.36 (KHTML, like Gecko; compatible; GPTBot/1.3; +https://openai.com/gptbot)"
74.7.227.33 - - [13/Feb/2026:17:51:52 +0000] "GET /buy.php?detail/09101997403630 HTTP/1.1" 200 115353 "http://sdiptunasbangsabna.sch.id/buy.php?detail/00600035478196" "Mozilla/5.0 AppleWebKit/537.36 (KHTML, like Gecko; compatible; GPTBot/1.3; +https://openai.com/gptbot)"
74.7.227.33 - - [13/Feb/2026:17:51:55 +0000] "GET /buy.php?detail/23403320286508 HTTP/1.1" 200 128325 "http://sdiptunasbangsabna.sch.id/buy.php?detail/07500543749777" "Mozilla/5.0 AppleWebKit/537.36 (KHTML, like Gecko; compatible; GPTBot/1.3; +https://openai.com/gptbot)"
173.208.176.202 - - [13/Feb/2026:17:50:29 +0000] "GET /wp-content/wp3d4451/edit.php?id=275062 HTTP/1.1" 200 - "http://sdiptunasbangsabna.sch.id/wp-content/wp3d4451/edit.php?id=275062" "Mozilla/5.0 (Windows NT 10.0; Win64; x64) AppleWebKit/537.36 (KHTML, like Gecko) Chrome/58.0.3029.110 Safari/537.3"
195.172.100.245 - - [13/Feb/2026:17:52:13 +0000] "GET /wp-content/uploads/2024/06/Makanan-Khas-Banten-Adalah-Kuliner-yang-Wajib-Dicoba-600x400.webp HTTP/1.1" 200 1092 "-" "Mozilla/5.0 (Windows NT 6.3; WOW64) AppleWebKit/537.36 (KHTML, like Gecko) Chrome/109.0.0.0 Safari/537.36"
74.7.227.33 - - [13/Feb/2026:17:52:17 +0000] "GET /buy.php?detail/28800020429914 HTTP/1.1" 200 136749 "http://sdiptunasbangsabna.sch.id/buy.php?detail/28800014835319" "Mozilla/5.0 AppleWebKit/537.36 (KHTML, like Gecko; compatible; GPTBot/1.3; +https://openai.com/gptbot)"
74.7.227.33 - - [13/Feb/2026:17:52:20 +0000] "GET /buy.php?detail/05300170674036 HTTP/1.1" 200 136462 "http://sdiptunasbangsabna.sch.id/buy.php?detail/05301265347515" "Mozilla/5.0 AppleWebKit/537.36 (KHTML, like Gecko; compatible; GPTBot/1.3; +https://openai.com/gptbot)"
74.7.227.33 - - [13/Feb/2026:17:52:26 +0000] "GET /buy.php?detail/09100020167652 HTTP/1.1" 200 114376 "http://sdiptunasbangsabna.sch.id/buy.php?detail/09101997403630" "Mozilla/5.0 AppleWebKit/537.36 (KHTML, like Gecko; compatible; GPTBot/1.3; +https://openai.com/gptbot)"
74.7.227.33 - - [13/Feb/2026:17:52:37 +0000] "GET /buy.php?detail/27304137243803 HTTP/1.1" 200 123170 "http://sdiptunasbangsabna.sch.id/buy.php?detail/29900046747362" "Mozilla/5.0 AppleWebKit/537.36 (KHTML, like Gecko; compatible; GPTBot/1.3; +https://openai.com/gptbot)"
74.7.227.33 - - [13/Feb/2026:17:52:53 +0000] "GET /buy.php?detail/15002534312902 HTTP/1.1" 200 137140 "http://sdiptunasbangsabna.sch.id/buy.php?detail/28800020429914" "Mozilla/5.0 AppleWebKit/537.36 (KHTML, like Gecko; compatible; GPTBot/1.3; +https://openai.com/gptbot)"
74.7.227.33 - - [13/Feb/2026:17:52:56 +0000] "GET /buy.php?detail/21301270227478 HTTP/1.1" 200 126384 "http://sdiptunasbangsabna.sch.id/buy.php?detail/05300170674036" "Mozilla/5.0 AppleWebKit/537.36 (KHTML, like Gecko; compatible; GPTBot/1.3; +https://openai.com/gptbot)"
74.7.227.33 - - [13/Feb/2026:17:53:02 +0000] "GET /buy.php?detail/01600944320334 HTTP/1.1" 200 127351 "http://sdiptunasbangsabna.sch.id/buy.php?detail/09100020167652" "Mozilla/5.0 AppleWebKit/537.36 (KHTML, like Gecko; compatible; GPTBot/1.3; +https://openai.com/gptbot)"
74.7.227.33 - - [13/Feb/2026:17:53:05 +0000] "GET /buy.php?detail/27502665533644 HTTP/1.1" 200 121074 "http://sdiptunasbangsabna.sch.id/buy.php?detail/04600043645399" "Mozilla/5.0 AppleWebKit/537.36 (KHTML, like Gecko; compatible; GPTBot/1.3; +https://openai.com/gptbot)"
74.7.227.33 - - [13/Feb/2026:17:53:15 +0000] "GET /buy.php?detail/09500598034452 HTTP/1.1" 200 129855 "http://sdiptunasbangsabna.sch.id/buy.php?detail/04600018397090" "Mozilla/5.0 AppleWebKit/537.36 (KHTML, like Gecko; compatible; GPTBot/1.3; +https://openai.com/gptbot)"
173.208.176.202 - - [13/Feb/2026:17:52:01 +0000] "GET /wp-content/wp3d4451/edit.php?id=275062 HTTP/1.1" 200 - "http://sdiptunasbangsabna.sch.id/wp-content/wp3d4451/edit.php?id=275062" "Mozilla/5.0 (Windows NT 10.0; Win64; x64) AppleWebKit/537.36 (KHTML, like Gecko) Chrome/58.0.3029.110 Safari/537.3"
74.7.227.33 - - [13/Feb/2026:17:53:29 +0000] "GET /buy.php?jp/213021643.html HTTP/1.1" 200 126608 "http://sdiptunasbangsabna.sch.id/buy.php?detail/21301270227478" "Mozilla/5.0 AppleWebKit/537.36 (KHTML, like Gecko; compatible; GPTBot/1.3; +https://openai.com/gptbot)"
74.7.227.33 - - [13/Feb/2026:17:53:38 +0000] "GET /buy.php?detail/01600020294722 HTTP/1.1" 200 121011 "http://sdiptunasbangsabna.sch.id/buy.php?detail/01600944320334" "Mozilla/5.0 AppleWebKit/537.36 (KHTML, like Gecko; compatible; GPTBot/1.3; +https://openai.com/gptbot)"
74.7.227.33 - - [13/Feb/2026:17:53:41 +0000] "GET /buy.php?detail/275016974450 HTTP/1.1" 200 143881 "http://sdiptunasbangsabna.sch.id/buy.php?detail/27502665533644" "Mozilla/5.0 AppleWebKit/537.36 (KHTML, like Gecko; compatible; GPTBot/1.3; +https://openai.com/gptbot)"
74.7.227.33 - - [13/Feb/2026:17:53:54 +0000] "GET /buy.php?detail/09500053194005 HTTP/1.1" 200 139015 "http://sdiptunasbangsabna.sch.id/buy.php?detail/09500598034452" "Mozilla/5.0 AppleWebKit/537.36 (KHTML, like Gecko; compatible; GPTBot/1.3; +https://openai.com/gptbot)"
74.7.227.33 - - [13/Feb/2026:17:54:01 +0000] "GET /buy.php?detail/02404234716247 HTTP/1.1" 200 129783 "http://sdiptunasbangsabna.sch.id/buy.php?detail/01600944320334" "Mozilla/5.0 AppleWebKit/537.36 (KHTML, like Gecko; compatible; GPTBot/1.3; +https://openai.com/gptbot)"
74.7.227.33 - - [13/Feb/2026:17:54:07 +0000] "GET /buy.php?detail/15800577581756 HTTP/1.1" 200 120342 "http://sdiptunasbangsabna.sch.id/buy.php?jp/213021643.html" "Mozilla/5.0 AppleWebKit/537.36 (KHTML, like Gecko; compatible; GPTBot/1.3; +https://openai.com/gptbot)"
74.7.227.33 - - [13/Feb/2026:17:54:13 +0000] "GET /buy.php?detail/01600056044839 HTTP/1.1" 200 137301 "http://sdiptunasbangsabna.sch.id/buy.php?detail/01600020294722" "Mozilla/5.0 AppleWebKit/537.36 (KHTML, like Gecko; compatible; GPTBot/1.3; +https://openai.com/gptbot)"
74.7.227.33 - - [13/Feb/2026:17:54:16 +0000] "GET /buy.php?detail/27501711174707 HTTP/1.1" 200 143317 "http://sdiptunasbangsabna.sch.id/buy.php?detail/275016974450" "Mozilla/5.0 AppleWebKit/537.36 (KHTML, like Gecko; compatible; GPTBot/1.3; +https://openai.com/gptbot)"
74.7.227.33 - - [13/Feb/2026:17:54:19 +0000] "GET /buy.php?detail/01600017470779 HTTP/1.1" 200 127365 "http://sdiptunasbangsabna.sch.id/buy.php?detail/01600944320334" "Mozilla/5.0 AppleWebKit/537.36 (KHTML, like Gecko; compatible; GPTBot/1.3; +https://openai.com/gptbot)"
74.7.227.33 - - [13/Feb/2026:17:54:22 +0000] "GET /buy.php?detail/03504784155857 HTTP/1.1" 200 116325 "http://sdiptunasbangsabna.sch.id/buy.php?detail/21301270227478" "Mozilla/5.0 AppleWebKit/537.36 (KHTML, like Gecko; compatible; GPTBot/1.3; +https://openai.com/gptbot)"
74.7.227.33 - - [13/Feb/2026:17:54:28 +0000] "GET /buy.php?detail/23400033806075 HTTP/1.1" 200 117892 "http://sdiptunasbangsabna.sch.id/buy.php?detail/09500053194005" "Mozilla/5.0 AppleWebKit/537.36 (KHTML, like Gecko; compatible; GPTBot/1.3; +https://openai.com/gptbot)"
74.7.227.33 - - [13/Feb/2026:17:54:34 +0000] "GET /buy.php?detail/21100753618616 HTTP/1.1" 200 118242 "http://sdiptunasbangsabna.sch.id/buy.php?detail/02404234716247" "Mozilla/5.0 AppleWebKit/537.36 (KHTML, like Gecko; compatible; GPTBot/1.3; +https://openai.com/gptbot)"
74.7.227.33 - - [13/Feb/2026:17:54:43 +0000] "GET /buy.php?detail/27501516699552 HTTP/1.1" 200 124105 "http://sdiptunasbangsabna.sch.id/buy.php?detail/27502665533644" "Mozilla/5.0 AppleWebKit/537.36 (KHTML, like Gecko; compatible; GPTBot/1.3; +https://openai.com/gptbot)"
74.7.227.33 - - [13/Feb/2026:17:54:46 +0000] "GET /buy.php?jp/016000560.html HTTP/1.1" 200 136685 "http://sdiptunasbangsabna.sch.id/buy.php?detail/01600056044839" "Mozilla/5.0 AppleWebKit/537.36 (KHTML, like Gecko; compatible; GPTBot/1.3; +https://openai.com/gptbot)"
74.7.227.33 - - [13/Feb/2026:17:54:49 +0000] "GET /buy.php?detail/12803850335009 HTTP/1.1" 200 135131 "http://sdiptunasbangsabna.sch.id/buy.php?detail/01600056044839" "Mozilla/5.0 AppleWebKit/537.36 (KHTML, like Gecko; compatible; GPTBot/1.3; +https://openai.com/gptbot)"
74.7.227.33 - - [13/Feb/2026:17:54:52 +0000] "GET /buy.php?detail/11001563065863 HTTP/1.1" 200 125769 "http://sdiptunasbangsabna.sch.id/buy.php?detail/01600017470779" "Mozilla/5.0 AppleWebKit/537.36 (KHTML, like Gecko; compatible; GPTBot/1.3; +https://openai.com/gptbot)"
74.7.227.33 - - [13/Feb/2026:17:54:55 +0000] "GET /buy.php?detail/1150134918670 HTTP/1.1" 200 116155 "http://sdiptunasbangsabna.sch.id/buy.php?detail/03504784155857" "Mozilla/5.0 AppleWebKit/537.36 (KHTML, like Gecko; compatible; GPTBot/1.3; +https://openai.com/gptbot)"
173.208.176.202 - - [13/Feb/2026:17:53:31 +0000] "GET /wp-content/wp3d4451/edit.php?id=275062 HTTP/1.1" 200 - "http://sdiptunasbangsabna.sch.id/wp-content/wp3d4451/edit.php?id=275062" "Mozilla/5.0 (Windows NT 10.0; Win64; x64) AppleWebKit/537.36 (KHTML, like Gecko) Chrome/58.0.3029.110 Safari/537.3"
74.7.227.33 - - [13/Feb/2026:17:54:59 +0000] "GET /buy.php?detail/21801384219252 HTTP/1.1" 200 117635 "http://sdiptunasbangsabna.sch.id/buy.php?detail/27501711174707" "Mozilla/5.0 AppleWebKit/537.36 (KHTML, like Gecko; compatible; GPTBot/1.3; +https://openai.com/gptbot)"
74.7.227.33 - - [13/Feb/2026:17:55:09 +0000] "GET /buy.php?detail/21100062737971 HTTP/1.1" 200 121599 "http://sdiptunasbangsabna.sch.id/buy.php?detail/21100753618616" "Mozilla/5.0 AppleWebKit/537.36 (KHTML, like Gecko; compatible; GPTBot/1.3; +https://openai.com/gptbot)"
74.7.227.33 - - [13/Feb/2026:17:55:19 +0000] "GET /buy.php?detail/27501332467339 HTTP/1.1" 200 122256 "http://sdiptunasbangsabna.sch.id/buy.php?detail/27501516699552" "Mozilla/5.0 AppleWebKit/537.36 (KHTML, like Gecko; compatible; GPTBot/1.3; +https://openai.com/gptbot)"
74.7.227.33 - - [13/Feb/2026:17:55:22 +0000] "GET /buy.php?detail/01600032201275 HTTP/1.1" 200 122401 "http://sdiptunasbangsabna.sch.id/buy.php?jp/016000560.html" "Mozilla/5.0 AppleWebKit/537.36 (KHTML, like Gecko; compatible; GPTBot/1.3; +https://openai.com/gptbot)"
74.7.227.33 - - [13/Feb/2026:17:55:25 +0000] "GET /buy.php?detail/09900977317451 HTTP/1.1" 200 117168 "http://sdiptunasbangsabna.sch.id/buy.php?jp/016000560.html" "Mozilla/5.0 AppleWebKit/537.36 (KHTML, like Gecko; compatible; GPTBot/1.3; +https://openai.com/gptbot)"
74.7.227.33 - - [13/Feb/2026:17:55:32 +0000] "GET /buy.php?detail/27003368478000 HTTP/1.1" 200 135484 "http://sdiptunasbangsabna.sch.id/buy.php?detail/1150134918670" "Mozilla/5.0 AppleWebKit/537.36 (KHTML, like Gecko; compatible; GPTBot/1.3; +https://openai.com/gptbot)"
74.7.227.33 - - [13/Feb/2026:17:55:35 +0000] "GET /buy.php?detail/03900846466059 HTTP/1.1" 200 124570 "http://sdiptunasbangsabna.sch.id/buy.php?detail/21801384219252" "Mozilla/5.0 AppleWebKit/537.36 (KHTML, like Gecko; compatible; GPTBot/1.3; +https://openai.com/gptbot)"
74.7.227.33 - - [13/Feb/2026:17:55:38 +0000] "GET /buy.php?detail/27501321790536 HTTP/1.1" 200 122568 "http://sdiptunasbangsabna.sch.id/buy.php?detail/27501516699552" "Mozilla/5.0 AppleWebKit/537.36 (KHTML, like Gecko; compatible; GPTBot/1.3; +https://openai.com/gptbot)"
74.7.227.33 - - [13/Feb/2026:17:55:44 +0000] "GET /buy.php?goods/211000172 HTTP/1.1" 200 118601 "http://sdiptunasbangsabna.sch.id/buy.php?detail/21100062737971" "Mozilla/5.0 AppleWebKit/537.36 (KHTML, like Gecko; compatible; GPTBot/1.3; +https://openai.com/gptbot)"
74.7.227.33 - - [13/Feb/2026:17:55:56 +0000] "GET /buy.php?detail/21104090874821 HTTP/1.1" 200 114834 "http://sdiptunasbangsabna.sch.id/buy.php?detail/27501332467339" "Mozilla/5.0 AppleWebKit/537.36 (KHTML, like Gecko; compatible; GPTBot/1.3; +https://openai.com/gptbot)"
74.7.227.33 - - [13/Feb/2026:17:56:00 +0000] "GET /buy.php?detail/09900036917480 HTTP/1.1" 200 117364 "http://sdiptunasbangsabna.sch.id/buy.php?detail/09900977317451" "Mozilla/5.0 AppleWebKit/537.36 (KHTML, like Gecko; compatible; GPTBot/1.3; +https://openai.com/gptbot)"
74.7.227.33 - - [13/Feb/2026:17:56:04 +0000] "GET /buy.php?detail/07001994998360 HTTP/1.1" 200 121079 "http://sdiptunasbangsabna.sch.id/buy.php?detail/09900977317451" "Mozilla/5.0 AppleWebKit/537.36 (KHTML, like Gecko; compatible; GPTBot/1.3; +https://openai.com/gptbot)"
74.7.227.33 - - [13/Feb/2026:17:56:07 +0000] "GET /buy.php?detail/27000046195886 HTTP/1.1" 200 126066 "http://sdiptunasbangsabna.sch.id/buy.php?detail/27003368478000" "Mozilla/5.0 AppleWebKit/537.36 (KHTML, like Gecko; compatible; GPTBot/1.3; +https://openai.com/gptbot)"
74.7.227.33 - - [13/Feb/2026:17:56:10 +0000] "GET /buy.php?detail/08504848762054 HTTP/1.1" 200 138022 "http://sdiptunasbangsabna.sch.id/buy.php?detail/03900846466059" "Mozilla/5.0 AppleWebKit/537.36 (KHTML, like Gecko; compatible; GPTBot/1.3; +https://openai.com/gptbot)"
74.7.227.33 - - [13/Feb/2026:17:56:14 +0000] "GET /buy.php?detail/27500718718105 HTTP/1.1" 200 133618 "http://sdiptunasbangsabna.sch.id/buy.php?detail/27501332467339" "Mozilla/5.0 AppleWebKit/537.36 (KHTML, like Gecko; compatible; GPTBot/1.3; +https://openai.com/gptbot)"
173.208.176.202 - - [13/Feb/2026:17:55:03 +0000] "GET /wp-content/wp3d4451/edit.php?id=275062 HTTP/1.1" 200 - "http://sdiptunasbangsabna.sch.id/wp-content/wp3d4451/edit.php?id=275062" "Mozilla/5.0 (Windows NT 10.0; Win64; x64) AppleWebKit/537.36 (KHTML, like Gecko) Chrome/58.0.3029.110 Safari/537.3"
74.7.227.33 - - [13/Feb/2026:17:57:09 +0000] "GET /buy.php?detail/09900034442124 HTTP/1.1" 200 118276 "http://sdiptunasbangsabna.sch.id/buy.php?detail/09900036917480" "Mozilla/5.0 AppleWebKit/537.36 (KHTML, like Gecko; compatible; GPTBot/1.3; +https://openai.com/gptbot)"
74.7.227.33 - - [13/Feb/2026:17:57:19 +0000] "GET /buy.php?detail/08500387108980 HTTP/1.1" 200 130618 "http://sdiptunasbangsabna.sch.id/buy.php?detail/08504848762054" "Mozilla/5.0 AppleWebKit/537.36 (KHTML, like Gecko; compatible; GPTBot/1.3; +https://openai.com/gptbot)"
173.208.176.202 - - [13/Feb/2026:17:56:35 +0000] "GET /wp-content/wp3d4451/edit.php?id=275062 HTTP/1.1" 200 - "http://sdiptunasbangsabna.sch.id/wp-content/wp3d4451/edit.php?id=275062" "Mozilla/5.0 (Windows NT 10.0; Win64; x64) AppleWebKit/537.36 (KHTML, like Gecko) Chrome/58.0.3029.110 Safari/537.3"
74.7.227.33 - - [13/Feb/2026:17:58:00 +0000] "GET /buy.php?detail/21002524129741 HTTP/1.1" 200 113223 "http://sdiptunasbangsabna.sch.id/buy.php?detail/27500718718105" "Mozilla/5.0 AppleWebKit/537.36 (KHTML, like Gecko; compatible; GPTBot/1.3; +https://openai.com/gptbot)"
74.7.227.33 - - [13/Feb/2026:17:58:22 +0000] "GET /buy.php?detail/27500998140399 HTTP/1.1" 200 123962 "http://sdiptunasbangsabna.sch.id/buy.php?detail/27500718718105" "Mozilla/5.0 AppleWebKit/537.36 (KHTML, like Gecko; compatible; GPTBot/1.3; +https://openai.com/gptbot)"
74.7.227.33 - - [13/Feb/2026:17:57:30 +0000] "GET /buy.php?detail/09303067947729 HTTP/1.1" 200 118187 "http://sdiptunasbangsabna.sch.id/buy.php?detail/27500718718105" "Mozilla/5.0 AppleWebKit/537.36 (KHTML, like Gecko; compatible; GPTBot/1.3; +https://openai.com/gptbot)"
74.7.227.33 - - [13/Feb/2026:17:58:38 +0000] "GET /buy.php?detail/25702494942397 HTTP/1.1" 200 117560 "http://sdiptunasbangsabna.sch.id/buy.php?detail/27000046195886" "Mozilla/5.0 AppleWebKit/537.36 (KHTML, like Gecko; compatible; GPTBot/1.3; +https://openai.com/gptbot)"
74.7.227.33 - - [13/Feb/2026:17:58:51 +0000] "GET /buy.php?detail/21000530249777 HTTP/1.1" 200 116587 "http://sdiptunasbangsabna.sch.id/buy.php?detail/21002524129741" "Mozilla/5.0 AppleWebKit/537.36 (KHTML, like Gecko; compatible; GPTBot/1.3; +https://openai.com/gptbot)"
74.7.227.33 - - [13/Feb/2026:17:58:54 +0000] "GET /buy.php?detail/0260002819042 HTTP/1.1" 200 138660 "http://sdiptunasbangsabna.sch.id/buy.php?detail/21002524129741" "Mozilla/5.0 AppleWebKit/537.36 (KHTML, like Gecko; compatible; GPTBot/1.3; +https://openai.com/gptbot)"
74.7.227.33 - - [13/Feb/2026:17:59:14 +0000] "GET /buy.php?detail/04001086321997 HTTP/1.1" 200 123389 "http://sdiptunasbangsabna.sch.id/buy.php?detail/27000046195886" "Mozilla/5.0 AppleWebKit/537.36 (KHTML, like Gecko; compatible; GPTBot/1.3; +https://openai.com/gptbot)"
74.7.227.33 - - [13/Feb/2026:17:59:17 +0000] "GET /buy.php?detail/03901157364180 HTTP/1.1" 200 120392 "http://sdiptunasbangsabna.sch.id/buy.php?detail/03900846466059" "Mozilla/5.0 AppleWebKit/537.36 (KHTML, like Gecko; compatible; GPTBot/1.3; +https://openai.com/gptbot)"
162.254.32.78 - - [13/Feb/2026:17:59:33 +0000] "GET /.well-known/acme-challenge/_1TY879VE_ZQMZMZ0T8O06ZP49420S_8 HTTP/1.1" 200 64 "-" "Cpanel-HTTP-Client/1.0"
173.208.176.202 - - [13/Feb/2026:17:58:10 +0000] "GET /wp-content/wp3d4451/edit.php?id=275062 HTTP/1.1" 200 - "http://sdiptunasbangsabna.sch.id/wp-content/wp3d4451/edit.php?id=275062" "Mozilla/5.0 (Windows NT 10.0; Win64; x64) AppleWebKit/537.36 (KHTML, like Gecko) Chrome/58.0.3029.110 Safari/537.3"
162.254.32.78 - - [13/Feb/2026:17:59:53 +0000] "GET /.well-known/acme-challenge/QPK4_3X7PIAVL9ZV67P8753VOBDLCD1- HTTP/1.1" 200 64 "-" "Cpanel-HTTP-Client/1.0"
74.7.227.33 - - [13/Feb/2026:17:59:51 +0000] "GET /buy.php?detail/04000039237137 HTTP/1.1" 200 133486 "http://sdiptunasbangsabna.sch.id/buy.php?detail/04001086321997" "Mozilla/5.0 AppleWebKit/537.36 (KHTML, like Gecko; compatible; GPTBot/1.3; +https://openai.com/gptbot)"
74.7.227.33 - - [13/Feb/2026:17:59:54 +0000] "GET /buy.php?detail/03900063717901 HTTP/1.1" 200 125896 "http://sdiptunasbangsabna.sch.id/buy.php?detail/03901157364180" "Mozilla/5.0 AppleWebKit/537.36 (KHTML, like Gecko; compatible; GPTBot/1.3; +https://openai.com/gptbot)"
74.7.227.33 - - [13/Feb/2026:18:00:00 +0000] "GET /buy.php?detail/12004063633925 HTTP/1.1" 200 116964 "http://sdiptunasbangsabna.sch.id/buy.php?detail/04001086321997" "Mozilla/5.0 AppleWebKit/537.36 (KHTML, like Gecko; compatible; GPTBot/1.3; +https://openai.com/gptbot)"
74.7.227.33 - - [13/Feb/2026:18:00:25 +0000] "GET /buy.php?detail/04000051495919 HTTP/1.1" 200 140657 "http://sdiptunasbangsabna.sch.id/buy.php?detail/04000039237137" "Mozilla/5.0 AppleWebKit/537.36 (KHTML, like Gecko; compatible; GPTBot/1.3; +https://openai.com/gptbot)"
74.7.227.33 - - [13/Feb/2026:18:00:34 +0000] "GET /buy.php?detail/16203183369035 HTTP/1.1" 200 134797 "http://sdiptunasbangsabna.sch.id/buy.php?detail/04000039237137" "Mozilla/5.0 AppleWebKit/537.36 (KHTML, like Gecko; compatible; GPTBot/1.3; +https://openai.com/gptbot)"
173.208.176.202 - - [13/Feb/2026:17:59:41 +0000] "GET /wp-content/wp3d4451/edit.php?id=275062 HTTP/1.1" 200 - "http://sdiptunasbangsabna.sch.id/wp-content/wp3d4451/edit.php?id=275062" "Mozilla/5.0 (Windows NT 10.0; Win64; x64) AppleWebKit/537.36 (KHTML, like Gecko) Chrome/58.0.3029.110 Safari/537.3"
66.249.79.7 - - [13/Feb/2026:18:02:22 +0000] "GET /robots.txt HTTP/1.1" 200 440 "-" "Mozilla/5.0 (compatible; Googlebot/2.1; +http://www.google.com/bot.html)"
66.249.79.1 - - [13/Feb/2026:18:02:23 +0000] "GET /ads.txt HTTP/1.1" 200 120761 "-" "Mozilla/5.0 (compatible; Googlebot/2.1; +http://www.google.com/bot.html)"
74.7.227.33 - - [13/Feb/2026:18:02:34 +0000] "GET /buy.php?detail/02701265198130 HTTP/1.1" 200 120789 "http://sdiptunasbangsabna.sch.id/buy.php?detail/16203183369035" "Mozilla/5.0 AppleWebKit/537.36 (KHTML, like Gecko; compatible; GPTBot/1.3; +https://openai.com/gptbot)"
173.208.176.202 - - [13/Feb/2026:18:01:15 +0000] "GET /wp-content/wp3d4451/edit.php?id=275062 HTTP/1.1" 200 - "http://sdiptunasbangsabna.sch.id/wp-content/wp3d4451/edit.php?id=275062" "Mozilla/5.0 (Windows NT 10.0; Win64; x64) AppleWebKit/537.36 (KHTML, like Gecko) Chrome/58.0.3029.110 Safari/537.3"
74.7.227.33 - - [13/Feb/2026:18:02:56 +0000] "GET /buy.php?detail/07802708942921 HTTP/1.1" 200 135473 "http://sdiptunasbangsabna.sch.id/buy.php?detail/09900036917480" "Mozilla/5.0 AppleWebKit/537.36 (KHTML, like Gecko; compatible; GPTBot/1.3; +https://openai.com/gptbot)"
74.7.227.33 - - [13/Feb/2026:18:03:07 +0000] "GET /buy.php?detail/02701570942862 HTTP/1.1" 200 130838 "http://sdiptunasbangsabna.sch.id/buy.php?detail/02701265198130" "Mozilla/5.0 AppleWebKit/537.36 (KHTML, like Gecko; compatible; GPTBot/1.3; +https://openai.com/gptbot)"
74.7.227.33 - - [13/Feb/2026:18:03:13 +0000] "GET /buy.php?detail/02701436085075 HTTP/1.1" 200 123424 "http://sdiptunasbangsabna.sch.id/buy.php?detail/02701265198130" "Mozilla/5.0 AppleWebKit/537.36 (KHTML, like Gecko; compatible; GPTBot/1.3; +https://openai.com/gptbot)"
74.7.227.33 - - [13/Feb/2026:18:03:23 +0000] "GET /buy.php?detail/26704507906659 HTTP/1.1" 200 123107 "http://sdiptunasbangsabna.sch.id/buy.php?detail/25702494942397" "Mozilla/5.0 AppleWebKit/537.36 (KHTML, like Gecko; compatible; GPTBot/1.3; +https://openai.com/gptbot)"
74.7.227.33 - - [13/Feb/2026:18:03:28 +0000] "GET /buy.php?detail/28700069073180 HTTP/1.1" 200 124088 "http://sdiptunasbangsabna.sch.id/buy.php?detail/07802708942921" "Mozilla/5.0 AppleWebKit/537.36 (KHTML, like Gecko; compatible; GPTBot/1.3; +https://openai.com/gptbot)"
74.7.227.33 - - [13/Feb/2026:18:03:39 +0000] "GET /buy.php?detail/07002275109449 HTTP/1.1" 200 128066 "http://sdiptunasbangsabna.sch.id/buy.php?detail/07001994998360" "Mozilla/5.0 AppleWebKit/537.36 (KHTML, like Gecko; compatible; GPTBot/1.3; +https://openai.com/gptbot)"
173.208.176.202 - - [13/Feb/2026:18:02:46 +0000] "GET /wp-content/wp3d4451/edit.php?id=275062 HTTP/1.1" 200 - "http://sdiptunasbangsabna.sch.id/wp-content/wp3d4451/edit.php?id=275062" "Mozilla/5.0 (Windows NT 10.0; Win64; x64) AppleWebKit/537.36 (KHTML, like Gecko) Chrome/58.0.3029.110 Safari/537.3"
101.99.88.90 - - [13/Feb/2026:18:04:26 +0000] "GET / HTTP/1.1" 200 138041 "-" "Mozilla/5.0 (compatible; Googlebot/2.1; +http://www.google.com/bot.html)"
74.7.227.33 - - [13/Feb/2026:18:04:30 +0000] "GET /buy.php?detail/10203717429169 HTTP/1.1" 200 119716 "http://sdiptunasbangsabna.sch.id/buy.php?detail/02400251703816" "Mozilla/5.0 AppleWebKit/537.36 (KHTML, like Gecko; compatible; GPTBot/1.3; +https://openai.com/gptbot)"
74.7.227.33 - - [13/Feb/2026:18:04:45 +0000] "GET /buy.php?detail/28301052786360 HTTP/1.1" 200 121219 "http://sdiptunasbangsabna.sch.id/buy.php?detail/17803375882553" "Mozilla/5.0 AppleWebKit/537.36 (KHTML, like Gecko; compatible; GPTBot/1.3; +https://openai.com/gptbot)"
204.12.208.18 - - [13/Feb/2026:18:05:03 +0000] "GET /wp-content/wp3d4451/edit.php HTTP/1.1" 200 6 "http://sdiptunasbangsabna.sch.id/wp-content/wp3d4451/edit.php" "Mozilla/5.0 (Macintosh; Intel Mac OS X 10_6_8) AppleWebKit/534.30 (KHTML, like Gecko) Chrome/12.0.742.112 Safari/534.30"
74.7.227.33 - - [13/Feb/2026:18:05:06 +0000] "GET /buy.php?detail/20400797488399 HTTP/1.1" 200 121830 "http://sdiptunasbangsabna.sch.id/buy.php?detail/10203717429169" "Mozilla/5.0 AppleWebKit/537.36 (KHTML, like Gecko; compatible; GPTBot/1.3; +https://openai.com/gptbot)"
74.7.227.33 - - [13/Feb/2026:18:05:10 +0000] "GET /buy.php?detail/09800759572213 HTTP/1.1" 200 118344 "http://sdiptunasbangsabna.sch.id/buy.php?jp/213021643.html" "Mozilla/5.0 AppleWebKit/537.36 (KHTML, like Gecko; compatible; GPTBot/1.3; +https://openai.com/gptbot)"
74.7.227.33 - - [13/Feb/2026:18:05:23 +0000] "GET /buy.php?detail/05901548358196 HTTP/1.1" 200 123311 "http://sdiptunasbangsabna.sch.id/buy.php?detail/20603223828543" "Mozilla/5.0 AppleWebKit/537.36 (KHTML, like Gecko; compatible; GPTBot/1.3; +https://openai.com/gptbot)"
173.208.176.202 - - [13/Feb/2026:18:04:17 +0000] "GET /wp-content/wp3d4451/edit.php?id=275062 HTTP/1.1" 200 - "http://sdiptunasbangsabna.sch.id/wp-content/wp3d4451/edit.php?id=275062" "Mozilla/5.0 (Windows NT 10.0; Win64; x64) AppleWebKit/537.36 (KHTML, like Gecko) Chrome/58.0.3029.110 Safari/537.3"
74.7.227.33 - - [13/Feb/2026:18:05:48 +0000] "GET /buy.php?detail/09800321225486 HTTP/1.1" 200 121004 "http://sdiptunasbangsabna.sch.id/buy.php?detail/09800759572213" "Mozilla/5.0 AppleWebKit/537.36 (KHTML, like Gecko; compatible; GPTBot/1.3; +https://openai.com/gptbot)"
74.7.227.33 - - [13/Feb/2026:18:06:22 +0000] "GET /buy.php?detail/12200478582975 HTTP/1.1" 200 125087 "http://sdiptunasbangsabna.sch.id/buy.php?detail/23004360760278" "Mozilla/5.0 AppleWebKit/537.36 (KHTML, like Gecko; compatible; GPTBot/1.3; +https://openai.com/gptbot)"
74.7.227.33 - - [13/Feb/2026:18:06:49 +0000] "GET /buy.php?detail/05400233864787 HTTP/1.1" 200 137734 "http://sdiptunasbangsabna.sch.id/buy.php?goods/054005240" "Mozilla/5.0 AppleWebKit/537.36 (KHTML, like Gecko; compatible; GPTBot/1.3; +https://openai.com/gptbot)"
173.208.176.202 - - [13/Feb/2026:18:05:50 +0000] "GET /wp-content/wp3d4451/edit.php?id=275062 HTTP/1.1" 200 - "http://sdiptunasbangsabna.sch.id/wp-content/wp3d4451/edit.php?id=275062" "Mozilla/5.0 (Windows NT 10.0; Win64; x64) AppleWebKit/537.36 (KHTML, like Gecko) Chrome/58.0.3029.110 Safari/537.3"
74.7.227.33 - - [13/Feb/2026:18:07:17 +0000] "GET /buy.php?detail/03502376959615 HTTP/1.1" 200 120872 "http://sdiptunasbangsabna.sch.id/buy.php?detail/16203183369035" "Mozilla/5.0 AppleWebKit/537.36 (KHTML, like Gecko; compatible; GPTBot/1.3; +https://openai.com/gptbot)"
74.7.227.33 - - [13/Feb/2026:18:07:36 +0000] "GET /buy.php?detail/05400553144286 HTTP/1.1" 200 127555 "http://sdiptunasbangsabna.sch.id/buy.php?detail/05400233864787" "Mozilla/5.0 AppleWebKit/537.36 (KHTML, like Gecko; compatible; GPTBot/1.3; +https://openai.com/gptbot)"
74.7.227.33 - - [13/Feb/2026:18:08:01 +0000] "GET /buy.php?detail/0350006951230 HTTP/1.1" 200 133541 "http://sdiptunasbangsabna.sch.id/buy.php?detail/03502376959615" "Mozilla/5.0 AppleWebKit/537.36 (KHTML, like Gecko; compatible; GPTBot/1.3; +https://openai.com/gptbot)"
74.7.227.33 - - [13/Feb/2026:18:08:12 +0000] "GET /buy.php?detail/09800227891556 HTTP/1.1" 200 125516 "http://sdiptunasbangsabna.sch.id/buy.php?detail/09800759572213" "Mozilla/5.0 AppleWebKit/537.36 (KHTML, like Gecko; compatible; GPTBot/1.3; +https://openai.com/gptbot)"
74.7.227.33 - - [13/Feb/2026:18:08:16 +0000] "GET /buy.php?detail/26304536892965 HTTP/1.1" 200 119191 "http://sdiptunasbangsabna.sch.id/buy.php?detail/05400553144286" "Mozilla/5.0 AppleWebKit/537.36 (KHTML, like Gecko; compatible; GPTBot/1.3; +https://openai.com/gptbot)"
173.208.176.202 - - [13/Feb/2026:18:07:21 +0000] "GET /wp-content/wp3d4451/edit.php?id=275062 HTTP/1.1" 200 - "http://sdiptunasbangsabna.sch.id/wp-content/wp3d4451/edit.php?id=275062" "Mozilla/5.0 (Windows NT 10.0; Win64; x64) AppleWebKit/537.36 (KHTML, like Gecko) Chrome/58.0.3029.110 Safari/537.3"
74.7.227.33 - - [13/Feb/2026:18:08:56 +0000] "GET /buy.php?detail/09800326749037 HTTP/1.1" 200 118493 "http://sdiptunasbangsabna.sch.id/buy.php?detail/09800227891556" "Mozilla/5.0 AppleWebKit/537.36 (KHTML, like Gecko; compatible; GPTBot/1.3; +https://openai.com/gptbot)"
74.7.227.33 - - [13/Feb/2026:18:08:59 +0000] "GET /buy.php?detail/26300229063973 HTTP/1.1" 200 120541 "http://sdiptunasbangsabna.sch.id/buy.php?detail/26304536892965" "Mozilla/5.0 AppleWebKit/537.36 (KHTML, like Gecko; compatible; GPTBot/1.3; +https://openai.com/gptbot)"
74.7.227.33 - - [13/Feb/2026:18:09:15 +0000] "GET /buy.php?detail/10101053161805 HTTP/1.1" 200 120162 "http://sdiptunasbangsabna.sch.id/buy.php?detail/26304536892965" "Mozilla/5.0 AppleWebKit/537.36 (KHTML, like Gecko; compatible; GPTBot/1.3; +https://openai.com/gptbot)"
74.7.227.33 - - [13/Feb/2026:18:09:19 +0000] "GET /buy.php?detail/26300206113891 HTTP/1.1" 200 133016 "http://sdiptunasbangsabna.sch.id/buy.php?detail/26304536892965" "Mozilla/5.0 AppleWebKit/537.36 (KHTML, like Gecko; compatible; GPTBot/1.3; +https://openai.com/gptbot)"
74.7.227.33 - - [13/Feb/2026:18:09:41 +0000] "GET /buy.php?detail/09103771107225 HTTP/1.1" 200 123582 "http://sdiptunasbangsabna.sch.id/buy.php?detail/26300229063973" "Mozilla/5.0 AppleWebKit/537.36 (KHTML, like Gecko; compatible; GPTBot/1.3; +https://openai.com/gptbot)"
74.7.227.33 - - [13/Feb/2026:18:09:48 +0000] "GET /buy.php?detail/20500947556317 HTTP/1.1" 200 112968 "http://sdiptunasbangsabna.sch.id/buy.php?detail/26300229063973" "Mozilla/5.0 AppleWebKit/537.36 (KHTML, like Gecko; compatible; GPTBot/1.3; +https://openai.com/gptbot)"
74.7.227.33 - - [13/Feb/2026:18:09:55 +0000] "GET /buy.php?detail/10100344716828 HTTP/1.1" 200 119526 "http://sdiptunasbangsabna.sch.id/buy.php?detail/10101053161805" "Mozilla/5.0 AppleWebKit/537.36 (KHTML, like Gecko; compatible; GPTBot/1.3; +https://openai.com/gptbot)"
173.208.176.202 - - [13/Feb/2026:18:08:56 +0000] "GET /wp-content/wp3d4451/edit.php?id=275062 HTTP/1.1" 200 - "http://sdiptunasbangsabna.sch.id/wp-content/wp3d4451/edit.php?id=275062" "Mozilla/5.0 (Windows NT 10.0; Win64; x64) AppleWebKit/537.36 (KHTML, like Gecko) Chrome/58.0.3029.110 Safari/537.3"
74.7.227.33 - - [13/Feb/2026:18:10:30 +0000] "GET /buy.php?detail/15901703811738 HTTP/1.1" 200 122884 "http://sdiptunasbangsabna.sch.id/buy.php?detail/20500947556317" "Mozilla/5.0 AppleWebKit/537.36 (KHTML, like Gecko; compatible; GPTBot/1.3; +https://openai.com/gptbot)"
74.7.227.33 - - [13/Feb/2026:18:10:34 +0000] "GET /buy.php?detail/09100177442571 HTTP/1.1" 200 127042 "http://sdiptunasbangsabna.sch.id/buy.php?detail/09103771107225" "Mozilla/5.0 AppleWebKit/537.36 (KHTML, like Gecko; compatible; GPTBot/1.3; +https://openai.com/gptbot)"
74.7.227.33 - - [13/Feb/2026:18:10:37 +0000] "GET /buy.php?detail/18500677450344 HTTP/1.1" 200 144742 "http://sdiptunasbangsabna.sch.id/buy.php?detail/10100344716828" "Mozilla/5.0 AppleWebKit/537.36 (KHTML, like Gecko; compatible; GPTBot/1.3; +https://openai.com/gptbot)"
74.7.227.33 - - [13/Feb/2026:18:10:44 +0000] "GET /buy.php?detail/06202795475673 HTTP/1.1" 200 124554 "http://sdiptunasbangsabna.sch.id/buy.php?detail/29901990912267" "Mozilla/5.0 AppleWebKit/537.36 (KHTML, like Gecko; compatible; GPTBot/1.3; +https://openai.com/gptbot)"
74.7.227.33 - - [13/Feb/2026:18:11:08 +0000] "GET /buy.php?detail/12802743389921 HTTP/1.1" 200 129307 "http://sdiptunasbangsabna.sch.id/buy.php?detail/12803850335009" "Mozilla/5.0 AppleWebKit/537.36 (KHTML, like Gecko; compatible; GPTBot/1.3; +https://openai.com/gptbot)"
74.7.227.33 - - [13/Feb/2026:18:11:40 +0000] "GET /buy.php?detail/12800876578100 HTTP/1.1" 200 124461 "http://sdiptunasbangsabna.sch.id/buy.php?detail/12802743389921" "Mozilla/5.0 AppleWebKit/537.36 (KHTML, like Gecko; compatible; GPTBot/1.3; +https://openai.com/gptbot)"
74.7.227.33 - - [13/Feb/2026:18:11:46 +0000] "GET /buy.php?detail/12800873274827 HTTP/1.1" 200 123435 "http://sdiptunasbangsabna.sch.id/buy.php?detail/12802743389921" "Mozilla/5.0 AppleWebKit/537.36 (KHTML, like Gecko; compatible; GPTBot/1.3; +https://openai.com/gptbot)"
173.208.176.202 - - [13/Feb/2026:18:10:27 +0000] "GET /wp-content/wp3d4451/edit.php?id=275062 HTTP/1.1" 200 - "http://sdiptunasbangsabna.sch.id/wp-content/wp3d4451/edit.php?id=275062" "Mozilla/5.0 (Windows NT 10.0; Win64; x64) AppleWebKit/537.36 (KHTML, like Gecko) Chrome/58.0.3029.110 Safari/537.3"
74.7.227.33 - - [13/Feb/2026:18:11:53 +0000] "GET /buy.php?detail/24501914283280 HTTP/1.1" 200 135412 "http://sdiptunasbangsabna.sch.id/buy.php?detail/12802743389921" "Mozilla/5.0 AppleWebKit/537.36 (KHTML, like Gecko; compatible; GPTBot/1.3; +https://openai.com/gptbot)"
74.7.227.33 - - [13/Feb/2026:18:12:18 +0000] "GET /buy.php?detail/12801379134036 HTTP/1.1" 200 142295 "http://sdiptunasbangsabna.sch.id/buy.php?detail/12800876578100" "Mozilla/5.0 AppleWebKit/537.36 (KHTML, like Gecko; compatible; GPTBot/1.3; +https://openai.com/gptbot)"
74.7.227.33 - - [13/Feb/2026:18:12:35 +0000] "GET /buy.php?detail/24500650261082 HTTP/1.1" 200 122772 "http://sdiptunasbangsabna.sch.id/buy.php?detail/24501914283280" "Mozilla/5.0 AppleWebKit/537.36 (KHTML, like Gecko; compatible; GPTBot/1.3; +https://openai.com/gptbot)"
74.7.227.33 - - [13/Feb/2026:18:12:57 +0000] "GET /buy.php?jp/128045169.html HTTP/1.1" 200 137565 "http://sdiptunasbangsabna.sch.id/buy.php?detail/12801379134036" "Mozilla/5.0 AppleWebKit/537.36 (KHTML, like Gecko; compatible; GPTBot/1.3; +https://openai.com/gptbot)"
74.7.227.33 - - [13/Feb/2026:18:13:00 +0000] "GET /buy.php?detail/12804519818159 HTTP/1.1" 200 130838 "http://sdiptunasbangsabna.sch.id/buy.php?detail/12801379134036" "Mozilla/5.0 AppleWebKit/537.36 (KHTML, like Gecko; compatible; GPTBot/1.3; +https://openai.com/gptbot)"
74.7.227.33 - - [13/Feb/2026:18:13:22 +0000] "GET /buy.php?detail/12804507591842 HTTP/1.1" 200 139410 "http://sdiptunasbangsabna.sch.id/buy.php?detail/12801379134036" "Mozilla/5.0 AppleWebKit/537.36 (KHTML, like Gecko; compatible; GPTBot/1.3; +https://openai.com/gptbot)"
173.208.176.202 - - [13/Feb/2026:18:12:01 +0000] "GET /wp-content/wp3d4451/edit.php?id=275062 HTTP/1.1" 200 - "http://sdiptunasbangsabna.sch.id/wp-content/wp3d4451/edit.php?id=275062" "Mozilla/5.0 (Windows NT 10.0; Win64; x64) AppleWebKit/537.36 (KHTML, like Gecko) Chrome/58.0.3029.110 Safari/537.3"
74.7.227.33 - - [13/Feb/2026:18:13:45 +0000] "GET /buy.php?detail/12802521985715 HTTP/1.1" 200 132955 "http://sdiptunasbangsabna.sch.id/buy.php?detail/12804519818159" "Mozilla/5.0 AppleWebKit/537.36 (KHTML, like Gecko; compatible; GPTBot/1.3; +https://openai.com/gptbot)"
74.7.227.33 - - [13/Feb/2026:18:13:48 +0000] "GET /buy.php?detail/12802548591421 HTTP/1.1" 200 124645 "http://sdiptunasbangsabna.sch.id/buy.php?detail/12804519818159" "Mozilla/5.0 AppleWebKit/537.36 (KHTML, like Gecko; compatible; GPTBot/1.3; +https://openai.com/gptbot)"
74.7.227.33 - - [13/Feb/2026:18:13:51 +0000] "GET /buy.php?detail/12002403423661 HTTP/1.1" 200 119185 "http://sdiptunasbangsabna.sch.id/buy.php?detail/24501914283280" "Mozilla/5.0 AppleWebKit/537.36 (KHTML, like Gecko; compatible; GPTBot/1.3; +https://openai.com/gptbot)"
74.7.227.33 - - [13/Feb/2026:18:14:27 +0000] "GET /buy.php?detail/12001402644095 HTTP/1.1" 200 126008 "http://sdiptunasbangsabna.sch.id/buy.php?detail/12002403423661" "Mozilla/5.0 AppleWebKit/537.36 (KHTML, like Gecko; compatible; GPTBot/1.3; +https://openai.com/gptbot)"
74.7.227.33 - - [13/Feb/2026:18:14:37 +0000] "GET /buy.php?detail/12001394019252 HTTP/1.1" 200 142292 "http://sdiptunasbangsabna.sch.id/buy.php?detail/12002403423661" "Mozilla/5.0 AppleWebKit/537.36 (KHTML, like Gecko; compatible; GPTBot/1.3; +https://openai.com/gptbot)"
173.208.176.202 - - [13/Feb/2026:18:13:32 +0000] "GET /wp-content/wp3d4451/edit.php?id=275062 HTTP/1.1" 200 - "http://sdiptunasbangsabna.sch.id/wp-content/wp3d4451/edit.php?id=275062" "Mozilla/5.0 (Windows NT 10.0; Win64; x64) AppleWebKit/537.36 (KHTML, like Gecko) Chrome/58.0.3029.110 Safari/537.3"
74.7.227.33 - - [13/Feb/2026:18:15:04 +0000] "GET /buy.php?detail/12000953000743 HTTP/1.1" 200 129857 "http://sdiptunasbangsabna.sch.id/buy.php?detail/12001402644095" "Mozilla/5.0 AppleWebKit/537.36 (KHTML, like Gecko; compatible; GPTBot/1.3; +https://openai.com/gptbot)"
74.7.227.33 - - [13/Feb/2026:18:15:07 +0000] "GET /buy.php?detail/06801981944957 HTTP/1.1" 200 124195 "http://sdiptunasbangsabna.sch.id/buy.php?detail/12001402644095" "Mozilla/5.0 AppleWebKit/537.36 (KHTML, like Gecko; compatible; GPTBot/1.3; +https://openai.com/gptbot)"
74.7.227.33 - - [13/Feb/2026:18:15:15 +0000] "GET /buy.php?goods/120005545 HTTP/1.1" 200 125553 "http://sdiptunasbangsabna.sch.id/buy.php?detail/12001394019252" "Mozilla/5.0 AppleWebKit/537.36 (KHTML, like Gecko; compatible; GPTBot/1.3; +https://openai.com/gptbot)"
74.7.227.33 - - [13/Feb/2026:18:15:18 +0000] "GET /buy.php?goods/080047544 HTTP/1.1" 200 116984 "http://sdiptunasbangsabna.sch.id/buy.php?detail/12001394019252" "Mozilla/5.0 AppleWebKit/537.36 (KHTML, like Gecko; compatible; GPTBot/1.3; +https://openai.com/gptbot)"
74.7.227.33 - - [13/Feb/2026:18:15:24 +0000] "GET /buy.php?detail/12000564884568 HTTP/1.1" 200 131785 "http://sdiptunasbangsabna.sch.id/buy.php?detail/12001394019252" "Mozilla/5.0 AppleWebKit/537.36 (KHTML, like Gecko; compatible; GPTBot/1.3; +https://openai.com/gptbot)"
74.7.227.33 - - [13/Feb/2026:18:15:28 +0000] "GET /buy.php?detail/12000567662831 HTTP/1.1" 200 122625 "http://sdiptunasbangsabna.sch.id/buy.php?detail/12001394019252" "Mozilla/5.0 AppleWebKit/537.36 (KHTML, like Gecko; compatible; GPTBot/1.3; +https://openai.com/gptbot)"
74.7.227.33 - - [13/Feb/2026:18:15:45 +0000] "GET /buy.php?detail/21201236584159 HTTP/1.1" 200 121528 "http://sdiptunasbangsabna.sch.id/buy.php?detail/06801981944957" "Mozilla/5.0 AppleWebKit/537.36 (KHTML, like Gecko; compatible; GPTBot/1.3; +https://openai.com/gptbot)"
74.7.227.33 - - [13/Feb/2026:18:15:54 +0000] "GET /buy.php?detail/08004754449622 HTTP/1.1" 200 117052 "http://sdiptunasbangsabna.sch.id/buy.php?goods/080047544" "Mozilla/5.0 AppleWebKit/537.36 (KHTML, like Gecko; compatible; GPTBot/1.3; +https://openai.com/gptbot)"
74.7.227.33 - - [13/Feb/2026:18:16:05 +0000] "GET /buy.php?detail/12000554545527 HTTP/1.1" 200 124972 "http://sdiptunasbangsabna.sch.id/buy.php?goods/120005545" "Mozilla/5.0 AppleWebKit/537.36 (KHTML, like Gecko; compatible; GPTBot/1.3; +https://openai.com/gptbot)"
74.7.227.33 - - [13/Feb/2026:18:16:08 +0000] "GET /buy.php?detail/02702596070698 HTTP/1.1" 200 122765 "http://sdiptunasbangsabna.sch.id/buy.php?detail/12000564884568" "Mozilla/5.0 AppleWebKit/537.36 (KHTML, like Gecko; compatible; GPTBot/1.3; +https://openai.com/gptbot)"
173.208.176.202 - - [13/Feb/2026:18:15:04 +0000] "GET /wp-content/wp3d4451/edit.php?id=275062 HTTP/1.1" 200 - "http://sdiptunasbangsabna.sch.id/wp-content/wp3d4451/edit.php?id=275062" "Mozilla/5.0 (Windows NT 10.0; Win64; x64) AppleWebKit/537.36 (KHTML, like Gecko) Chrome/58.0.3029.110 Safari/537.3"
74.7.227.33 - - [13/Feb/2026:18:16:41 +0000] "GET /buy.php?detail/12001283493911 HTTP/1.1" 200 131094 "http://sdiptunasbangsabna.sch.id/buy.php?detail/12000554545527" "Mozilla/5.0 AppleWebKit/537.36 (KHTML, like Gecko; compatible; GPTBot/1.3; +https://openai.com/gptbot)"
74.7.227.33 - - [13/Feb/2026:18:16:45 +0000] "GET /buy.php?goods/027000904 HTTP/1.1" 200 141525 "http://sdiptunasbangsabna.sch.id/buy.php?detail/02702596070698" "Mozilla/5.0 AppleWebKit/537.36 (KHTML, like Gecko; compatible; GPTBot/1.3; +https://openai.com/gptbot)"
74.7.227.33 - - [13/Feb/2026:18:16:47 +0000] "GET /buy.php?detail/02700089915362 HTTP/1.1" 200 123469 "http://sdiptunasbangsabna.sch.id/buy.php?detail/02702596070698" "Mozilla/5.0 AppleWebKit/537.36 (KHTML, like Gecko; compatible; GPTBot/1.3; +https://openai.com/gptbot)"
74.7.227.33 - - [13/Feb/2026:18:16:51 +0000] "GET /buy.php?detail/02700092310792 HTTP/1.1" 200 131798 "http://sdiptunasbangsabna.sch.id/buy.php?detail/02702596070698" "Mozilla/5.0 AppleWebKit/537.36 (KHTML, like Gecko; compatible; GPTBot/1.3; +https://openai.com/gptbot)"
74.7.227.33 - - [13/Feb/2026:18:16:57 +0000] "GET /buy.php?detail/20903065242526 HTTP/1.1" 200 117620 "http://sdiptunasbangsabna.sch.id/buy.php?detail/02702596070698" "Mozilla/5.0 AppleWebKit/537.36 (KHTML, like Gecko; compatible; GPTBot/1.3; +https://openai.com/gptbot)"
