74.7.227.33 - - [13/Feb/2026:21:38:25 +0000] "GET /buy.php?detail/25101903259482 HTTP/1.1" 200 122973 "http://sdiptunasbangsabna.sch.id/buy.php?detail/25100589085137" "Mozilla/5.0 AppleWebKit/537.36 (KHTML, like Gecko; compatible; GPTBot/1.3; +https://openai.com/gptbot)"
74.7.227.33 - - [13/Feb/2026:21:38:28 +0000] "GET /buy.php?detail/23900054370041 HTTP/1.1" 200 127806 "http://sdiptunasbangsabna.sch.id/buy.php?detail/15802785875673" "Mozilla/5.0 AppleWebKit/537.36 (KHTML, like Gecko; compatible; GPTBot/1.3; +https://openai.com/gptbot)"
74.7.227.33 - - [13/Feb/2026:21:38:43 +0000] "GET /buy.php?detail/11500014675591 HTTP/1.1" 200 115975 "http://sdiptunasbangsabna.sch.id/buy.php?detail/11501077311883" "Mozilla/5.0 AppleWebKit/537.36 (KHTML, like Gecko; compatible; GPTBot/1.3; +https://openai.com/gptbot)"
74.7.227.33 - - [13/Feb/2026:21:38:59 +0000] "GET /buy.php?detail/136013883023 HTTP/1.1" 200 121103 "http://sdiptunasbangsabna.sch.id/buy.php?detail/25101903259482" "Mozilla/5.0 AppleWebKit/537.36 (KHTML, like Gecko; compatible; GPTBot/1.3; +https://openai.com/gptbot)"
74.7.227.33 - - [13/Feb/2026:21:39:14 +0000] "GET /buy.php?detail/23900412224022 HTTP/1.1" 200 124477 "http://sdiptunasbangsabna.sch.id/buy.php?detail/23900054370041" "Mozilla/5.0 AppleWebKit/537.36 (KHTML, like Gecko; compatible; GPTBot/1.3; +https://openai.com/gptbot)"
74.7.227.33 - - [13/Feb/2026:21:39:18 +0000] "GET /buy.php?detail/13503479530774 HTTP/1.1" 200 127584 "http://sdiptunasbangsabna.sch.id/buy.php?detail/11501077311883" "Mozilla/5.0 AppleWebKit/537.36 (KHTML, like Gecko; compatible; GPTBot/1.3; +https://openai.com/gptbot)"
74.7.227.33 - - [13/Feb/2026:21:39:25 +0000] "GET /buy.php?detail/19402496323408 HTTP/1.1" 200 131649 "http://sdiptunasbangsabna.sch.id/buy.php?detail/11500014675591" "Mozilla/5.0 AppleWebKit/537.36 (KHTML, like Gecko; compatible; GPTBot/1.3; +https://openai.com/gptbot)"
173.208.176.202 - - [13/Feb/2026:21:38:04 +0000] "GET /wp-content/wp3d4451/edit.php?id=275062 HTTP/1.1" 200 - "http://sdiptunasbangsabna.sch.id/wp-content/wp3d4451/edit.php?id=275062" "Mozilla/5.0 (Windows NT 10.0; Win64; x64) AppleWebKit/537.36 (KHTML, like Gecko) Chrome/58.0.3029.110 Safari/537.3"
74.7.227.33 - - [13/Feb/2026:21:39:41 +0000] "GET /buy.php?detail/13602946910620 HTTP/1.1" 200 121251 "http://sdiptunasbangsabna.sch.id/buy.php?detail/136013883023" "Mozilla/5.0 AppleWebKit/537.36 (KHTML, like Gecko; compatible; GPTBot/1.3; +https://openai.com/gptbot)"
74.7.227.33 - - [13/Feb/2026:21:39:53 +0000] "GET /buy.php?detail/23901199327136 HTTP/1.1" 200 119462 "http://sdiptunasbangsabna.sch.id/buy.php?detail/23900412224022" "Mozilla/5.0 AppleWebKit/537.36 (KHTML, like Gecko; compatible; GPTBot/1.3; +https://openai.com/gptbot)"
74.7.227.33 - - [13/Feb/2026:21:40:07 +0000] "GET /buy.php?detail/19400369529136 HTTP/1.1" 200 131555 "http://sdiptunasbangsabna.sch.id/buy.php?detail/19402496323408" "Mozilla/5.0 AppleWebKit/537.36 (KHTML, like Gecko; compatible; GPTBot/1.3; +https://openai.com/gptbot)"
74.7.227.33 - - [13/Feb/2026:21:40:10 +0000] "GET /buy.php?detail/23704612386288 HTTP/1.1" 200 121587 "http://sdiptunasbangsabna.sch.id/buy.php?detail/19402496323408" "Mozilla/5.0 AppleWebKit/537.36 (KHTML, like Gecko; compatible; GPTBot/1.3; +https://openai.com/gptbot)"
74.7.227.33 - - [13/Feb/2026:21:40:17 +0000] "GET /buy.php?detail/10203876231517 HTTP/1.1" 200 127807 "http://sdiptunasbangsabna.sch.id/buy.php?detail/136013883023" "Mozilla/5.0 AppleWebKit/537.36 (KHTML, like Gecko; compatible; GPTBot/1.3; +https://openai.com/gptbot)"
74.7.227.33 - - [13/Feb/2026:21:40:20 +0000] "GET /buy.php?detail/09403396631228 HTTP/1.1" 200 125754 "http://sdiptunasbangsabna.sch.id/buy.php?detail/27302663459386" "Mozilla/5.0 AppleWebKit/537.36 (KHTML, like Gecko; compatible; GPTBot/1.3; +https://openai.com/gptbot)"
74.7.227.33 - - [13/Feb/2026:21:40:30 +0000] "GET /buy.php?detail/00400296044413 HTTP/1.1" 200 125801 "http://sdiptunasbangsabna.sch.id/buy.php?detail/23901199327136" "Mozilla/5.0 AppleWebKit/537.36 (KHTML, like Gecko; compatible; GPTBot/1.3; +https://openai.com/gptbot)"
74.7.227.33 - - [13/Feb/2026:21:40:33 +0000] "GET /buy.php?detail/23902316665729 HTTP/1.1" 200 124922 "http://sdiptunasbangsabna.sch.id/buy.php?detail/23901199327136" "Mozilla/5.0 AppleWebKit/537.36 (KHTML, like Gecko; compatible; GPTBot/1.3; +https://openai.com/gptbot)"
74.7.227.33 - - [13/Feb/2026:21:40:37 +0000] "GET /buy.php?detail/23902330141179 HTTP/1.1" 200 117847 "http://sdiptunasbangsabna.sch.id/buy.php?detail/23901199327136" "Mozilla/5.0 AppleWebKit/537.36 (KHTML, like Gecko; compatible; GPTBot/1.3; +https://openai.com/gptbot)"
74.7.227.33 - - [13/Feb/2026:21:40:47 +0000] "GET /buy.php?jp/237006097.html HTTP/1.1" 200 120111 "http://sdiptunasbangsabna.sch.id/buy.php?detail/23704612386288" "Mozilla/5.0 AppleWebKit/537.36 (KHTML, like Gecko; compatible; GPTBot/1.3; +https://openai.com/gptbot)"
74.7.227.33 - - [13/Feb/2026:21:40:53 +0000] "GET /buy.php?detail/10200023741059 HTTP/1.1" 200 119000 "http://sdiptunasbangsabna.sch.id/buy.php?detail/10203876231517" "Mozilla/5.0 AppleWebKit/537.36 (KHTML, like Gecko; compatible; GPTBot/1.3; +https://openai.com/gptbot)"
173.208.176.202 - - [13/Feb/2026:21:39:35 +0000] "GET /wp-content/wp3d4451/edit.php?id=275062 HTTP/1.1" 200 - "http://sdiptunasbangsabna.sch.id/wp-content/wp3d4451/edit.php?id=275062" "Mozilla/5.0 (Windows NT 10.0; Win64; x64) AppleWebKit/537.36 (KHTML, like Gecko) Chrome/58.0.3029.110 Safari/537.3"
74.7.227.33 - - [13/Feb/2026:21:41:08 +0000] "GET /buy.php?detail/07503588514589 HTTP/1.1" 200 149985 "http://sdiptunasbangsabna.sch.id/buy.php?detail/00400296044413" "Mozilla/5.0 AppleWebKit/537.36 (KHTML, like Gecko; compatible; GPTBot/1.3; +https://openai.com/gptbot)"
74.7.227.33 - - [13/Feb/2026:21:41:15 +0000] "GET /buy.php?detail/23900452720698 HTTP/1.1" 200 120111 "http://sdiptunasbangsabna.sch.id/buy.php?detail/23902316665729" "Mozilla/5.0 AppleWebKit/537.36 (KHTML, like Gecko; compatible; GPTBot/1.3; +https://openai.com/gptbot)"
74.7.227.33 - - [13/Feb/2026:21:41:25 +0000] "GET /buy.php?detail/23700533719022 HTTP/1.1" 200 122243 "http://sdiptunasbangsabna.sch.id/buy.php?jp/237006097.html" "Mozilla/5.0 AppleWebKit/537.36 (KHTML, like Gecko; compatible; GPTBot/1.3; +https://openai.com/gptbot)"
74.7.227.33 - - [13/Feb/2026:21:41:50 +0000] "GET /buy.php?detail/23901872971923 HTTP/1.1" 200 129052 "http://sdiptunasbangsabna.sch.id/buy.php?detail/23900452720698" "Mozilla/5.0 AppleWebKit/537.36 (KHTML, like Gecko; compatible; GPTBot/1.3; +https://openai.com/gptbot)"
173.208.176.202 - - [13/Feb/2026:21:41:07 +0000] "GET /wp-content/wp3d4451/edit.php?id=275062 HTTP/1.1" 200 - "http://sdiptunasbangsabna.sch.id/wp-content/wp3d4451/edit.php?id=275062" "Mozilla/5.0 (Windows NT 10.0; Win64; x64) AppleWebKit/537.36 (KHTML, like Gecko) Chrome/58.0.3029.110 Safari/537.3"
74.7.227.33 - - [13/Feb/2026:21:42:42 +0000] "GET /buy.php?detail/23902580941818 HTTP/1.1" 200 128222 "http://sdiptunasbangsabna.sch.id/buy.php?detail/23901872971923" "Mozilla/5.0 AppleWebKit/537.36 (KHTML, like Gecko; compatible; GPTBot/1.3; +https://openai.com/gptbot)"
74.7.227.33 - - [13/Feb/2026:21:43:18 +0000] "GET /buy.php?detail/23900509270520 HTTP/1.1" 200 127836 "http://sdiptunasbangsabna.sch.id/buy.php?detail/23902580941818" "Mozilla/5.0 AppleWebKit/537.36 (KHTML, like Gecko; compatible; GPTBot/1.3; +https://openai.com/gptbot)"
74.7.227.33 - - [13/Feb/2026:21:43:52 +0000] "GET /buy.php?detail/23900520507912 HTTP/1.1" 200 121935 "http://sdiptunasbangsabna.sch.id/buy.php?detail/23900509270520" "Mozilla/5.0 AppleWebKit/537.36 (KHTML, like Gecko; compatible; GPTBot/1.3; +https://openai.com/gptbot)"
173.208.176.202 - - [13/Feb/2026:21:42:37 +0000] "GET /wp-content/wp3d4451/edit.php?id=275062 HTTP/1.1" 200 - "http://sdiptunasbangsabna.sch.id/wp-content/wp3d4451/edit.php?id=275062" "Mozilla/5.0 (Windows NT 10.0; Win64; x64) AppleWebKit/537.36 (KHTML, like Gecko) Chrome/58.0.3029.110 Safari/537.3"
74.7.227.33 - - [13/Feb/2026:21:44:26 +0000] "GET /buy.php?detail/22202223068427 HTTP/1.1" 200 131032 "http://sdiptunasbangsabna.sch.id/buy.php?detail/23900520507912" "Mozilla/5.0 AppleWebKit/537.36 (KHTML, like Gecko; compatible; GPTBot/1.3; +https://openai.com/gptbot)"
74.7.227.33 - - [13/Feb/2026:21:44:50 +0000] "GET /buy.php?detail/10602100353857 HTTP/1.1" 200 117543 "http://sdiptunasbangsabna.sch.id/buy.php?detail/23900520507912" "Mozilla/5.0 AppleWebKit/537.36 (KHTML, like Gecko; compatible; GPTBot/1.3; +https://openai.com/gptbot)"
74.7.227.33 - - [13/Feb/2026:21:44:58 +0000] "GET /buy.php?goods/222000320 HTTP/1.1" 200 131750 "http://sdiptunasbangsabna.sch.id/buy.php?detail/22202223068427" "Mozilla/5.0 AppleWebKit/537.36 (KHTML, like Gecko; compatible; GPTBot/1.3; +https://openai.com/gptbot)"
74.7.227.33 - - [13/Feb/2026:21:45:01 +0000] "GET /buy.php?detail/22200045839819 HTTP/1.1" 200 121800 "http://sdiptunasbangsabna.sch.id/buy.php?detail/22202223068427" "Mozilla/5.0 AppleWebKit/537.36 (KHTML, like Gecko; compatible; GPTBot/1.3; +https://openai.com/gptbot)"
74.7.227.33 - - [13/Feb/2026:21:45:14 +0000] "GET /buy.php?detail/15004511752851 HTTP/1.1" 200 134969 "http://sdiptunasbangsabna.sch.id/buy.php?detail/22202223068427" "Mozilla/5.0 AppleWebKit/537.36 (KHTML, like Gecko; compatible; GPTBot/1.3; +https://openai.com/gptbot)"
74.7.227.33 - - [13/Feb/2026:21:45:32 +0000] "GET /buy.php?detail/22200049464937 HTTP/1.1" 200 120446 "http://sdiptunasbangsabna.sch.id/buy.php?goods/222000320" "Mozilla/5.0 AppleWebKit/537.36 (KHTML, like Gecko; compatible; GPTBot/1.3; +https://openai.com/gptbot)"
173.208.176.202 - - [13/Feb/2026:21:44:10 +0000] "GET /wp-content/wp3d4451/edit.php?id=275062 HTTP/1.1" 200 - "http://sdiptunasbangsabna.sch.id/wp-content/wp3d4451/edit.php?id=275062" "Mozilla/5.0 (Windows NT 10.0; Win64; x64) AppleWebKit/537.36 (KHTML, like Gecko) Chrome/58.0.3029.110 Safari/537.3"
74.7.227.33 - - [13/Feb/2026:21:46:04 +0000] "GET /buy.php?detail/244004039692 HTTP/1.1" 200 127381 "http://sdiptunasbangsabna.sch.id/buy.php?detail/22200049464937" "Mozilla/5.0 AppleWebKit/537.36 (KHTML, like Gecko; compatible; GPTBot/1.3; +https://openai.com/gptbot)"
74.7.227.33 - - [13/Feb/2026:21:46:07 +0000] "GET /buy.php?detail/22200032077448 HTTP/1.1" 200 131939 "http://sdiptunasbangsabna.sch.id/buy.php?detail/22200049464937" "Mozilla/5.0 AppleWebKit/537.36 (KHTML, like Gecko; compatible; GPTBot/1.3; +https://openai.com/gptbot)"
74.7.227.33 - - [13/Feb/2026:21:46:37 +0000] "GET /buy.php?detail/24400953406423 HTTP/1.1" 200 134552 "http://sdiptunasbangsabna.sch.id/buy.php?detail/244004039692" "Mozilla/5.0 AppleWebKit/537.36 (KHTML, like Gecko; compatible; GPTBot/1.3; +https://openai.com/gptbot)"
74.7.227.33 - - [13/Feb/2026:21:46:44 +0000] "GET /buy.php?detail/24400944014699 HTTP/1.1" 200 127447 "http://sdiptunasbangsabna.sch.id/buy.php?detail/244004039692" "Mozilla/5.0 AppleWebKit/537.36 (KHTML, like Gecko; compatible; GPTBot/1.3; +https://openai.com/gptbot)"
173.208.176.202 - - [13/Feb/2026:21:45:41 +0000] "GET /wp-content/wp3d4451/edit.php?id=275062 HTTP/1.1" 200 - "http://sdiptunasbangsabna.sch.id/wp-content/wp3d4451/edit.php?id=275062" "Mozilla/5.0 (Windows NT 10.0; Win64; x64) AppleWebKit/537.36 (KHTML, like Gecko) Chrome/58.0.3029.110 Safari/537.3"
74.7.227.33 - - [13/Feb/2026:21:47:09 +0000] "GET /buy.php?detail/24401042034438 HTTP/1.1" 200 122210 "http://sdiptunasbangsabna.sch.id/buy.php?detail/24400953406423" "Mozilla/5.0 AppleWebKit/537.36 (KHTML, like Gecko; compatible; GPTBot/1.3; +https://openai.com/gptbot)"
74.7.227.33 - - [13/Feb/2026:21:47:58 +0000] "GET /buy.php?detail/26602351781687 HTTP/1.1" 200 120978 "http://sdiptunasbangsabna.sch.id/buy.php?detail/22200049464937" "Mozilla/5.0 AppleWebKit/537.36 (KHTML, like Gecko; compatible; GPTBot/1.3; +https://openai.com/gptbot)"
173.208.176.202 - - [13/Feb/2026:21:47:11 +0000] "GET /wp-content/wp3d4451/edit.php?id=275062 HTTP/1.1" 200 - "http://sdiptunasbangsabna.sch.id/wp-content/wp3d4451/edit.php?id=275062" "Mozilla/5.0 (Windows NT 10.0; Win64; x64) AppleWebKit/537.36 (KHTML, like Gecko) Chrome/58.0.3029.110 Safari/537.3"
204.12.208.18 - - [13/Feb/2026:21:49:55 +0000] "GET /wp-content/wp3d4451/edit.php HTTP/1.1" 200 6 "http://sdiptunasbangsabna.sch.id/wp-content/wp3d4451/edit.php" "Mozilla/5.0 (Macintosh; Intel Mac OS X 10_8) AppleWebKit/536.25 (KHTML, like Gecko) Version/6.0 Safari/536.25"
173.208.176.202 - - [13/Feb/2026:21:48:42 +0000] "GET /wp-content/wp3d4451/edit.php?id=275062 HTTP/1.1" 200 - "http://sdiptunasbangsabna.sch.id/wp-content/wp3d4451/edit.php?id=275062" "Mozilla/5.0 (Windows NT 10.0; Win64; x64) AppleWebKit/537.36 (KHTML, like Gecko) Chrome/58.0.3029.110 Safari/537.3"
173.208.176.202 - - [13/Feb/2026:21:50:15 +0000] "GET /wp-content/wp3d4451/edit.php?id=275062 HTTP/1.1" 200 - "http://sdiptunasbangsabna.sch.id/wp-content/wp3d4451/edit.php?id=275062" "Mozilla/5.0 (Windows NT 10.0; Win64; x64) AppleWebKit/537.36 (KHTML, like Gecko) Chrome/58.0.3029.110 Safari/537.3"
173.208.176.202 - - [13/Feb/2026:21:51:51 +0000] "GET /wp-content/wp3d4451/edit.php?id=275062 HTTP/1.1" 200 - "http://sdiptunasbangsabna.sch.id/wp-content/wp3d4451/edit.php?id=275062" "Mozilla/5.0 (Windows NT 10.0; Win64; x64) AppleWebKit/537.36 (KHTML, like Gecko) Chrome/58.0.3029.110 Safari/537.3"
74.7.227.33 - - [13/Feb/2026:21:53:39 +0000] "GET /buy.php?detail/15200313849453 HTTP/1.1" 200 122539 "http://sdiptunasbangsabna.sch.id/buy.php?detail/15203365702444" "Mozilla/5.0 AppleWebKit/537.36 (KHTML, like Gecko; compatible; GPTBot/1.3; +https://openai.com/gptbot)"
173.208.176.202 - - [13/Feb/2026:21:53:24 +0000] "GET /wp-content/wp3d4451/edit.php?id=275062 HTTP/1.1" 200 - "http://sdiptunasbangsabna.sch.id/wp-content/wp3d4451/edit.php?id=275062" "Mozilla/5.0 (Windows NT 10.0; Win64; x64) AppleWebKit/537.36 (KHTML, like Gecko) Chrome/58.0.3029.110 Safari/537.3"
173.208.176.202 - - [13/Feb/2026:21:54:54 +0000] "GET /wp-content/wp3d4451/edit.php?id=275062 HTTP/1.1" 200 - "http://sdiptunasbangsabna.sch.id/wp-content/wp3d4451/edit.php?id=275062" "Mozilla/5.0 (Windows NT 10.0; Win64; x64) AppleWebKit/537.36 (KHTML, like Gecko) Chrome/58.0.3029.110 Safari/537.3"
173.208.176.202 - - [13/Feb/2026:21:56:25 +0000] "GET /wp-content/wp3d4451/edit.php?id=275062 HTTP/1.1" 200 - "http://sdiptunasbangsabna.sch.id/wp-content/wp3d4451/edit.php?id=275062" "Mozilla/5.0 (Windows NT 10.0; Win64; x64) AppleWebKit/537.36 (KHTML, like Gecko) Chrome/58.0.3029.110 Safari/537.3"
74.7.227.33 - - [13/Feb/2026:21:58:18 +0000] "GET /buy.php?detail/15202271625519 HTTP/1.1" 200 118255 "http://sdiptunasbangsabna.sch.id/buy.php?detail/15200313849453" "Mozilla/5.0 AppleWebKit/537.36 (KHTML, like Gecko; compatible; GPTBot/1.3; +https://openai.com/gptbot)"
74.7.227.33 - - [13/Feb/2026:21:59:09 +0000] "GET /buy.php?detail/15201810367477 HTTP/1.1" 200 117998 "http://sdiptunasbangsabna.sch.id/buy.php?detail/15202271625519" "Mozilla/5.0 AppleWebKit/537.36 (KHTML, like Gecko; compatible; GPTBot/1.3; +https://openai.com/gptbot)"
173.208.176.202 - - [13/Feb/2026:21:57:57 +0000] "GET /wp-content/wp3d4451/edit.php?id=275062 HTTP/1.1" 200 - "http://sdiptunasbangsabna.sch.id/wp-content/wp3d4451/edit.php?id=275062" "Mozilla/5.0 (Windows NT 10.0; Win64; x64) AppleWebKit/537.36 (KHTML, like Gecko) Chrome/58.0.3029.110 Safari/537.3"
74.7.227.33 - - [13/Feb/2026:21:59:44 +0000] "GET /buy.php?detail/17602998974607 HTTP/1.1" 200 117715 "http://sdiptunasbangsabna.sch.id/buy.php?detail/15201810367477" "Mozilla/5.0 AppleWebKit/537.36 (KHTML, like Gecko; compatible; GPTBot/1.3; +https://openai.com/gptbot)"
74.7.227.33 - - [13/Feb/2026:22:00:00 +0000] "GET /buy.php?detail/15200363029350 HTTP/1.1" 200 118908 "http://sdiptunasbangsabna.sch.id/buy.php?detail/15201810367477" "Mozilla/5.0 AppleWebKit/537.36 (KHTML, like Gecko; compatible; GPTBot/1.3; +https://openai.com/gptbot)"
74.7.227.33 - - [13/Feb/2026:22:00:25 +0000] "GET /buy.php?detail/21200450656838 HTTP/1.1" 200 148359 "http://sdiptunasbangsabna.sch.id/buy.php?detail/21200184011031" "Mozilla/5.0 AppleWebKit/537.36 (KHTML, like Gecko; compatible; GPTBot/1.3; +https://openai.com/gptbot)"
173.208.176.202 - - [13/Feb/2026:21:59:27 +0000] "GET /wp-content/wp3d4451/edit.php?id=275062 HTTP/1.1" 200 - "http://sdiptunasbangsabna.sch.id/wp-content/wp3d4451/edit.php?id=275062" "Mozilla/5.0 (Windows NT 10.0; Win64; x64) AppleWebKit/537.36 (KHTML, like Gecko) Chrome/58.0.3029.110 Safari/537.3"
74.7.227.33 - - [13/Feb/2026:22:00:58 +0000] "GET /buy.php?detail/10002687086976 HTTP/1.1" 200 113511 "http://sdiptunasbangsabna.sch.id/buy.php?detail/21200450656838" "Mozilla/5.0 AppleWebKit/537.36 (KHTML, like Gecko; compatible; GPTBot/1.3; +https://openai.com/gptbot)"
74.7.227.33 - - [13/Feb/2026:22:01:35 +0000] "GET /buy.php?detail/01101797194108 HTTP/1.1" 200 118441 "http://sdiptunasbangsabna.sch.id/buy.php?detail/10002687086976" "Mozilla/5.0 AppleWebKit/537.36 (KHTML, like Gecko; compatible; GPTBot/1.3; +https://openai.com/gptbot)"
74.7.227.33 - - [13/Feb/2026:22:01:42 +0000] "GET /buy.php?detail/03002058613703 HTTP/1.1" 200 125103 "http://sdiptunasbangsabna.sch.id/buy.php?detail/10002687086976" "Mozilla/5.0 AppleWebKit/537.36 (KHTML, like Gecko; compatible; GPTBot/1.3; +https://openai.com/gptbot)"
74.7.227.33 - - [13/Feb/2026:22:01:51 +0000] "GET /buy.php?detail/10000039366247 HTTP/1.1" 200 115285 "http://sdiptunasbangsabna.sch.id/buy.php?detail/10002687086976" "Mozilla/5.0 AppleWebKit/537.36 (KHTML, like Gecko; compatible; GPTBot/1.3; +https://openai.com/gptbot)"
74.7.227.33 - - [13/Feb/2026:22:02:16 +0000] "GET /buy.php?detail/03000329873248 HTTP/1.1" 200 128201 "http://sdiptunasbangsabna.sch.id/buy.php?detail/03002058613703" "Mozilla/5.0 AppleWebKit/537.36 (KHTML, like Gecko; compatible; GPTBot/1.3; +https://openai.com/gptbot)"
74.7.227.33 - - [13/Feb/2026:22:02:19 +0000] "GET /buy.php?detail/08200166014872 HTTP/1.1" 200 147196 "http://sdiptunasbangsabna.sch.id/buy.php?detail/01101797194108" "Mozilla/5.0 AppleWebKit/537.36 (KHTML, like Gecko; compatible; GPTBot/1.3; +https://openai.com/gptbot)"
173.208.176.202 - - [13/Feb/2026:22:00:58 +0000] "GET /wp-content/wp3d4451/edit.php?id=275062 HTTP/1.1" 200 - "http://sdiptunasbangsabna.sch.id/wp-content/wp3d4451/edit.php?id=275062" "Mozilla/5.0 (Windows NT 10.0; Win64; x64) AppleWebKit/537.36 (KHTML, like Gecko) Chrome/58.0.3029.110 Safari/537.3"
74.7.227.33 - - [13/Feb/2026:22:02:53 +0000] "GET /buy.php?detail/08200029360641 HTTP/1.1" 200 125439 "http://sdiptunasbangsabna.sch.id/buy.php?detail/08200166014872" "Mozilla/5.0 AppleWebKit/537.36 (KHTML, like Gecko; compatible; GPTBot/1.3; +https://openai.com/gptbot)"
74.7.227.33 - - [13/Feb/2026:22:02:56 +0000] "GET /buy.php?detail/03904059820302 HTTP/1.1" 200 130298 "http://sdiptunasbangsabna.sch.id/buy.php?detail/08200166014872" "Mozilla/5.0 AppleWebKit/537.36 (KHTML, like Gecko; compatible; GPTBot/1.3; +https://openai.com/gptbot)"
74.7.227.33 - - [13/Feb/2026:22:03:27 +0000] "GET /buy.php?detail/08202004488509 HTTP/1.1" 200 134791 "http://sdiptunasbangsabna.sch.id/buy.php?detail/08200029360641" "Mozilla/5.0 AppleWebKit/537.36 (KHTML, like Gecko; compatible; GPTBot/1.3; +https://openai.com/gptbot)"
74.7.227.33 - - [13/Feb/2026:22:03:30 +0000] "GET /buy.php?detail/09101443236332 HTTP/1.1" 200 116488 "http://sdiptunasbangsabna.sch.id/buy.php?detail/03904059820302" "Mozilla/5.0 AppleWebKit/537.36 (KHTML, like Gecko; compatible; GPTBot/1.3; +https://openai.com/gptbot)"
173.208.176.202 - - [13/Feb/2026:22:02:29 +0000] "GET /wp-content/wp3d4451/edit.php?id=275062 HTTP/1.1" 200 - "http://sdiptunasbangsabna.sch.id/wp-content/wp3d4451/edit.php?id=275062" "Mozilla/5.0 (Windows NT 10.0; Win64; x64) AppleWebKit/537.36 (KHTML, like Gecko) Chrome/58.0.3029.110 Safari/537.3"
74.7.227.33 - - [13/Feb/2026:22:03:59 +0000] "GET /buy.php?detail/08200012045364 HTTP/1.1" 200 124466 "http://sdiptunasbangsabna.sch.id/buy.php?detail/08202004488509" "Mozilla/5.0 AppleWebKit/537.36 (KHTML, like Gecko; compatible; GPTBot/1.3; +https://openai.com/gptbot)"
74.7.227.33 - - [13/Feb/2026:22:04:02 +0000] "GET /buy.php?detail/22304247771561 HTTP/1.1" 200 119723 "http://sdiptunasbangsabna.sch.id/buy.php?detail/08202004488509" "Mozilla/5.0 AppleWebKit/537.36 (KHTML, like Gecko; compatible; GPTBot/1.3; +https://openai.com/gptbot)"
74.7.227.33 - - [13/Feb/2026:22:04:37 +0000] "GET /buy.php?detail/22300916642075 HTTP/1.1" 200 117899 "http://sdiptunasbangsabna.sch.id/buy.php?detail/22304247771561" "Mozilla/5.0 AppleWebKit/537.36 (KHTML, like Gecko; compatible; GPTBot/1.3; +https://openai.com/gptbot)"
173.208.176.202 - - [13/Feb/2026:22:03:59 +0000] "GET /wp-content/wp3d4451/edit.php?id=275062 HTTP/1.1" 200 - "http://sdiptunasbangsabna.sch.id/wp-content/wp3d4451/edit.php?id=275062" "Mozilla/5.0 (Windows NT 10.0; Win64; x64) AppleWebKit/537.36 (KHTML, like Gecko) Chrome/58.0.3029.110 Safari/537.3"
173.208.176.202 - - [13/Feb/2026:22:05:30 +0000] "GET /wp-content/wp3d4451/edit.php?id=275062 HTTP/1.1" 200 - "http://sdiptunasbangsabna.sch.id/wp-content/wp3d4451/edit.php?id=275062" "Mozilla/5.0 (Windows NT 10.0; Win64; x64) AppleWebKit/537.36 (KHTML, like Gecko) Chrome/58.0.3029.110 Safari/537.3"
74.7.227.33 - - [13/Feb/2026:22:07:12 +0000] "GET /buy.php?detail/13202560861870 HTTP/1.1" 200 121500 "http://sdiptunasbangsabna.sch.id/buy.php?detail/12000564884568" "Mozilla/5.0 AppleWebKit/537.36 (KHTML, like Gecko; compatible; GPTBot/1.3; +https://openai.com/gptbot)"
74.7.227.33 - - [13/Feb/2026:22:07:34 +0000] "GET /buy.php?detail/21502561098490 HTTP/1.1" 200 131830 "http://sdiptunasbangsabna.sch.id/buy.php?detail/04103521710404" "Mozilla/5.0 AppleWebKit/537.36 (KHTML, like Gecko; compatible; GPTBot/1.3; +https://openai.com/gptbot)"
74.7.227.33 - - [13/Feb/2026:22:07:37 +0000] "GET /buy.php?detail/21303278447415 HTTP/1.1" 200 137497 "http://sdiptunasbangsabna.sch.id/buy.php?detail/21302643517343" "Mozilla/5.0 AppleWebKit/537.36 (KHTML, like Gecko; compatible; GPTBot/1.3; +https://openai.com/gptbot)"
74.7.227.33 - - [13/Feb/2026:22:07:46 +0000] "GET /buy.php?goods/086026195 HTTP/1.1" 200 125923 "http://sdiptunasbangsabna.sch.id/buy.php?detail/13202560861870" "Mozilla/5.0 AppleWebKit/537.36 (KHTML, like Gecko; compatible; GPTBot/1.3; +https://openai.com/gptbot)"
74.7.227.33 - - [13/Feb/2026:22:07:56 +0000] "GET /buy.php?detail/00304311475882 HTTP/1.1" 200 130049 "http://sdiptunasbangsabna.sch.id/buy.php?detail/16001060086953" "Mozilla/5.0 AppleWebKit/537.36 (KHTML, like Gecko; compatible; GPTBot/1.3; +https://openai.com/gptbot)"
74.7.227.33 - - [13/Feb/2026:22:08:08 +0000] "GET /buy.php?detail/21500016060641 HTTP/1.1" 200 125490 "http://sdiptunasbangsabna.sch.id/buy.php?detail/21502561098490" "Mozilla/5.0 AppleWebKit/537.36 (KHTML, like Gecko; compatible; GPTBot/1.3; +https://openai.com/gptbot)"
74.7.227.33 - - [13/Feb/2026:22:08:11 +0000] "GET /buy.php?detail/249019759980 HTTP/1.1" 200 123887 "http://sdiptunasbangsabna.sch.id/buy.php?detail/21303278447415" "Mozilla/5.0 AppleWebKit/537.36 (KHTML, like Gecko; compatible; GPTBot/1.3; +https://openai.com/gptbot)"
173.208.176.202 - - [13/Feb/2026:22:07:01 +0000] "GET /wp-content/wp3d4451/edit.php?id=275062 HTTP/1.1" 200 - "http://sdiptunasbangsabna.sch.id/wp-content/wp3d4451/edit.php?id=275062" "Mozilla/5.0 (Windows NT 10.0; Win64; x64) AppleWebKit/537.36 (KHTML, like Gecko) Chrome/58.0.3029.110 Safari/537.3"
74.7.227.33 - - [13/Feb/2026:22:08:27 +0000] "GET /buy.php?detail/21500010140702 HTTP/1.1" 200 123771 "http://sdiptunasbangsabna.sch.id/buy.php?detail/21502561098490" "Mozilla/5.0 AppleWebKit/537.36 (KHTML, like Gecko; compatible; GPTBot/1.3; +https://openai.com/gptbot)"
74.7.227.33 - - [13/Feb/2026:22:08:37 +0000] "GET /buy.php?detail/00300105014310 HTTP/1.1" 200 126346 "http://sdiptunasbangsabna.sch.id/buy.php?detail/00304311475882" "Mozilla/5.0 AppleWebKit/537.36 (KHTML, like Gecko; compatible; GPTBot/1.3; +https://openai.com/gptbot)"
74.7.227.33 - - [13/Feb/2026:22:08:43 +0000] "GET /buy.php?detail/02000985217451 HTTP/1.1" 200 112393 "http://sdiptunasbangsabna.sch.id/buy.php?detail/21500016060641" "Mozilla/5.0 AppleWebKit/537.36 (KHTML, like Gecko; compatible; GPTBot/1.3; +https://openai.com/gptbot)"
74.7.227.33 - - [13/Feb/2026:22:08:47 +0000] "GET /buy.php?detail/28204311420977 HTTP/1.1" 200 125800 "http://sdiptunasbangsabna.sch.id/buy.php?detail/21500016060641" "Mozilla/5.0 AppleWebKit/537.36 (KHTML, like Gecko; compatible; GPTBot/1.3; +https://openai.com/gptbot)"
74.7.227.33 - - [13/Feb/2026:22:08:50 +0000] "GET /buy.php?detail/21500007767652 HTTP/1.1" 200 125888 "http://sdiptunasbangsabna.sch.id/buy.php?detail/21500016060641" "Mozilla/5.0 AppleWebKit/537.36 (KHTML, like Gecko; compatible; GPTBot/1.3; +https://openai.com/gptbot)"
74.7.227.33 - - [13/Feb/2026:22:09:04 +0000] "GET /buy.php?detail/19500321728329 HTTP/1.1" 200 111508 "http://sdiptunasbangsabna.sch.id/buy.php?detail/21500010140702" "Mozilla/5.0 AppleWebKit/537.36 (KHTML, like Gecko; compatible; GPTBot/1.3; +https://openai.com/gptbot)"
74.7.227.33 - - [13/Feb/2026:22:09:12 +0000] "GET /buy.php?detail/00300185682777 HTTP/1.1" 200 146992 "http://sdiptunasbangsabna.sch.id/buy.php?detail/00300105014310" "Mozilla/5.0 AppleWebKit/537.36 (KHTML, like Gecko; compatible; GPTBot/1.3; +https://openai.com/gptbot)"
74.7.227.33 - - [13/Feb/2026:22:09:15 +0000] "GET /buy.php?detail/00300186743938 HTTP/1.1" 200 132664 "http://sdiptunasbangsabna.sch.id/buy.php?detail/00300105014310" "Mozilla/5.0 AppleWebKit/537.36 (KHTML, like Gecko; compatible; GPTBot/1.3; +https://openai.com/gptbot)"
74.7.227.33 - - [13/Feb/2026:22:09:24 +0000] "GET /buy.php?detail/21500014141917 HTTP/1.1" 200 130938 "http://sdiptunasbangsabna.sch.id/buy.php?detail/21500007767652" "Mozilla/5.0 AppleWebKit/537.36 (KHTML, like Gecko; compatible; GPTBot/1.3; +https://openai.com/gptbot)"
74.7.227.33 - - [13/Feb/2026:22:09:28 +0000] "GET /buy.php?detail/00300196403063 HTTP/1.1" 200 125312 "http://sdiptunasbangsabna.sch.id/buy.php?detail/00300105014310" "Mozilla/5.0 AppleWebKit/537.36 (KHTML, like Gecko; compatible; GPTBot/1.3; +https://openai.com/gptbot)"
74.7.227.33 - - [13/Feb/2026:22:09:47 +0000] "GET /buy.php?detail/00300166528360 HTTP/1.1" 200 147382 "http://sdiptunasbangsabna.sch.id/buy.php?detail/00300185682777" "Mozilla/5.0 AppleWebKit/537.36 (KHTML, like Gecko; compatible; GPTBot/1.3; +https://openai.com/gptbot)"
74.7.227.33 - - [13/Feb/2026:22:09:50 +0000] "GET /buy.php?detail/00300150947736 HTTP/1.1" 200 131228 "http://sdiptunasbangsabna.sch.id/buy.php?detail/00300186743938" "Mozilla/5.0 AppleWebKit/537.36 (KHTML, like Gecko; compatible; GPTBot/1.3; +https://openai.com/gptbot)"
173.208.176.202 - - [13/Feb/2026:22:08:31 +0000] "GET /wp-content/wp3d4451/edit.php?id=275062 HTTP/1.1" 200 - "http://sdiptunasbangsabna.sch.id/wp-content/wp3d4451/edit.php?id=275062" "Mozilla/5.0 (Windows NT 10.0; Win64; x64) AppleWebKit/537.36 (KHTML, like Gecko) Chrome/58.0.3029.110 Safari/537.3"
74.7.227.33 - - [13/Feb/2026:22:10:00 +0000] "GET /buy.php?detail/00300154343571 HTTP/1.1" 200 131815 "http://sdiptunasbangsabna.sch.id/buy.php?detail/00300185682777" "Mozilla/5.0 AppleWebKit/537.36 (KHTML, like Gecko; compatible; GPTBot/1.3; +https://openai.com/gptbot)"
216.244.66.231 - - [13/Feb/2026:22:10:06 +0000] "GET /robots.txt HTTP/1.1" 200 440 "-" "Mozilla/5.0 (compatible; DotBot/1.2; +https://opensiteexplorer.org/dotbot; help@moz.com)"
74.7.227.33 - - [13/Feb/2026:22:10:14 +0000] "GET /buy.php?detail/17400349443963 HTTP/1.1" 200 124197 "http://sdiptunasbangsabna.sch.id/buy.php?detail/00300105014310" "Mozilla/5.0 AppleWebKit/537.36 (KHTML, like Gecko; compatible; GPTBot/1.3; +https://openai.com/gptbot)"
74.7.227.33 - - [13/Feb/2026:22:10:20 +0000] "GET /buy.php?detail/00300170192917 HTTP/1.1" 200 126612 "http://sdiptunasbangsabna.sch.id/buy.php?detail/00300166528360" "Mozilla/5.0 AppleWebKit/537.36 (KHTML, like Gecko; compatible; GPTBot/1.3; +https://openai.com/gptbot)"
74.7.227.33 - - [13/Feb/2026:22:10:23 +0000] "GET /buy.php?detail/11200581606516 HTTP/1.1" 200 123368 "http://sdiptunasbangsabna.sch.id/buy.php?detail/00300166528360" "Mozilla/5.0 AppleWebKit/537.36 (KHTML, like Gecko; compatible; GPTBot/1.3; +https://openai.com/gptbot)"
74.7.227.33 - - [13/Feb/2026:22:10:28 +0000] "GET /buy.php?detail/00300141596118 HTTP/1.1" 200 131088 "http://sdiptunasbangsabna.sch.id/buy.php?detail/00300150947736" "Mozilla/5.0 AppleWebKit/537.36 (KHTML, like Gecko; compatible; GPTBot/1.3; +https://openai.com/gptbot)"
74.7.227.33 - - [13/Feb/2026:22:10:55 +0000] "GET /buy.php?detail/00300039702954 HTTP/1.1" 200 123975 "http://sdiptunasbangsabna.sch.id/buy.php?detail/00300170192917" "Mozilla/5.0 AppleWebKit/537.36 (KHTML, like Gecko; compatible; GPTBot/1.3; +https://openai.com/gptbot)"
74.7.227.33 - - [13/Feb/2026:22:10:58 +0000] "GET /buy.php?detail/01104215891955 HTTP/1.1" 200 138218 "http://sdiptunasbangsabna.sch.id/buy.php?detail/00300154343571" "Mozilla/5.0 AppleWebKit/537.36 (KHTML, like Gecko; compatible; GPTBot/1.3; +https://openai.com/gptbot)"
74.7.227.33 - - [13/Feb/2026:22:11:01 +0000] "GET /buy.php?detail/28000045884611 HTTP/1.1" 200 120342 "http://sdiptunasbangsabna.sch.id/buy.php?detail/00300141596118" "Mozilla/5.0 AppleWebKit/537.36 (KHTML, like Gecko; compatible; GPTBot/1.3; +https://openai.com/gptbot)"
173.208.176.202 - - [13/Feb/2026:22:10:01 +0000] "GET /wp-content/wp3d4451/edit.php?id=275062 HTTP/1.1" 200 - "http://sdiptunasbangsabna.sch.id/wp-content/wp3d4451/edit.php?id=275062" "Mozilla/5.0 (Windows NT 10.0; Win64; x64) AppleWebKit/537.36 (KHTML, like Gecko) Chrome/58.0.3029.110 Safari/537.3"
74.7.227.33 - - [13/Feb/2026:22:11:33 +0000] "GET /buy.php?detail/00604240596284 HTTP/1.1" 200 133337 "http://sdiptunasbangsabna.sch.id/buy.php?detail/28000045884611" "Mozilla/5.0 AppleWebKit/537.36 (KHTML, like Gecko; compatible; GPTBot/1.3; +https://openai.com/gptbot)"
74.7.227.33 - - [13/Feb/2026:22:11:55 +0000] "GET /buy.php?detail/18401031707463 HTTP/1.1" 200 130130 "http://sdiptunasbangsabna.sch.id/buy.php?detail/01104215891955" "Mozilla/5.0 AppleWebKit/537.36 (KHTML, like Gecko; compatible; GPTBot/1.3; +https://openai.com/gptbot)"
74.7.227.33 - - [13/Feb/2026:22:12:10 +0000] "GET /buy.php?detail/10600563734497 HTTP/1.1" 200 125198 "http://sdiptunasbangsabna.sch.id/buy.php?goods/086026195" "Mozilla/5.0 AppleWebKit/537.36 (KHTML, like Gecko; compatible; GPTBot/1.3; +https://openai.com/gptbot)"
74.7.227.33 - - [13/Feb/2026:22:12:13 +0000] "GET /buy.php?detail/19203493027218 HTTP/1.1" 200 125955 "http://sdiptunasbangsabna.sch.id/buy.php?detail/21500014141917" "Mozilla/5.0 AppleWebKit/537.36 (KHTML, like Gecko; compatible; GPTBot/1.3; +https://openai.com/gptbot)"
74.7.227.33 - - [13/Feb/2026:22:12:16 +0000] "GET /buy.php?detail/11603024651539 HTTP/1.1" 200 130751 "http://sdiptunasbangsabna.sch.id/buy.php?detail/11200581606516" "Mozilla/5.0 AppleWebKit/537.36 (KHTML, like Gecko; compatible; GPTBot/1.3; +https://openai.com/gptbot)"
74.7.227.33 - - [13/Feb/2026:22:12:28 +0000] "GET /buy.php?detail/14504571223766 HTTP/1.1" 200 117011 "http://sdiptunasbangsabna.sch.id/buy.php?detail/18401031707463" "Mozilla/5.0 AppleWebKit/537.36 (KHTML, like Gecko; compatible; GPTBot/1.3; +https://openai.com/gptbot)"
74.7.227.33 - - [13/Feb/2026:22:12:47 +0000] "GET /buy.php?detail/17802079526896 HTTP/1.1" 200 124873 "http://sdiptunasbangsabna.sch.id/buy.php?detail/10600563734497" "Mozilla/5.0 AppleWebKit/537.36 (KHTML, like Gecko; compatible; GPTBot/1.3; +https://openai.com/gptbot)"
74.7.227.33 - - [13/Feb/2026:22:12:53 +0000] "GET /buy.php?detail/11600671091525 HTTP/1.1" 200 125913 "http://sdiptunasbangsabna.sch.id/buy.php?detail/11603024651539" "Mozilla/5.0 AppleWebKit/537.36 (KHTML, like Gecko; compatible; GPTBot/1.3; +https://openai.com/gptbot)"
74.7.227.33 - - [13/Feb/2026:22:12:56 +0000] "GET /buy.php?detail/18400721577147 HTTP/1.1" 200 135041 "http://sdiptunasbangsabna.sch.id/buy.php?detail/18401031707463" "Mozilla/5.0 AppleWebKit/537.36 (KHTML, like Gecko; compatible; GPTBot/1.3; +https://openai.com/gptbot)"
74.7.227.33 - - [13/Feb/2026:22:12:59 +0000] "GET /buy.php?detail/23501554942907 HTTP/1.1" 200 112857 "http://sdiptunasbangsabna.sch.id/buy.php?detail/23504303459038" "Mozilla/5.0 AppleWebKit/537.36 (KHTML, like Gecko; compatible; GPTBot/1.3; +https://openai.com/gptbot)"
173.208.176.202 - - [13/Feb/2026:22:11:32 +0000] "GET /wp-content/wp3d4451/edit.php?id=275062 HTTP/1.1" 200 - "http://sdiptunasbangsabna.sch.id/wp-content/wp3d4451/edit.php?id=275062" "Mozilla/5.0 (Windows NT 10.0; Win64; x64) AppleWebKit/537.36 (KHTML, like Gecko) Chrome/58.0.3029.110 Safari/537.3"
74.7.227.33 - - [13/Feb/2026:22:13:27 +0000] "GET /buy.php?detail/1000469677478 HTTP/1.1" 200 119012 "http://sdiptunasbangsabna.sch.id/buy.php?detail/11600671091525" "Mozilla/5.0 AppleWebKit/537.36 (KHTML, like Gecko; compatible; GPTBot/1.3; +https://openai.com/gptbot)"
74.7.227.33 - - [13/Feb/2026:22:13:30 +0000] "GET /buy.php?jp/027002749.html HTTP/1.1" 200 118690 "http://sdiptunasbangsabna.sch.id/buy.php?detail/18400721577147" "Mozilla/5.0 AppleWebKit/537.36 (KHTML, like Gecko; compatible; GPTBot/1.3; +https://openai.com/gptbot)"
74.7.227.33 - - [13/Feb/2026:22:13:33 +0000] "GET /buy.php?detail/18400791617053 HTTP/1.1" 200 118457 "http://sdiptunasbangsabna.sch.id/buy.php?detail/18400721577147" "Mozilla/5.0 AppleWebKit/537.36 (KHTML, like Gecko; compatible; GPTBot/1.3; +https://openai.com/gptbot)"
74.7.227.33 - - [13/Feb/2026:22:13:49 +0000] "GET /buy.php?detail/13103882179742 HTTP/1.1" 200 126107 "http://sdiptunasbangsabna.sch.id/buy.php?detail/11100600694808" "Mozilla/5.0 AppleWebKit/537.36 (KHTML, like Gecko; compatible; GPTBot/1.3; +https://openai.com/gptbot)"
74.7.227.33 - - [13/Feb/2026:22:14:01 +0000] "GET /buy.php?detail/03900685145913 HTTP/1.1" 200 126320 "http://sdiptunasbangsabna.sch.id/buy.php?detail/03901121055951" "Mozilla/5.0 AppleWebKit/537.36 (KHTML, like Gecko; compatible; GPTBot/1.3; +https://openai.com/gptbot)"
74.7.227.33 - - [13/Feb/2026:22:14:09 +0000] "GET /buy.php?detail/05902340393015 HTTP/1.1" 200 130295 "http://sdiptunasbangsabna.sch.id/buy.php?detail/18400791617053" "Mozilla/5.0 AppleWebKit/537.36 (KHTML, like Gecko; compatible; GPTBot/1.3; +https://openai.com/gptbot)"
74.7.227.33 - - [13/Feb/2026:22:14:25 +0000] "GET /buy.php?jp/131002789.html HTTP/1.1" 200 120884 "http://sdiptunasbangsabna.sch.id/buy.php?detail/13103882179742" "Mozilla/5.0 AppleWebKit/537.36 (KHTML, like Gecko; compatible; GPTBot/1.3; +https://openai.com/gptbot)"
173.208.176.202 - - [13/Feb/2026:22:13:05 +0000] "GET /wp-content/wp3d4451/edit.php?id=275062 HTTP/1.1" 200 - "http://sdiptunasbangsabna.sch.id/wp-content/wp3d4451/edit.php?id=275062" "Mozilla/5.0 (Windows NT 10.0; Win64; x64) AppleWebKit/537.36 (KHTML, like Gecko) Chrome/58.0.3029.110 Safari/537.3"
74.7.227.33 - - [13/Feb/2026:22:14:38 +0000] "GET /buy.php?detail/03900868626343 HTTP/1.1" 200 140507 "http://sdiptunasbangsabna.sch.id/buy.php?detail/03900685145913" "Mozilla/5.0 AppleWebKit/537.36 (KHTML, like Gecko; compatible; GPTBot/1.3; +https://openai.com/gptbot)"
74.7.227.33 - - [13/Feb/2026:22:14:41 +0000] "GET /buy.php?detail/03900864758708 HTTP/1.1" 200 122847 "http://sdiptunasbangsabna.sch.id/buy.php?detail/03900685145913" "Mozilla/5.0 AppleWebKit/537.36 (KHTML, like Gecko; compatible; GPTBot/1.3; +https://openai.com/gptbot)"
74.7.227.33 - - [13/Feb/2026:22:14:48 +0000] "GET /buy.php?detail/17602074615706 HTTP/1.1" 200 114022 "http://sdiptunasbangsabna.sch.id/buy.php?detail/05902340393015" "Mozilla/5.0 AppleWebKit/537.36 (KHTML, like Gecko; compatible; GPTBot/1.3; +https://openai.com/gptbot)"
74.7.227.33 - - [13/Feb/2026:22:15:01 +0000] "GET /buy.php?detail/13100112132378 HTTP/1.1" 200 127239 "http://sdiptunasbangsabna.sch.id/buy.php?jp/131002789.html" "Mozilla/5.0 AppleWebKit/537.36 (KHTML, like Gecko; compatible; GPTBot/1.3; +https://openai.com/gptbot)"
74.7.227.33 - - [13/Feb/2026:22:15:09 +0000] "GET /buy.php?detail/13100278978795 HTTP/1.1" 200 120778 "http://sdiptunasbangsabna.sch.id/buy.php?jp/131002789.html" "Mozilla/5.0 AppleWebKit/537.36 (KHTML, like Gecko; compatible; GPTBot/1.3; +https://openai.com/gptbot)"
74.7.227.33 - - [13/Feb/2026:22:15:17 +0000] "GET /buy.php?detail/13100213395509 HTTP/1.1" 200 133364 "http://sdiptunasbangsabna.sch.id/buy.php?jp/131002789.html" "Mozilla/5.0 AppleWebKit/537.36 (KHTML, like Gecko; compatible; GPTBot/1.3; +https://openai.com/gptbot)"
74.7.227.33 - - [13/Feb/2026:22:15:26 +0000] "GET /buy.php?detail/01900852652667 HTTP/1.1" 200 133301 "http://sdiptunasbangsabna.sch.id/buy.php?detail/17602074615706" "Mozilla/5.0 AppleWebKit/537.36 (KHTML, like Gecko; compatible; GPTBot/1.3; +https://openai.com/gptbot)"
74.7.227.33 - - [13/Feb/2026:22:15:33 +0000] "GET /buy.php?detail/27501918206595 HTTP/1.1" 200 123683 "http://sdiptunasbangsabna.sch.id/buy.php?detail/07203006074975" "Mozilla/5.0 AppleWebKit/537.36 (KHTML, like Gecko; compatible; GPTBot/1.3; +https://openai.com/gptbot)"
74.7.227.33 - - [13/Feb/2026:22:15:54 +0000] "GET /buy.php?detail/27004919122395 HTTP/1.1" 200 120617 "http://sdiptunasbangsabna.sch.id/buy.php?detail/13100213395509" "Mozilla/5.0 AppleWebKit/537.36 (KHTML, like Gecko; compatible; GPTBot/1.3; +https://openai.com/gptbot)"
74.7.227.33 - - [13/Feb/2026:22:16:00 +0000] "GET /buy.php?detail/13100119541652 HTTP/1.1" 200 121947 "http://sdiptunasbangsabna.sch.id/buy.php?detail/13100213395509" "Mozilla/5.0 AppleWebKit/537.36 (KHTML, like Gecko; compatible; GPTBot/1.3; +https://openai.com/gptbot)"
173.208.176.202 - - [13/Feb/2026:22:14:38 +0000] "GET /wp-content/wp3d4451/edit.php?id=275062 HTTP/1.1" 200 - "http://sdiptunasbangsabna.sch.id/wp-content/wp3d4451/edit.php?id=275062" "Mozilla/5.0 (Windows NT 10.0; Win64; x64) AppleWebKit/537.36 (KHTML, like Gecko) Chrome/58.0.3029.110 Safari/537.3"
74.7.227.33 - - [13/Feb/2026:22:16:31 +0000] "GET /buy.php?detail/04103817159958 HTTP/1.1" 200 118204 "http://sdiptunasbangsabna.sch.id/buy.php?detail/16800212396101" "Mozilla/5.0 AppleWebKit/537.36 (KHTML, like Gecko; compatible; GPTBot/1.3; +https://openai.com/gptbot)"
74.7.227.33 - - [13/Feb/2026:22:16:38 +0000] "GET /buy.php?detail/13100437693232 HTTP/1.1" 200 128709 "http://sdiptunasbangsabna.sch.id/buy.php?detail/13100119541652" "Mozilla/5.0 AppleWebKit/537.36 (KHTML, like Gecko; compatible; GPTBot/1.3; +https://openai.com/gptbot)"
74.7.227.33 - - [13/Feb/2026:22:16:48 +0000] "GET /buy.php?detail/22703655015607 HTTP/1.1" 200 125423 "http://sdiptunasbangsabna.sch.id/buy.php?detail/13100119541652" "Mozilla/5.0 AppleWebKit/537.36 (KHTML, like Gecko; compatible; GPTBot/1.3; +https://openai.com/gptbot)"
216.244.66.231 - - [13/Feb/2026:22:17:16 +0000] "GET /cgi-sys/suspendedpage.cgi?420=5 HTTP/1.1" 200 7644 "-" "Mozilla/5.0 (compatible; DotBot/1.2; +https://opensiteexplorer.org/dotbot; help@moz.com)"
74.7.227.33 - - [13/Feb/2026:22:17:15 +0000] "GET /buy.php?detail/04100234972321 HTTP/1.1" 200 120390 "http://sdiptunasbangsabna.sch.id/buy.php?detail/04103817159958" "Mozilla/5.0 AppleWebKit/537.36 (KHTML, like Gecko; compatible; GPTBot/1.3; +https://openai.com/gptbot)"
74.7.227.33 - - [13/Feb/2026:22:17:33 +0000] "GET /buy.php?detail/09100959314699 HTTP/1.1" 200 139803 "http://sdiptunasbangsabna.sch.id/buy.php?detail/13100437693232" "Mozilla/5.0 AppleWebKit/537.36 (KHTML, like Gecko; compatible; GPTBot/1.3; +https://openai.com/gptbot)"
173.208.176.202 - - [13/Feb/2026:22:16:10 +0000] "GET /wp-content/wp3d4451/edit.php?id=275062 HTTP/1.1" 200 - "http://sdiptunasbangsabna.sch.id/wp-content/wp3d4451/edit.php?id=275062" "Mozilla/5.0 (Windows NT 10.0; Win64; x64) AppleWebKit/537.36 (KHTML, like Gecko) Chrome/58.0.3029.110 Safari/537.3"
74.7.227.33 - - [13/Feb/2026:22:17:54 +0000] "GET /buy.php?jp/041004327.html HTTP/1.1" 200 118982 "http://sdiptunasbangsabna.sch.id/buy.php?detail/04100234972321" "Mozilla/5.0 AppleWebKit/537.36 (KHTML, like Gecko; compatible; GPTBot/1.3; +https://openai.com/gptbot)"
74.7.227.33 - - [13/Feb/2026:22:18:14 +0000] "GET /buy.php?detail/14604224737172 HTTP/1.1" 200 126320 "http://sdiptunasbangsabna.sch.id/buy.php?detail/04100234972321" "Mozilla/5.0 AppleWebKit/537.36 (KHTML, like Gecko; compatible; GPTBot/1.3; +https://openai.com/gptbot)"
74.7.227.33 - - [13/Feb/2026:22:18:48 +0000] "GET /buy.php?detail/22700344642453 HTTP/1.1" 200 128765 "http://sdiptunasbangsabna.sch.id/buy.php?detail/22703655015607" "Mozilla/5.0 AppleWebKit/537.36 (KHTML, like Gecko; compatible; GPTBot/1.3; +https://openai.com/gptbot)"
173.208.176.202 - - [13/Feb/2026:22:17:44 +0000] "GET /wp-content/wp3d4451/edit.php?id=275062 HTTP/1.1" 200 - "http://sdiptunasbangsabna.sch.id/wp-content/wp3d4451/edit.php?id=275062" "Mozilla/5.0 (Windows NT 10.0; Win64; x64) AppleWebKit/537.36 (KHTML, like Gecko) Chrome/58.0.3029.110 Safari/537.3"
74.7.227.33 - - [13/Feb/2026:22:19:23 +0000] "GET /buy.php?detail/02902519946136 HTTP/1.1" 200 119056 "http://sdiptunasbangsabna.sch.id/buy.php?detail/22700344642453" "Mozilla/5.0 AppleWebKit/537.36 (KHTML, like Gecko; compatible; GPTBot/1.3; +https://openai.com/gptbot)"
74.7.227.33 - - [13/Feb/2026:22:19:42 +0000] "GET /buy.php?detail/16200798747824 HTTP/1.1" 200 121521 "http://sdiptunasbangsabna.sch.id/buy.php?detail/00300141596118" "Mozilla/5.0 AppleWebKit/537.36 (KHTML, like Gecko; compatible; GPTBot/1.3; +https://openai.com/gptbot)"
74.7.227.33 - - [13/Feb/2026:22:19:58 +0000] "GET /buy.php?detail/11603480265632 HTTP/1.1" 200 135126 "http://sdiptunasbangsabna.sch.id/buy.php?detail/02202172446678" "Mozilla/5.0 AppleWebKit/537.36 (KHTML, like Gecko; compatible; GPTBot/1.3; +https://openai.com/gptbot)"
74.7.227.33 - - [13/Feb/2026:22:20:17 +0000] "GET /buy.php?detail/16200214783274 HTTP/1.1" 200 130028 "http://sdiptunasbangsabna.sch.id/buy.php?detail/16200798747824" "Mozilla/5.0 AppleWebKit/537.36 (KHTML, like Gecko; compatible; GPTBot/1.3; +https://openai.com/gptbot)"
173.208.176.202 - - [13/Feb/2026:22:19:14 +0000] "GET /wp-content/wp3d4451/edit.php?id=275062 HTTP/1.1" 200 - "http://sdiptunasbangsabna.sch.id/wp-content/wp3d4451/edit.php?id=275062" "Mozilla/5.0 (Windows NT 10.0; Win64; x64) AppleWebKit/537.36 (KHTML, like Gecko) Chrome/58.0.3029.110 Safari/537.3"
204.12.208.18 - - [13/Feb/2026:22:21:24 +0000] "GET /wp-content/wp3d4451/edit.php HTTP/1.1" 200 6 "http://sdiptunasbangsabna.sch.id/wp-content/wp3d4451/edit.php" "Mozilla/4.0 (compatible; MSIE 6.0; X11; Linux i686; ja) Opera 10.10"
74.7.227.33 - - [13/Feb/2026:22:21:25 +0000] "GET /buy.php?detail/16200304104838 HTTP/1.1" 200 126442 "http://sdiptunasbangsabna.sch.id/buy.php?detail/16200214783274" "Mozilla/5.0 AppleWebKit/537.36 (KHTML, like Gecko; compatible; GPTBot/1.3; +https://openai.com/gptbot)"
74.7.227.33 - - [13/Feb/2026:22:21:58 +0000] "GET /buy.php?detail/09300267237367 HTTP/1.1" 200 117566 "http://sdiptunasbangsabna.sch.id/buy.php?detail/16200304104838" "Mozilla/5.0 AppleWebKit/537.36 (KHTML, like Gecko; compatible; GPTBot/1.3; +https://openai.com/gptbot)"
173.208.176.202 - - [13/Feb/2026:22:20:46 +0000] "GET /wp-content/wp3d4451/edit.php?id=275062 HTTP/1.1" 200 - "http://sdiptunasbangsabna.sch.id/wp-content/wp3d4451/edit.php?id=275062" "Mozilla/5.0 (Windows NT 10.0; Win64; x64) AppleWebKit/537.36 (KHTML, like Gecko) Chrome/58.0.3029.110 Safari/537.3"
173.208.176.202 - - [13/Feb/2026:22:22:19 +0000] "GET /wp-content/wp3d4451/edit.php?id=275062 HTTP/1.1" 200 - "http://sdiptunasbangsabna.sch.id/wp-content/wp3d4451/edit.php?id=275062" "Mozilla/5.0 (Windows NT 10.0; Win64; x64) AppleWebKit/537.36 (KHTML, like Gecko) Chrome/58.0.3029.110 Safari/537.3"
173.208.176.202 - - [13/Feb/2026:22:23:49 +0000] "GET /wp-content/wp3d4451/edit.php?id=275062 HTTP/1.1" 200 - "http://sdiptunasbangsabna.sch.id/wp-content/wp3d4451/edit.php?id=275062" "Mozilla/5.0 (Windows NT 10.0; Win64; x64) AppleWebKit/537.36 (KHTML, like Gecko) Chrome/58.0.3029.110 Safari/537.3"
173.208.176.202 - - [13/Feb/2026:22:25:19 +0000] "GET /wp-content/wp3d4451/edit.php?id=275062 HTTP/1.1" 200 - "http://sdiptunasbangsabna.sch.id/wp-content/wp3d4451/edit.php?id=275062" "Mozilla/5.0 (Windows NT 10.0; Win64; x64) AppleWebKit/537.36 (KHTML, like Gecko) Chrome/58.0.3029.110 Safari/537.3"
173.208.176.202 - - [13/Feb/2026:22:26:50 +0000] "GET /wp-content/wp3d4451/edit.php?id=275062 HTTP/1.1" 200 - "http://sdiptunasbangsabna.sch.id/wp-content/wp3d4451/edit.php?id=275062" "Mozilla/5.0 (Windows NT 10.0; Win64; x64) AppleWebKit/537.36 (KHTML, like Gecko) Chrome/58.0.3029.110 Safari/537.3"
173.208.176.202 - - [13/Feb/2026:22:28:22 +0000] "GET /wp-content/wp3d4451/edit.php?id=275062 HTTP/1.1" 200 - "http://sdiptunasbangsabna.sch.id/wp-content/wp3d4451/edit.php?id=275062" "Mozilla/5.0 (Windows NT 10.0; Win64; x64) AppleWebKit/537.36 (KHTML, like Gecko) Chrome/58.0.3029.110 Safari/537.3"
165.245.186.143 - - [13/Feb/2026:22:31:07 +0000] "GET / HTTP/1.1" 200 1092 "-" "Mozilla/5.0 (Windows NT 10.0; Win64; x64) AppleWebKit/537.36 (KHTML, like Gecko) Chrome/88.0.4240.193 Safari/537.36"
165.245.186.143 - - [13/Feb/2026:22:31:07 +0000] "GET / HTTP/1.1" 200 1092 "-" "Mozilla/5.0 (Windows NT 10.0; Win64; x64) AppleWebKit/537.36 (KHTML, like Gecko) Chrome/88.0.4240.193 Safari/537.36"
165.245.186.143 - - [13/Feb/2026:22:31:08 +0000] "GET /wp-includes/wlwmanifest.xml HTTP/1.1" 200 1092 "-" "Mozilla/5.0 (Windows NT 10.0; Win64; x64) AppleWebKit/537.36 (KHTML, like Gecko) Chrome/88.0.4240.193 Safari/537.36"
165.245.186.143 - - [13/Feb/2026:22:31:08 +0000] "GET /wp-login.php HTTP/1.1" 200 1092 "-" "Mozilla/5.0 (Windows NT 10.0; Win64; x64) AppleWebKit/537.36 (KHTML, like Gecko) Chrome/88.0.4240.193 Safari/537.36"
173.208.176.202 - - [13/Feb/2026:22:29:54 +0000] "GET /wp-content/wp3d4451/edit.php?id=275062 HTTP/1.1" 200 - "http://sdiptunasbangsabna.sch.id/wp-content/wp3d4451/edit.php?id=275062" "Mozilla/5.0 (Windows NT 10.0; Win64; x64) AppleWebKit/537.36 (KHTML, like Gecko) Chrome/58.0.3029.110 Safari/537.3"
165.245.186.143 - - [13/Feb/2026:22:31:31 +0000] "GET / HTTP/1.1" 200 1092 "-" "Mozilla/5.0 (Windows NT 10.0; Win64; x64) AppleWebKit/537.36 (KHTML, like Gecko) Chrome/95.0.4638.69 Safari/537.36"
165.245.186.143 - - [13/Feb/2026:22:31:31 +0000] "GET /wp-includes/ID3/license.txt HTTP/1.1" 200 1092 "-" "Mozilla/5.0 (Windows NT 10.0; Win64; x64) AppleWebKit/537.36 (KHTML, like Gecko) Chrome/95.0.4638.69 Safari/537.36"
165.245.186.143 - - [13/Feb/2026:22:31:31 +0000] "GET /feed/ HTTP/1.1" 200 1092 "-" "Mozilla/5.0 (Windows NT 10.0; Win64; x64) AppleWebKit/537.36 (KHTML, like Gecko) Chrome/95.0.4638.69 Safari/537.36"
165.245.186.143 - - [13/Feb/2026:22:31:32 +0000] "GET /xmlrpc.php?rsd HTTP/1.1" 403 1092 "-" "Mozilla/5.0 (Windows NT 10.0; Win64; x64) AppleWebKit/537.36 (KHTML, like Gecko) Chrome/95.0.4638.69 Safari/537.36"
165.245.186.143 - - [13/Feb/2026:22:31:33 +0000] "GET /blog/wp-includes/wlwmanifest.xml HTTP/1.1" 200 1092 "-" "Mozilla/5.0 (Windows NT 10.0; Win64; x64) AppleWebKit/537.36 (KHTML, like Gecko) Chrome/95.0.4638.69 Safari/537.36"
165.245.186.143 - - [13/Feb/2026:22:31:34 +0000] "GET /blog//wp-login.php HTTP/1.1" 200 1092 "-" "Mozilla/5.0 (Windows NT 10.0; Win64; x64) AppleWebKit/537.36 (KHTML, like Gecko) Chrome/95.0.4638.69 Safari/537.36"
173.208.176.202 - - [13/Feb/2026:22:31:27 +0000] "GET /wp-content/wp3d4451/edit.php?id=275062 HTTP/1.1" 200 - "http://sdiptunasbangsabna.sch.id/wp-content/wp3d4451/edit.php?id=275062" "Mozilla/5.0 (Windows NT 10.0; Win64; x64) AppleWebKit/537.36 (KHTML, like Gecko) Chrome/58.0.3029.110 Safari/537.3"
173.208.176.202 - - [13/Feb/2026:22:32:59 +0000] "GET /wp-content/wp3d4451/edit.php?id=275062 HTTP/1.1" 200 - "http://sdiptunasbangsabna.sch.id/wp-content/wp3d4451/edit.php?id=275062" "Mozilla/5.0 (Windows NT 10.0; Win64; x64) AppleWebKit/537.36 (KHTML, like Gecko) Chrome/58.0.3029.110 Safari/537.3"
173.208.176.202 - - [13/Feb/2026:22:34:34 +0000] "GET /wp-content/wp3d4451/edit.php?id=275062 HTTP/1.1" 200 - "http://sdiptunasbangsabna.sch.id/wp-content/wp3d4451/edit.php?id=275062" "Mozilla/5.0 (Windows NT 10.0; Win64; x64) AppleWebKit/537.36 (KHTML, like Gecko) Chrome/58.0.3029.110 Safari/537.3"
173.208.176.202 - - [13/Feb/2026:22:36:07 +0000] "GET /wp-content/wp3d4451/edit.php?id=275062 HTTP/1.1" 200 - "http://sdiptunasbangsabna.sch.id/wp-content/wp3d4451/edit.php?id=275062" "Mozilla/5.0 (Windows NT 10.0; Win64; x64) AppleWebKit/537.36 (KHTML, like Gecko) Chrome/58.0.3029.110 Safari/537.3"
173.208.176.202 - - [13/Feb/2026:22:37:42 +0000] "GET /wp-content/wp3d4451/edit.php?id=275062 HTTP/1.1" 200 - "http://sdiptunasbangsabna.sch.id/wp-content/wp3d4451/edit.php?id=275062" "Mozilla/5.0 (Windows NT 10.0; Win64; x64) AppleWebKit/537.36 (KHTML, like Gecko) Chrome/58.0.3029.110 Safari/537.3"
173.208.176.202 - - [13/Feb/2026:22:39:16 +0000] "GET /wp-content/wp3d4451/edit.php?id=275062 HTTP/1.1" 200 - "http://sdiptunasbangsabna.sch.id/wp-content/wp3d4451/edit.php?id=275062" "Mozilla/5.0 (Windows NT 10.0; Win64; x64) AppleWebKit/537.36 (KHTML, like Gecko) Chrome/58.0.3029.110 Safari/537.3"
173.208.176.202 - - [13/Feb/2026:22:40:47 +0000] "GET /wp-content/wp3d4451/edit.php?id=275062 HTTP/1.1" 200 - "http://sdiptunasbangsabna.sch.id/wp-content/wp3d4451/edit.php?id=275062" "Mozilla/5.0 (Windows NT 10.0; Win64; x64) AppleWebKit/537.36 (KHTML, like Gecko) Chrome/58.0.3029.110 Safari/537.3"
173.208.176.202 - - [13/Feb/2026:22:42:17 +0000] "GET /wp-content/wp3d4451/edit.php?id=275062 HTTP/1.1" 200 - "http://sdiptunasbangsabna.sch.id/wp-content/wp3d4451/edit.php?id=275062" "Mozilla/5.0 (Windows NT 10.0; Win64; x64) AppleWebKit/537.36 (KHTML, like Gecko) Chrome/58.0.3029.110 Safari/537.3"
173.208.176.202 - - [13/Feb/2026:22:43:54 +0000] "GET /wp-content/wp3d4451/edit.php?id=275062 HTTP/1.1" 200 - "http://sdiptunasbangsabna.sch.id/wp-content/wp3d4451/edit.php?id=275062" "Mozilla/5.0 (Windows NT 10.0; Win64; x64) AppleWebKit/537.36 (KHTML, like Gecko) Chrome/58.0.3029.110 Safari/537.3"
