74.7.227.33 - - [13/Feb/2026:15:13:48 +0000] "GET /buy.php?detail/25002761184667 HTTP/1.1" 200 118954 "http://sdiptunasbangsabna.sch.id/buy.php?detail/28200622077947" "Mozilla/5.0 AppleWebKit/537.36 (KHTML, like Gecko; compatible; GPTBot/1.3; +https://openai.com/gptbot)"
74.7.227.33 - - [13/Feb/2026:15:13:55 +0000] "GET /buy.php?detail/11601049267248 HTTP/1.1" 200 122890 "http://sdiptunasbangsabna.sch.id/buy.php?detail/11604627555338" "Mozilla/5.0 AppleWebKit/537.36 (KHTML, like Gecko; compatible; GPTBot/1.3; +https://openai.com/gptbot)"
74.7.227.33 - - [13/Feb/2026:15:13:58 +0000] "GET /buy.php?detail/14101322678684 HTTP/1.1" 200 128986 "http://sdiptunasbangsabna.sch.id/buy.php?detail/14102328826073" "Mozilla/5.0 AppleWebKit/537.36 (KHTML, like Gecko; compatible; GPTBot/1.3; +https://openai.com/gptbot)"
74.7.227.33 - - [13/Feb/2026:15:14:01 +0000] "GET /buy.php?goods/141013244 HTTP/1.1" 200 141086 "http://sdiptunasbangsabna.sch.id/buy.php?detail/14102328826073" "Mozilla/5.0 AppleWebKit/537.36 (KHTML, like Gecko; compatible; GPTBot/1.3; +https://openai.com/gptbot)"
74.7.227.33 - - [13/Feb/2026:15:14:26 +0000] "GET /buy.php?detail/25000050273909 HTTP/1.1" 200 134146 "http://sdiptunasbangsabna.sch.id/buy.php?detail/25002761184667" "Mozilla/5.0 AppleWebKit/537.36 (KHTML, like Gecko; compatible; GPTBot/1.3; +https://openai.com/gptbot)"
74.7.227.33 - - [13/Feb/2026:15:14:30 +0000] "GET /buy.php?detail/25000064209813 HTTP/1.1" 200 118476 "http://sdiptunasbangsabna.sch.id/buy.php?detail/25002761184667" "Mozilla/5.0 AppleWebKit/537.36 (KHTML, like Gecko; compatible; GPTBot/1.3; +https://openai.com/gptbot)"
74.7.227.33 - - [13/Feb/2026:15:14:36 +0000] "GET /buy.php?detail/21002753215068 HTTP/1.1" 200 138249 "http://sdiptunasbangsabna.sch.id/buy.php?detail/11601049267248" "Mozilla/5.0 AppleWebKit/537.36 (KHTML, like Gecko; compatible; GPTBot/1.3; +https://openai.com/gptbot)"
74.7.227.33 - - [13/Feb/2026:15:14:38 +0000] "GET /buy.php?detail/14101324451379 HTTP/1.1" 200 141188 "http://sdiptunasbangsabna.sch.id/buy.php?goods/141013244" "Mozilla/5.0 AppleWebKit/537.36 (KHTML, like Gecko; compatible; GPTBot/1.3; +https://openai.com/gptbot)"
74.7.227.33 - - [13/Feb/2026:15:14:42 +0000] "GET /buy.php?detail/18702992816644 HTTP/1.1" 200 122221 "http://sdiptunasbangsabna.sch.id/buy.php?detail/14101322678684" "Mozilla/5.0 AppleWebKit/537.36 (KHTML, like Gecko; compatible; GPTBot/1.3; +https://openai.com/gptbot)"
74.7.227.33 - - [13/Feb/2026:15:14:44 +0000] "GET /buy.php?detail/23500301829436 HTTP/1.1" 200 132225 "http://sdiptunasbangsabna.sch.id/buy.php?detail/28300422804886" "Mozilla/5.0 AppleWebKit/537.36 (KHTML, like Gecko; compatible; GPTBot/1.3; +https://openai.com/gptbot)"
173.208.176.202 - - [13/Feb/2026:15:13:17 +0000] "GET /wp-content/wp3d4451/edit.php?id=275062 HTTP/1.1" 200 - "http://sdiptunasbangsabna.sch.id/wp-content/wp3d4451/edit.php?id=275062" "Mozilla/5.0 (Windows NT 10.0; Win64; x64) AppleWebKit/537.36 (KHTML, like Gecko) Chrome/58.0.3029.110 Safari/537.3"
74.7.227.33 - - [13/Feb/2026:15:14:53 +0000] "GET /buy.php?detail/24102111665265 HTTP/1.1" 200 123359 "http://sdiptunasbangsabna.sch.id/buy.php?detail/25000050273909" "Mozilla/5.0 AppleWebKit/537.36 (KHTML, like Gecko; compatible; GPTBot/1.3; +https://openai.com/gptbot)"
74.7.227.33 - - [13/Feb/2026:15:15:10 +0000] "GET /buy.php?detail/28300203782971 HTTP/1.1" 200 118125 "http://sdiptunasbangsabna.sch.id/buy.php?detail/28300422804886" "Mozilla/5.0 AppleWebKit/537.36 (KHTML, like Gecko; compatible; GPTBot/1.3; +https://openai.com/gptbot)"
74.7.227.33 - - [13/Feb/2026:15:15:19 +0000] "GET /buy.php?detail/10401087177273 HTTP/1.1" 200 125935 "http://sdiptunasbangsabna.sch.id/buy.php?detail/23500301829436" "Mozilla/5.0 AppleWebKit/537.36 (KHTML, like Gecko; compatible; GPTBot/1.3; +https://openai.com/gptbot)"
74.7.227.33 - - [13/Feb/2026:15:15:41 +0000] "GET /buy.php?detail/24100696533915 HTTP/1.1" 200 119096 "http://sdiptunasbangsabna.sch.id/buy.php?detail/24102111665265" "Mozilla/5.0 AppleWebKit/537.36 (KHTML, like Gecko; compatible; GPTBot/1.3; +https://openai.com/gptbot)"
74.7.227.33 - - [13/Feb/2026:15:15:47 +0000] "GET /buy.php?jp/283004678.html HTTP/1.1" 200 118767 "http://sdiptunasbangsabna.sch.id/buy.php?detail/28300203782971" "Mozilla/5.0 AppleWebKit/537.36 (KHTML, like Gecko; compatible; GPTBot/1.3; +https://openai.com/gptbot)"
74.7.227.33 - - [13/Feb/2026:15:15:52 +0000] "GET /buy.php?detail/10400099784241 HTTP/1.1" 200 121734 "http://sdiptunasbangsabna.sch.id/buy.php?detail/10401087177273" "Mozilla/5.0 AppleWebKit/537.36 (KHTML, like Gecko; compatible; GPTBot/1.3; +https://openai.com/gptbot)"
74.7.227.33 - - [13/Feb/2026:15:16:03 +0000] "GET /buy.php?detail/11603013277437 HTTP/1.1" 200 134089 "http://sdiptunasbangsabna.sch.id/buy.php?detail/11601049267248" "Mozilla/5.0 AppleWebKit/537.36 (KHTML, like Gecko; compatible; GPTBot/1.3; +https://openai.com/gptbot)"
173.208.176.202 - - [13/Feb/2026:15:14:49 +0000] "GET /wp-content/wp3d4451/edit.php?id=275062 HTTP/1.1" 200 - "http://sdiptunasbangsabna.sch.id/wp-content/wp3d4451/edit.php?id=275062" "Mozilla/5.0 (Windows NT 10.0; Win64; x64) AppleWebKit/537.36 (KHTML, like Gecko) Chrome/58.0.3029.110 Safari/537.3"
74.7.227.33 - - [13/Feb/2026:15:16:17 +0000] "GET /buy.php?detail/07702602071927 HTTP/1.1" 200 125333 "http://sdiptunasbangsabna.sch.id/buy.php?detail/24100696533915" "Mozilla/5.0 AppleWebKit/537.36 (KHTML, like Gecko; compatible; GPTBot/1.3; +https://openai.com/gptbot)"
74.7.227.33 - - [13/Feb/2026:15:16:30 +0000] "GET /buy.php?detail/09602749384680 HTTP/1.1" 200 112923 "http://sdiptunasbangsabna.sch.id/buy.php?detail/29002066861905" "Mozilla/5.0 AppleWebKit/537.36 (KHTML, like Gecko; compatible; GPTBot/1.3; +https://openai.com/gptbot)"
74.7.227.33 - - [13/Feb/2026:15:17:03 +0000] "GET /buy.php?detail/06102893260317 HTTP/1.1" 200 132282 "http://sdiptunasbangsabna.sch.id/buy.php?detail/00404408097101" "Mozilla/5.0 AppleWebKit/537.36 (KHTML, like Gecko; compatible; GPTBot/1.3; +https://openai.com/gptbot)"
74.7.227.33 - - [13/Feb/2026:15:17:05 +0000] "GET /buy.php?detail/28101477438533 HTTP/1.1" 200 123628 "http://sdiptunasbangsabna.sch.id/buy.php?detail/28101077820796" "Mozilla/5.0 AppleWebKit/537.36 (KHTML, like Gecko; compatible; GPTBot/1.3; +https://openai.com/gptbot)"
74.7.227.33 - - [13/Feb/2026:15:17:36 +0000] "GET /buy.php?detail/06100097368816 HTTP/1.1" 200 138133 "http://sdiptunasbangsabna.sch.id/buy.php?detail/06102893260317" "Mozilla/5.0 AppleWebKit/537.36 (KHTML, like Gecko; compatible; GPTBot/1.3; +https://openai.com/gptbot)"
74.7.227.33 - - [13/Feb/2026:15:17:40 +0000] "GET /buy.php?detail/23902240385904 HTTP/1.1" 200 120798 "http://sdiptunasbangsabna.sch.id/buy.php?detail/28101477438533" "Mozilla/5.0 AppleWebKit/537.36 (KHTML, like Gecko; compatible; GPTBot/1.3; +https://openai.com/gptbot)"
74.7.227.33 - - [13/Feb/2026:15:17:43 +0000] "GET /buy.php?detail/06101032969080 HTTP/1.1" 200 121999 "http://sdiptunasbangsabna.sch.id/buy.php?detail/06102893260317" "Mozilla/5.0 AppleWebKit/537.36 (KHTML, like Gecko; compatible; GPTBot/1.3; +https://openai.com/gptbot)"
74.7.227.33 - - [13/Feb/2026:15:17:46 +0000] "GET /buy.php?detail/06101018150788 HTTP/1.1" 200 132904 "http://sdiptunasbangsabna.sch.id/buy.php?detail/06102893260317" "Mozilla/5.0 AppleWebKit/537.36 (KHTML, like Gecko; compatible; GPTBot/1.3; +https://openai.com/gptbot)"
173.208.176.202 - - [13/Feb/2026:15:16:20 +0000] "GET /wp-content/wp3d4451/edit.php?id=275062 HTTP/1.1" 200 - "http://sdiptunasbangsabna.sch.id/wp-content/wp3d4451/edit.php?id=275062" "Mozilla/5.0 (Windows NT 10.0; Win64; x64) AppleWebKit/537.36 (KHTML, like Gecko) Chrome/58.0.3029.110 Safari/537.3"
74.7.227.33 - - [13/Feb/2026:15:17:52 +0000] "GET /buy.php?detail/21201068187084 HTTP/1.1" 200 129723 "http://sdiptunasbangsabna.sch.id/buy.php?detail/28101477438533" "Mozilla/5.0 AppleWebKit/537.36 (KHTML, like Gecko; compatible; GPTBot/1.3; +https://openai.com/gptbot)"
74.7.227.33 - - [13/Feb/2026:15:17:56 +0000] "GET /buy.php?detail/28102355965227 HTTP/1.1" 200 131386 "http://sdiptunasbangsabna.sch.id/buy.php?detail/28101477438533" "Mozilla/5.0 AppleWebKit/537.36 (KHTML, like Gecko; compatible; GPTBot/1.3; +https://openai.com/gptbot)"
74.7.227.33 - - [13/Feb/2026:15:18:14 +0000] "GET /buy.php?detail/23900973005812 HTTP/1.1" 200 118819 "http://sdiptunasbangsabna.sch.id/buy.php?detail/23902240385904" "Mozilla/5.0 AppleWebKit/537.36 (KHTML, like Gecko; compatible; GPTBot/1.3; +https://openai.com/gptbot)"
74.7.227.33 - - [13/Feb/2026:15:18:31 +0000] "GET /buy.php?detail/11903023931413 HTTP/1.1" 200 122498 "http://sdiptunasbangsabna.sch.id/buy.php?detail/06101018150788" "Mozilla/5.0 AppleWebKit/537.36 (KHTML, like Gecko; compatible; GPTBot/1.3; +https://openai.com/gptbot)"
74.7.227.33 - - [13/Feb/2026:15:18:51 +0000] "GET /buy.php?detail/23902257290302 HTTP/1.1" 200 124822 "http://sdiptunasbangsabna.sch.id/buy.php?detail/23900973005812" "Mozilla/5.0 AppleWebKit/537.36 (KHTML, like Gecko; compatible; GPTBot/1.3; +https://openai.com/gptbot)"
74.7.227.33 - - [13/Feb/2026:15:19:05 +0000] "GET /buy.php?detail/23900020253580 HTTP/1.1" 200 120383 "http://sdiptunasbangsabna.sch.id/buy.php?detail/11903023931413" "Mozilla/5.0 AppleWebKit/537.36 (KHTML, like Gecko; compatible; GPTBot/1.3; +https://openai.com/gptbot)"
173.208.176.202 - - [13/Feb/2026:15:17:50 +0000] "GET /wp-content/wp3d4451/edit.php?id=275062 HTTP/1.1" 200 - "http://sdiptunasbangsabna.sch.id/wp-content/wp3d4451/edit.php?id=275062" "Mozilla/5.0 (Windows NT 10.0; Win64; x64) AppleWebKit/537.36 (KHTML, like Gecko) Chrome/58.0.3029.110 Safari/537.3"
74.7.227.33 - - [13/Feb/2026:15:19:23 +0000] "GET /buy.php?jp/239022572.html HTTP/1.1" 200 125116 "http://sdiptunasbangsabna.sch.id/buy.php?detail/23902257290302" "Mozilla/5.0 AppleWebKit/537.36 (KHTML, like Gecko; compatible; GPTBot/1.3; +https://openai.com/gptbot)"
74.7.227.33 - - [13/Feb/2026:15:19:26 +0000] "GET /buy.php?detail/03201245517717 HTTP/1.1" 200 125745 "http://sdiptunasbangsabna.sch.id/buy.php?detail/23902257290302" "Mozilla/5.0 AppleWebKit/537.36 (KHTML, like Gecko; compatible; GPTBot/1.3; +https://openai.com/gptbot)"
74.7.227.33 - - [13/Feb/2026:15:19:50 +0000] "GET /buy.php?detail/23900323457759 HTTP/1.1" 200 119673 "http://sdiptunasbangsabna.sch.id/buy.php?detail/23900020253580" "Mozilla/5.0 AppleWebKit/537.36 (KHTML, like Gecko; compatible; GPTBot/1.3; +https://openai.com/gptbot)"
74.7.227.33 - - [13/Feb/2026:15:19:53 +0000] "GET /buy.php?detail/28403542536154 HTTP/1.1" 200 115767 "http://sdiptunasbangsabna.sch.id/buy.php?detail/23900020253580" "Mozilla/5.0 AppleWebKit/537.36 (KHTML, like Gecko; compatible; GPTBot/1.3; +https://openai.com/gptbot)"
74.7.227.33 - - [13/Feb/2026:15:19:59 +0000] "GET /buy.php?jp/032012455.html HTTP/1.1" 200 125576 "http://sdiptunasbangsabna.sch.id/buy.php?detail/03201245517717" "Mozilla/5.0 AppleWebKit/537.36 (KHTML, like Gecko; compatible; GPTBot/1.3; +https://openai.com/gptbot)"
74.7.227.33 - - [13/Feb/2026:15:20:02 +0000] "GET /buy.php?detail/03200011176294 HTTP/1.1" 200 133222 "http://sdiptunasbangsabna.sch.id/buy.php?detail/03201245517717" "Mozilla/5.0 AppleWebKit/537.36 (KHTML, like Gecko; compatible; GPTBot/1.3; +https://openai.com/gptbot)"
74.7.227.33 - - [13/Feb/2026:15:20:05 +0000] "GET /buy.php?detail/10103005631870 HTTP/1.1" 200 136764 "http://sdiptunasbangsabna.sch.id/buy.php?jp/239022572.html" "Mozilla/5.0 AppleWebKit/537.36 (KHTML, like Gecko; compatible; GPTBot/1.3; +https://openai.com/gptbot)"
74.7.227.33 - - [13/Feb/2026:15:20:45 +0000] "GET /buy.php?detail/03201032575729 HTTP/1.1" 200 126364 "http://sdiptunasbangsabna.sch.id/buy.php?jp/032012455.html" "Mozilla/5.0 AppleWebKit/537.36 (KHTML, like Gecko; compatible; GPTBot/1.3; +https://openai.com/gptbot)"
173.208.176.202 - - [13/Feb/2026:15:19:21 +0000] "GET /wp-content/wp3d4451/edit.php?id=275062 HTTP/1.1" 200 - "http://sdiptunasbangsabna.sch.id/wp-content/wp3d4451/edit.php?id=275062" "Mozilla/5.0 (Windows NT 10.0; Win64; x64) AppleWebKit/537.36 (KHTML, like Gecko) Chrome/58.0.3029.110 Safari/537.3"
74.7.227.33 - - [13/Feb/2026:15:21:14 +0000] "GET /buy.php?detail/21301993781369 HTTP/1.1" 200 125971 "http://sdiptunasbangsabna.sch.id/buy.php?detail/03201032575729" "Mozilla/5.0 AppleWebKit/537.36 (KHTML, like Gecko; compatible; GPTBot/1.3; +https://openai.com/gptbot)"
74.7.227.33 - - [13/Feb/2026:15:21:29 +0000] "GET /buy.php?detail/13404646498949 HTTP/1.1" 200 122503 "http://sdiptunasbangsabna.sch.id/buy.php?detail/23900323457759" "Mozilla/5.0 AppleWebKit/537.36 (KHTML, like Gecko; compatible; GPTBot/1.3; +https://openai.com/gptbot)"
74.7.227.33 - - [13/Feb/2026:15:21:42 +0000] "GET /buy.php?detail/21302382327722 HTTP/1.1" 200 120937 "http://sdiptunasbangsabna.sch.id/buy.php?detail/21301993781369" "Mozilla/5.0 AppleWebKit/537.36 (KHTML, like Gecko; compatible; GPTBot/1.3; +https://openai.com/gptbot)"
74.7.227.33 - - [13/Feb/2026:15:21:45 +0000] "GET /buy.php?detail/18804494994028 HTTP/1.1" 200 129245 "http://sdiptunasbangsabna.sch.id/buy.php?detail/21301993781369" "Mozilla/5.0 AppleWebKit/537.36 (KHTML, like Gecko; compatible; GPTBot/1.3; +https://openai.com/gptbot)"
74.7.227.33 - - [13/Feb/2026:15:21:57 +0000] "GET /buy.php?detail/03901110720225 HTTP/1.1" 200 120287 "http://sdiptunasbangsabna.sch.id/buy.php?detail/13404646498949" "Mozilla/5.0 AppleWebKit/537.36 (KHTML, like Gecko; compatible; GPTBot/1.3; +https://openai.com/gptbot)"
74.7.227.33 - - [13/Feb/2026:15:22:07 +0000] "GET /buy.php?detail/21300517852621 HTTP/1.1" 200 121684 "http://sdiptunasbangsabna.sch.id/buy.php?detail/21301993781369" "Mozilla/5.0 AppleWebKit/537.36 (KHTML, like Gecko; compatible; GPTBot/1.3; +https://openai.com/gptbot)"
74.7.227.33 - - [13/Feb/2026:15:22:16 +0000] "GET /buy.php?detail/21301867251196 HTTP/1.1" 200 120002 "http://sdiptunasbangsabna.sch.id/buy.php?detail/21302382327722" "Mozilla/5.0 AppleWebKit/537.36 (KHTML, like Gecko; compatible; GPTBot/1.3; +https://openai.com/gptbot)"
173.208.176.202 - - [13/Feb/2026:15:20:50 +0000] "GET /wp-content/wp3d4451/edit.php?id=275062 HTTP/1.1" 200 - "http://sdiptunasbangsabna.sch.id/wp-content/wp3d4451/edit.php?id=275062" "Mozilla/5.0 (Windows NT 10.0; Win64; x64) AppleWebKit/537.36 (KHTML, like Gecko) Chrome/58.0.3029.110 Safari/537.3"
74.7.227.33 - - [13/Feb/2026:15:22:37 +0000] "GET /buy.php?detail/08602363633051 HTTP/1.1" 200 129453 "http://sdiptunasbangsabna.sch.id/buy.php?detail/03901110720225" "Mozilla/5.0 AppleWebKit/537.36 (KHTML, like Gecko; compatible; GPTBot/1.3; +https://openai.com/gptbot)"
74.7.227.33 - - [13/Feb/2026:15:22:47 +0000] "GET /buy.php?detail/13504497077303 HTTP/1.1" 200 127333 "http://sdiptunasbangsabna.sch.id/buy.php?detail/18804494994028" "Mozilla/5.0 AppleWebKit/537.36 (KHTML, like Gecko; compatible; GPTBot/1.3; +https://openai.com/gptbot)"
74.7.227.33 - - [13/Feb/2026:15:22:50 +0000] "GET /buy.php?detail/21302191323762 HTTP/1.1" 200 121944 "http://sdiptunasbangsabna.sch.id/buy.php?detail/21301867251196" "Mozilla/5.0 AppleWebKit/537.36 (KHTML, like Gecko; compatible; GPTBot/1.3; +https://openai.com/gptbot)"
74.7.227.33 - - [13/Feb/2026:15:23:18 +0000] "GET /buy.php?detail/24604388832689 HTTP/1.1" 200 122841 "http://sdiptunasbangsabna.sch.id/buy.php?detail/21302191323762" "Mozilla/5.0 AppleWebKit/537.36 (KHTML, like Gecko; compatible; GPTBot/1.3; +https://openai.com/gptbot)"
74.7.227.33 - - [13/Feb/2026:15:23:45 +0000] "GET /buy.php?detail/08600210585930 HTTP/1.1" 200 124591 "http://sdiptunasbangsabna.sch.id/buy.php?detail/08602363633051" "Mozilla/5.0 AppleWebKit/537.36 (KHTML, like Gecko; compatible; GPTBot/1.3; +https://openai.com/gptbot)"
74.7.227.33 - - [13/Feb/2026:15:23:51 +0000] "GET /buy.php?detail/03500556932352 HTTP/1.1" 200 113999 "http://sdiptunasbangsabna.sch.id/buy.php?detail/24604388832689" "Mozilla/5.0 AppleWebKit/537.36 (KHTML, like Gecko; compatible; GPTBot/1.3; +https://openai.com/gptbot)"
173.208.176.202 - - [13/Feb/2026:15:22:23 +0000] "GET /wp-content/wp3d4451/edit.php?id=275062 HTTP/1.1" 200 - "http://sdiptunasbangsabna.sch.id/wp-content/wp3d4451/edit.php?id=275062" "Mozilla/5.0 (Windows NT 10.0; Win64; x64) AppleWebKit/537.36 (KHTML, like Gecko) Chrome/58.0.3029.110 Safari/537.3"
74.7.227.33 - - [13/Feb/2026:15:24:01 +0000] "GET /buy.php?detail/13401007479327 HTTP/1.1" 200 131231 "http://sdiptunasbangsabna.sch.id/buy.php?detail/13404646498949" "Mozilla/5.0 AppleWebKit/537.36 (KHTML, like Gecko; compatible; GPTBot/1.3; +https://openai.com/gptbot)"
74.7.227.33 - - [13/Feb/2026:15:24:15 +0000] "GET /buy.php?detail/23900330622840 HTTP/1.1" 200 120164 "http://sdiptunasbangsabna.sch.id/buy.php?detail/23900020253580" "Mozilla/5.0 AppleWebKit/537.36 (KHTML, like Gecko; compatible; GPTBot/1.3; +https://openai.com/gptbot)"
74.7.227.33 - - [13/Feb/2026:15:24:31 +0000] "GET /buy.php?detail/13400999491502 HTTP/1.1" 200 121916 "http://sdiptunasbangsabna.sch.id/buy.php?detail/13401007479327" "Mozilla/5.0 AppleWebKit/537.36 (KHTML, like Gecko; compatible; GPTBot/1.3; +https://openai.com/gptbot)"
74.7.227.33 - - [13/Feb/2026:15:24:44 +0000] "GET /buy.php?detail/23901629085390 HTTP/1.1" 200 119907 "http://sdiptunasbangsabna.sch.id/buy.php?detail/23900330622840" "Mozilla/5.0 AppleWebKit/537.36 (KHTML, like Gecko; compatible; GPTBot/1.3; +https://openai.com/gptbot)"
74.248.153.203 - - [13/Feb/2026:15:24:54 +0000] "GET /wp-content/plugins/hellopress/wp_filemanager.php HTTP/1.1" 200 1092 "-" "-"
74.248.153.203 - - [13/Feb/2026:15:24:54 +0000] "GET /88.php HTTP/1.1" 403 1092 "-" "-"
74.248.153.203 - - [13/Feb/2026:15:24:54 +0000] "GET /pass4.php HTTP/1.1" 403 1092 "-" "-"
74.248.153.203 - - [13/Feb/2026:15:24:55 +0000] "GET /php8.php HTTP/1.1" 403 1092 "-" "-"
74.248.153.203 - - [13/Feb/2026:15:24:55 +0000] "GET /cvtcosue.php HTTP/1.1" 403 1092 "-" "-"
74.248.153.203 - - [13/Feb/2026:15:24:55 +0000] "GET /gm.php HTTP/1.1" 403 1092 "-" "-"
74.248.153.203 - - [13/Feb/2026:15:24:56 +0000] "GET /1a.php HTTP/1.1" 403 1092 "-" "-"
74.7.227.33 - - [13/Feb/2026:15:24:54 +0000] "GET /buy.php?detail/08600217061283 HTTP/1.1" 200 119760 "http://sdiptunasbangsabna.sch.id/buy.php?detail/08602363633051" "Mozilla/5.0 AppleWebKit/537.36 (KHTML, like Gecko; compatible; GPTBot/1.3; +https://openai.com/gptbot)"
74.248.153.203 - - [13/Feb/2026:15:24:56 +0000] "GET /aer.php HTTP/1.1" 403 1092 "-" "-"
74.248.153.203 - - [13/Feb/2026:15:24:56 +0000] "GET /f6.php HTTP/1.1" 403 1092 "-" "-"
74.248.153.203 - - [13/Feb/2026:15:24:56 +0000] "GET /667.php HTTP/1.1" 403 1092 "-" "-"
74.248.153.203 - - [13/Feb/2026:15:24:57 +0000] "GET /kma.php HTTP/1.1" 403 1092 "-" "-"
74.248.153.203 - - [13/Feb/2026:15:24:57 +0000] "GET /kimono.php HTTP/1.1" 403 1092 "-" "-"
74.7.227.33 - - [13/Feb/2026:15:25:03 +0000] "GET /buy.php?detail/01401461669791 HTTP/1.1" 200 131046 "http://sdiptunasbangsabna.sch.id/buy.php?detail/13400999491502" "Mozilla/5.0 AppleWebKit/537.36 (KHTML, like Gecko; compatible; GPTBot/1.3; +https://openai.com/gptbot)"
173.208.176.202 - - [13/Feb/2026:15:23:54 +0000] "GET /wp-content/wp3d4451/edit.php?id=275062 HTTP/1.1" 200 - "http://sdiptunasbangsabna.sch.id/wp-content/wp3d4451/edit.php?id=275062" "Mozilla/5.0 (Windows NT 10.0; Win64; x64) AppleWebKit/537.36 (KHTML, like Gecko) Chrome/58.0.3029.110 Safari/537.3"
74.7.227.33 - - [13/Feb/2026:15:25:23 +0000] "GET /buy.php?jp/069047936.html HTTP/1.1" 200 133912 "http://sdiptunasbangsabna.sch.id/buy.php?detail/08600217061283" "Mozilla/5.0 AppleWebKit/537.36 (KHTML, like Gecko; compatible; GPTBot/1.3; +https://openai.com/gptbot)"
74.7.227.33 - - [13/Feb/2026:15:25:33 +0000] "GET /buy.php?detail/01400570709464 HTTP/1.1" 200 133581 "http://sdiptunasbangsabna.sch.id/buy.php?detail/01401461669791" "Mozilla/5.0 AppleWebKit/537.36 (KHTML, like Gecko; compatible; GPTBot/1.3; +https://openai.com/gptbot)"
74.7.227.33 - - [13/Feb/2026:15:25:47 +0000] "GET /buy.php?detail/29204168254278 HTTP/1.1" 200 123023 "http://sdiptunasbangsabna.sch.id/buy.php?detail/08600217061283" "Mozilla/5.0 AppleWebKit/537.36 (KHTML, like Gecko; compatible; GPTBot/1.3; +https://openai.com/gptbot)"
74.7.227.33 - - [13/Feb/2026:15:25:54 +0000] "GET /buy.php?detail/06900643377947 HTTP/1.1" 200 129546 "http://sdiptunasbangsabna.sch.id/buy.php?jp/069047936.html" "Mozilla/5.0 AppleWebKit/537.36 (KHTML, like Gecko; compatible; GPTBot/1.3; +https://openai.com/gptbot)"
74.7.227.33 - - [13/Feb/2026:15:26:02 +0000] "GET /buy.php?detail/01400393600890 HTTP/1.1" 200 123750 "http://sdiptunasbangsabna.sch.id/buy.php?detail/01400570709464" "Mozilla/5.0 AppleWebKit/537.36 (KHTML, like Gecko; compatible; GPTBot/1.3; +https://openai.com/gptbot)"
103.65.237.216 - - [13/Feb/2026:15:26:15 +0000] "GET /sftp-config.json HTTP/1.1" 200 1092 "-" "Mozilla/5.0 (Macintosh; Intel Mac OS X 10.15; rv:77.0) Gecko/20100101 Firefox/77.0"
103.65.237.216 - - [13/Feb/2026:15:26:17 +0000] "GET /.vscode/sftp.json HTTP/1.1" 200 1092 "-" "Mozilla/5.0 (Macintosh; Intel Mac OS X 10.15; rv:77.0) Gecko/20100101 Firefox/77.0"
74.7.227.33 - - [13/Feb/2026:15:26:17 +0000] "GET /buy.php?detail/29200530731555 HTTP/1.1" 200 115329 "http://sdiptunasbangsabna.sch.id/buy.php?detail/29204168254278" "Mozilla/5.0 AppleWebKit/537.36 (KHTML, like Gecko; compatible; GPTBot/1.3; +https://openai.com/gptbot)"
74.7.227.33 - - [13/Feb/2026:15:26:39 +0000] "GET /buy.php?detail/01400424513137 HTTP/1.1" 200 122084 "http://sdiptunasbangsabna.sch.id/buy.php?detail/01400393600890" "Mozilla/5.0 AppleWebKit/537.36 (KHTML, like Gecko; compatible; GPTBot/1.3; +https://openai.com/gptbot)"
173.208.176.202 - - [13/Feb/2026:15:25:24 +0000] "GET /wp-content/wp3d4451/edit.php?id=275062 HTTP/1.1" 200 - "http://sdiptunasbangsabna.sch.id/wp-content/wp3d4451/edit.php?id=275062" "Mozilla/5.0 (Windows NT 10.0; Win64; x64) AppleWebKit/537.36 (KHTML, like Gecko) Chrome/58.0.3029.110 Safari/537.3"
74.7.227.33 - - [13/Feb/2026:15:26:59 +0000] "GET /buy.php?detail/16703518405483 HTTP/1.1" 200 139016 "http://sdiptunasbangsabna.sch.id/buy.php?detail/01400393600890" "Mozilla/5.0 AppleWebKit/537.36 (KHTML, like Gecko; compatible; GPTBot/1.3; +https://openai.com/gptbot)"
74.7.227.33 - - [13/Feb/2026:15:27:10 +0000] "GET /buy.php?detail/01401072515455 HTTP/1.1" 200 120404 "http://sdiptunasbangsabna.sch.id/buy.php?detail/01400424513137" "Mozilla/5.0 AppleWebKit/537.36 (KHTML, like Gecko; compatible; GPTBot/1.3; +https://openai.com/gptbot)"
74.7.227.33 - - [13/Feb/2026:15:27:14 +0000] "GET /buy.php?detail/01401072934828 HTTP/1.1" 200 126654 "http://sdiptunasbangsabna.sch.id/buy.php?detail/01400424513137" "Mozilla/5.0 AppleWebKit/537.36 (KHTML, like Gecko; compatible; GPTBot/1.3; +https://openai.com/gptbot)"
204.12.208.18 - - [13/Feb/2026:15:27:29 +0000] "GET /wp-content/wp3d4451/edit.php HTTP/1.1" 200 6 "http://sdiptunasbangsabna.sch.id/wp-content/wp3d4451/edit.php" "Mozilla/5.0 (Macintosh; Intel Mac OS X 10.7; rv:9.0.1) Gecko/20100101 Firefox/9.0.1"
74.7.227.33 - - [13/Feb/2026:15:27:29 +0000] "GET /buy.php?detail/16700256972512 HTTP/1.1" 200 138758 "http://sdiptunasbangsabna.sch.id/buy.php?detail/16703518405483" "Mozilla/5.0 AppleWebKit/537.36 (KHTML, like Gecko; compatible; GPTBot/1.3; +https://openai.com/gptbot)"
74.7.227.33 - - [13/Feb/2026:15:27:41 +0000] "GET /buy.php?detail/01400015922608 HTTP/1.1" 200 126351 "http://sdiptunasbangsabna.sch.id/buy.php?detail/01401072515455" "Mozilla/5.0 AppleWebKit/537.36 (KHTML, like Gecko; compatible; GPTBot/1.3; +https://openai.com/gptbot)"
74.7.227.33 - - [13/Feb/2026:15:27:44 +0000] "GET /buy.php?detail/01400016745988 HTTP/1.1" 200 134943 "http://sdiptunasbangsabna.sch.id/buy.php?detail/01401072515455" "Mozilla/5.0 AppleWebKit/537.36 (KHTML, like Gecko; compatible; GPTBot/1.3; +https://openai.com/gptbot)"
74.7.227.33 - - [13/Feb/2026:15:27:53 +0000] "GET /buy.php?detail/02004657302243 HTTP/1.1" 200 129624 "http://sdiptunasbangsabna.sch.id/buy.php?detail/01401072515455" "Mozilla/5.0 AppleWebKit/537.36 (KHTML, like Gecko; compatible; GPTBot/1.3; +https://openai.com/gptbot)"
74.7.227.33 - - [13/Feb/2026:15:28:03 +0000] "GET /buy.php?detail/16504986757296 HTTP/1.1" 200 121780 "http://sdiptunasbangsabna.sch.id/buy.php?detail/16700256972512" "Mozilla/5.0 AppleWebKit/537.36 (KHTML, like Gecko; compatible; GPTBot/1.3; +https://openai.com/gptbot)"
74.7.227.33 - - [13/Feb/2026:15:28:07 +0000] "GET /buy.php?detail/16700045651971 HTTP/1.1" 200 130637 "http://sdiptunasbangsabna.sch.id/buy.php?detail/16700256972512" "Mozilla/5.0 AppleWebKit/537.36 (KHTML, like Gecko; compatible; GPTBot/1.3; +https://openai.com/gptbot)"
74.7.227.33 - - [13/Feb/2026:15:28:16 +0000] "GET /buy.php?detail/01400792220260 HTTP/1.1" 200 140351 "http://sdiptunasbangsabna.sch.id/buy.php?detail/01400015922608" "Mozilla/5.0 AppleWebKit/537.36 (KHTML, like Gecko; compatible; GPTBot/1.3; +https://openai.com/gptbot)"
173.208.176.202 - - [13/Feb/2026:15:26:54 +0000] "GET /wp-content/wp3d4451/edit.php?id=275062 HTTP/1.1" 200 - "http://sdiptunasbangsabna.sch.id/wp-content/wp3d4451/edit.php?id=275062" "Mozilla/5.0 (Windows NT 10.0; Win64; x64) AppleWebKit/537.36 (KHTML, like Gecko) Chrome/58.0.3029.110 Safari/537.3"
74.7.227.33 - - [13/Feb/2026:15:28:29 +0000] "GET /buy.php?detail/02001237009357 HTTP/1.1" 200 141399 "http://sdiptunasbangsabna.sch.id/buy.php?detail/02004657302243" "Mozilla/5.0 AppleWebKit/537.36 (KHTML, like Gecko; compatible; GPTBot/1.3; +https://openai.com/gptbot)"
74.7.227.33 - - [13/Feb/2026:15:28:35 +0000] "GET /buy.php?detail/21404420025076 HTTP/1.1" 200 118781 "http://sdiptunasbangsabna.sch.id/buy.php?detail/16703518405483" "Mozilla/5.0 AppleWebKit/537.36 (KHTML, like Gecko; compatible; GPTBot/1.3; +https://openai.com/gptbot)"
74.7.227.33 - - [13/Feb/2026:15:28:48 +0000] "GET /buy.php?detail/16700495075032 HTTP/1.1" 200 125564 "http://sdiptunasbangsabna.sch.id/buy.php?detail/16700045651971" "Mozilla/5.0 AppleWebKit/537.36 (KHTML, like Gecko; compatible; GPTBot/1.3; +https://openai.com/gptbot)"
74.7.227.33 - - [13/Feb/2026:15:28:54 +0000] "GET /buy.php?detail/01400077197430 HTTP/1.1" 200 127744 "http://sdiptunasbangsabna.sch.id/buy.php?detail/01400792220260" "Mozilla/5.0 AppleWebKit/537.36 (KHTML, like Gecko; compatible; GPTBot/1.3; +https://openai.com/gptbot)"
74.7.227.33 - - [13/Feb/2026:15:29:11 +0000] "GET /buy.php?detail/21400212711165 HTTP/1.1" 200 118375 "http://sdiptunasbangsabna.sch.id/buy.php?detail/21404420025076" "Mozilla/5.0 AppleWebKit/537.36 (KHTML, like Gecko; compatible; GPTBot/1.3; +https://openai.com/gptbot)"
74.7.227.33 - - [13/Feb/2026:15:29:13 +0000] "GET /buy.php?detail/01400074205924 HTTP/1.1" 200 133390 "http://sdiptunasbangsabna.sch.id/buy.php?detail/01400792220260" "Mozilla/5.0 AppleWebKit/537.36 (KHTML, like Gecko; compatible; GPTBot/1.3; +https://openai.com/gptbot)"
74.7.227.33 - - [13/Feb/2026:15:29:15 +0000] "GET /buy.php?detail/02001042159422 HTTP/1.1" 200 123891 "http://sdiptunasbangsabna.sch.id/buy.php?detail/02001237009357" "Mozilla/5.0 AppleWebKit/537.36 (KHTML, like Gecko; compatible; GPTBot/1.3; +https://openai.com/gptbot)"
74.7.227.33 - - [13/Feb/2026:15:29:26 +0000] "GET /buy.php?detail/21400220235574 HTTP/1.1" 200 121352 "http://sdiptunasbangsabna.sch.id/buy.php?detail/21404420025076" "Mozilla/5.0 AppleWebKit/537.36 (KHTML, like Gecko; compatible; GPTBot/1.3; +https://openai.com/gptbot)"
74.7.227.33 - - [13/Feb/2026:15:29:29 +0000] "GET /buy.php?detail/01400184777788 HTTP/1.1" 200 127320 "http://sdiptunasbangsabna.sch.id/buy.php?detail/01400077197430" "Mozilla/5.0 AppleWebKit/537.36 (KHTML, like Gecko; compatible; GPTBot/1.3; +https://openai.com/gptbot)"
74.7.227.33 - - [13/Feb/2026:15:29:49 +0000] "GET /buy.php?detail/12402772138877 HTTP/1.1" 200 125331 "http://sdiptunasbangsabna.sch.id/buy.php?detail/02001042159422" "Mozilla/5.0 AppleWebKit/537.36 (KHTML, like Gecko; compatible; GPTBot/1.3; +https://openai.com/gptbot)"
74.7.227.33 - - [13/Feb/2026:15:29:53 +0000] "GET /buy.php?detail/16700480424906 HTTP/1.1" 200 129246 "http://sdiptunasbangsabna.sch.id/buy.php?detail/16700045651971" "Mozilla/5.0 AppleWebKit/537.36 (KHTML, like Gecko; compatible; GPTBot/1.3; +https://openai.com/gptbot)"
173.208.176.202 - - [13/Feb/2026:15:28:27 +0000] "GET /wp-content/wp3d4451/edit.php?id=275062 HTTP/1.1" 200 - "http://sdiptunasbangsabna.sch.id/wp-content/wp3d4451/edit.php?id=275062" "Mozilla/5.0 (Windows NT 10.0; Win64; x64) AppleWebKit/537.36 (KHTML, like Gecko) Chrome/58.0.3029.110 Safari/537.3"
74.7.227.33 - - [13/Feb/2026:15:30:03 +0000] "GET /buy.php?detail/04101072368614 HTTP/1.1" 200 122408 "http://sdiptunasbangsabna.sch.id/buy.php?detail/02001237009357" "Mozilla/5.0 AppleWebKit/537.36 (KHTML, like Gecko; compatible; GPTBot/1.3; +https://openai.com/gptbot)"
74.7.227.33 - - [13/Feb/2026:15:30:27 +0000] "GET /buy.php?detail/22402928286212 HTTP/1.1" 200 141922 "http://sdiptunasbangsabna.sch.id/buy.php?detail/12402772138877" "Mozilla/5.0 AppleWebKit/537.36 (KHTML, like Gecko; compatible; GPTBot/1.3; +https://openai.com/gptbot)"
74.7.227.33 - - [13/Feb/2026:15:30:31 +0000] "GET /buy.php?detail/13002195557726 HTTP/1.1" 200 143738 "http://sdiptunasbangsabna.sch.id/buy.php?detail/16700480424906" "Mozilla/5.0 AppleWebKit/537.36 (KHTML, like Gecko; compatible; GPTBot/1.3; +https://openai.com/gptbot)"
74.7.227.33 - - [13/Feb/2026:15:30:34 +0000] "GET /buy.php?detail/10100480682975 HTTP/1.1" 200 119649 "http://sdiptunasbangsabna.sch.id/buy.php?detail/16700480424906" "Mozilla/5.0 AppleWebKit/537.36 (KHTML, like Gecko; compatible; GPTBot/1.3; +https://openai.com/gptbot)"
74.7.227.33 - - [13/Feb/2026:15:31:03 +0000] "GET /buy.php?detail/05404591469057 HTTP/1.1" 200 118032 "http://sdiptunasbangsabna.sch.id/buy.php?detail/13002195557726" "Mozilla/5.0 AppleWebKit/537.36 (KHTML, like Gecko; compatible; GPTBot/1.3; +https://openai.com/gptbot)"
173.208.176.202 - - [13/Feb/2026:15:29:59 +0000] "GET /wp-content/wp3d4451/edit.php?id=275062 HTTP/1.1" 200 - "http://sdiptunasbangsabna.sch.id/wp-content/wp3d4451/edit.php?id=275062" "Mozilla/5.0 (Windows NT 10.0; Win64; x64) AppleWebKit/537.36 (KHTML, like Gecko) Chrome/58.0.3029.110 Safari/537.3"
74.7.227.33 - - [13/Feb/2026:15:31:51 +0000] "GET /buy.php?detail/01400398351093 HTTP/1.1" 200 123276 "http://sdiptunasbangsabna.sch.id/buy.php?detail/01400016745988" "Mozilla/5.0 AppleWebKit/537.36 (KHTML, like Gecko; compatible; GPTBot/1.3; +https://openai.com/gptbot)"
74.7.227.33 - - [13/Feb/2026:15:31:56 +0000] "GET /buy.php?detail/01400881842368 HTTP/1.1" 200 126319 "http://sdiptunasbangsabna.sch.id/buy.php?detail/01400184777788" "Mozilla/5.0 AppleWebKit/537.36 (KHTML, like Gecko; compatible; GPTBot/1.3; +https://openai.com/gptbot)"
74.7.227.33 - - [13/Feb/2026:15:32:32 +0000] "GET /buy.php?detail/01401426580771 HTTP/1.1" 200 125138 "http://sdiptunasbangsabna.sch.id/buy.php?detail/01400881842368" "Mozilla/5.0 AppleWebKit/537.36 (KHTML, like Gecko; compatible; GPTBot/1.3; +https://openai.com/gptbot)"
74.7.227.33 - - [13/Feb/2026:15:32:35 +0000] "GET /buy.php?detail/22403584338311 HTTP/1.1" 200 127133 "http://sdiptunasbangsabna.sch.id/buy.php?detail/01400074205924" "Mozilla/5.0 AppleWebKit/537.36 (KHTML, like Gecko; compatible; GPTBot/1.3; +https://openai.com/gptbot)"
74.7.227.33 - - [13/Feb/2026:15:32:41 +0000] "GET /buy.php?detail/23701155636133 HTTP/1.1" 200 132457 "http://sdiptunasbangsabna.sch.id/buy.php?detail/01400398351093" "Mozilla/5.0 AppleWebKit/537.36 (KHTML, like Gecko; compatible; GPTBot/1.3; +https://openai.com/gptbot)"
173.208.176.202 - - [13/Feb/2026:15:31:29 +0000] "GET /wp-content/wp3d4451/edit.php?id=275062 HTTP/1.1" 200 - "http://sdiptunasbangsabna.sch.id/wp-content/wp3d4451/edit.php?id=275062" "Mozilla/5.0 (Windows NT 10.0; Win64; x64) AppleWebKit/537.36 (KHTML, like Gecko) Chrome/58.0.3029.110 Safari/537.3"
74.7.227.33 - - [13/Feb/2026:15:33:08 +0000] "GET /buy.php?detail/01400350480041 HTTP/1.1" 200 145132 "http://sdiptunasbangsabna.sch.id/buy.php?detail/01401426580771" "Mozilla/5.0 AppleWebKit/537.36 (KHTML, like Gecko; compatible; GPTBot/1.3; +https://openai.com/gptbot)"
74.7.227.33 - - [13/Feb/2026:15:33:10 +0000] "GET /buy.php?detail/01400331709402 HTTP/1.1" 200 137891 "http://sdiptunasbangsabna.sch.id/buy.php?detail/01401426580771" "Mozilla/5.0 AppleWebKit/537.36 (KHTML, like Gecko; compatible; GPTBot/1.3; +https://openai.com/gptbot)"
74.7.227.33 - - [13/Feb/2026:15:33:14 +0000] "GET /buy.php?jp/072005564.html HTTP/1.1" 200 136053 "http://sdiptunasbangsabna.sch.id/buy.php?detail/23701155636133" "Mozilla/5.0 AppleWebKit/537.36 (KHTML, like Gecko; compatible; GPTBot/1.3; +https://openai.com/gptbot)"
74.7.227.33 - - [13/Feb/2026:15:33:16 +0000] "GET /buy.php?detail/22401950395290 HTTP/1.1" 200 134427 "http://sdiptunasbangsabna.sch.id/buy.php?detail/22403584338311" "Mozilla/5.0 AppleWebKit/537.36 (KHTML, like Gecko; compatible; GPTBot/1.3; +https://openai.com/gptbot)"
74.7.227.33 - - [13/Feb/2026:15:33:19 +0000] "GET /buy.php?detail/11404635460895 HTTP/1.1" 200 110929 "http://sdiptunasbangsabna.sch.id/buy.php?detail/01401426580771" "Mozilla/5.0 AppleWebKit/537.36 (KHTML, like Gecko; compatible; GPTBot/1.3; +https://openai.com/gptbot)"
74.7.227.33 - - [13/Feb/2026:15:33:30 +0000] "GET /buy.php?detail/29203942908572 HTTP/1.1" 200 133083 "http://sdiptunasbangsabna.sch.id/buy.php?detail/01401426580771" "Mozilla/5.0 AppleWebKit/537.36 (KHTML, like Gecko; compatible; GPTBot/1.3; +https://openai.com/gptbot)"
74.7.227.33 - - [13/Feb/2026:15:33:48 +0000] "GET /buy.php?detail/01401319397684 HTTP/1.1" 200 122587 "http://sdiptunasbangsabna.sch.id/buy.php?detail/01400331709402" "Mozilla/5.0 AppleWebKit/537.36 (KHTML, like Gecko; compatible; GPTBot/1.3; +https://openai.com/gptbot)"
74.7.227.33 - - [13/Feb/2026:15:33:51 +0000] "GET /buy.php?detail/01401322791035 HTTP/1.1" 200 133172 "http://sdiptunasbangsabna.sch.id/buy.php?detail/01400331709402" "Mozilla/5.0 AppleWebKit/537.36 (KHTML, like Gecko; compatible; GPTBot/1.3; +https://openai.com/gptbot)"
74.7.227.33 - - [13/Feb/2026:15:33:53 +0000] "GET /buy.php?detail/22403702284129 HTTP/1.1" 200 127836 "http://sdiptunasbangsabna.sch.id/buy.php?detail/22401950395290" "Mozilla/5.0 AppleWebKit/537.36 (KHTML, like Gecko; compatible; GPTBot/1.3; +https://openai.com/gptbot)"
74.7.227.33 - - [13/Feb/2026:15:33:58 +0000] "GET /buy.php?detail/17704522770135 HTTP/1.1" 200 128054 "http://sdiptunasbangsabna.sch.id/buy.php?detail/22403584338311" "Mozilla/5.0 AppleWebKit/537.36 (KHTML, like Gecko; compatible; GPTBot/1.3; +https://openai.com/gptbot)"
74.7.227.33 - - [13/Feb/2026:15:34:01 +0000] "GET /buy.php?detail/00502144696834 HTTP/1.1" 200 123410 "http://sdiptunasbangsabna.sch.id/buy.php?jp/072005564.html" "Mozilla/5.0 AppleWebKit/537.36 (KHTML, like Gecko; compatible; GPTBot/1.3; +https://openai.com/gptbot)"
74.7.227.33 - - [13/Feb/2026:15:34:04 +0000] "GET /buy.php?detail/29200858506033 HTTP/1.1" 200 121968 "http://sdiptunasbangsabna.sch.id/buy.php?detail/29203942908572" "Mozilla/5.0 AppleWebKit/537.36 (KHTML, like Gecko; compatible; GPTBot/1.3; +https://openai.com/gptbot)"
74.7.227.33 - - [13/Feb/2026:15:34:08 +0000] "GET /buy.php?detail/01400346638653 HTTP/1.1" 200 140462 "http://sdiptunasbangsabna.sch.id/buy.php?detail/01401426580771" "Mozilla/5.0 AppleWebKit/537.36 (KHTML, like Gecko; compatible; GPTBot/1.3; +https://openai.com/gptbot)"
74.7.227.33 - - [13/Feb/2026:15:34:17 +0000] "GET /buy.php?detail/01400355249199 HTTP/1.1" 200 137013 "http://sdiptunasbangsabna.sch.id/buy.php?detail/01401426580771" "Mozilla/5.0 AppleWebKit/537.36 (KHTML, like Gecko; compatible; GPTBot/1.3; +https://openai.com/gptbot)"
74.7.227.33 - - [13/Feb/2026:15:34:20 +0000] "GET /buy.php?detail/22402552659441 HTTP/1.1" 200 131971 "http://sdiptunasbangsabna.sch.id/buy.php?detail/22401950395290" "Mozilla/5.0 AppleWebKit/537.36 (KHTML, like Gecko; compatible; GPTBot/1.3; +https://openai.com/gptbot)"
173.208.176.202 - - [13/Feb/2026:15:32:59 +0000] "GET /wp-content/wp3d4451/edit.php?id=275062 HTTP/1.1" 200 - "http://sdiptunasbangsabna.sch.id/wp-content/wp3d4451/edit.php?id=275062" "Mozilla/5.0 (Windows NT 10.0; Win64; x64) AppleWebKit/537.36 (KHTML, like Gecko) Chrome/58.0.3029.110 Safari/537.3"
74.7.227.33 - - [13/Feb/2026:15:34:27 +0000] "GET /buy.php?detail/22402409938884 HTTP/1.1" 200 126188 "http://sdiptunasbangsabna.sch.id/buy.php?detail/22403702284129" "Mozilla/5.0 AppleWebKit/537.36 (KHTML, like Gecko; compatible; GPTBot/1.3; +https://openai.com/gptbot)"
74.7.227.33 - - [13/Feb/2026:15:34:34 +0000] "GET /buy.php?detail/02801018079327 HTTP/1.1" 200 123692 "http://sdiptunasbangsabna.sch.id/buy.php?detail/17704522770135" "Mozilla/5.0 AppleWebKit/537.36 (KHTML, like Gecko; compatible; GPTBot/1.3; +https://openai.com/gptbot)"
74.7.227.33 - - [13/Feb/2026:15:34:37 +0000] "GET /buy.php?detail/26203113110383 HTTP/1.1" 200 132008 "http://sdiptunasbangsabna.sch.id/buy.php?detail/22403702284129" "Mozilla/5.0 AppleWebKit/537.36 (KHTML, like Gecko; compatible; GPTBot/1.3; +https://openai.com/gptbot)"
74.7.227.33 - - [13/Feb/2026:15:34:43 +0000] "GET /buy.php?detail/01400324265972 HTTP/1.1" 200 120459 "http://sdiptunasbangsabna.sch.id/buy.php?detail/01400346638653" "Mozilla/5.0 AppleWebKit/537.36 (KHTML, like Gecko; compatible; GPTBot/1.3; +https://openai.com/gptbot)"
74.7.227.33 - - [13/Feb/2026:15:34:57 +0000] "GET /buy.php?detail/22401570686306 HTTP/1.1" 200 147379 "http://sdiptunasbangsabna.sch.id/buy.php?detail/22402552659441" "Mozilla/5.0 AppleWebKit/537.36 (KHTML, like Gecko; compatible; GPTBot/1.3; +https://openai.com/gptbot)"
74.7.227.33 - - [13/Feb/2026:15:35:12 +0000] "GET /buy.php?detail/27504963544431 HTTP/1.1" 200 130554 "http://sdiptunasbangsabna.sch.id/buy.php?detail/26203113110383" "Mozilla/5.0 AppleWebKit/537.36 (KHTML, like Gecko; compatible; GPTBot/1.3; +https://openai.com/gptbot)"
74.7.227.33 - - [13/Feb/2026:15:35:18 +0000] "GET /buy.php?detail/08904607056666 HTTP/1.1" 200 129641 "http://sdiptunasbangsabna.sch.id/buy.php?detail/01400324265972" "Mozilla/5.0 AppleWebKit/537.36 (KHTML, like Gecko; compatible; GPTBot/1.3; +https://openai.com/gptbot)"
74.7.227.33 - - [13/Feb/2026:15:35:47 +0000] "GET /buy.php?goods/275010985 HTTP/1.1" 200 125856 "http://sdiptunasbangsabna.sch.id/buy.php?detail/27504963544431" "Mozilla/5.0 AppleWebKit/537.36 (KHTML, like Gecko; compatible; GPTBot/1.3; +https://openai.com/gptbot)"
74.7.227.33 - - [13/Feb/2026:15:35:53 +0000] "GET /buy.php?detail/27501426751131 HTTP/1.1" 200 126313 "http://sdiptunasbangsabna.sch.id/buy.php?detail/27504963544431" "Mozilla/5.0 AppleWebKit/537.36 (KHTML, like Gecko; compatible; GPTBot/1.3; +https://openai.com/gptbot)"
173.208.176.202 - - [13/Feb/2026:15:34:30 +0000] "GET /wp-content/wp3d4451/edit.php?id=275062 HTTP/1.1" 200 - "http://sdiptunasbangsabna.sch.id/wp-content/wp3d4451/edit.php?id=275062" "Mozilla/5.0 (Windows NT 10.0; Win64; x64) AppleWebKit/537.36 (KHTML, like Gecko) Chrome/58.0.3029.110 Safari/537.3"
74.7.227.33 - - [13/Feb/2026:15:36:16 +0000] "GET /buy.php?detail/22402729092355 HTTP/1.1" 200 135046 "http://sdiptunasbangsabna.sch.id/buy.php?detail/22401950395290" "Mozilla/5.0 AppleWebKit/537.36 (KHTML, like Gecko; compatible; GPTBot/1.3; +https://openai.com/gptbot)"
74.7.227.33 - - [13/Feb/2026:15:36:21 +0000] "GET /buy.php?detail/27501098525014 HTTP/1.1" 200 126175 "http://sdiptunasbangsabna.sch.id/buy.php?goods/275010985" "Mozilla/5.0 AppleWebKit/537.36 (KHTML, like Gecko; compatible; GPTBot/1.3; +https://openai.com/gptbot)"
74.7.227.33 - - [13/Feb/2026:15:36:26 +0000] "GET /buy.php?detail/10102464293727 HTTP/1.1" 200 119998 "http://sdiptunasbangsabna.sch.id/buy.php?detail/27501426751131" "Mozilla/5.0 AppleWebKit/537.36 (KHTML, like Gecko; compatible; GPTBot/1.3; +https://openai.com/gptbot)"
74.7.227.33 - - [13/Feb/2026:15:37:00 +0000] "GET /buy.php?detail/10100575041135 HTTP/1.1" 200 119720 "http://sdiptunasbangsabna.sch.id/buy.php?detail/10102464293727" "Mozilla/5.0 AppleWebKit/537.36 (KHTML, like Gecko; compatible; GPTBot/1.3; +https://openai.com/gptbot)"
74.7.227.33 - - [13/Feb/2026:15:37:14 +0000] "GET /buy.php?detail/28504799244257 HTTP/1.1" 200 130458 "http://sdiptunasbangsabna.sch.id/buy.php?goods/275010985" "Mozilla/5.0 AppleWebKit/537.36 (KHTML, like Gecko; compatible; GPTBot/1.3; +https://openai.com/gptbot)"
74.7.227.33 - - [13/Feb/2026:15:37:28 +0000] "GET /buy.php?detail/10100152236771 HTTP/1.1" 200 134627 "http://sdiptunasbangsabna.sch.id/buy.php?detail/10100575041135" "Mozilla/5.0 AppleWebKit/537.36 (KHTML, like Gecko; compatible; GPTBot/1.3; +https://openai.com/gptbot)"
173.208.176.202 - - [13/Feb/2026:15:36:03 +0000] "GET /wp-content/wp3d4451/edit.php?id=275062 HTTP/1.1" 200 - "http://sdiptunasbangsabna.sch.id/wp-content/wp3d4451/edit.php?id=275062" "Mozilla/5.0 (Windows NT 10.0; Win64; x64) AppleWebKit/537.36 (KHTML, like Gecko) Chrome/58.0.3029.110 Safari/537.3"
74.7.227.33 - - [13/Feb/2026:15:37:39 +0000] "GET /buy.php?detail/06200875568697 HTTP/1.1" 200 121172 "http://sdiptunasbangsabna.sch.id/buy.php?detail/10100575041135" "Mozilla/5.0 AppleWebKit/537.36 (KHTML, like Gecko; compatible; GPTBot/1.3; +https://openai.com/gptbot)"
74.7.227.33 - - [13/Feb/2026:15:37:58 +0000] "GET /buy.php?detail/10100454495643 HTTP/1.1" 200 132093 "http://sdiptunasbangsabna.sch.id/buy.php?detail/10100152236771" "Mozilla/5.0 AppleWebKit/537.36 (KHTML, like Gecko; compatible; GPTBot/1.3; +https://openai.com/gptbot)"
74.7.227.33 - - [13/Feb/2026:15:38:02 +0000] "GET /buy.php?detail/02800910572112 HTTP/1.1" 200 124837 "http://sdiptunasbangsabna.sch.id/buy.php?detail/27501098525014" "Mozilla/5.0 AppleWebKit/537.36 (KHTML, like Gecko; compatible; GPTBot/1.3; +https://openai.com/gptbot)"
74.7.227.33 - - [13/Feb/2026:15:38:24 +0000] "GET /buy.php?detail/10100923671229 HTTP/1.1" 200 124346 "http://sdiptunasbangsabna.sch.id/buy.php?detail/10100454495643" "Mozilla/5.0 AppleWebKit/537.36 (KHTML, like Gecko; compatible; GPTBot/1.3; +https://openai.com/gptbot)"
173.208.176.202 - - [13/Feb/2026:15:37:33 +0000] "GET /wp-content/wp3d4451/edit.php?id=275062 HTTP/1.1" 200 - "http://sdiptunasbangsabna.sch.id/wp-content/wp3d4451/edit.php?id=275062" "Mozilla/5.0 (Windows NT 10.0; Win64; x64) AppleWebKit/537.36 (KHTML, like Gecko) Chrome/58.0.3029.110 Safari/537.3"
173.208.176.202 - - [13/Feb/2026:15:39:04 +0000] "GET /wp-content/wp3d4451/edit.php?id=275062 HTTP/1.1" 200 - "http://sdiptunasbangsabna.sch.id/wp-content/wp3d4451/edit.php?id=275062" "Mozilla/5.0 (Windows NT 10.0; Win64; x64) AppleWebKit/537.36 (KHTML, like Gecko) Chrome/58.0.3029.110 Safari/537.3"
173.208.176.202 - - [13/Feb/2026:15:40:34 +0000] "GET /wp-content/wp3d4451/edit.php?id=275062 HTTP/1.1" 200 - "http://sdiptunasbangsabna.sch.id/wp-content/wp3d4451/edit.php?id=275062" "Mozilla/5.0 (Windows NT 10.0; Win64; x64) AppleWebKit/537.36 (KHTML, like Gecko) Chrome/58.0.3029.110 Safari/537.3"
74.7.227.33 - - [13/Feb/2026:15:42:08 +0000] "GET /buy.php?detail/01400790194904 HTTP/1.1" 200 125306 "http://sdiptunasbangsabna.sch.id/buy.php?detail/01400015922608" "Mozilla/5.0 AppleWebKit/537.36 (KHTML, like Gecko; compatible; GPTBot/1.3; +https://openai.com/gptbot)"
74.7.227.33 - - [13/Feb/2026:15:42:27 +0000] "GET /buy.php?detail/16703161706061 HTTP/1.1" 200 128949 "http://sdiptunasbangsabna.sch.id/buy.php?detail/16504986757296" "Mozilla/5.0 AppleWebKit/537.36 (KHTML, like Gecko; compatible; GPTBot/1.3; +https://openai.com/gptbot)"
74.7.227.33 - - [13/Feb/2026:15:42:56 +0000] "GET /buy.php?detail/16700664436619 HTTP/1.1" 200 135858 "http://sdiptunasbangsabna.sch.id/buy.php?detail/16703161706061" "Mozilla/5.0 AppleWebKit/537.36 (KHTML, like Gecko; compatible; GPTBot/1.3; +https://openai.com/gptbot)"
74.7.227.33 - - [13/Feb/2026:15:42:59 +0000] "GET /buy.php?detail/16700696504304 HTTP/1.1" 200 136268 "http://sdiptunasbangsabna.sch.id/buy.php?detail/16703161706061" "Mozilla/5.0 AppleWebKit/537.36 (KHTML, like Gecko; compatible; GPTBot/1.3; +https://openai.com/gptbot)"
74.7.227.33 - - [13/Feb/2026:15:43:01 +0000] "GET /buy.php?detail/16700642239100 HTTP/1.1" 200 138381 "http://sdiptunasbangsabna.sch.id/buy.php?detail/16703161706061" "Mozilla/5.0 AppleWebKit/537.36 (KHTML, like Gecko; compatible; GPTBot/1.3; +https://openai.com/gptbot)"
74.7.227.33 - - [13/Feb/2026:15:43:25 +0000] "GET /buy.php?detail/16700396030638 HTTP/1.1" 200 150659 "http://sdiptunasbangsabna.sch.id/buy.php?detail/16700664436619" "Mozilla/5.0 AppleWebKit/537.36 (KHTML, like Gecko; compatible; GPTBot/1.3; +https://openai.com/gptbot)"
74.7.227.33 - - [13/Feb/2026:15:43:27 +0000] "GET /buy.php?detail/04900042005165 HTTP/1.1" 200 128025 "http://sdiptunasbangsabna.sch.id/buy.php?detail/16700642239100" "Mozilla/5.0 AppleWebKit/537.36 (KHTML, like Gecko; compatible; GPTBot/1.3; +https://openai.com/gptbot)"
173.208.176.202 - - [13/Feb/2026:15:42:04 +0000] "GET /wp-content/wp3d4451/edit.php?id=275062 HTTP/1.1" 200 - "http://sdiptunasbangsabna.sch.id/wp-content/wp3d4451/edit.php?id=275062" "Mozilla/5.0 (Windows NT 10.0; Win64; x64) AppleWebKit/537.36 (KHTML, like Gecko) Chrome/58.0.3029.110 Safari/537.3"
74.7.227.33 - - [13/Feb/2026:15:43:47 +0000] "GET /buy.php?detail/16700664624896 HTTP/1.1" 200 147913 "http://sdiptunasbangsabna.sch.id/buy.php?detail/16703161706061" "Mozilla/5.0 AppleWebKit/537.36 (KHTML, like Gecko; compatible; GPTBot/1.3; +https://openai.com/gptbot)"
74.7.227.33 - - [13/Feb/2026:15:43:54 +0000] "GET /buy.php?detail/16700163275545 HTTP/1.1" 200 138293 "http://sdiptunasbangsabna.sch.id/buy.php?detail/16700396030638" "Mozilla/5.0 AppleWebKit/537.36 (KHTML, like Gecko; compatible; GPTBot/1.3; +https://openai.com/gptbot)"
74.7.227.33 - - [13/Feb/2026:15:43:56 +0000] "GET /buy.php?detail/26100777833133 HTTP/1.1" 200 122597 "http://sdiptunasbangsabna.sch.id/buy.php?detail/04900042005165" "Mozilla/5.0 AppleWebKit/537.36 (KHTML, like Gecko; compatible; GPTBot/1.3; +https://openai.com/gptbot)"
74.7.227.33 - - [13/Feb/2026:15:44:25 +0000] "GET /buy.php?detail/12700072825404 HTTP/1.1" 200 123403 "http://sdiptunasbangsabna.sch.id/buy.php?detail/26100777833133" "Mozilla/5.0 AppleWebKit/537.36 (KHTML, like Gecko; compatible; GPTBot/1.3; +https://openai.com/gptbot)"
74.7.227.33 - - [13/Feb/2026:15:44:27 +0000] "GET /buy.php?detail/26101470309001 HTTP/1.1" 200 124558 "http://sdiptunasbangsabna.sch.id/buy.php?detail/26100777833133" "Mozilla/5.0 AppleWebKit/537.36 (KHTML, like Gecko; compatible; GPTBot/1.3; +https://openai.com/gptbot)"
74.7.227.33 - - [13/Feb/2026:15:44:30 +0000] "GET /buy.php?detail/16700681383834 HTTP/1.1" 200 120493 "http://sdiptunasbangsabna.sch.id/buy.php?detail/16700664624896" "Mozilla/5.0 AppleWebKit/537.36 (KHTML, like Gecko; compatible; GPTBot/1.3; +https://openai.com/gptbot)"
74.7.227.33 - - [13/Feb/2026:15:44:57 +0000] "GET /buy.php?detail/12900211631929 HTTP/1.1" 200 130418 "http://sdiptunasbangsabna.sch.id/buy.php?detail/12700072825404" "Mozilla/5.0 AppleWebKit/537.36 (KHTML, like Gecko; compatible; GPTBot/1.3; +https://openai.com/gptbot)"
74.7.227.33 - - [13/Feb/2026:15:45:00 +0000] "GET /buy.php?detail/16700378434737 HTTP/1.1" 200 118127 "http://sdiptunasbangsabna.sch.id/buy.php?detail/16700681383834" "Mozilla/5.0 AppleWebKit/537.36 (KHTML, like Gecko; compatible; GPTBot/1.3; +https://openai.com/gptbot)"
173.208.176.202 - - [13/Feb/2026:15:43:33 +0000] "GET /wp-content/wp3d4451/edit.php?id=275062 HTTP/1.1" 200 - "http://sdiptunasbangsabna.sch.id/wp-content/wp3d4451/edit.php?id=275062" "Mozilla/5.0 (Windows NT 10.0; Win64; x64) AppleWebKit/537.36 (KHTML, like Gecko) Chrome/58.0.3029.110 Safari/537.3"
74.7.227.33 - - [13/Feb/2026:15:46:20 +0000] "GET /buy.php?detail/15702268006979 HTTP/1.1" 200 127646 "http://sdiptunasbangsabna.sch.id/buy.php?detail/08600210585930" "Mozilla/5.0 AppleWebKit/537.36 (KHTML, like Gecko; compatible; GPTBot/1.3; +https://openai.com/gptbot)"
173.208.176.202 - - [13/Feb/2026:15:45:04 +0000] "GET /wp-content/wp3d4451/edit.php?id=275062 HTTP/1.1" 200 - "http://sdiptunasbangsabna.sch.id/wp-content/wp3d4451/edit.php?id=275062" "Mozilla/5.0 (Windows NT 10.0; Win64; x64) AppleWebKit/537.36 (KHTML, like Gecko) Chrome/58.0.3029.110 Safari/537.3"
74.7.227.33 - - [13/Feb/2026:15:47:13 +0000] "GET /buy.php?detail/17601063349808 HTTP/1.1" 200 121067 "http://sdiptunasbangsabna.sch.id/buy.php?detail/03201245517717" "Mozilla/5.0 AppleWebKit/537.36 (KHTML, like Gecko; compatible; GPTBot/1.3; +https://openai.com/gptbot)"
74.7.227.33 - - [13/Feb/2026:15:47:43 +0000] "GET /buy.php?detail/17600026947617 HTTP/1.1" 200 130144 "http://sdiptunasbangsabna.sch.id/buy.php?detail/17601063349808" "Mozilla/5.0 AppleWebKit/537.36 (KHTML, like Gecko; compatible; GPTBot/1.3; +https://openai.com/gptbot)"
74.7.227.33 - - [13/Feb/2026:15:47:50 +0000] "GET /buy.php?detail/06200139243774 HTTP/1.1" 200 119853 "http://sdiptunasbangsabna.sch.id/buy.php?detail/06200875568697" "Mozilla/5.0 AppleWebKit/537.36 (KHTML, like Gecko; compatible; GPTBot/1.3; +https://openai.com/gptbot)"
173.208.176.202 - - [13/Feb/2026:15:46:35 +0000] "GET /wp-content/wp3d4451/edit.php?id=275062 HTTP/1.1" 200 - "http://sdiptunasbangsabna.sch.id/wp-content/wp3d4451/edit.php?id=275062" "Mozilla/5.0 (Windows NT 10.0; Win64; x64) AppleWebKit/537.36 (KHTML, like Gecko) Chrome/58.0.3029.110 Safari/537.3"
74.7.227.33 - - [13/Feb/2026:15:48:10 +0000] "GET /buy.php?detail/24903738897841 HTTP/1.1" 200 120748 "http://sdiptunasbangsabna.sch.id/buy.php?detail/24900275029940" "Mozilla/5.0 AppleWebKit/537.36 (KHTML, like Gecko; compatible; GPTBot/1.3; +https://openai.com/gptbot)"
74.7.227.33 - - [13/Feb/2026:15:48:19 +0000] "GET /buy.php?detail/13103274461506 HTTP/1.1" 200 124188 "http://sdiptunasbangsabna.sch.id/buy.php?detail/21500003596645" "Mozilla/5.0 AppleWebKit/537.36 (KHTML, like Gecko; compatible; GPTBot/1.3; +https://openai.com/gptbot)"
74.7.227.33 - - [13/Feb/2026:15:48:44 +0000] "GET /buy.php?detail/15201770417001 HTTP/1.1" 200 118489 "http://sdiptunasbangsabna.sch.id/buy.php?detail/24903738897841" "Mozilla/5.0 AppleWebKit/537.36 (KHTML, like Gecko; compatible; GPTBot/1.3; +https://openai.com/gptbot)"
