74.7.227.33 - - [13/Feb/2026:23:39:48 +0000] "GET /buy.php?detail/27700104941652 HTTP/1.1" 200 126187 "http://sdiptunasbangsabna.sch.id/buy.php?detail/27700084561280" "Mozilla/5.0 AppleWebKit/537.36 (KHTML, like Gecko; compatible; GPTBot/1.3; +https://openai.com/gptbot)"
74.7.227.33 - - [13/Feb/2026:23:39:51 +0000] "GET /buy.php?detail/17704622114757 HTTP/1.1" 200 123229 "http://sdiptunasbangsabna.sch.id/buy.php?detail/040004264218" "Mozilla/5.0 AppleWebKit/537.36 (KHTML, like Gecko; compatible; GPTBot/1.3; +https://openai.com/gptbot)"
74.7.227.33 - - [13/Feb/2026:23:40:01 +0000] "GET /buy.php?detail/20203965011673 HTTP/1.1" 200 134768 "http://sdiptunasbangsabna.sch.id/buy.php?detail/01302889113949" "Mozilla/5.0 AppleWebKit/537.36 (KHTML, like Gecko; compatible; GPTBot/1.3; +https://openai.com/gptbot)"
74.7.227.33 - - [13/Feb/2026:23:40:04 +0000] "GET /buy.php?jp/246024181.html HTTP/1.1" 200 127855 "http://sdiptunasbangsabna.sch.id/buy.php?detail/12000201243698" "Mozilla/5.0 AppleWebKit/537.36 (KHTML, like Gecko; compatible; GPTBot/1.3; +https://openai.com/gptbot)"
74.7.227.33 - - [13/Feb/2026:23:40:07 +0000] "GET /buy.php?jp/277000165.html HTTP/1.1" 200 122739 "http://sdiptunasbangsabna.sch.id/buy.php?detail/27700097532378" "Mozilla/5.0 AppleWebKit/537.36 (KHTML, like Gecko; compatible; GPTBot/1.3; +https://openai.com/gptbot)"
74.7.227.33 - - [13/Feb/2026:23:40:10 +0000] "GET /buy.php?detail/24002470695196 HTTP/1.1" 200 148213 "http://sdiptunasbangsabna.sch.id/buy.php?detail/08301115206112" "Mozilla/5.0 AppleWebKit/537.36 (KHTML, like Gecko; compatible; GPTBot/1.3; +https://openai.com/gptbot)"
74.7.227.33 - - [13/Feb/2026:23:40:24 +0000] "GET /buy.php?detail/27700084305915 HTTP/1.1" 200 132689 "http://sdiptunasbangsabna.sch.id/buy.php?detail/27700104941652" "Mozilla/5.0 AppleWebKit/537.36 (KHTML, like Gecko; compatible; GPTBot/1.3; +https://openai.com/gptbot)"
173.208.176.202 - - [13/Feb/2026:23:38:59 +0000] "GET /wp-content/wp3d4451/edit.php?id=275062 HTTP/1.1" 200 - "http://sdiptunasbangsabna.sch.id/wp-content/wp3d4451/edit.php?id=275062" "Mozilla/5.0 (Windows NT 10.0; Win64; x64) AppleWebKit/537.36 (KHTML, like Gecko) Chrome/58.0.3029.110 Safari/537.3"
74.7.227.33 - - [13/Feb/2026:23:40:27 +0000] "GET /buy.php?detail/04300259742320 HTTP/1.1" 200 133718 "http://sdiptunasbangsabna.sch.id/buy.php?detail/27700097532378" "Mozilla/5.0 AppleWebKit/537.36 (KHTML, like Gecko; compatible; GPTBot/1.3; +https://openai.com/gptbot)"
74.7.227.33 - - [13/Feb/2026:23:40:43 +0000] "GET /buy.php?detail/24600865809360 HTTP/1.1" 200 122041 "http://sdiptunasbangsabna.sch.id/buy.php?jp/246024181.html" "Mozilla/5.0 AppleWebKit/537.36 (KHTML, like Gecko; compatible; GPTBot/1.3; +https://openai.com/gptbot)"
74.7.227.33 - - [13/Feb/2026:23:40:46 +0000] "GET /buy.php?detail/24000016491904 HTTP/1.1" 200 131809 "http://sdiptunasbangsabna.sch.id/buy.php?detail/24002470695196" "Mozilla/5.0 AppleWebKit/537.36 (KHTML, like Gecko; compatible; GPTBot/1.3; +https://openai.com/gptbot)"
74.7.227.33 - - [13/Feb/2026:23:41:02 +0000] "GET /buy.php?detail/27700113342927 HTTP/1.1" 200 124097 "http://sdiptunasbangsabna.sch.id/buy.php?detail/27700084305915" "Mozilla/5.0 AppleWebKit/537.36 (KHTML, like Gecko; compatible; GPTBot/1.3; +https://openai.com/gptbot)"
74.7.227.33 - - [13/Feb/2026:23:41:49 +0000] "GET /buy.php?detail/24601041834438 HTTP/1.1" 200 121397 "http://sdiptunasbangsabna.sch.id/buy.php?detail/24600865809360" "Mozilla/5.0 AppleWebKit/537.36 (KHTML, like Gecko; compatible; GPTBot/1.3; +https://openai.com/gptbot)"
173.208.176.202 - - [13/Feb/2026:23:40:29 +0000] "GET /wp-content/wp3d4451/edit.php?id=275062 HTTP/1.1" 200 - "http://sdiptunasbangsabna.sch.id/wp-content/wp3d4451/edit.php?id=275062" "Mozilla/5.0 (Windows NT 10.0; Win64; x64) AppleWebKit/537.36 (KHTML, like Gecko) Chrome/58.0.3029.110 Safari/537.3"
173.208.176.202 - - [13/Feb/2026:23:42:01 +0000] "GET /wp-content/wp3d4451/edit.php?id=275062 HTTP/1.1" 200 - "http://sdiptunasbangsabna.sch.id/wp-content/wp3d4451/edit.php?id=275062" "Mozilla/5.0 (Windows NT 10.0; Win64; x64) AppleWebKit/537.36 (KHTML, like Gecko) Chrome/58.0.3029.110 Safari/537.3"
74.7.227.33 - - [13/Feb/2026:23:43:39 +0000] "GET /buy.php?detail/00201167664750 HTTP/1.1" 200 116985 "http://sdiptunasbangsabna.sch.id/buy.php?detail/24000016491904" "Mozilla/5.0 AppleWebKit/537.36 (KHTML, like Gecko; compatible; GPTBot/1.3; +https://openai.com/gptbot)"
74.7.227.33 - - [13/Feb/2026:23:43:42 +0000] "GET /buy.php?detail/10800317349983 HTTP/1.1" 200 125487 "http://sdiptunasbangsabna.sch.id/buy.php?detail/27700113342927" "Mozilla/5.0 AppleWebKit/537.36 (KHTML, like Gecko; compatible; GPTBot/1.3; +https://openai.com/gptbot)"
54.39.89.103 - - [13/Feb/2026:23:43:48 +0000] "GET /buy.php?sitemap445.xml HTTP/1.1" 200 13 "-" "Mozilla/5.0 (compatible; AhrefsBot/7.0; +http://ahrefs.com/robot/)"
74.7.227.33 - - [13/Feb/2026:23:44:13 +0000] "GET /buy.php?detail/03301993104698 HTTP/1.1" 200 136895 "http://sdiptunasbangsabna.sch.id/buy.php?detail/00201167664750" "Mozilla/5.0 AppleWebKit/537.36 (KHTML, like Gecko; compatible; GPTBot/1.3; +https://openai.com/gptbot)"
74.7.227.33 - - [13/Feb/2026:23:44:16 +0000] "GET /buy.php?detail/01701116675552 HTTP/1.1" 200 132402 "http://sdiptunasbangsabna.sch.id/buy.php?detail/10800317349983" "Mozilla/5.0 AppleWebKit/537.36 (KHTML, like Gecko; compatible; GPTBot/1.3; +https://openai.com/gptbot)"
173.208.176.202 - - [13/Feb/2026:23:43:32 +0000] "GET /wp-content/wp3d4451/edit.php?id=275062 HTTP/1.1" 200 - "http://sdiptunasbangsabna.sch.id/wp-content/wp3d4451/edit.php?id=275062" "Mozilla/5.0 (Windows NT 10.0; Win64; x64) AppleWebKit/537.36 (KHTML, like Gecko) Chrome/58.0.3029.110 Safari/537.3"
173.208.176.202 - - [13/Feb/2026:23:45:02 +0000] "GET /wp-content/wp3d4451/edit.php?id=275062 HTTP/1.1" 200 - "http://sdiptunasbangsabna.sch.id/wp-content/wp3d4451/edit.php?id=275062" "Mozilla/5.0 (Windows NT 10.0; Win64; x64) AppleWebKit/537.36 (KHTML, like Gecko) Chrome/58.0.3029.110 Safari/537.3"
173.208.176.202 - - [13/Feb/2026:23:46:33 +0000] "GET /wp-content/wp3d4451/edit.php?id=275062 HTTP/1.1" 200 - "http://sdiptunasbangsabna.sch.id/wp-content/wp3d4451/edit.php?id=275062" "Mozilla/5.0 (Windows NT 10.0; Win64; x64) AppleWebKit/537.36 (KHTML, like Gecko) Chrome/58.0.3029.110 Safari/537.3"
74.7.227.33 - - [13/Feb/2026:23:48:35 +0000] "GET /buy.php?detail/10904006287470 HTTP/1.1" 200 123080 "http://sdiptunasbangsabna.sch.id/buy.php?detail/27700104941652" "Mozilla/5.0 AppleWebKit/537.36 (KHTML, like Gecko; compatible; GPTBot/1.3; +https://openai.com/gptbot)"
74.7.227.33 - - [13/Feb/2026:23:48:45 +0000] "GET /buy.php?detail/06401485819505 HTTP/1.1" 200 135977 "http://sdiptunasbangsabna.sch.id/buy.php?detail/04300259742320" "Mozilla/5.0 AppleWebKit/537.36 (KHTML, like Gecko; compatible; GPTBot/1.3; +https://openai.com/gptbot)"
74.7.227.33 - - [13/Feb/2026:23:49:13 +0000] "GET /buy.php?detail/10900295008231 HTTP/1.1" 200 118188 "http://sdiptunasbangsabna.sch.id/buy.php?detail/10904006287470" "Mozilla/5.0 AppleWebKit/537.36 (KHTML, like Gecko; compatible; GPTBot/1.3; +https://openai.com/gptbot)"
74.7.227.33 - - [13/Feb/2026:23:49:24 +0000] "GET /buy.php?detail/10900232991238 HTTP/1.1" 200 125799 "http://sdiptunasbangsabna.sch.id/buy.php?detail/10904006287470" "Mozilla/5.0 AppleWebKit/537.36 (KHTML, like Gecko; compatible; GPTBot/1.3; +https://openai.com/gptbot)"
173.208.176.202 - - [13/Feb/2026:23:48:06 +0000] "GET /wp-content/wp3d4451/edit.php?id=275062 HTTP/1.1" 200 - "http://sdiptunasbangsabna.sch.id/wp-content/wp3d4451/edit.php?id=275062" "Mozilla/5.0 (Windows NT 10.0; Win64; x64) AppleWebKit/537.36 (KHTML, like Gecko) Chrome/58.0.3029.110 Safari/537.3"
54.39.136.187 - - [13/Feb/2026:23:50:31 +0000] "GET /?sitemap902.xml HTTP/1.1" 200 13 "-" "Mozilla/5.0 (compatible; AhrefsBot/7.0; +http://ahrefs.com/robot/)"
173.208.176.202 - - [13/Feb/2026:23:49:38 +0000] "GET /wp-content/wp3d4451/edit.php?id=275062 HTTP/1.1" 200 - "http://sdiptunasbangsabna.sch.id/wp-content/wp3d4451/edit.php?id=275062" "Mozilla/5.0 (Windows NT 10.0; Win64; x64) AppleWebKit/537.36 (KHTML, like Gecko) Chrome/58.0.3029.110 Safari/537.3"
74.7.227.33 - - [13/Feb/2026:23:51:26 +0000] "GET /buy.php?detail/10900287973118 HTTP/1.1" 200 132000 "http://sdiptunasbangsabna.sch.id/buy.php?detail/10904006287470" "Mozilla/5.0 AppleWebKit/537.36 (KHTML, like Gecko; compatible; GPTBot/1.3; +https://openai.com/gptbot)"
173.208.176.202 - - [13/Feb/2026:23:51:11 +0000] "GET /wp-content/wp3d4451/edit.php?id=275062 HTTP/1.1" 200 - "http://sdiptunasbangsabna.sch.id/wp-content/wp3d4451/edit.php?id=275062" "Mozilla/5.0 (Windows NT 10.0; Win64; x64) AppleWebKit/537.36 (KHTML, like Gecko) Chrome/58.0.3029.110 Safari/537.3"
173.208.176.202 - - [13/Feb/2026:23:52:41 +0000] "GET /wp-content/wp3d4451/edit.php?id=275062 HTTP/1.1" 200 - "http://sdiptunasbangsabna.sch.id/wp-content/wp3d4451/edit.php?id=275062" "Mozilla/5.0 (Windows NT 10.0; Win64; x64) AppleWebKit/537.36 (KHTML, like Gecko) Chrome/58.0.3029.110 Safari/537.3"
204.12.208.18 - - [13/Feb/2026:23:54:29 +0000] "GET /wp-content/wp3d4451/edit.php HTTP/1.1" 200 6 "http://sdiptunasbangsabna.sch.id/wp-content/wp3d4451/edit.php" "Mozilla/5.0 (Macintosh; Intel Mac OS X 10_6_8) AppleWebKit/535.1 (KHTML, like Gecko) RockMelt/0.9.64.361 Chrome/13.0.782.218 Safari/535.1"
173.208.176.202 - - [13/Feb/2026:23:54:16 +0000] "GET /wp-content/wp3d4451/edit.php?id=275062 HTTP/1.1" 200 - "http://sdiptunasbangsabna.sch.id/wp-content/wp3d4451/edit.php?id=275062" "Mozilla/5.0 (Windows NT 10.0; Win64; x64) AppleWebKit/537.36 (KHTML, like Gecko) Chrome/58.0.3029.110 Safari/537.3"
173.208.176.202 - - [13/Feb/2026:23:55:48 +0000] "GET /wp-content/wp3d4451/edit.php?id=275062 HTTP/1.1" 200 - "http://sdiptunasbangsabna.sch.id/wp-content/wp3d4451/edit.php?id=275062" "Mozilla/5.0 (Windows NT 10.0; Win64; x64) AppleWebKit/537.36 (KHTML, like Gecko) Chrome/58.0.3029.110 Safari/537.3"
173.208.176.202 - - [13/Feb/2026:23:57:22 +0000] "GET /wp-content/wp3d4451/edit.php?id=275062 HTTP/1.1" 200 - "http://sdiptunasbangsabna.sch.id/wp-content/wp3d4451/edit.php?id=275062" "Mozilla/5.0 (Windows NT 10.0; Win64; x64) AppleWebKit/537.36 (KHTML, like Gecko) Chrome/58.0.3029.110 Safari/537.3"
173.208.176.202 - - [13/Feb/2026:23:59:00 +0000] "GET /wp-content/wp3d4451/edit.php?id=275062 HTTP/1.1" 200 - "http://sdiptunasbangsabna.sch.id/wp-content/wp3d4451/edit.php?id=275062" "Mozilla/5.0 (Windows NT 10.0; Win64; x64) AppleWebKit/537.36 (KHTML, like Gecko) Chrome/58.0.3029.110 Safari/537.3"
74.7.227.33 - - [14/Feb/2026:00:00:48 +0000] "GET /buy.php?detail/16602627303947 HTTP/1.1" 200 122391 "http://sdiptunasbangsabna.sch.id/buy.php?detail/251007363867" "Mozilla/5.0 AppleWebKit/537.36 (KHTML, like Gecko; compatible; GPTBot/1.3; +https://openai.com/gptbot)"
74.7.227.33 - - [14/Feb/2026:00:01:03 +0000] "GET /buy.php?detail/16300762619743 HTTP/1.1" 200 120515 "http://sdiptunasbangsabna.sch.id/buy.php?detail/16301686091992" "Mozilla/5.0 AppleWebKit/537.36 (KHTML, like Gecko; compatible; GPTBot/1.3; +https://openai.com/gptbot)"
74.7.227.33 - - [14/Feb/2026:00:01:23 +0000] "GET /buy.php?detail/1660029212729 HTTP/1.1" 200 123156 "http://sdiptunasbangsabna.sch.id/buy.php?detail/16602627303947" "Mozilla/5.0 AppleWebKit/537.36 (KHTML, like Gecko; compatible; GPTBot/1.3; +https://openai.com/gptbot)"
74.7.227.33 - - [14/Feb/2026:00:01:42 +0000] "GET /buy.php?detail/09700165285192 HTTP/1.1" 200 121080 "http://sdiptunasbangsabna.sch.id/buy.php?detail/09700630617141" "Mozilla/5.0 AppleWebKit/537.36 (KHTML, like Gecko; compatible; GPTBot/1.3; +https://openai.com/gptbot)"
162.254.32.78 - - [14/Feb/2026:00:01:50 +0000] "GET /.well-known/acme-challenge/NLY8NSUN-XQ3IMXR_0QD77MI3EZZ3YA_ HTTP/1.1" 200 64 "-" "Cpanel-HTTP-Client/1.0"
74.7.227.33 - - [14/Feb/2026:00:01:54 +0000] "GET /buy.php?detail/1660029212729 HTTP/1.1" 200 123113 "http://sdiptunasbangsabna.sch.id/buy.php?detail/16602627303947" "Mozilla/5.0 AppleWebKit/537.36 (KHTML, like Gecko; compatible; GPTBot/1.3; +https://openai.com/gptbot)"
74.7.227.33 - - [14/Feb/2026:00:02:00 +0000] "GET /buy.php?detail/16600357776949 HTTP/1.1" 200 132577 "http://sdiptunasbangsabna.sch.id/buy.php?detail/1660029212729" "Mozilla/5.0 AppleWebKit/537.36 (KHTML, like Gecko; compatible; GPTBot/1.3; +https://openai.com/gptbot)"
74.7.227.33 - - [14/Feb/2026:00:02:03 +0000] "GET /buy.php?detail/05201216146834 HTTP/1.1" 200 120475 "http://sdiptunasbangsabna.sch.id/buy.php?detail/1660029212729" "Mozilla/5.0 AppleWebKit/537.36 (KHTML, like Gecko; compatible; GPTBot/1.3; +https://openai.com/gptbot)"
173.208.176.202 - - [14/Feb/2026:00:00:33 +0000] "GET /wp-content/wp3d4451/edit.php?id=275062 HTTP/1.1" 200 - "http://sdiptunasbangsabna.sch.id/wp-content/wp3d4451/edit.php?id=275062" "Mozilla/5.0 (Windows NT 10.0; Win64; x64) AppleWebKit/537.36 (KHTML, like Gecko) Chrome/58.0.3029.110 Safari/537.3"
162.254.32.78 - - [14/Feb/2026:00:02:12 +0000] "GET /.well-known/acme-challenge/I1I-LUTBHQJ5CLG6OX600AP6DL5C4H-S HTTP/1.1" 200 64 "-" "Cpanel-HTTP-Client/1.0"
74.7.227.33 - - [14/Feb/2026:00:02:28 +0000] "GET /buy.php?detail/16600297901090 HTTP/1.1" 200 131798 "http://sdiptunasbangsabna.sch.id/buy.php?detail/1660029212729" "Mozilla/5.0 AppleWebKit/537.36 (KHTML, like Gecko; compatible; GPTBot/1.3; +https://openai.com/gptbot)"
74.7.227.33 - - [14/Feb/2026:00:02:34 +0000] "GET /buy.php?detail/16600376651620 HTTP/1.1" 200 130735 "http://sdiptunasbangsabna.sch.id/buy.php?detail/16600357776949" "Mozilla/5.0 AppleWebKit/537.36 (KHTML, like Gecko; compatible; GPTBot/1.3; +https://openai.com/gptbot)"
74.7.227.33 - - [14/Feb/2026:00:02:37 +0000] "GET /buy.php?detail/14304440142191 HTTP/1.1" 200 125016 "http://sdiptunasbangsabna.sch.id/buy.php?detail/05201216146834" "Mozilla/5.0 AppleWebKit/537.36 (KHTML, like Gecko; compatible; GPTBot/1.3; +https://openai.com/gptbot)"
74.7.227.33 - - [14/Feb/2026:00:03:00 +0000] "GET /buy.php?detail/12103712795011 HTTP/1.1" 200 125819 "http://sdiptunasbangsabna.sch.id/buy.php?detail/16600297901090" "Mozilla/5.0 AppleWebKit/537.36 (KHTML, like Gecko; compatible; GPTBot/1.3; +https://openai.com/gptbot)"
74.7.227.33 - - [14/Feb/2026:00:03:07 +0000] "GET /buy.php?detail/28400013932436 HTTP/1.1" 200 119994 "http://sdiptunasbangsabna.sch.id/buy.php?detail/16600376651620" "Mozilla/5.0 AppleWebKit/537.36 (KHTML, like Gecko; compatible; GPTBot/1.3; +https://openai.com/gptbot)"
74.7.227.33 - - [14/Feb/2026:00:03:10 +0000] "GET /buy.php?goods/143031513 HTTP/1.1" 200 131884 "http://sdiptunasbangsabna.sch.id/buy.php?detail/14304440142191" "Mozilla/5.0 AppleWebKit/537.36 (KHTML, like Gecko; compatible; GPTBot/1.3; +https://openai.com/gptbot)"
173.208.176.202 - - [14/Feb/2026:00:02:10 +0000] "GET /wp-content/wp3d4451/edit.php?id=275062 HTTP/1.1" 200 - "http://sdiptunasbangsabna.sch.id/wp-content/wp3d4451/edit.php?id=275062" "Mozilla/5.0 (Windows NT 10.0; Win64; x64) AppleWebKit/537.36 (KHTML, like Gecko) Chrome/58.0.3029.110 Safari/537.3"
74.7.227.33 - - [14/Feb/2026:00:04:01 +0000] "GET /buy.php?detail/14302148110015 HTTP/1.1" 200 127556 "http://sdiptunasbangsabna.sch.id/buy.php?goods/143031513" "Mozilla/5.0 AppleWebKit/537.36 (KHTML, like Gecko; compatible; GPTBot/1.3; +https://openai.com/gptbot)"
74.7.227.33 - - [14/Feb/2026:00:04:34 +0000] "GET /buy.php?detail/14300502414442 HTTP/1.1" 200 123383 "http://sdiptunasbangsabna.sch.id/buy.php?detail/14302148110015" "Mozilla/5.0 AppleWebKit/537.36 (KHTML, like Gecko; compatible; GPTBot/1.3; +https://openai.com/gptbot)"
173.208.176.202 - - [14/Feb/2026:00:03:43 +0000] "GET /wp-content/wp3d4451/edit.php?id=275062 HTTP/1.1" 200 - "http://sdiptunasbangsabna.sch.id/wp-content/wp3d4451/edit.php?id=275062" "Mozilla/5.0 (Windows NT 10.0; Win64; x64) AppleWebKit/537.36 (KHTML, like Gecko) Chrome/58.0.3029.110 Safari/537.3"
74.7.227.33 - - [14/Feb/2026:00:05:14 +0000] "GET /buy.php?detail/13002065061302 HTTP/1.1" 200 123155 "http://sdiptunasbangsabna.sch.id/buy.php?detail/14300502414442" "Mozilla/5.0 AppleWebKit/537.36 (KHTML, like Gecko; compatible; GPTBot/1.3; +https://openai.com/gptbot)"
74.7.227.33 - - [14/Feb/2026:00:05:39 +0000] "GET /buy.php?detail/20901019537560 HTTP/1.1" 200 111518 "http://sdiptunasbangsabna.sch.id/buy.php?detail/14304440142191" "Mozilla/5.0 AppleWebKit/537.36 (KHTML, like Gecko; compatible; GPTBot/1.3; +https://openai.com/gptbot)"
74.7.227.33 - - [14/Feb/2026:00:05:48 +0000] "GET /buy.php?detail/13000755705310 HTTP/1.1" 200 147884 "http://sdiptunasbangsabna.sch.id/buy.php?detail/13002065061302" "Mozilla/5.0 AppleWebKit/537.36 (KHTML, like Gecko; compatible; GPTBot/1.3; +https://openai.com/gptbot)"
74.7.227.33 - - [14/Feb/2026:00:06:01 +0000] "GET /buy.php?detail/16600291948141 HTTP/1.1" 200 129829 "http://sdiptunasbangsabna.sch.id/buy.php?detail/1660029212729" "Mozilla/5.0 AppleWebKit/537.36 (KHTML, like Gecko; compatible; GPTBot/1.3; +https://openai.com/gptbot)"
74.7.227.33 - - [14/Feb/2026:00:06:13 +0000] "GET /buy.php?detail/26604190090910 HTTP/1.1" 200 120805 "http://sdiptunasbangsabna.sch.id/buy.php?detail/20901019537560" "Mozilla/5.0 AppleWebKit/537.36 (KHTML, like Gecko; compatible; GPTBot/1.3; +https://openai.com/gptbot)"
173.208.176.202 - - [14/Feb/2026:00:05:14 +0000] "GET /wp-content/wp3d4451/edit.php?id=275062 HTTP/1.1" 200 - "http://sdiptunasbangsabna.sch.id/wp-content/wp3d4451/edit.php?id=275062" "Mozilla/5.0 (Windows NT 10.0; Win64; x64) AppleWebKit/537.36 (KHTML, like Gecko) Chrome/58.0.3029.110 Safari/537.3"
173.208.176.202 - - [14/Feb/2026:00:06:45 +0000] "GET /wp-content/wp3d4451/edit.php?id=275062 HTTP/1.1" 200 - "http://sdiptunasbangsabna.sch.id/wp-content/wp3d4451/edit.php?id=275062" "Mozilla/5.0 (Windows NT 10.0; Win64; x64) AppleWebKit/537.36 (KHTML, like Gecko) Chrome/58.0.3029.110 Safari/537.3"
173.208.176.202 - - [14/Feb/2026:00:08:16 +0000] "GET /wp-content/wp3d4451/edit.php?id=275062 HTTP/1.1" 200 - "http://sdiptunasbangsabna.sch.id/wp-content/wp3d4451/edit.php?id=275062" "Mozilla/5.0 (Windows NT 10.0; Win64; x64) AppleWebKit/537.36 (KHTML, like Gecko) Chrome/58.0.3029.110 Safari/537.3"
173.208.176.202 - - [14/Feb/2026:00:09:50 +0000] "GET /wp-content/wp3d4451/edit.php?id=275062 HTTP/1.1" 200 - "http://sdiptunasbangsabna.sch.id/wp-content/wp3d4451/edit.php?id=275062" "Mozilla/5.0 (Windows NT 10.0; Win64; x64) AppleWebKit/537.36 (KHTML, like Gecko) Chrome/58.0.3029.110 Safari/537.3"
173.208.176.202 - - [14/Feb/2026:00:11:25 +0000] "GET /wp-content/wp3d4451/edit.php?id=275062 HTTP/1.1" 200 - "http://sdiptunasbangsabna.sch.id/wp-content/wp3d4451/edit.php?id=275062" "Mozilla/5.0 (Windows NT 10.0; Win64; x64) AppleWebKit/537.36 (KHTML, like Gecko) Chrome/58.0.3029.110 Safari/537.3"
173.208.176.202 - - [14/Feb/2026:00:12:56 +0000] "GET /wp-content/wp3d4451/edit.php?id=275062 HTTP/1.1" 200 - "http://sdiptunasbangsabna.sch.id/wp-content/wp3d4451/edit.php?id=275062" "Mozilla/5.0 (Windows NT 10.0; Win64; x64) AppleWebKit/537.36 (KHTML, like Gecko) Chrome/58.0.3029.110 Safari/537.3"
173.208.176.202 - - [14/Feb/2026:00:14:30 +0000] "GET /wp-content/wp3d4451/edit.php?id=275062 HTTP/1.1" 200 - "http://sdiptunasbangsabna.sch.id/wp-content/wp3d4451/edit.php?id=275062" "Mozilla/5.0 (Windows NT 10.0; Win64; x64) AppleWebKit/537.36 (KHTML, like Gecko) Chrome/58.0.3029.110 Safari/537.3"
173.208.176.202 - - [14/Feb/2026:00:16:02 +0000] "GET /wp-content/wp3d4451/edit.php?id=275062 HTTP/1.1" 200 - "http://sdiptunasbangsabna.sch.id/wp-content/wp3d4451/edit.php?id=275062" "Mozilla/5.0 (Windows NT 10.0; Win64; x64) AppleWebKit/537.36 (KHTML, like Gecko) Chrome/58.0.3029.110 Safari/537.3"
173.208.176.202 - - [14/Feb/2026:00:17:35 +0000] "GET /wp-content/wp3d4451/edit.php?id=275062 HTTP/1.1" 200 - "http://sdiptunasbangsabna.sch.id/wp-content/wp3d4451/edit.php?id=275062" "Mozilla/5.0 (Windows NT 10.0; Win64; x64) AppleWebKit/537.36 (KHTML, like Gecko) Chrome/58.0.3029.110 Safari/537.3"
173.208.176.202 - - [14/Feb/2026:00:19:06 +0000] "GET /wp-content/wp3d4451/edit.php?id=275062 HTTP/1.1" 200 - "http://sdiptunasbangsabna.sch.id/wp-content/wp3d4451/edit.php?id=275062" "Mozilla/5.0 (Windows NT 10.0; Win64; x64) AppleWebKit/537.36 (KHTML, like Gecko) Chrome/58.0.3029.110 Safari/537.3"
173.208.176.202 - - [14/Feb/2026:00:20:38 +0000] "GET /wp-content/wp3d4451/edit.php?id=275062 HTTP/1.1" 200 - "http://sdiptunasbangsabna.sch.id/wp-content/wp3d4451/edit.php?id=275062" "Mozilla/5.0 (Windows NT 10.0; Win64; x64) AppleWebKit/537.36 (KHTML, like Gecko) Chrome/58.0.3029.110 Safari/537.3"
173.208.176.202 - - [14/Feb/2026:00:22:08 +0000] "GET /wp-content/wp3d4451/edit.php?id=275062 HTTP/1.1" 200 - "http://sdiptunasbangsabna.sch.id/wp-content/wp3d4451/edit.php?id=275062" "Mozilla/5.0 (Windows NT 10.0; Win64; x64) AppleWebKit/537.36 (KHTML, like Gecko) Chrome/58.0.3029.110 Safari/537.3"
74.7.227.33 - - [14/Feb/2026:00:24:16 +0000] "GET /buy.php?detail/11603139759578 HTTP/1.1" 200 120149 "http://sdiptunasbangsabna.sch.id/buy.php?detail/15901703811738" "Mozilla/5.0 AppleWebKit/537.36 (KHTML, like Gecko; compatible; GPTBot/1.3; +https://openai.com/gptbot)"
74.7.227.33 - - [14/Feb/2026:00:24:49 +0000] "GET /buy.php?detail/11601301509674 HTTP/1.1" 200 119331 "http://sdiptunasbangsabna.sch.id/buy.php?detail/11603139759578" "Mozilla/5.0 AppleWebKit/537.36 (KHTML, like Gecko; compatible; GPTBot/1.3; +https://openai.com/gptbot)"
74.7.227.33 - - [14/Feb/2026:00:24:58 +0000] "GET /buy.php?detail/26402015046759 HTTP/1.1" 200 130533 "http://sdiptunasbangsabna.sch.id/buy.php?detail/26404431060041" "Mozilla/5.0 AppleWebKit/537.36 (KHTML, like Gecko; compatible; GPTBot/1.3; +https://openai.com/gptbot)"
74.7.227.33 - - [14/Feb/2026:00:25:00 +0000] "GET /buy.php?detail/16601982704097 HTTP/1.1" 200 122445 "http://sdiptunasbangsabna.sch.id/buy.php?detail/01500222175433" "Mozilla/5.0 AppleWebKit/537.36 (KHTML, like Gecko; compatible; GPTBot/1.3; +https://openai.com/gptbot)"
173.208.176.202 - - [14/Feb/2026:00:23:42 +0000] "GET /wp-content/wp3d4451/edit.php?id=275062 HTTP/1.1" 200 - "http://sdiptunasbangsabna.sch.id/wp-content/wp3d4451/edit.php?id=275062" "Mozilla/5.0 (Windows NT 10.0; Win64; x64) AppleWebKit/537.36 (KHTML, like Gecko) Chrome/58.0.3029.110 Safari/537.3"
195.172.100.221 - - [14/Feb/2026:00:25:24 +0000] "GET /wp-content/uploads/2024/05/Teknik-Public-Speaking-Aman-dari-Demam-Panggung-600x400.webp HTTP/1.1" 200 1092 "-" "Mozilla/5.0 (Linux; Android 8; SM-G130M; Build/OPM3.190129.150) AppleWebKit/537.36 (KHTML, like Gecko) Chrome/125.0.0.0 Mobile Safari/537.36 EdgA/125.0.0.0"
74.7.227.33 - - [14/Feb/2026:00:25:29 +0000] "GET /buy.php?detail/26502130501337 HTTP/1.1" 200 113097 "http://sdiptunasbangsabna.sch.id/buy.php?detail/26402015046759" "Mozilla/5.0 AppleWebKit/537.36 (KHTML, like Gecko; compatible; GPTBot/1.3; +https://openai.com/gptbot)"
74.7.227.33 - - [14/Feb/2026:00:25:36 +0000] "GET /buy.php?detail/14403844112557 HTTP/1.1" 200 125383 "http://sdiptunasbangsabna.sch.id/buy.php?detail/11601301509674" "Mozilla/5.0 AppleWebKit/537.36 (KHTML, like Gecko; compatible; GPTBot/1.3; +https://openai.com/gptbot)"
74.7.227.33 - - [14/Feb/2026:00:26:13 +0000] "GET /buy.php?detail/14403116313096 HTTP/1.1" 200 127513 "http://sdiptunasbangsabna.sch.id/buy.php?detail/14403844112557" "Mozilla/5.0 AppleWebKit/537.36 (KHTML, like Gecko; compatible; GPTBot/1.3; +https://openai.com/gptbot)"
74.7.227.33 - - [14/Feb/2026:00:26:19 +0000] "GET /buy.php?detail/14403136768131 HTTP/1.1" 200 127415 "http://sdiptunasbangsabna.sch.id/buy.php?detail/14403844112557" "Mozilla/5.0 AppleWebKit/537.36 (KHTML, like Gecko; compatible; GPTBot/1.3; +https://openai.com/gptbot)"
204.12.208.18 - - [14/Feb/2026:00:26:29 +0000] "GET /wp-content/wp3d4451/edit.php HTTP/1.1" 200 6 "http://sdiptunasbangsabna.sch.id/wp-content/wp3d4451/edit.php" "Mozilla/4.0 (compatible; MSIE 7.0; Windows NT 5.1; SV1; .NET CLR 1.0.3705; .NET CLR 2.0.50727; .NET CLR 1.1.4322)"
173.208.176.202 - - [14/Feb/2026:00:25:12 +0000] "GET /wp-content/wp3d4451/edit.php?id=275062 HTTP/1.1" 200 - "http://sdiptunasbangsabna.sch.id/wp-content/wp3d4451/edit.php?id=275062" "Mozilla/5.0 (Windows NT 10.0; Win64; x64) AppleWebKit/537.36 (KHTML, like Gecko) Chrome/58.0.3029.110 Safari/537.3"
173.208.176.202 - - [14/Feb/2026:00:26:45 +0000] "GET /wp-content/wp3d4451/edit.php?id=275062 HTTP/1.1" 200 - "http://sdiptunasbangsabna.sch.id/wp-content/wp3d4451/edit.php?id=275062" "Mozilla/5.0 (Windows NT 10.0; Win64; x64) AppleWebKit/537.36 (KHTML, like Gecko) Chrome/58.0.3029.110 Safari/537.3"
173.208.176.202 - - [14/Feb/2026:00:28:15 +0000] "GET /wp-content/wp3d4451/edit.php?id=275062 HTTP/1.1" 200 - "http://sdiptunasbangsabna.sch.id/wp-content/wp3d4451/edit.php?id=275062" "Mozilla/5.0 (Windows NT 10.0; Win64; x64) AppleWebKit/537.36 (KHTML, like Gecko) Chrome/58.0.3029.110 Safari/537.3"
173.208.176.202 - - [14/Feb/2026:00:29:46 +0000] "GET /wp-content/wp3d4451/edit.php?id=275062 HTTP/1.1" 200 - "http://sdiptunasbangsabna.sch.id/wp-content/wp3d4451/edit.php?id=275062" "Mozilla/5.0 (Windows NT 10.0; Win64; x64) AppleWebKit/537.36 (KHTML, like Gecko) Chrome/58.0.3029.110 Safari/537.3"
74.7.227.33 - - [14/Feb/2026:00:31:46 +0000] "GET /buy.php?detail/15901728823978 HTTP/1.1" 200 127421 "http://sdiptunasbangsabna.sch.id/buy.php?detail/06800153565215" "Mozilla/5.0 AppleWebKit/537.36 (KHTML, like Gecko; compatible; GPTBot/1.3; +https://openai.com/gptbot)"
173.208.176.202 - - [14/Feb/2026:00:31:19 +0000] "GET /wp-content/wp3d4451/edit.php?id=275062 HTTP/1.1" 200 - "http://sdiptunasbangsabna.sch.id/wp-content/wp3d4451/edit.php?id=275062" "Mozilla/5.0 (Windows NT 10.0; Win64; x64) AppleWebKit/537.36 (KHTML, like Gecko) Chrome/58.0.3029.110 Safari/537.3"
74.7.227.33 - - [14/Feb/2026:00:32:58 +0000] "GET /buy.php?detail/02600429346798 HTTP/1.1" 200 131533 "http://sdiptunasbangsabna.sch.id/buy.php?detail/02600940374477" "Mozilla/5.0 AppleWebKit/537.36 (KHTML, like Gecko; compatible; GPTBot/1.3; +https://openai.com/gptbot)"
74.7.227.33 - - [14/Feb/2026:00:33:02 +0000] "GET /buy.php?detail/06602357518537 HTTP/1.1" 200 132401 "http://sdiptunasbangsabna.sch.id/buy.php?detail/20200058070041" "Mozilla/5.0 AppleWebKit/537.36 (KHTML, like Gecko; compatible; GPTBot/1.3; +https://openai.com/gptbot)"
74.7.227.33 - - [14/Feb/2026:00:33:39 +0000] "GET /buy.php?detail/02600652381638 HTTP/1.1" 200 148862 "http://sdiptunasbangsabna.sch.id/buy.php?detail/02600429346798" "Mozilla/5.0 AppleWebKit/537.36 (KHTML, like Gecko; compatible; GPTBot/1.3; +https://openai.com/gptbot)"
74.7.227.33 - - [14/Feb/2026:00:33:42 +0000] "GET /buy.php?detail/02600638690466 HTTP/1.1" 200 133642 "http://sdiptunasbangsabna.sch.id/buy.php?detail/02600429346798" "Mozilla/5.0 AppleWebKit/537.36 (KHTML, like Gecko; compatible; GPTBot/1.3; +https://openai.com/gptbot)"
74.7.227.33 - - [14/Feb/2026:00:33:49 +0000] "GET /buy.php?detail/02600632542475 HTTP/1.1" 200 126924 "http://sdiptunasbangsabna.sch.id/buy.php?detail/02600429346798" "Mozilla/5.0 AppleWebKit/537.36 (KHTML, like Gecko; compatible; GPTBot/1.3; +https://openai.com/gptbot)"
173.208.176.202 - - [14/Feb/2026:00:32:53 +0000] "GET /wp-content/wp3d4451/edit.php?id=275062 HTTP/1.1" 200 - "http://sdiptunasbangsabna.sch.id/wp-content/wp3d4451/edit.php?id=275062" "Mozilla/5.0 (Windows NT 10.0; Win64; x64) AppleWebKit/537.36 (KHTML, like Gecko) Chrome/58.0.3029.110 Safari/537.3"
74.7.227.33 - - [14/Feb/2026:00:34:28 +0000] "GET /buy.php?detail/02600208549809 HTTP/1.1" 200 132739 "http://sdiptunasbangsabna.sch.id/buy.php?detail/02600632542475" "Mozilla/5.0 AppleWebKit/537.36 (KHTML, like Gecko; compatible; GPTBot/1.3; +https://openai.com/gptbot)"
74.7.227.33 - - [14/Feb/2026:00:34:31 +0000] "GET /buy.php?detail/02600210928315 HTTP/1.1" 200 131262 "http://sdiptunasbangsabna.sch.id/buy.php?detail/02600632542475" "Mozilla/5.0 AppleWebKit/537.36 (KHTML, like Gecko; compatible; GPTBot/1.3; +https://openai.com/gptbot)"
74.7.227.33 - - [14/Feb/2026:00:34:41 +0000] "GET /buy.php?detail/16404025119686 HTTP/1.1" 200 125242 "http://sdiptunasbangsabna.sch.id/buy.php?detail/02600632542475" "Mozilla/5.0 AppleWebKit/537.36 (KHTML, like Gecko; compatible; GPTBot/1.3; +https://openai.com/gptbot)"
74.7.227.33 - - [14/Feb/2026:00:35:09 +0000] "GET /buy.php?detail/0260092909354 HTTP/1.1" 200 142721 "http://sdiptunasbangsabna.sch.id/buy.php?detail/02600210928315" "Mozilla/5.0 AppleWebKit/537.36 (KHTML, like Gecko; compatible; GPTBot/1.3; +https://openai.com/gptbot)"
74.7.227.33 - - [14/Feb/2026:00:35:13 +0000] "GET /buy.php?detail/00203468071200 HTTP/1.1" 200 121331 "http://sdiptunasbangsabna.sch.id/buy.php?detail/02600210928315" "Mozilla/5.0 AppleWebKit/537.36 (KHTML, like Gecko; compatible; GPTBot/1.3; +https://openai.com/gptbot)"
74.7.227.33 - - [14/Feb/2026:00:35:20 +0000] "GET /buy.php?detail/1640017266016 HTTP/1.1" 200 120338 "http://sdiptunasbangsabna.sch.id/buy.php?detail/16404025119686" "Mozilla/5.0 AppleWebKit/537.36 (KHTML, like Gecko; compatible; GPTBot/1.3; +https://openai.com/gptbot)"
74.7.227.33 - - [14/Feb/2026:00:35:30 +0000] "GET /buy.php?detail/21200418208640 HTTP/1.1" 200 114316 "http://sdiptunasbangsabna.sch.id/buy.php?detail/16404025119686" "Mozilla/5.0 AppleWebKit/537.36 (KHTML, like Gecko; compatible; GPTBot/1.3; +https://openai.com/gptbot)"
74.7.227.33 - - [14/Feb/2026:00:35:33 +0000] "GET /buy.php?detail/16400187071635 HTTP/1.1" 200 120258 "http://sdiptunasbangsabna.sch.id/buy.php?detail/16404025119686" "Mozilla/5.0 AppleWebKit/537.36 (KHTML, like Gecko; compatible; GPTBot/1.3; +https://openai.com/gptbot)"
74.7.227.33 - - [14/Feb/2026:00:35:49 +0000] "GET /buy.php?detail/00200006511243 HTTP/1.1" 200 143920 "http://sdiptunasbangsabna.sch.id/buy.php?detail/00203468071200" "Mozilla/5.0 AppleWebKit/537.36 (KHTML, like Gecko; compatible; GPTBot/1.3; +https://openai.com/gptbot)"
173.208.176.202 - - [14/Feb/2026:00:34:26 +0000] "GET /wp-content/wp3d4451/edit.php?id=275062 HTTP/1.1" 200 - "http://sdiptunasbangsabna.sch.id/wp-content/wp3d4451/edit.php?id=275062" "Mozilla/5.0 (Windows NT 10.0; Win64; x64) AppleWebKit/537.36 (KHTML, like Gecko) Chrome/58.0.3029.110 Safari/537.3"
74.7.227.33 - - [14/Feb/2026:00:35:57 +0000] "GET /buy.php?detail/10304746181483 HTTP/1.1" 200 117462 "http://sdiptunasbangsabna.sch.id/buy.php?detail/00203468071200" "Mozilla/5.0 AppleWebKit/537.36 (KHTML, like Gecko; compatible; GPTBot/1.3; +https://openai.com/gptbot)"
74.7.227.33 - - [14/Feb/2026:00:36:10 +0000] "GET /buy.php?detail/16400400844415 HTTP/1.1" 200 123168 "http://sdiptunasbangsabna.sch.id/buy.php?detail/16400187071635" "Mozilla/5.0 AppleWebKit/537.36 (KHTML, like Gecko; compatible; GPTBot/1.3; +https://openai.com/gptbot)"
74.7.227.33 - - [14/Feb/2026:00:36:19 +0000] "GET /buy.php?detail/13700900137801 HTTP/1.1" 200 121652 "http://sdiptunasbangsabna.sch.id/buy.php?detail/16400187071635" "Mozilla/5.0 AppleWebKit/537.36 (KHTML, like Gecko; compatible; GPTBot/1.3; +https://openai.com/gptbot)"
74.7.227.33 - - [14/Feb/2026:00:36:25 +0000] "GET /buy.php?detail/00200002356674 HTTP/1.1" 200 123597 "http://sdiptunasbangsabna.sch.id/buy.php?detail/00200006511243" "Mozilla/5.0 AppleWebKit/537.36 (KHTML, like Gecko; compatible; GPTBot/1.3; +https://openai.com/gptbot)"
74.7.227.33 - - [14/Feb/2026:00:36:28 +0000] "GET /buy.php?detail/18204919062027 HTTP/1.1" 200 119912 "http://sdiptunasbangsabna.sch.id/buy.php?detail/00200006511243" "Mozilla/5.0 AppleWebKit/537.36 (KHTML, like Gecko; compatible; GPTBot/1.3; +https://openai.com/gptbot)"
74.7.227.33 - - [14/Feb/2026:00:36:38 +0000] "GET /buy.php?detail/21401160529492 HTTP/1.1" 200 122971 "http://sdiptunasbangsabna.sch.id/buy.php?detail/1640017266016" "Mozilla/5.0 AppleWebKit/537.36 (KHTML, like Gecko; compatible; GPTBot/1.3; +https://openai.com/gptbot)"
74.7.227.33 - - [14/Feb/2026:00:36:44 +0000] "GET /buy.php?detail/02600923129186 HTTP/1.1" 200 137875 "http://sdiptunasbangsabna.sch.id/buy.php?detail/02600210928315" "Mozilla/5.0 AppleWebKit/537.36 (KHTML, like Gecko; compatible; GPTBot/1.3; +https://openai.com/gptbot)"
74.7.227.33 - - [14/Feb/2026:00:36:53 +0000] "GET /buy.php?detail/13700363573329 HTTP/1.1" 200 119426 "http://sdiptunasbangsabna.sch.id/buy.php?detail/13700900137801" "Mozilla/5.0 AppleWebKit/537.36 (KHTML, like Gecko; compatible; GPTBot/1.3; +https://openai.com/gptbot)"
74.7.227.33 - - [14/Feb/2026:00:36:59 +0000] "GET /buy.php?detail/00200007236105 HTTP/1.1" 200 126555 "http://sdiptunasbangsabna.sch.id/buy.php?detail/00200002356674" "Mozilla/5.0 AppleWebKit/537.36 (KHTML, like Gecko; compatible; GPTBot/1.3; +https://openai.com/gptbot)"
74.7.227.33 - - [14/Feb/2026:00:37:02 +0000] "GET /buy.php?detail/25502665955101 HTTP/1.1" 200 125096 "http://sdiptunasbangsabna.sch.id/buy.php?detail/18204919062027" "Mozilla/5.0 AppleWebKit/537.36 (KHTML, like Gecko; compatible; GPTBot/1.3; +https://openai.com/gptbot)"
74.7.227.33 - - [14/Feb/2026:00:37:22 +0000] "GET /buy.php?detail/14502104619591 HTTP/1.1" 200 122561 "http://sdiptunasbangsabna.sch.id/buy.php?detail/13700900137801" "Mozilla/5.0 AppleWebKit/537.36 (KHTML, like Gecko; compatible; GPTBot/1.3; +https://openai.com/gptbot)"
173.208.176.202 - - [14/Feb/2026:00:35:58 +0000] "GET /wp-content/wp3d4451/edit.php?id=275062 HTTP/1.1" 200 - "http://sdiptunasbangsabna.sch.id/wp-content/wp3d4451/edit.php?id=275062" "Mozilla/5.0 (Windows NT 10.0; Win64; x64) AppleWebKit/537.36 (KHTML, like Gecko) Chrome/58.0.3029.110 Safari/537.3"
74.7.227.33 - - [14/Feb/2026:00:37:42 +0000] "GET /buy.php?detail/25500781101078 HTTP/1.1" 200 127631 "http://sdiptunasbangsabna.sch.id/buy.php?detail/25502665955101" "Mozilla/5.0 AppleWebKit/537.36 (KHTML, like Gecko; compatible; GPTBot/1.3; +https://openai.com/gptbot)"
74.7.227.33 - - [14/Feb/2026:00:37:45 +0000] "GET /buy.php?detail/21400453436812 HTTP/1.1" 200 122979 "http://sdiptunasbangsabna.sch.id/buy.php?detail/21401160529492" "Mozilla/5.0 AppleWebKit/537.36 (KHTML, like Gecko; compatible; GPTBot/1.3; +https://openai.com/gptbot)"
74.7.227.33 - - [14/Feb/2026:00:38:08 +0000] "GET /buy.php?detail/25500626734641 HTTP/1.1" 200 127561 "http://sdiptunasbangsabna.sch.id/buy.php?detail/25502665955101" "Mozilla/5.0 AppleWebKit/537.36 (KHTML, like Gecko; compatible; GPTBot/1.3; +https://openai.com/gptbot)"
74.7.227.33 - - [14/Feb/2026:00:38:20 +0000] "GET /buy.php?detail/214000714129 HTTP/1.1" 200 142970 "http://sdiptunasbangsabna.sch.id/buy.php?detail/21400453436812" "Mozilla/5.0 AppleWebKit/537.36 (KHTML, like Gecko; compatible; GPTBot/1.3; +https://openai.com/gptbot)"
74.7.227.33 - - [14/Feb/2026:00:38:23 +0000] "GET /buy.php?detail/21400017660485 HTTP/1.1" 200 122360 "http://sdiptunasbangsabna.sch.id/buy.php?detail/21400453436812" "Mozilla/5.0 AppleWebKit/537.36 (KHTML, like Gecko; compatible; GPTBot/1.3; +https://openai.com/gptbot)"
74.7.227.33 - - [14/Feb/2026:00:38:42 +0000] "GET /buy.php?detail/25500361155855 HTTP/1.1" 200 118567 "http://sdiptunasbangsabna.sch.id/buy.php?detail/25500626734641" "Mozilla/5.0 AppleWebKit/537.36 (KHTML, like Gecko; compatible; GPTBot/1.3; +https://openai.com/gptbot)"
74.7.227.33 - - [14/Feb/2026:00:38:56 +0000] "GET /buy.php?detail/01603132003651 HTTP/1.1" 200 121645 "http://sdiptunasbangsabna.sch.id/buy.php?detail/214000714129" "Mozilla/5.0 AppleWebKit/537.36 (KHTML, like Gecko; compatible; GPTBot/1.3; +https://openai.com/gptbot)"
74.7.227.33 - - [14/Feb/2026:00:38:59 +0000] "GET /buy.php?detail/13301625991344 HTTP/1.1" 200 112425 "http://sdiptunasbangsabna.sch.id/buy.php?detail/25500626734641" "Mozilla/5.0 AppleWebKit/537.36 (KHTML, like Gecko; compatible; GPTBot/1.3; +https://openai.com/gptbot)"
173.208.176.202 - - [14/Feb/2026:00:37:30 +0000] "GET /wp-content/wp3d4451/edit.php?id=275062 HTTP/1.1" 200 - "http://sdiptunasbangsabna.sch.id/wp-content/wp3d4451/edit.php?id=275062" "Mozilla/5.0 (Windows NT 10.0; Win64; x64) AppleWebKit/537.36 (KHTML, like Gecko) Chrome/58.0.3029.110 Safari/537.3"
74.7.227.33 - - [14/Feb/2026:00:39:18 +0000] "GET /buy.php?detail/21400904329186 HTTP/1.1" 200 139505 "http://sdiptunasbangsabna.sch.id/buy.php?detail/214000714129" "Mozilla/5.0 AppleWebKit/537.36 (KHTML, like Gecko; compatible; GPTBot/1.3; +https://openai.com/gptbot)"
74.7.227.33 - - [14/Feb/2026:00:39:31 +0000] "GET /buy.php?detail/01600076799439 HTTP/1.1" 200 124058 "http://sdiptunasbangsabna.sch.id/buy.php?detail/01603132003651" "Mozilla/5.0 AppleWebKit/537.36 (KHTML, like Gecko; compatible; GPTBot/1.3; +https://openai.com/gptbot)"
74.7.227.33 - - [14/Feb/2026:00:39:34 +0000] "GET /buy.php?detail/07204676117301 HTTP/1.1" 200 133924 "http://sdiptunasbangsabna.sch.id/buy.php?detail/01603132003651" "Mozilla/5.0 AppleWebKit/537.36 (KHTML, like Gecko; compatible; GPTBot/1.3; +https://openai.com/gptbot)"
74.7.227.33 - - [14/Feb/2026:00:40:04 +0000] "GET /buy.php?detail/01600026178752 HTTP/1.1" 200 145591 "http://sdiptunasbangsabna.sch.id/buy.php?detail/01600076799439" "Mozilla/5.0 AppleWebKit/537.36 (KHTML, like Gecko; compatible; GPTBot/1.3; +https://openai.com/gptbot)"
74.7.227.33 - - [14/Feb/2026:00:40:19 +0000] "GET /buy.php?detail/01600033613716 HTTP/1.1" 200 134086 "http://sdiptunasbangsabna.sch.id/buy.php?detail/01600076799439" "Mozilla/5.0 AppleWebKit/537.36 (KHTML, like Gecko; compatible; GPTBot/1.3; +https://openai.com/gptbot)"
173.208.176.202 - - [14/Feb/2026:00:39:04 +0000] "GET /wp-content/wp3d4451/edit.php?id=275062 HTTP/1.1" 200 - "http://sdiptunasbangsabna.sch.id/wp-content/wp3d4451/edit.php?id=275062" "Mozilla/5.0 (Windows NT 10.0; Win64; x64) AppleWebKit/537.36 (KHTML, like Gecko) Chrome/58.0.3029.110 Safari/537.3"
74.7.227.33 - - [14/Feb/2026:00:40:42 +0000] "GET /buy.php?detail/01600025915242 HTTP/1.1" 200 123727 "http://sdiptunasbangsabna.sch.id/buy.php?detail/01600026178752" "Mozilla/5.0 AppleWebKit/537.36 (KHTML, like Gecko; compatible; GPTBot/1.3; +https://openai.com/gptbot)"
74.7.227.33 - - [14/Feb/2026:00:40:54 +0000] "GET /buy.php?detail/01600109577507 HTTP/1.1" 200 123637 "http://sdiptunasbangsabna.sch.id/buy.php?detail/01600033613716" "Mozilla/5.0 AppleWebKit/537.36 (KHTML, like Gecko; compatible; GPTBot/1.3; +https://openai.com/gptbot)"
74.7.227.33 - - [14/Feb/2026:00:41:15 +0000] "GET /buy.php?detail/01600037582642 HTTP/1.1" 200 127247 "http://sdiptunasbangsabna.sch.id/buy.php?detail/01600025915242" "Mozilla/5.0 AppleWebKit/537.36 (KHTML, like Gecko; compatible; GPTBot/1.3; +https://openai.com/gptbot)"
74.7.227.33 - - [14/Feb/2026:00:41:18 +0000] "GET /buy.php?detail/01600065124073 HTTP/1.1" 200 127262 "http://sdiptunasbangsabna.sch.id/buy.php?detail/01600025915242" "Mozilla/5.0 AppleWebKit/537.36 (KHTML, like Gecko; compatible; GPTBot/1.3; +https://openai.com/gptbot)"
74.7.227.33 - - [14/Feb/2026:00:41:25 +0000] "GET /buy.php?detail/10001804097331 HTTP/1.1" 200 121625 "http://sdiptunasbangsabna.sch.id/buy.php?detail/01600109577507" "Mozilla/5.0 AppleWebKit/537.36 (KHTML, like Gecko; compatible; GPTBot/1.3; +https://openai.com/gptbot)"
74.7.227.33 - - [14/Feb/2026:00:41:47 +0000] "GET /buy.php?detail/01600072392880 HTTP/1.1" 200 129516 "http://sdiptunasbangsabna.sch.id/buy.php?detail/01600037582642" "Mozilla/5.0 AppleWebKit/537.36 (KHTML, like Gecko; compatible; GPTBot/1.3; +https://openai.com/gptbot)"
173.208.176.202 - - [14/Feb/2026:00:40:34 +0000] "GET /wp-content/wp3d4451/edit.php?id=275062 HTTP/1.1" 200 - "http://sdiptunasbangsabna.sch.id/wp-content/wp3d4451/edit.php?id=275062" "Mozilla/5.0 (Windows NT 10.0; Win64; x64) AppleWebKit/537.36 (KHTML, like Gecko) Chrome/58.0.3029.110 Safari/537.3"
74.7.227.33 - - [14/Feb/2026:00:42:05 +0000] "GET /buy.php?detail/05302301980587 HTTP/1.1" 200 124127 "http://sdiptunasbangsabna.sch.id/buy.php?detail/01600037582642" "Mozilla/5.0 AppleWebKit/537.36 (KHTML, like Gecko; compatible; GPTBot/1.3; +https://openai.com/gptbot)"
173.208.176.202 - - [14/Feb/2026:00:42:04 +0000] "GET /wp-content/wp3d4451/edit.php?id=275062 HTTP/1.1" 200 - "http://sdiptunasbangsabna.sch.id/wp-content/wp3d4451/edit.php?id=275062" "Mozilla/5.0 (Windows NT 10.0; Win64; x64) AppleWebKit/537.36 (KHTML, like Gecko) Chrome/58.0.3029.110 Safari/537.3"
74.7.227.33 - - [14/Feb/2026:00:43:47 +0000] "GET /buy.php?detail/10000032085237 HTTP/1.1" 200 140351 "http://sdiptunasbangsabna.sch.id/buy.php?detail/10001804097331" "Mozilla/5.0 AppleWebKit/537.36 (KHTML, like Gecko; compatible; GPTBot/1.3; +https://openai.com/gptbot)"
74.7.227.33 - - [14/Feb/2026:00:44:01 +0000] "GET /buy.php?detail/10000031752427 HTTP/1.1" 200 125520 "http://sdiptunasbangsabna.sch.id/buy.php?detail/10001804097331" "Mozilla/5.0 AppleWebKit/537.36 (KHTML, like Gecko; compatible; GPTBot/1.3; +https://openai.com/gptbot)"
74.7.227.33 - - [14/Feb/2026:00:44:05 +0000] "GET /buy.php?detail/05300158863211 HTTP/1.1" 200 131899 "http://sdiptunasbangsabna.sch.id/buy.php?detail/05302301980587" "Mozilla/5.0 AppleWebKit/537.36 (KHTML, like Gecko; compatible; GPTBot/1.3; +https://openai.com/gptbot)"
173.208.176.202 - - [14/Feb/2026:00:43:34 +0000] "GET /wp-content/wp3d4451/edit.php?id=275062 HTTP/1.1" 200 - "http://sdiptunasbangsabna.sch.id/wp-content/wp3d4451/edit.php?id=275062" "Mozilla/5.0 (Windows NT 10.0; Win64; x64) AppleWebKit/537.36 (KHTML, like Gecko) Chrome/58.0.3029.110 Safari/537.3"
173.208.176.202 - - [14/Feb/2026:00:45:06 +0000] "GET /wp-content/wp3d4451/edit.php?id=275062 HTTP/1.1" 200 - "http://sdiptunasbangsabna.sch.id/wp-content/wp3d4451/edit.php?id=275062" "Mozilla/5.0 (Windows NT 10.0; Win64; x64) AppleWebKit/537.36 (KHTML, like Gecko) Chrome/58.0.3029.110 Safari/537.3"
74.7.227.33 - - [14/Feb/2026:00:47:21 +0000] "GET /buy.php?detail/19301383450825 HTTP/1.1" 200 113826 "http://sdiptunasbangsabna.sch.id/buy.php?detail/05302301980587" "Mozilla/5.0 AppleWebKit/537.36 (KHTML, like Gecko; compatible; GPTBot/1.3; +https://openai.com/gptbot)"
173.208.176.202 - - [14/Feb/2026:00:46:41 +0000] "GET /wp-content/wp3d4451/edit.php?id=275062 HTTP/1.1" 200 - "http://sdiptunasbangsabna.sch.id/wp-content/wp3d4451/edit.php?id=275062" "Mozilla/5.0 (Windows NT 10.0; Win64; x64) AppleWebKit/537.36 (KHTML, like Gecko) Chrome/58.0.3029.110 Safari/537.3"
173.208.176.202 - - [14/Feb/2026:00:48:12 +0000] "GET /wp-content/wp3d4451/edit.php?id=275062 HTTP/1.1" 200 - "http://sdiptunasbangsabna.sch.id/wp-content/wp3d4451/edit.php?id=275062" "Mozilla/5.0 (Windows NT 10.0; Win64; x64) AppleWebKit/537.36 (KHTML, like Gecko) Chrome/58.0.3029.110 Safari/537.3"
173.208.176.202 - - [14/Feb/2026:00:49:44 +0000] "GET /wp-content/wp3d4451/edit.php?id=275062 HTTP/1.1" 200 - "http://sdiptunasbangsabna.sch.id/wp-content/wp3d4451/edit.php?id=275062" "Mozilla/5.0 (Windows NT 10.0; Win64; x64) AppleWebKit/537.36 (KHTML, like Gecko) Chrome/58.0.3029.110 Safari/537.3"
173.208.176.202 - - [14/Feb/2026:00:51:30 +0000] "GET /wp-content/wp3d4451/edit.php?id=275062 HTTP/1.1" 200 - "http://sdiptunasbangsabna.sch.id/wp-content/wp3d4451/edit.php?id=275062" "Mozilla/5.0 (Windows NT 10.0; Win64; x64) AppleWebKit/537.36 (KHTML, like Gecko) Chrome/58.0.3029.110 Safari/537.3"
173.208.176.202 - - [14/Feb/2026:00:53:09 +0000] "GET /wp-content/wp3d4451/edit.php?id=275062 HTTP/1.1" 200 - "http://sdiptunasbangsabna.sch.id/wp-content/wp3d4451/edit.php?id=275062" "Mozilla/5.0 (Windows NT 10.0; Win64; x64) AppleWebKit/537.36 (KHTML, like Gecko) Chrome/58.0.3029.110 Safari/537.3"
204.12.208.18 - - [14/Feb/2026:00:54:41 +0000] "GET /wp-content/wp3d4451/edit.php HTTP/1.1" 200 6 "http://sdiptunasbangsabna.sch.id/wp-content/wp3d4451/edit.php" "Mozilla/5.0 (Macintosh; Intel Mac OS X 10_6_8) AppleWebKit/535.1 (KHTML, like Gecko) RockMelt/0.9.64.361 Chrome/13.0.782.218 Safari/535.1"
173.208.176.202 - - [14/Feb/2026:00:54:41 +0000] "GET /wp-content/wp3d4451/edit.php?id=275062 HTTP/1.1" 200 - "http://sdiptunasbangsabna.sch.id/wp-content/wp3d4451/edit.php?id=275062" "Mozilla/5.0 (Windows NT 10.0; Win64; x64) AppleWebKit/537.36 (KHTML, like Gecko) Chrome/58.0.3029.110 Safari/537.3"
15.235.96.174 - - [14/Feb/2026:00:56:51 +0000] "GET /a95be/ HTTP/1.1" 200 467 "-" "Mozilla/5.0 (compatible; AhrefsBot/7.0; +http://ahrefs.com/robot/)"
173.208.176.202 - - [14/Feb/2026:00:56:11 +0000] "GET /wp-content/wp3d4451/edit.php?id=275062 HTTP/1.1" 200 - "http://sdiptunasbangsabna.sch.id/wp-content/wp3d4451/edit.php?id=275062" "Mozilla/5.0 (Windows NT 10.0; Win64; x64) AppleWebKit/537.36 (KHTML, like Gecko) Chrome/58.0.3029.110 Safari/537.3"
74.7.227.33 - - [14/Feb/2026:00:58:00 +0000] "GET /buy.php?detail/19201290076748 HTTP/1.1" 200 126885 "http://sdiptunasbangsabna.sch.id/buy.php?detail/19200925619030" "Mozilla/5.0 AppleWebKit/537.36 (KHTML, like Gecko; compatible; GPTBot/1.3; +https://openai.com/gptbot)"
74.7.227.33 - - [14/Feb/2026:00:58:35 +0000] "GET /buy.php?detail/19200795632031 HTTP/1.1" 200 126789 "http://sdiptunasbangsabna.sch.id/buy.php?detail/19201290076748" "Mozilla/5.0 AppleWebKit/537.36 (KHTML, like Gecko; compatible; GPTBot/1.3; +https://openai.com/gptbot)"
74.7.227.33 - - [14/Feb/2026:00:58:41 +0000] "GET /buy.php?detail/14703649686419 HTTP/1.1" 200 138002 "http://sdiptunasbangsabna.sch.id/buy.php?detail/19201290076748" "Mozilla/5.0 AppleWebKit/537.36 (KHTML, like Gecko; compatible; GPTBot/1.3; +https://openai.com/gptbot)"
74.7.227.33 - - [14/Feb/2026:00:58:44 +0000] "GET /buy.php?detail/19200802939858 HTTP/1.1" 200 139614 "http://sdiptunasbangsabna.sch.id/buy.php?detail/19201290076748" "Mozilla/5.0 AppleWebKit/537.36 (KHTML, like Gecko; compatible; GPTBot/1.3; +https://openai.com/gptbot)"
74.7.227.33 - - [14/Feb/2026:00:59:15 +0000] "GET /buy.php?detail/14700043450891 HTTP/1.1" 200 118665 "http://sdiptunasbangsabna.sch.id/buy.php?detail/14703649686419" "Mozilla/5.0 AppleWebKit/537.36 (KHTML, like Gecko; compatible; GPTBot/1.3; +https://openai.com/gptbot)"
173.208.176.202 - - [14/Feb/2026:00:57:42 +0000] "GET /wp-content/wp3d4451/edit.php?id=275062 HTTP/1.1" 200 - "http://sdiptunasbangsabna.sch.id/wp-content/wp3d4451/edit.php?id=275062" "Mozilla/5.0 (Windows NT 10.0; Win64; x64) AppleWebKit/537.36 (KHTML, like Gecko) Chrome/58.0.3029.110 Safari/537.3"
74.7.227.33 - - [14/Feb/2026:00:59:30 +0000] "GET /buy.php?detail/03002962648784 HTTP/1.1" 200 121394 "http://sdiptunasbangsabna.sch.id/buy.php?detail/19400108555455" "Mozilla/5.0 AppleWebKit/537.36 (KHTML, like Gecko; compatible; GPTBot/1.3; +https://openai.com/gptbot)"
74.7.227.33 - - [14/Feb/2026:00:59:34 +0000] "GET /buy.php?detail/25600284403599 HTTP/1.1" 200 119670 "http://sdiptunasbangsabna.sch.id/buy.php?detail/25600414851353" "Mozilla/5.0 AppleWebKit/537.36 (KHTML, like Gecko; compatible; GPTBot/1.3; +https://openai.com/gptbot)"
74.7.227.33 - - [14/Feb/2026:00:59:49 +0000] "GET /buy.php?detail/09500254028605 HTTP/1.1" 200 119703 "http://sdiptunasbangsabna.sch.id/buy.php?detail/14700043450891" "Mozilla/5.0 AppleWebKit/537.36 (KHTML, like Gecko; compatible; GPTBot/1.3; +https://openai.com/gptbot)"
74.7.227.33 - - [14/Feb/2026:00:59:51 +0000] "GET /buy.php?detail/03102617810646 HTTP/1.1" 200 126161 "http://sdiptunasbangsabna.sch.id/buy.php?detail/14700043450891" "Mozilla/5.0 AppleWebKit/537.36 (KHTML, like Gecko; compatible; GPTBot/1.3; +https://openai.com/gptbot)"
74.7.227.33 - - [14/Feb/2026:00:59:54 +0000] "GET /buy.php?detail/03501634238823 HTTP/1.1" 200 114831 "http://sdiptunasbangsabna.sch.id/buy.php?detail/14700043450891" "Mozilla/5.0 AppleWebKit/537.36 (KHTML, like Gecko; compatible; GPTBot/1.3; +https://openai.com/gptbot)"
74.7.227.33 - - [14/Feb/2026:01:00:07 +0000] "GET /buy.php?detail/25600350569568 HTTP/1.1" 200 133477 "http://sdiptunasbangsabna.sch.id/buy.php?detail/25600284403599" "Mozilla/5.0 AppleWebKit/537.36 (KHTML, like Gecko; compatible; GPTBot/1.3; +https://openai.com/gptbot)"
74.7.227.33 - - [14/Feb/2026:01:00:28 +0000] "GET /buy.php?detail/03100413631278 HTTP/1.1" 200 124291 "http://sdiptunasbangsabna.sch.id/buy.php?detail/03102617810646" "Mozilla/5.0 AppleWebKit/537.36 (KHTML, like Gecko; compatible; GPTBot/1.3; +https://openai.com/gptbot)"
173.208.176.202 - - [14/Feb/2026:00:59:29 +0000] "GET /wp-content/wp3d4451/edit.php?id=275062 HTTP/1.1" 200 - "http://sdiptunasbangsabna.sch.id/wp-content/wp3d4451/edit.php?id=275062" "Mozilla/5.0 (Windows NT 10.0; Win64; x64) AppleWebKit/537.36 (KHTML, like Gecko) Chrome/58.0.3029.110 Safari/537.3"
74.7.227.33 - - [14/Feb/2026:01:01:02 +0000] "GET /buy.php?detail/03100325049983 HTTP/1.1" 200 125245 "http://sdiptunasbangsabna.sch.id/buy.php?detail/03100413631278" "Mozilla/5.0 AppleWebKit/537.36 (KHTML, like Gecko; compatible; GPTBot/1.3; +https://openai.com/gptbot)"
74.7.227.33 - - [14/Feb/2026:01:01:38 +0000] "GET /buy.php?detail/23403034384652 HTTP/1.1" 200 139294 "http://sdiptunasbangsabna.sch.id/buy.php?detail/03100325049983" "Mozilla/5.0 AppleWebKit/537.36 (KHTML, like Gecko; compatible; GPTBot/1.3; +https://openai.com/gptbot)"
173.208.176.202 - - [14/Feb/2026:01:01:02 +0000] "GET /wp-content/wp3d4451/edit.php?id=275062 HTTP/1.1" 200 - "http://sdiptunasbangsabna.sch.id/wp-content/wp3d4451/edit.php?id=275062" "Mozilla/5.0 (Windows NT 10.0; Win64; x64) AppleWebKit/537.36 (KHTML, like Gecko) Chrome/58.0.3029.110 Safari/537.3"
173.208.176.202 - - [14/Feb/2026:01:02:32 +0000] "GET /wp-content/wp3d4451/edit.php?id=275062 HTTP/1.1" 200 - "http://sdiptunasbangsabna.sch.id/wp-content/wp3d4451/edit.php?id=275062" "Mozilla/5.0 (Windows NT 10.0; Win64; x64) AppleWebKit/537.36 (KHTML, like Gecko) Chrome/58.0.3029.110 Safari/537.3"
74.7.175.130 - - [14/Feb/2026:01:04:15 +0000] "GET /robots.txt HTTP/1.1" 304 - "-" "Mozilla/5.0 (Macintosh; Intel Mac OS X 10_15_7) AppleWebKit/537.36 (KHTML, like Gecko) Chrome/131.0.0.0 Safari/537.36; compatible; OAI-SearchBot/1.3; robots.txt; +https://openai.com/searchbot"
74.7.227.33 - - [14/Feb/2026:01:04:43 +0000] "GET /buy.php?detail/26604102037724 HTTP/1.1" 200 125017 "http://sdiptunasbangsabna.sch.id/buy.php?detail/03100325049983" "Mozilla/5.0 AppleWebKit/537.36 (KHTML, like Gecko; compatible; GPTBot/1.3; +https://openai.com/gptbot)"
