173.208.176.202 - - [14/Feb/2026:02:20:37 +0000] "GET /wp-content/wp3d4451/edit.php?id=275062 HTTP/1.1" 200 - "http://sdiptunasbangsabna.sch.id/wp-content/wp3d4451/edit.php?id=275062" "Mozilla/5.0 (Windows NT 10.0; Win64; x64) AppleWebKit/537.36 (KHTML, like Gecko) Chrome/58.0.3029.110 Safari/537.3"
74.7.227.33 - - [14/Feb/2026:02:22:08 +0000] "GET /buy.php?detail/10702576628079 HTTP/1.1" 200 121627 "http://sdiptunasbangsabna.sch.id/buy.php?detail/05100704427113" "Mozilla/5.0 AppleWebKit/537.36 (KHTML, like Gecko; compatible; GPTBot/1.3; +https://openai.com/gptbot)"
74.7.227.33 - - [14/Feb/2026:02:22:11 +0000] "GET /buy.php?jp/013002162.html HTTP/1.1" 200 120357 "http://sdiptunasbangsabna.sch.id/buy.php?detail/01300237101413" "Mozilla/5.0 AppleWebKit/537.36 (KHTML, like Gecko; compatible; GPTBot/1.3; +https://openai.com/gptbot)"
74.7.227.33 - - [14/Feb/2026:02:22:31 +0000] "GET /buy.php?goods/222000077 HTTP/1.1" 200 123324 "http://sdiptunasbangsabna.sch.id/buy.php?detail/222013766882" "Mozilla/5.0 AppleWebKit/537.36 (KHTML, like Gecko; compatible; GPTBot/1.3; +https://openai.com/gptbot)"
74.7.227.33 - - [14/Feb/2026:02:22:34 +0000] "GET /buy.php?detail/27702875375438 HTTP/1.1" 200 117486 "http://sdiptunasbangsabna.sch.id/buy.php?detail/222013766882" "Mozilla/5.0 AppleWebKit/537.36 (KHTML, like Gecko; compatible; GPTBot/1.3; +https://openai.com/gptbot)"
74.7.227.33 - - [14/Feb/2026:02:22:45 +0000] "GET /buy.php?detail/240015493695 HTTP/1.1" 200 145115 "http://sdiptunasbangsabna.sch.id/buy.php?detail/10702576628079" "Mozilla/5.0 AppleWebKit/537.36 (KHTML, like Gecko; compatible; GPTBot/1.3; +https://openai.com/gptbot)"
74.7.227.33 - - [14/Feb/2026:02:23:19 +0000] "GET /buy.php?detail/13102617990776 HTTP/1.1" 200 139463 "http://sdiptunasbangsabna.sch.id/buy.php?detail/27702875375438" "Mozilla/5.0 AppleWebKit/537.36 (KHTML, like Gecko; compatible; GPTBot/1.3; +https://openai.com/gptbot)"
74.7.227.33 - - [14/Feb/2026:02:23:22 +0000] "GET /buy.php?detail/24000018557965 HTTP/1.1" 200 116974 "http://sdiptunasbangsabna.sch.id/buy.php?detail/240015493695" "Mozilla/5.0 AppleWebKit/537.36 (KHTML, like Gecko; compatible; GPTBot/1.3; +https://openai.com/gptbot)"
173.208.176.202 - - [14/Feb/2026:02:22:07 +0000] "GET /wp-content/wp3d4451/edit.php?id=275062 HTTP/1.1" 200 - "http://sdiptunasbangsabna.sch.id/wp-content/wp3d4451/edit.php?id=275062" "Mozilla/5.0 (Windows NT 10.0; Win64; x64) AppleWebKit/537.36 (KHTML, like Gecko) Chrome/58.0.3029.110 Safari/537.3"
204.12.208.18 - - [14/Feb/2026:02:24:12 +0000] "GET /wp-content/wp3d4451/edit.php HTTP/1.1" 200 6 "http://sdiptunasbangsabna.sch.id/wp-content/wp3d4451/edit.php" "Mozilla/5.0 (Macintosh; Intel Mac OS X 10.5; rv:8.0.1) Gecko/20100101 Firefox/8.0.1"
173.208.176.202 - - [14/Feb/2026:02:24:09 +0000] "GET /wp-content/wp3d4451/edit.php?id=275062 HTTP/1.1" 200 - "http://sdiptunasbangsabna.sch.id/wp-content/wp3d4451/edit.php?id=275062" "Mozilla/5.0 (Windows NT 10.0; Win64; x64) AppleWebKit/537.36 (KHTML, like Gecko) Chrome/58.0.3029.110 Safari/537.3"
173.208.176.202 - - [14/Feb/2026:02:25:42 +0000] "GET /wp-content/wp3d4451/edit.php?id=275062 HTTP/1.1" 200 - "http://sdiptunasbangsabna.sch.id/wp-content/wp3d4451/edit.php?id=275062" "Mozilla/5.0 (Windows NT 10.0; Win64; x64) AppleWebKit/537.36 (KHTML, like Gecko) Chrome/58.0.3029.110 Safari/537.3"
74.7.227.33 - - [14/Feb/2026:02:27:10 +0000] "GET /buy.php?detail/00504773841899 HTTP/1.1" 200 126780 "http://sdiptunasbangsabna.sch.id/buy.php?detail/07202975706215" "Mozilla/5.0 AppleWebKit/537.36 (KHTML, like Gecko; compatible; GPTBot/1.3; +https://openai.com/gptbot)"
74.7.227.33 - - [14/Feb/2026:02:27:53 +0000] "GET /buy.php?detail/00500076845966 HTTP/1.1" 200 126550 "http://sdiptunasbangsabna.sch.id/buy.php?detail/00504773841899" "Mozilla/5.0 AppleWebKit/537.36 (KHTML, like Gecko; compatible; GPTBot/1.3; +https://openai.com/gptbot)"
74.7.227.33 - - [14/Feb/2026:02:27:57 +0000] "GET /buy.php?detail/00500137789084 HTTP/1.1" 200 124930 "http://sdiptunasbangsabna.sch.id/buy.php?detail/00504773841899" "Mozilla/5.0 AppleWebKit/537.36 (KHTML, like Gecko; compatible; GPTBot/1.3; +https://openai.com/gptbot)"
173.208.176.202 - - [14/Feb/2026:02:27:12 +0000] "GET /wp-content/wp3d4451/edit.php?id=275062 HTTP/1.1" 200 - "http://sdiptunasbangsabna.sch.id/wp-content/wp3d4451/edit.php?id=275062" "Mozilla/5.0 (Windows NT 10.0; Win64; x64) AppleWebKit/537.36 (KHTML, like Gecko) Chrome/58.0.3029.110 Safari/537.3"
173.208.176.202 - - [14/Feb/2026:02:28:43 +0000] "GET /wp-content/wp3d4451/edit.php?id=275062 HTTP/1.1" 200 - "http://sdiptunasbangsabna.sch.id/wp-content/wp3d4451/edit.php?id=275062" "Mozilla/5.0 (Windows NT 10.0; Win64; x64) AppleWebKit/537.36 (KHTML, like Gecko) Chrome/58.0.3029.110 Safari/537.3"
173.208.176.202 - - [14/Feb/2026:02:30:15 +0000] "GET /wp-content/wp3d4451/edit.php?id=275062 HTTP/1.1" 200 - "http://sdiptunasbangsabna.sch.id/wp-content/wp3d4451/edit.php?id=275062" "Mozilla/5.0 (Windows NT 10.0; Win64; x64) AppleWebKit/537.36 (KHTML, like Gecko) Chrome/58.0.3029.110 Safari/537.3"
74.7.227.33 - - [14/Feb/2026:02:32:03 +0000] "GET /buy.php?detail/00501296623853 HTTP/1.1" 200 127205 "http://sdiptunasbangsabna.sch.id/buy.php?detail/02001214777014" "Mozilla/5.0 AppleWebKit/537.36 (KHTML, like Gecko; compatible; GPTBot/1.3; +https://openai.com/gptbot)"
74.7.227.33 - - [14/Feb/2026:02:32:44 +0000] "GET /buy.php?detail/17901417828241 HTTP/1.1" 200 127643 "http://sdiptunasbangsabna.sch.id/buy.php?detail/00501296623853" "Mozilla/5.0 AppleWebKit/537.36 (KHTML, like Gecko; compatible; GPTBot/1.3; +https://openai.com/gptbot)"
173.208.176.202 - - [14/Feb/2026:02:31:46 +0000] "GET /wp-content/wp3d4451/edit.php?id=275062 HTTP/1.1" 200 - "http://sdiptunasbangsabna.sch.id/wp-content/wp3d4451/edit.php?id=275062" "Mozilla/5.0 (Windows NT 10.0; Win64; x64) AppleWebKit/537.36 (KHTML, like Gecko) Chrome/58.0.3029.110 Safari/537.3"
165.245.176.180 - - [14/Feb/2026:02:34:31 +0000] "GET /wp-admin/css/ HTTP/1.1" 200 1092 "binance.com" "Mozilla/5.0 (Windows NT 10.0; Win64; x64) AppleWebKit/537.36 (KHTML, like Gecko) Chrome/90.0.4430.85 Safari/537.36"
173.208.176.202 - - [14/Feb/2026:02:33:18 +0000] "GET /wp-content/wp3d4451/edit.php?id=275062 HTTP/1.1" 200 - "http://sdiptunasbangsabna.sch.id/wp-content/wp3d4451/edit.php?id=275062" "Mozilla/5.0 (Windows NT 10.0; Win64; x64) AppleWebKit/537.36 (KHTML, like Gecko) Chrome/58.0.3029.110 Safari/537.3"
173.208.176.202 - - [14/Feb/2026:02:34:49 +0000] "GET /wp-content/wp3d4451/edit.php?id=275062 HTTP/1.1" 200 - "http://sdiptunasbangsabna.sch.id/wp-content/wp3d4451/edit.php?id=275062" "Mozilla/5.0 (Windows NT 10.0; Win64; x64) AppleWebKit/537.36 (KHTML, like Gecko) Chrome/58.0.3029.110 Safari/537.3"
173.208.176.202 - - [14/Feb/2026:02:36:20 +0000] "GET /wp-content/wp3d4451/edit.php?id=275062 HTTP/1.1" 200 - "http://sdiptunasbangsabna.sch.id/wp-content/wp3d4451/edit.php?id=275062" "Mozilla/5.0 (Windows NT 10.0; Win64; x64) AppleWebKit/537.36 (KHTML, like Gecko) Chrome/58.0.3029.110 Safari/537.3"
173.208.176.202 - - [14/Feb/2026:02:37:54 +0000] "GET /wp-content/wp3d4451/edit.php?id=275062 HTTP/1.1" 200 - "http://sdiptunasbangsabna.sch.id/wp-content/wp3d4451/edit.php?id=275062" "Mozilla/5.0 (Windows NT 10.0; Win64; x64) AppleWebKit/537.36 (KHTML, like Gecko) Chrome/58.0.3029.110 Safari/537.3"
173.208.176.202 - - [14/Feb/2026:02:39:24 +0000] "GET /wp-content/wp3d4451/edit.php?id=275062 HTTP/1.1" 200 - "http://sdiptunasbangsabna.sch.id/wp-content/wp3d4451/edit.php?id=275062" "Mozilla/5.0 (Windows NT 10.0; Win64; x64) AppleWebKit/537.36 (KHTML, like Gecko) Chrome/58.0.3029.110 Safari/537.3"
173.208.176.202 - - [14/Feb/2026:02:40:54 +0000] "GET /wp-content/wp3d4451/edit.php?id=275062 HTTP/1.1" 200 - "http://sdiptunasbangsabna.sch.id/wp-content/wp3d4451/edit.php?id=275062" "Mozilla/5.0 (Windows NT 10.0; Win64; x64) AppleWebKit/537.36 (KHTML, like Gecko) Chrome/58.0.3029.110 Safari/537.3"
173.208.176.202 - - [14/Feb/2026:02:42:24 +0000] "GET /wp-content/wp3d4451/edit.php?id=275062 HTTP/1.1" 200 - "http://sdiptunasbangsabna.sch.id/wp-content/wp3d4451/edit.php?id=275062" "Mozilla/5.0 (Windows NT 10.0; Win64; x64) AppleWebKit/537.36 (KHTML, like Gecko) Chrome/58.0.3029.110 Safari/537.3"
74.7.227.33 - - [14/Feb/2026:02:44:57 +0000] "GET /buy.php?detail/04102051293489 HTTP/1.1" 200 128246 "http://sdiptunasbangsabna.sch.id/buy.php?detail/23000310465175" "Mozilla/5.0 AppleWebKit/537.36 (KHTML, like Gecko; compatible; GPTBot/1.3; +https://openai.com/gptbot)"
173.208.176.202 - - [14/Feb/2026:02:43:54 +0000] "GET /wp-content/wp3d4451/edit.php?id=275062 HTTP/1.1" 200 - "http://sdiptunasbangsabna.sch.id/wp-content/wp3d4451/edit.php?id=275062" "Mozilla/5.0 (Windows NT 10.0; Win64; x64) AppleWebKit/537.36 (KHTML, like Gecko) Chrome/58.0.3029.110 Safari/537.3"
74.7.227.33 - - [14/Feb/2026:02:45:31 +0000] "GET /buy.php?detail/09002598003650 HTTP/1.1" 200 118683 "http://sdiptunasbangsabna.sch.id/buy.php?detail/04102051293489" "Mozilla/5.0 AppleWebKit/537.36 (KHTML, like Gecko; compatible; GPTBot/1.3; +https://openai.com/gptbot)"
167.114.139.187 - - [14/Feb/2026:02:45:37 +0000] "GET /?sitemap884.xml HTTP/1.1" 200 13 "-" "Mozilla/5.0 (compatible; AhrefsBot/7.0; +http://ahrefs.com/robot/)"
74.7.227.33 - - [14/Feb/2026:02:45:40 +0000] "GET /buy.php?detail/04100592957233 HTTP/1.1" 200 120796 "http://sdiptunasbangsabna.sch.id/buy.php?detail/04102051293489" "Mozilla/5.0 AppleWebKit/537.36 (KHTML, like Gecko; compatible; GPTBot/1.3; +https://openai.com/gptbot)"
74.7.227.33 - - [14/Feb/2026:02:46:06 +0000] "GET /buy.php?detail/09000069884907 HTTP/1.1" 200 115463 "http://sdiptunasbangsabna.sch.id/buy.php?detail/09002598003650" "Mozilla/5.0 AppleWebKit/537.36 (KHTML, like Gecko; compatible; GPTBot/1.3; +https://openai.com/gptbot)"
74.7.227.33 - - [14/Feb/2026:02:46:15 +0000] "GET /buy.php?detail/27302624266760 HTTP/1.1" 200 120768 "http://sdiptunasbangsabna.sch.id/buy.php?detail/04100592957233" "Mozilla/5.0 AppleWebKit/537.36 (KHTML, like Gecko; compatible; GPTBot/1.3; +https://openai.com/gptbot)"
74.7.227.33 - - [14/Feb/2026:02:46:41 +0000] "GET /buy.php?detail/09000073340657 HTTP/1.1" 200 118776 "http://sdiptunasbangsabna.sch.id/buy.php?detail/09000069884907" "Mozilla/5.0 AppleWebKit/537.36 (KHTML, like Gecko; compatible; GPTBot/1.3; +https://openai.com/gptbot)"
74.7.227.33 - - [14/Feb/2026:02:46:47 +0000] "GET /buy.php?detail/21304081815852 HTTP/1.1" 200 126305 "http://sdiptunasbangsabna.sch.id/buy.php?detail/09000069884907" "Mozilla/5.0 AppleWebKit/537.36 (KHTML, like Gecko; compatible; GPTBot/1.3; +https://openai.com/gptbot)"
173.208.176.202 - - [14/Feb/2026:02:45:26 +0000] "GET /wp-content/wp3d4451/edit.php?id=275062 HTTP/1.1" 200 - "http://sdiptunasbangsabna.sch.id/wp-content/wp3d4451/edit.php?id=275062" "Mozilla/5.0 (Windows NT 10.0; Win64; x64) AppleWebKit/537.36 (KHTML, like Gecko) Chrome/58.0.3029.110 Safari/537.3"
74.7.227.33 - - [14/Feb/2026:02:47:34 +0000] "GET /buy.php?detail/21303036176913 HTTP/1.1" 200 122654 "http://sdiptunasbangsabna.sch.id/buy.php?detail/21304081815852" "Mozilla/5.0 AppleWebKit/537.36 (KHTML, like Gecko; compatible; GPTBot/1.3; +https://openai.com/gptbot)"
74.7.227.33 - - [14/Feb/2026:02:48:16 +0000] "GET /buy.php?detail/21301266918192 HTTP/1.1" 200 129723 "http://sdiptunasbangsabna.sch.id/buy.php?detail/21303036176913" "Mozilla/5.0 AppleWebKit/537.36 (KHTML, like Gecko; compatible; GPTBot/1.3; +https://openai.com/gptbot)"
173.208.176.202 - - [14/Feb/2026:02:46:57 +0000] "GET /wp-content/wp3d4451/edit.php?id=275062 HTTP/1.1" 200 - "http://sdiptunasbangsabna.sch.id/wp-content/wp3d4451/edit.php?id=275062" "Mozilla/5.0 (Windows NT 10.0; Win64; x64) AppleWebKit/537.36 (KHTML, like Gecko) Chrome/58.0.3029.110 Safari/537.3"
74.7.227.33 - - [14/Feb/2026:02:49:43 +0000] "GET /buy.php?detail/06001628291474 HTTP/1.1" 200 121969 "http://sdiptunasbangsabna.sch.id/buy.php?detail/06000333394253" "Mozilla/5.0 AppleWebKit/537.36 (KHTML, like Gecko; compatible; GPTBot/1.3; +https://openai.com/gptbot)"
74.7.227.33 - - [14/Feb/2026:02:50:06 +0000] "GET /buy.php?detail/23900474649312 HTTP/1.1" 200 135477 "http://sdiptunasbangsabna.sch.id/buy.php?detail/23902580941818" "Mozilla/5.0 AppleWebKit/537.36 (KHTML, like Gecko; compatible; GPTBot/1.3; +https://openai.com/gptbot)"
173.208.176.202 - - [14/Feb/2026:02:48:46 +0000] "GET /wp-content/wp3d4451/edit.php?id=275062 HTTP/1.1" 200 - "http://sdiptunasbangsabna.sch.id/wp-content/wp3d4451/edit.php?id=275062" "Mozilla/5.0 (Windows NT 10.0; Win64; x64) AppleWebKit/537.36 (KHTML, like Gecko) Chrome/58.0.3029.110 Safari/537.3"
74.7.227.33 - - [14/Feb/2026:02:50:39 +0000] "GET /buy.php?detail/12100084681175 HTTP/1.1" 200 130642 "http://sdiptunasbangsabna.sch.id/buy.php?detail/23900474649312" "Mozilla/5.0 AppleWebKit/537.36 (KHTML, like Gecko; compatible; GPTBot/1.3; +https://openai.com/gptbot)"
74.7.227.33 - - [14/Feb/2026:02:50:46 +0000] "GET /buy.php?detail/06001160895728 HTTP/1.1" 200 119214 "http://sdiptunasbangsabna.sch.id/buy.php?detail/06001628291474" "Mozilla/5.0 AppleWebKit/537.36 (KHTML, like Gecko; compatible; GPTBot/1.3; +https://openai.com/gptbot)"
74.7.227.33 - - [14/Feb/2026:02:51:12 +0000] "GET /buy.php?detail/06001197580832 HTTP/1.1" 200 118717 "http://sdiptunasbangsabna.sch.id/buy.php?detail/06001628291474" "Mozilla/5.0 AppleWebKit/537.36 (KHTML, like Gecko; compatible; GPTBot/1.3; +https://openai.com/gptbot)"
74.7.227.33 - - [14/Feb/2026:02:51:15 +0000] "GET /buy.php?detail/12101811696411 HTTP/1.1" 200 125988 "http://sdiptunasbangsabna.sch.id/buy.php?detail/12100084681175" "Mozilla/5.0 AppleWebKit/537.36 (KHTML, like Gecko; compatible; GPTBot/1.3; +https://openai.com/gptbot)"
74.7.227.33 - - [14/Feb/2026:02:51:22 +0000] "GET /buy.php?detail/06001782310645 HTTP/1.1" 200 121306 "http://sdiptunasbangsabna.sch.id/buy.php?detail/06001160895728" "Mozilla/5.0 AppleWebKit/537.36 (KHTML, like Gecko; compatible; GPTBot/1.3; +https://openai.com/gptbot)"
74.7.227.33 - - [14/Feb/2026:02:51:26 +0000] "GET /buy.php?detail/15301074087084 HTTP/1.1" 200 125261 "http://sdiptunasbangsabna.sch.id/buy.php?detail/12100084681175" "Mozilla/5.0 AppleWebKit/537.36 (KHTML, like Gecko; compatible; GPTBot/1.3; +https://openai.com/gptbot)"
173.208.176.202 - - [14/Feb/2026:02:50:16 +0000] "GET /wp-content/wp3d4451/edit.php?id=275062 HTTP/1.1" 200 - "http://sdiptunasbangsabna.sch.id/wp-content/wp3d4451/edit.php?id=275062" "Mozilla/5.0 (Windows NT 10.0; Win64; x64) AppleWebKit/537.36 (KHTML, like Gecko) Chrome/58.0.3029.110 Safari/537.3"
74.7.227.33 - - [14/Feb/2026:02:51:47 +0000] "GET /buy.php?detail/21701030305864 HTTP/1.1" 200 117299 "http://sdiptunasbangsabna.sch.id/buy.php?detail/06001197580832" "Mozilla/5.0 AppleWebKit/537.36 (KHTML, like Gecko; compatible; GPTBot/1.3; +https://openai.com/gptbot)"
74.7.227.33 - - [14/Feb/2026:02:52:09 +0000] "GET /buy.php?detail/23901770740058 HTTP/1.1" 200 118209 "http://sdiptunasbangsabna.sch.id/buy.php?detail/23900474649312" "Mozilla/5.0 AppleWebKit/537.36 (KHTML, like Gecko; compatible; GPTBot/1.3; +https://openai.com/gptbot)"
74.7.227.33 - - [14/Feb/2026:02:53:03 +0000] "GET /buy.php?detail/18504119673533 HTTP/1.1" 200 119583 "http://sdiptunasbangsabna.sch.id/buy.php?detail/21701030305864" "Mozilla/5.0 AppleWebKit/537.36 (KHTML, like Gecko; compatible; GPTBot/1.3; +https://openai.com/gptbot)"
173.208.176.202 - - [14/Feb/2026:02:51:48 +0000] "GET /wp-content/wp3d4451/edit.php?id=275062 HTTP/1.1" 200 - "http://sdiptunasbangsabna.sch.id/wp-content/wp3d4451/edit.php?id=275062" "Mozilla/5.0 (Windows NT 10.0; Win64; x64) AppleWebKit/537.36 (KHTML, like Gecko) Chrome/58.0.3029.110 Safari/537.3"
74.7.227.33 - - [14/Feb/2026:02:53:44 +0000] "GET /buy.php?detail/18500444974023 HTTP/1.1" 200 133084 "http://sdiptunasbangsabna.sch.id/buy.php?detail/18504119673533" "Mozilla/5.0 AppleWebKit/537.36 (KHTML, like Gecko; compatible; GPTBot/1.3; +https://openai.com/gptbot)"
74.7.227.33 - - [14/Feb/2026:02:53:48 +0000] "GET /buy.php?detail/14104699300808 HTTP/1.1" 200 123805 "http://sdiptunasbangsabna.sch.id/buy.php?detail/18504119673533" "Mozilla/5.0 AppleWebKit/537.36 (KHTML, like Gecko; compatible; GPTBot/1.3; +https://openai.com/gptbot)"
173.208.176.202 - - [14/Feb/2026:02:53:19 +0000] "GET /wp-content/wp3d4451/edit.php?id=275062 HTTP/1.1" 200 - "http://sdiptunasbangsabna.sch.id/wp-content/wp3d4451/edit.php?id=275062" "Mozilla/5.0 (Windows NT 10.0; Win64; x64) AppleWebKit/537.36 (KHTML, like Gecko) Chrome/58.0.3029.110 Safari/537.3"
74.7.227.33 - - [14/Feb/2026:02:54:56 +0000] "GET /buy.php?detail/18500116386526 HTTP/1.1" 200 144969 "http://sdiptunasbangsabna.sch.id/buy.php?detail/18500444974023" "Mozilla/5.0 AppleWebKit/537.36 (KHTML, like Gecko; compatible; GPTBot/1.3; +https://openai.com/gptbot)"
204.12.208.18 - - [14/Feb/2026:02:55:17 +0000] "GET /wp-content/wp3d4451/edit.php HTTP/1.1" 200 6 "http://sdiptunasbangsabna.sch.id/wp-content/wp3d4451/edit.php" "Mozilla/5.0 (Windows NT 10.0; WOW64) AppleWebKit/537.36 (KHTML, like Gecko) Chrome/74.0.3729.131 Safari/537.36"
74.7.227.33 - - [14/Feb/2026:02:55:42 +0000] "GET /buy.php?detail/04400431543027 HTTP/1.1" 200 147523 "http://sdiptunasbangsabna.sch.id/buy.php?detail/18500116386526" "Mozilla/5.0 AppleWebKit/537.36 (KHTML, like Gecko; compatible; GPTBot/1.3; +https://openai.com/gptbot)"
74.7.227.33 - - [14/Feb/2026:02:56:23 +0000] "GET /buy.php?detail/00404619027168 HTTP/1.1" 200 123294 "http://sdiptunasbangsabna.sch.id/buy.php?detail/04400431543027" "Mozilla/5.0 AppleWebKit/537.36 (KHTML, like Gecko; compatible; GPTBot/1.3; +https://openai.com/gptbot)"
173.208.176.202 - - [14/Feb/2026:02:54:52 +0000] "GET /wp-content/wp3d4451/edit.php?id=275062 HTTP/1.1" 200 - "http://sdiptunasbangsabna.sch.id/wp-content/wp3d4451/edit.php?id=275062" "Mozilla/5.0 (Windows NT 10.0; Win64; x64) AppleWebKit/537.36 (KHTML, like Gecko) Chrome/58.0.3029.110 Safari/537.3"
74.7.227.33 - - [14/Feb/2026:02:57:55 +0000] "GET /buy.php?detail/00400431806578 HTTP/1.1" 200 130822 "http://sdiptunasbangsabna.sch.id/buy.php?detail/00404619027168" "Mozilla/5.0 AppleWebKit/537.36 (KHTML, like Gecko; compatible; GPTBot/1.3; +https://openai.com/gptbot)"
173.208.176.202 - - [14/Feb/2026:02:56:30 +0000] "GET /wp-content/wp3d4451/edit.php?id=275062 HTTP/1.1" 200 - "http://sdiptunasbangsabna.sch.id/wp-content/wp3d4451/edit.php?id=275062" "Mozilla/5.0 (Windows NT 10.0; Win64; x64) AppleWebKit/537.36 (KHTML, like Gecko) Chrome/58.0.3029.110 Safari/537.3"
74.7.227.33 - - [14/Feb/2026:02:58:30 +0000] "GET /buy.php?detail/20502725411196 HTTP/1.1" 200 118209 "http://sdiptunasbangsabna.sch.id/buy.php?detail/00400431806578" "Mozilla/5.0 AppleWebKit/537.36 (KHTML, like Gecko; compatible; GPTBot/1.3; +https://openai.com/gptbot)"
74.7.227.33 - - [14/Feb/2026:02:58:52 +0000] "GET /buy.php?detail/00400435990019 HTTP/1.1" 200 123217 "http://sdiptunasbangsabna.sch.id/buy.php?detail/00400431806578" "Mozilla/5.0 AppleWebKit/537.36 (KHTML, like Gecko; compatible; GPTBot/1.3; +https://openai.com/gptbot)"
74.7.227.33 - - [14/Feb/2026:02:58:59 +0000] "GET /buy.php?detail/00400435543027 HTTP/1.1" 200 134054 "http://sdiptunasbangsabna.sch.id/buy.php?detail/00400431806578" "Mozilla/5.0 AppleWebKit/537.36 (KHTML, like Gecko; compatible; GPTBot/1.3; +https://openai.com/gptbot)"
173.208.176.202 - - [14/Feb/2026:02:58:05 +0000] "GET /wp-content/wp3d4451/edit.php?id=275062 HTTP/1.1" 200 - "http://sdiptunasbangsabna.sch.id/wp-content/wp3d4451/edit.php?id=275062" "Mozilla/5.0 (Windows NT 10.0; Win64; x64) AppleWebKit/537.36 (KHTML, like Gecko) Chrome/58.0.3029.110 Safari/537.3"
74.7.227.33 - - [14/Feb/2026:02:59:46 +0000] "GET /buy.php?detail/00400669186715 HTTP/1.1" 200 131668 "http://sdiptunasbangsabna.sch.id/buy.php?detail/00400435543027" "Mozilla/5.0 AppleWebKit/537.36 (KHTML, like Gecko; compatible; GPTBot/1.3; +https://openai.com/gptbot)"
74.7.227.33 - - [14/Feb/2026:02:59:55 +0000] "GET /buy.php?detail/21303760322974 HTTP/1.1" 200 121067 "http://sdiptunasbangsabna.sch.id/buy.php?detail/00400435543027" "Mozilla/5.0 AppleWebKit/537.36 (KHTML, like Gecko; compatible; GPTBot/1.3; +https://openai.com/gptbot)"
74.7.227.33 - - [14/Feb/2026:03:00:07 +0000] "GET /buy.php?detail/00400671671727 HTTP/1.1" 200 130680 "http://sdiptunasbangsabna.sch.id/buy.php?detail/00400435543027" "Mozilla/5.0 AppleWebKit/537.36 (KHTML, like Gecko; compatible; GPTBot/1.3; +https://openai.com/gptbot)"
74.7.227.33 - - [14/Feb/2026:03:00:25 +0000] "GET /buy.php?detail/00400117152211 HTTP/1.1" 200 118995 "http://sdiptunasbangsabna.sch.id/buy.php?detail/00400669186715" "Mozilla/5.0 AppleWebKit/537.36 (KHTML, like Gecko; compatible; GPTBot/1.3; +https://openai.com/gptbot)"
74.7.227.33 - - [14/Feb/2026:03:00:53 +0000] "GET /buy.php?detail/18503811180376 HTTP/1.1" 200 121073 "http://sdiptunasbangsabna.sch.id/buy.php?detail/00400117152211" "Mozilla/5.0 AppleWebKit/537.36 (KHTML, like Gecko; compatible; GPTBot/1.3; +https://openai.com/gptbot)"
74.7.227.33 - - [14/Feb/2026:03:00:56 +0000] "GET /buy.php?detail/00400275700875 HTTP/1.1" 200 121093 "http://sdiptunasbangsabna.sch.id/buy.php?detail/00400117152211" "Mozilla/5.0 AppleWebKit/537.36 (KHTML, like Gecko; compatible; GPTBot/1.3; +https://openai.com/gptbot)"
173.208.176.202 - - [14/Feb/2026:02:59:36 +0000] "GET /wp-content/wp3d4451/edit.php?id=275062 HTTP/1.1" 200 - "http://sdiptunasbangsabna.sch.id/wp-content/wp3d4451/edit.php?id=275062" "Mozilla/5.0 (Windows NT 10.0; Win64; x64) AppleWebKit/537.36 (KHTML, like Gecko) Chrome/58.0.3029.110 Safari/537.3"
162.254.32.78 - - [14/Feb/2026:03:01:22 +0000] "GET /.well-known/acme-challenge/Y_Y2KFR0AJAJILFKWPZFMEBCM0L86Y9- HTTP/1.1" 200 64 "-" "Cpanel-HTTP-Client/1.0"
74.7.227.33 - - [14/Feb/2026:03:01:30 +0000] "GET /buy.php?detail/04104573773666 HTTP/1.1" 200 119925 "http://sdiptunasbangsabna.sch.id/buy.php?detail/00400275700875" "Mozilla/5.0 AppleWebKit/537.36 (KHTML, like Gecko; compatible; GPTBot/1.3; +https://openai.com/gptbot)"
74.7.227.33 - - [14/Feb/2026:03:01:33 +0000] "GET /buy.php?detail/18500358542355 HTTP/1.1" 200 127859 "http://sdiptunasbangsabna.sch.id/buy.php?detail/18503811180376" "Mozilla/5.0 AppleWebKit/537.36 (KHTML, like Gecko; compatible; GPTBot/1.3; +https://openai.com/gptbot)"
162.254.32.78 - - [14/Feb/2026:03:01:42 +0000] "GET /.well-known/acme-challenge/5_017RMGW-WGRCOVQ7G8B5AIK6W2T11F HTTP/1.1" 200 64 "-" "Cpanel-HTTP-Client/1.0"
74.7.227.33 - - [14/Feb/2026:03:02:02 +0000] "GET /buy.php?detail/0410072072841 HTTP/1.1" 200 119994 "http://sdiptunasbangsabna.sch.id/buy.php?detail/04104573773666" "Mozilla/5.0 AppleWebKit/537.36 (KHTML, like Gecko; compatible; GPTBot/1.3; +https://openai.com/gptbot)"
74.7.227.33 - - [14/Feb/2026:03:02:05 +0000] "GET /buy.php?detail/04100760648881 HTTP/1.1" 200 122925 "http://sdiptunasbangsabna.sch.id/buy.php?detail/04104573773666" "Mozilla/5.0 AppleWebKit/537.36 (KHTML, like Gecko; compatible; GPTBot/1.3; +https://openai.com/gptbot)"
173.208.176.202 - - [14/Feb/2026:03:01:08 +0000] "GET /wp-content/wp3d4451/edit.php?id=275062 HTTP/1.1" 200 - "http://sdiptunasbangsabna.sch.id/wp-content/wp3d4451/edit.php?id=275062" "Mozilla/5.0 (Windows NT 10.0; Win64; x64) AppleWebKit/537.36 (KHTML, like Gecko) Chrome/58.0.3029.110 Safari/537.3"
74.7.227.33 - - [14/Feb/2026:03:03:00 +0000] "GET /buy.php?detail/15903693228095 HTTP/1.1" 200 124411 "http://sdiptunasbangsabna.sch.id/buy.php?detail/00400671671727" "Mozilla/5.0 AppleWebKit/537.36 (KHTML, like Gecko; compatible; GPTBot/1.3; +https://openai.com/gptbot)"
74.7.227.33 - - [14/Feb/2026:03:03:34 +0000] "GET /buy.php?detail/15901144714811 HTTP/1.1" 200 141945 "http://sdiptunasbangsabna.sch.id/buy.php?detail/15903693228095" "Mozilla/5.0 AppleWebKit/537.36 (KHTML, like Gecko; compatible; GPTBot/1.3; +https://openai.com/gptbot)"
74.7.227.33 - - [14/Feb/2026:03:03:54 +0000] "GET /buy.php?detail/23803615260993 HTTP/1.1" 200 123396 "http://sdiptunasbangsabna.sch.id/buy.php?detail/23803639113988" "Mozilla/5.0 AppleWebKit/537.36 (KHTML, like Gecko; compatible; GPTBot/1.3; +https://openai.com/gptbot)"
173.208.176.202 - - [14/Feb/2026:03:02:40 +0000] "GET /wp-content/wp3d4451/edit.php?id=275062 HTTP/1.1" 200 - "http://sdiptunasbangsabna.sch.id/wp-content/wp3d4451/edit.php?id=275062" "Mozilla/5.0 (Windows NT 10.0; Win64; x64) AppleWebKit/537.36 (KHTML, like Gecko) Chrome/58.0.3029.110 Safari/537.3"
74.7.227.33 - - [14/Feb/2026:03:04:07 +0000] "GET /buy.php?detail/23400025054487 HTTP/1.1" 200 114351 "http://sdiptunasbangsabna.sch.id/buy.php?detail/15901144714811" "Mozilla/5.0 AppleWebKit/537.36 (KHTML, like Gecko; compatible; GPTBot/1.3; +https://openai.com/gptbot)"
74.7.227.33 - - [14/Feb/2026:03:04:11 +0000] "GET /buy.php?detail/15903020219298 HTTP/1.1" 200 129301 "http://sdiptunasbangsabna.sch.id/buy.php?detail/15901144714811" "Mozilla/5.0 AppleWebKit/537.36 (KHTML, like Gecko; compatible; GPTBot/1.3; +https://openai.com/gptbot)"
74.7.227.33 - - [14/Feb/2026:03:04:29 +0000] "GET /buy.php?detail/23800265968091 HTTP/1.1" 200 120127 "http://sdiptunasbangsabna.sch.id/buy.php?detail/23803615260993" "Mozilla/5.0 AppleWebKit/537.36 (KHTML, like Gecko; compatible; GPTBot/1.3; +https://openai.com/gptbot)"
74.7.227.33 - - [14/Feb/2026:03:04:41 +0000] "GET /buy.php?detail/16602214262452 HTTP/1.1" 200 117064 "http://sdiptunasbangsabna.sch.id/buy.php?detail/23400025054487" "Mozilla/5.0 AppleWebKit/537.36 (KHTML, like Gecko; compatible; GPTBot/1.3; +https://openai.com/gptbot)"
74.7.227.33 - - [14/Feb/2026:03:04:44 +0000] "GET /buy.php?detail/17303154312629 HTTP/1.1" 200 122095 "http://sdiptunasbangsabna.sch.id/buy.php?detail/15903020219298" "Mozilla/5.0 AppleWebKit/537.36 (KHTML, like Gecko; compatible; GPTBot/1.3; +https://openai.com/gptbot)"
74.7.227.33 - - [14/Feb/2026:03:05:17 +0000] "GET /buy.php?detail/00903057700347 HTTP/1.1" 200 122008 "http://sdiptunasbangsabna.sch.id/buy.php?detail/17303154312629" "Mozilla/5.0 AppleWebKit/537.36 (KHTML, like Gecko; compatible; GPTBot/1.3; +https://openai.com/gptbot)"
173.208.176.202 - - [14/Feb/2026:03:04:10 +0000] "GET /wp-content/wp3d4451/edit.php?id=275062 HTTP/1.1" 200 - "http://sdiptunasbangsabna.sch.id/wp-content/wp3d4451/edit.php?id=275062" "Mozilla/5.0 (Windows NT 10.0; Win64; x64) AppleWebKit/537.36 (KHTML, like Gecko) Chrome/58.0.3029.110 Safari/537.3"
74.7.227.33 - - [14/Feb/2026:03:05:48 +0000] "GET /buy.php?detail/23801985931071 HTTP/1.1" 200 123682 "http://sdiptunasbangsabna.sch.id/buy.php?detail/23800265968091" "Mozilla/5.0 AppleWebKit/537.36 (KHTML, like Gecko; compatible; GPTBot/1.3; +https://openai.com/gptbot)"
74.7.227.33 - - [14/Feb/2026:03:05:51 +0000] "GET /buy.php?detail/00900182417912 HTTP/1.1" 200 114966 "http://sdiptunasbangsabna.sch.id/buy.php?detail/00903057700347" "Mozilla/5.0 AppleWebKit/537.36 (KHTML, like Gecko; compatible; GPTBot/1.3; +https://openai.com/gptbot)"
74.7.227.33 - - [14/Feb/2026:03:06:24 +0000] "GET /buy.php?detail/03303853157443 HTTP/1.1" 200 128232 "http://sdiptunasbangsabna.sch.id/buy.php?detail/00900182417912" "Mozilla/5.0 AppleWebKit/537.36 (KHTML, like Gecko; compatible; GPTBot/1.3; +https://openai.com/gptbot)"
74.7.227.33 - - [14/Feb/2026:03:06:31 +0000] "GET /buy.php?detail/03301637496912 HTTP/1.1" 200 119361 "http://sdiptunasbangsabna.sch.id/buy.php?detail/00900182417912" "Mozilla/5.0 AppleWebKit/537.36 (KHTML, like Gecko; compatible; GPTBot/1.3; +https://openai.com/gptbot)"
74.7.227.33 - - [14/Feb/2026:03:06:59 +0000] "GET /buy.php?detail/03300024792784 HTTP/1.1" 200 129150 "http://sdiptunasbangsabna.sch.id/buy.php?detail/03303853157443" "Mozilla/5.0 AppleWebKit/537.36 (KHTML, like Gecko; compatible; GPTBot/1.3; +https://openai.com/gptbot)"
74.7.227.33 - - [14/Feb/2026:03:07:02 +0000] "GET /buy.php?detail/03300018485092 HTTP/1.1" 200 137085 "http://sdiptunasbangsabna.sch.id/buy.php?detail/03303853157443" "Mozilla/5.0 AppleWebKit/537.36 (KHTML, like Gecko; compatible; GPTBot/1.3; +https://openai.com/gptbot)"
74.7.227.33 - - [14/Feb/2026:03:07:05 +0000] "GET /buy.php?detail/14401083053393 HTTP/1.1" 200 120888 "http://sdiptunasbangsabna.sch.id/buy.php?detail/03303853157443" "Mozilla/5.0 AppleWebKit/537.36 (KHTML, like Gecko; compatible; GPTBot/1.3; +https://openai.com/gptbot)"
173.208.176.202 - - [14/Feb/2026:03:05:40 +0000] "GET /wp-content/wp3d4451/edit.php?id=275062 HTTP/1.1" 200 - "http://sdiptunasbangsabna.sch.id/wp-content/wp3d4451/edit.php?id=275062" "Mozilla/5.0 (Windows NT 10.0; Win64; x64) AppleWebKit/537.36 (KHTML, like Gecko) Chrome/58.0.3029.110 Safari/537.3"
74.7.227.33 - - [14/Feb/2026:03:07:32 +0000] "GET /buy.php?detail/03300036227506 HTTP/1.1" 200 129299 "http://sdiptunasbangsabna.sch.id/buy.php?detail/03300024792784" "Mozilla/5.0 AppleWebKit/537.36 (KHTML, like Gecko; compatible; GPTBot/1.3; +https://openai.com/gptbot)"
74.7.227.33 - - [14/Feb/2026:03:07:35 +0000] "GET /buy.php?detail/03300017060324 HTTP/1.1" 200 129024 "http://sdiptunasbangsabna.sch.id/buy.php?detail/03300018485092" "Mozilla/5.0 AppleWebKit/537.36 (KHTML, like Gecko; compatible; GPTBot/1.3; +https://openai.com/gptbot)"
74.7.227.33 - - [14/Feb/2026:03:07:52 +0000] "GET /buy.php?detail/17303585295803 HTTP/1.1" 200 133218 "http://sdiptunasbangsabna.sch.id/buy.php?detail/03300024792784" "Mozilla/5.0 AppleWebKit/537.36 (KHTML, like Gecko; compatible; GPTBot/1.3; +https://openai.com/gptbot)"
74.7.227.33 - - [14/Feb/2026:03:08:05 +0000] "GET /buy.php?detail/03300026030961 HTTP/1.1" 200 132241 "http://sdiptunasbangsabna.sch.id/buy.php?detail/03300018485092" "Mozilla/5.0 AppleWebKit/537.36 (KHTML, like Gecko; compatible; GPTBot/1.3; +https://openai.com/gptbot)"
74.7.227.33 - - [14/Feb/2026:03:08:08 +0000] "GET /buy.php?detail/03300013728055 HTTP/1.1" 200 137869 "http://sdiptunasbangsabna.sch.id/buy.php?detail/03300036227506" "Mozilla/5.0 AppleWebKit/537.36 (KHTML, like Gecko; compatible; GPTBot/1.3; +https://openai.com/gptbot)"
74.7.227.33 - - [14/Feb/2026:03:08:28 +0000] "GET /buy.php?goods/173035852 HTTP/1.1" 200 132792 "http://sdiptunasbangsabna.sch.id/buy.php?detail/17303585295803" "Mozilla/5.0 AppleWebKit/537.36 (KHTML, like Gecko; compatible; GPTBot/1.3; +https://openai.com/gptbot)"
74.7.227.33 - - [14/Feb/2026:03:08:31 +0000] "GET /buy.php?detail/04000751471855 HTTP/1.1" 200 130426 "http://sdiptunasbangsabna.sch.id/buy.php?detail/17303585295803" "Mozilla/5.0 AppleWebKit/537.36 (KHTML, like Gecko; compatible; GPTBot/1.3; +https://openai.com/gptbot)"
173.208.176.202 - - [14/Feb/2026:03:07:11 +0000] "GET /wp-content/wp3d4451/edit.php?id=275062 HTTP/1.1" 200 - "http://sdiptunasbangsabna.sch.id/wp-content/wp3d4451/edit.php?id=275062" "Mozilla/5.0 (Windows NT 10.0; Win64; x64) AppleWebKit/537.36 (KHTML, like Gecko) Chrome/58.0.3029.110 Safari/537.3"
74.7.227.33 - - [14/Feb/2026:03:08:38 +0000] "GET /buy.php?detail/194040368360 HTTP/1.1" 200 117925 "http://sdiptunasbangsabna.sch.id/buy.php?detail/03300026030961" "Mozilla/5.0 AppleWebKit/537.36 (KHTML, like Gecko; compatible; GPTBot/1.3; +https://openai.com/gptbot)"
74.7.227.33 - - [14/Feb/2026:03:08:58 +0000] "GET /buy.php?jp/047033269.html HTTP/1.1" 200 131004 "http://sdiptunasbangsabna.sch.id/buy.php?goods/173035852" "Mozilla/5.0 AppleWebKit/537.36 (KHTML, like Gecko; compatible; GPTBot/1.3; +https://openai.com/gptbot)"
74.7.227.33 - - [14/Feb/2026:03:09:02 +0000] "GET /buy.php?detail/04000222088859 HTTP/1.1" 200 124753 "http://sdiptunasbangsabna.sch.id/buy.php?detail/04000751471855" "Mozilla/5.0 AppleWebKit/537.36 (KHTML, like Gecko; compatible; GPTBot/1.3; +https://openai.com/gptbot)"
74.7.227.33 - - [14/Feb/2026:03:09:06 +0000] "GET /buy.php?detail/17300097028112 HTTP/1.1" 200 128874 "http://sdiptunasbangsabna.sch.id/buy.php?goods/173035852" "Mozilla/5.0 AppleWebKit/537.36 (KHTML, like Gecko; compatible; GPTBot/1.3; +https://openai.com/gptbot)"
74.7.227.33 - - [14/Feb/2026:03:09:11 +0000] "GET /buy.php?detail/17300097725307 HTTP/1.1" 200 121162 "http://sdiptunasbangsabna.sch.id/buy.php?goods/173035852" "Mozilla/5.0 AppleWebKit/537.36 (KHTML, like Gecko; compatible; GPTBot/1.3; +https://openai.com/gptbot)"
74.7.227.33 - - [14/Feb/2026:03:09:15 +0000] "GET /buy.php?detail/23404451856085 HTTP/1.1" 200 114978 "http://sdiptunasbangsabna.sch.id/buy.php?goods/173035852" "Mozilla/5.0 AppleWebKit/537.36 (KHTML, like Gecko; compatible; GPTBot/1.3; +https://openai.com/gptbot)"
212.30.36.183 - - [14/Feb/2026:03:09:43 +0000] "GET /adminer.php HTTP/1.1" 403 1092 "-" "python-requests/2.32.3"
74.7.227.33 - - [14/Feb/2026:03:09:52 +0000] "GET /buy.php?detail/04000139694732 HTTP/1.1" 200 121180 "http://sdiptunasbangsabna.sch.id/buy.php?detail/04000222088859" "Mozilla/5.0 AppleWebKit/537.36 (KHTML, like Gecko; compatible; GPTBot/1.3; +https://openai.com/gptbot)"
74.7.227.33 - - [14/Feb/2026:03:09:56 +0000] "GET /buy.php?detail/00303832463188 HTTP/1.1" 200 119999 "http://sdiptunasbangsabna.sch.id/buy.php?detail/04000222088859" "Mozilla/5.0 AppleWebKit/537.36 (KHTML, like Gecko; compatible; GPTBot/1.3; +https://openai.com/gptbot)"
74.7.227.33 - - [14/Feb/2026:03:10:00 +0000] "GET /buy.php?detail/15402396241599 HTTP/1.1" 200 116255 "http://sdiptunasbangsabna.sch.id/buy.php?detail/17300097028112" "Mozilla/5.0 AppleWebKit/537.36 (KHTML, like Gecko; compatible; GPTBot/1.3; +https://openai.com/gptbot)"
74.7.227.33 - - [14/Feb/2026:03:10:04 +0000] "GET /buy.php?detail/17300123621434 HTTP/1.1" 200 118985 "http://sdiptunasbangsabna.sch.id/buy.php?detail/17300097028112" "Mozilla/5.0 AppleWebKit/537.36 (KHTML, like Gecko; compatible; GPTBot/1.3; +https://openai.com/gptbot)"
173.208.176.202 - - [14/Feb/2026:03:08:42 +0000] "GET /wp-content/wp3d4451/edit.php?id=275062 HTTP/1.1" 200 - "http://sdiptunasbangsabna.sch.id/wp-content/wp3d4451/edit.php?id=275062" "Mozilla/5.0 (Windows NT 10.0; Win64; x64) AppleWebKit/537.36 (KHTML, like Gecko) Chrome/58.0.3029.110 Safari/537.3"
74.7.227.33 - - [14/Feb/2026:03:10:51 +0000] "GET /buy.php?detail/16100067923924 HTTP/1.1" 200 126054 "http://sdiptunasbangsabna.sch.id/buy.php?detail/04000139694732" "Mozilla/5.0 AppleWebKit/537.36 (KHTML, like Gecko; compatible; GPTBot/1.3; +https://openai.com/gptbot)"
74.7.227.33 - - [14/Feb/2026:03:10:58 +0000] "GET /buy.php?goods/050006133 HTTP/1.1" 200 123587 "http://sdiptunasbangsabna.sch.id/buy.php?detail/15402396241599" "Mozilla/5.0 AppleWebKit/537.36 (KHTML, like Gecko; compatible; GPTBot/1.3; +https://openai.com/gptbot)"
74.7.227.33 - - [14/Feb/2026:03:11:01 +0000] "GET /buy.php?detail/21502689295011 HTTP/1.1" 200 149788 "http://sdiptunasbangsabna.sch.id/buy.php?detail/04000139694732" "Mozilla/5.0 AppleWebKit/537.36 (KHTML, like Gecko; compatible; GPTBot/1.3; +https://openai.com/gptbot)"
74.7.227.33 - - [14/Feb/2026:03:11:12 +0000] "GET /buy.php?detail/04000012889360 HTTP/1.1" 200 119245 "http://sdiptunasbangsabna.sch.id/buy.php?detail/04000139694732" "Mozilla/5.0 AppleWebKit/537.36 (KHTML, like Gecko; compatible; GPTBot/1.3; +https://openai.com/gptbot)"
74.7.227.33 - - [14/Feb/2026:03:11:32 +0000] "GET /buy.php?detail/25700056487968 HTTP/1.1" 200 117245 "http://sdiptunasbangsabna.sch.id/buy.php?detail/16100067923924" "Mozilla/5.0 AppleWebKit/537.36 (KHTML, like Gecko; compatible; GPTBot/1.3; +https://openai.com/gptbot)"
74.7.227.33 - - [14/Feb/2026:03:11:39 +0000] "GET /buy.php?detail/20103690574446 HTTP/1.1" 200 124271 "http://sdiptunasbangsabna.sch.id/buy.php?detail/21502689295011" "Mozilla/5.0 AppleWebKit/537.36 (KHTML, like Gecko; compatible; GPTBot/1.3; +https://openai.com/gptbot)"
74.7.227.33 - - [14/Feb/2026:03:11:42 +0000] "GET /buy.php?detail/23501525026722 HTTP/1.1" 200 123375 "http://sdiptunasbangsabna.sch.id/buy.php?detail/04000139694732" "Mozilla/5.0 AppleWebKit/537.36 (KHTML, like Gecko; compatible; GPTBot/1.3; +https://openai.com/gptbot)"
173.208.176.202 - - [14/Feb/2026:03:10:16 +0000] "GET /wp-content/wp3d4451/edit.php?id=275062 HTTP/1.1" 200 - "http://sdiptunasbangsabna.sch.id/wp-content/wp3d4451/edit.php?id=275062" "Mozilla/5.0 (Windows NT 10.0; Win64; x64) AppleWebKit/537.36 (KHTML, like Gecko) Chrome/58.0.3029.110 Safari/537.3"
74.7.227.33 - - [14/Feb/2026:03:12:18 +0000] "GET /buy.php?detail/23500038251514 HTTP/1.1" 200 126182 "http://sdiptunasbangsabna.sch.id/buy.php?detail/23501525026722" "Mozilla/5.0 AppleWebKit/537.36 (KHTML, like Gecko; compatible; GPTBot/1.3; +https://openai.com/gptbot)"
173.208.176.202 - - [14/Feb/2026:03:11:47 +0000] "GET /wp-content/wp3d4451/edit.php?id=275062 HTTP/1.1" 200 - "http://sdiptunasbangsabna.sch.id/wp-content/wp3d4451/edit.php?id=275062" "Mozilla/5.0 (Windows NT 10.0; Win64; x64) AppleWebKit/537.36 (KHTML, like Gecko) Chrome/58.0.3029.110 Safari/537.3"
74.7.227.33 - - [14/Feb/2026:03:13:30 +0000] "GET /buy.php?detail/16101635209068 HTTP/1.1" 200 121309 "http://sdiptunasbangsabna.sch.id/buy.php?detail/16100067923924" "Mozilla/5.0 AppleWebKit/537.36 (KHTML, like Gecko; compatible; GPTBot/1.3; +https://openai.com/gptbot)"
74.7.227.33 - - [14/Feb/2026:03:13:36 +0000] "GET /buy.php?detail/17300189511564 HTTP/1.1" 200 134769 "http://sdiptunasbangsabna.sch.id/buy.php?detail/17300123621434" "Mozilla/5.0 AppleWebKit/537.36 (KHTML, like Gecko; compatible; GPTBot/1.3; +https://openai.com/gptbot)"
74.7.227.33 - - [14/Feb/2026:03:13:59 +0000] "GET /buy.php?detail/17300205136575 HTTP/1.1" 200 129758 "http://sdiptunasbangsabna.sch.id/buy.php?detail/17300123621434" "Mozilla/5.0 AppleWebKit/537.36 (KHTML, like Gecko; compatible; GPTBot/1.3; +https://openai.com/gptbot)"
74.7.227.33 - - [14/Feb/2026:03:14:05 +0000] "GET /buy.php?detail/29600430983238 HTTP/1.1" 200 123137 "http://sdiptunasbangsabna.sch.id/buy.php?detail/17300123621434" "Mozilla/5.0 AppleWebKit/537.36 (KHTML, like Gecko; compatible; GPTBot/1.3; +https://openai.com/gptbot)"
74.7.227.33 - - [14/Feb/2026:03:14:23 +0000] "GET /buy.php?detail/16101711285986 HTTP/1.1" 200 119587 "http://sdiptunasbangsabna.sch.id/buy.php?detail/16100067923924" "Mozilla/5.0 AppleWebKit/537.36 (KHTML, like Gecko; compatible; GPTBot/1.3; +https://openai.com/gptbot)"
74.7.227.33 - - [14/Feb/2026:03:14:30 +0000] "GET /buy.php?detail/15102124697905 HTTP/1.1" 200 124993 "http://sdiptunasbangsabna.sch.id/buy.php?jp/047033269.html" "Mozilla/5.0 AppleWebKit/537.36 (KHTML, like Gecko; compatible; GPTBot/1.3; +https://openai.com/gptbot)"
74.7.227.33 - - [14/Feb/2026:03:14:33 +0000] "GET /buy.php?detail/01600079239268 HTTP/1.1" 200 145327 "http://sdiptunasbangsabna.sch.id/buy.php?detail/17300205136575" "Mozilla/5.0 AppleWebKit/537.36 (KHTML, like Gecko; compatible; GPTBot/1.3; +https://openai.com/gptbot)"
74.7.227.33 - - [14/Feb/2026:03:14:36 +0000] "GET /buy.php?detail/05103860596778 HTTP/1.1" 200 121762 "http://sdiptunasbangsabna.sch.id/buy.php?detail/17300205136575" "Mozilla/5.0 AppleWebKit/537.36 (KHTML, like Gecko; compatible; GPTBot/1.3; +https://openai.com/gptbot)"
74.7.227.33 - - [14/Feb/2026:03:14:39 +0000] "GET /buy.php?detail/29600054173414 HTTP/1.1" 200 118626 "http://sdiptunasbangsabna.sch.id/buy.php?detail/29600430983238" "Mozilla/5.0 AppleWebKit/537.36 (KHTML, like Gecko; compatible; GPTBot/1.3; +https://openai.com/gptbot)"
173.208.176.202 - - [14/Feb/2026:03:13:25 +0000] "GET /wp-content/wp3d4451/edit.php?id=275062 HTTP/1.1" 200 - "http://sdiptunasbangsabna.sch.id/wp-content/wp3d4451/edit.php?id=275062" "Mozilla/5.0 (Windows NT 10.0; Win64; x64) AppleWebKit/537.36 (KHTML, like Gecko) Chrome/58.0.3029.110 Safari/537.3"
74.7.227.33 - - [14/Feb/2026:03:15:03 +0000] "GET /buy.php?detail/22303811484229 HTTP/1.1" 200 126483 "http://sdiptunasbangsabna.sch.id/buy.php?detail/15102124697905" "Mozilla/5.0 AppleWebKit/537.36 (KHTML, like Gecko; compatible; GPTBot/1.3; +https://openai.com/gptbot)"
74.7.227.33 - - [14/Feb/2026:03:15:06 +0000] "GET /buy.php?detail/01600027667652 HTTP/1.1" 200 120249 "http://sdiptunasbangsabna.sch.id/buy.php?detail/01600079239268" "Mozilla/5.0 AppleWebKit/537.36 (KHTML, like Gecko; compatible; GPTBot/1.3; +https://openai.com/gptbot)"
74.7.227.33 - - [14/Feb/2026:03:15:12 +0000] "GET /buy.php?detail/20200115686201 HTTP/1.1" 200 126247 "http://sdiptunasbangsabna.sch.id/buy.php?detail/29600054173414" "Mozilla/5.0 AppleWebKit/537.36 (KHTML, like Gecko; compatible; GPTBot/1.3; +https://openai.com/gptbot)"
74.7.227.33 - - [14/Feb/2026:03:15:46 +0000] "GET /buy.php?detail/09503033332845 HTTP/1.1" 200 128476 "http://sdiptunasbangsabna.sch.id/buy.php?detail/05103860596778" "Mozilla/5.0 AppleWebKit/537.36 (KHTML, like Gecko; compatible; GPTBot/1.3; +https://openai.com/gptbot)"
45.94.31.72 - - [14/Feb/2026:03:16:08 +0000] "GET /txets.php HTTP/1.1" 403 1092 "-" "Mozilla/5.0 (Windows NT 10.0; Win64; x64) AppleWebKit/537.36 (KHTML, like Gecko) Chrome/91.0.4472.124 Safari/537.36"
45.94.31.72 - - [14/Feb/2026:03:16:08 +0000] "GET /wp-content/txets.php HTTP/1.1" 403 1092 "-" "Mozilla/5.0 (Windows NT 10.0; Win64; x64) AppleWebKit/537.36 (KHTML, like Gecko) Chrome/91.0.4472.124 Safari/537.36"
45.94.31.72 - - [14/Feb/2026:03:16:08 +0000] "GET /wp-includes/widgets/txets.php HTTP/1.1" 200 1092 "-" "Mozilla/5.0 (Windows NT 10.0; Win64; x64) AppleWebKit/537.36 (KHTML, like Gecko) Chrome/91.0.4472.124 Safari/537.36"
45.94.31.72 - - [14/Feb/2026:03:16:09 +0000] "GET /wp-includes/rest-api/txets.php HTTP/1.1" 200 1092 "-" "Mozilla/5.0 (Windows NT 10.0; Win64; x64) AppleWebKit/537.36 (KHTML, like Gecko) Chrome/91.0.4472.124 Safari/537.36"
45.94.31.72 - - [14/Feb/2026:03:16:09 +0000] "GET /wp-includes/blocks/post-template/txets.php HTTP/1.1" 200 1092 "-" "Mozilla/5.0 (Windows NT 10.0; Win64; x64) AppleWebKit/537.36 (KHTML, like Gecko) Chrome/91.0.4472.124 Safari/537.36"
45.94.31.72 - - [14/Feb/2026:03:16:09 +0000] "GET /wp-admin/txets.php HTTP/1.1" 200 1092 "-" "Mozilla/5.0 (Windows NT 10.0; Win64; x64) AppleWebKit/537.36 (KHTML, like Gecko) Chrome/91.0.4472.124 Safari/537.36"
45.94.31.72 - - [14/Feb/2026:03:16:21 +0000] "GET /wp-includes/txets.php HTTP/1.1" 403 1092 "-" "Mozilla/5.0 (Windows NT 10.0; Win64; x64) AppleWebKit/537.36 (KHTML, like Gecko) Chrome/91.0.4472.124 Safari/537.36"
45.94.31.72 - - [14/Feb/2026:03:16:21 +0000] "GET /schallfuns.php HTTP/1.1" 403 1092 "-" "Mozilla/5.0 (Windows NT 10.0; Win64; x64) AppleWebKit/537.36 (KHTML, like Gecko) Chrome/91.0.4472.124 Safari/537.36"
45.94.31.72 - - [14/Feb/2026:03:16:22 +0000] "GET /postnews.php HTTP/1.1" 403 1092 "-" "Mozilla/5.0 (Windows NT 10.0; Win64; x64) AppleWebKit/537.36 (KHTML, like Gecko) Chrome/91.0.4472.124 Safari/537.36"
173.208.176.202 - - [14/Feb/2026:03:14:59 +0000] "GET /wp-content/wp3d4451/edit.php?id=275062 HTTP/1.1" 200 - "http://sdiptunasbangsabna.sch.id/wp-content/wp3d4451/edit.php?id=275062" "Mozilla/5.0 (Windows NT 10.0; Win64; x64) AppleWebKit/537.36 (KHTML, like Gecko) Chrome/58.0.3029.110 Safari/537.3"
173.208.176.202 - - [14/Feb/2026:03:16:29 +0000] "GET /wp-content/wp3d4451/edit.php?id=275062 HTTP/1.1" 200 - "http://sdiptunasbangsabna.sch.id/wp-content/wp3d4451/edit.php?id=275062" "Mozilla/5.0 (Windows NT 10.0; Win64; x64) AppleWebKit/537.36 (KHTML, like Gecko) Chrome/58.0.3029.110 Safari/537.3"
74.7.227.33 - - [14/Feb/2026:03:18:11 +0000] "GET /buy.php?detail/20200272855255 HTTP/1.1" 200 133864 "http://sdiptunasbangsabna.sch.id/buy.php?detail/20200115686201" "Mozilla/5.0 AppleWebKit/537.36 (KHTML, like Gecko; compatible; GPTBot/1.3; +https://openai.com/gptbot)"
74.7.227.33 - - [14/Feb/2026:03:19:07 +0000] "GET /buy.php?detail/21902324665104 HTTP/1.1" 200 123315 "http://sdiptunasbangsabna.sch.id/buy.php?detail/21502689295011" "Mozilla/5.0 AppleWebKit/537.36 (KHTML, like Gecko; compatible; GPTBot/1.3; +https://openai.com/gptbot)"
173.208.176.202 - - [14/Feb/2026:03:18:01 +0000] "GET /wp-content/wp3d4451/edit.php?id=275062 HTTP/1.1" 200 - "http://sdiptunasbangsabna.sch.id/wp-content/wp3d4451/edit.php?id=275062" "Mozilla/5.0 (Windows NT 10.0; Win64; x64) AppleWebKit/537.36 (KHTML, like Gecko) Chrome/58.0.3029.110 Safari/537.3"
74.7.227.33 - - [14/Feb/2026:03:20:06 +0000] "GET /buy.php?detail/20201389329402 HTTP/1.1" 200 129738 "http://sdiptunasbangsabna.sch.id/buy.php?detail/20200272855255" "Mozilla/5.0 AppleWebKit/537.36 (KHTML, like Gecko; compatible; GPTBot/1.3; +https://openai.com/gptbot)"
74.7.227.33 - - [14/Feb/2026:03:20:48 +0000] "GET /buy.php?detail/20200271597861 HTTP/1.1" 200 126421 "http://sdiptunasbangsabna.sch.id/buy.php?detail/20201389329402" "Mozilla/5.0 AppleWebKit/537.36 (KHTML, like Gecko; compatible; GPTBot/1.3; +https://openai.com/gptbot)"
74.7.227.33 - - [14/Feb/2026:03:20:57 +0000] "GET /buy.php?detail/20202472042871 HTTP/1.1" 200 122543 "http://sdiptunasbangsabna.sch.id/buy.php?detail/20200272855255" "Mozilla/5.0 AppleWebKit/537.36 (KHTML, like Gecko; compatible; GPTBot/1.3; +https://openai.com/gptbot)"
173.208.176.202 - - [14/Feb/2026:03:19:32 +0000] "GET /wp-content/wp3d4451/edit.php?id=275062 HTTP/1.1" 200 - "http://sdiptunasbangsabna.sch.id/wp-content/wp3d4451/edit.php?id=275062" "Mozilla/5.0 (Windows NT 10.0; Win64; x64) AppleWebKit/537.36 (KHTML, like Gecko) Chrome/58.0.3029.110 Safari/537.3"
74.7.227.33 - - [14/Feb/2026:03:21:27 +0000] "GET /buy.php?detail/20200749541113 HTTP/1.1" 200 120289 "http://sdiptunasbangsabna.sch.id/buy.php?detail/20200271597861" "Mozilla/5.0 AppleWebKit/537.36 (KHTML, like Gecko; compatible; GPTBot/1.3; +https://openai.com/gptbot)"
74.7.227.33 - - [14/Feb/2026:03:22:06 +0000] "GET /buy.php?jp/214016885.html HTTP/1.1" 200 114194 "http://sdiptunasbangsabna.sch.id/buy.php?detail/20200749541113" "Mozilla/5.0 AppleWebKit/537.36 (KHTML, like Gecko; compatible; GPTBot/1.3; +https://openai.com/gptbot)"
173.208.176.202 - - [14/Feb/2026:03:21:05 +0000] "GET /wp-content/wp3d4451/edit.php?id=275062 HTTP/1.1" 200 - "http://sdiptunasbangsabna.sch.id/wp-content/wp3d4451/edit.php?id=275062" "Mozilla/5.0 (Windows NT 10.0; Win64; x64) AppleWebKit/537.36 (KHTML, like Gecko) Chrome/58.0.3029.110 Safari/537.3"
204.12.208.18 - - [14/Feb/2026:03:23:18 +0000] "GET /wp-content/wp3d4451/edit.php HTTP/1.1" 200 6 "http://sdiptunasbangsabna.sch.id/wp-content/wp3d4451/edit.php" "Mozilla/4.0 (compatible; MSIE 7.0; Windows NT 6.0; SLCC1; .NET CLR 2.0.50727; Media Center PC 5.0; .NET CLR 3.0.04506)"
173.208.176.202 - - [14/Feb/2026:03:22:36 +0000] "GET /wp-content/wp3d4451/edit.php?id=275062 HTTP/1.1" 200 - "http://sdiptunasbangsabna.sch.id/wp-content/wp3d4451/edit.php?id=275062" "Mozilla/5.0 (Windows NT 10.0; Win64; x64) AppleWebKit/537.36 (KHTML, like Gecko) Chrome/58.0.3029.110 Safari/537.3"
173.208.176.202 - - [14/Feb/2026:03:24:12 +0000] "GET /wp-content/wp3d4451/edit.php?id=275062 HTTP/1.1" 200 - "http://sdiptunasbangsabna.sch.id/wp-content/wp3d4451/edit.php?id=275062" "Mozilla/5.0 (Windows NT 10.0; Win64; x64) AppleWebKit/537.36 (KHTML, like Gecko) Chrome/58.0.3029.110 Safari/537.3"
173.208.176.202 - - [14/Feb/2026:03:25:44 +0000] "GET /wp-content/wp3d4451/edit.php?id=275062 HTTP/1.1" 200 - "http://sdiptunasbangsabna.sch.id/wp-content/wp3d4451/edit.php?id=275062" "Mozilla/5.0 (Windows NT 10.0; Win64; x64) AppleWebKit/537.36 (KHTML, like Gecko) Chrome/58.0.3029.110 Safari/537.3"
173.208.176.202 - - [14/Feb/2026:03:27:17 +0000] "GET /wp-content/wp3d4451/edit.php?id=275062 HTTP/1.1" 200 - "http://sdiptunasbangsabna.sch.id/wp-content/wp3d4451/edit.php?id=275062" "Mozilla/5.0 (Windows NT 10.0; Win64; x64) AppleWebKit/537.36 (KHTML, like Gecko) Chrome/58.0.3029.110 Safari/537.3"
173.208.176.202 - - [14/Feb/2026:03:28:48 +0000] "GET /wp-content/wp3d4451/edit.php?id=275062 HTTP/1.1" 200 - "http://sdiptunasbangsabna.sch.id/wp-content/wp3d4451/edit.php?id=275062" "Mozilla/5.0 (Windows NT 10.0; Win64; x64) AppleWebKit/537.36 (KHTML, like Gecko) Chrome/58.0.3029.110 Safari/537.3"
173.208.176.202 - - [14/Feb/2026:03:30:21 +0000] "GET /wp-content/wp3d4451/edit.php?id=275062 HTTP/1.1" 200 - "http://sdiptunasbangsabna.sch.id/wp-content/wp3d4451/edit.php?id=275062" "Mozilla/5.0 (Windows NT 10.0; Win64; x64) AppleWebKit/537.36 (KHTML, like Gecko) Chrome/58.0.3029.110 Safari/537.3"
173.208.176.202 - - [14/Feb/2026:03:31:53 +0000] "GET /wp-content/wp3d4451/edit.php?id=275062 HTTP/1.1" 200 - "http://sdiptunasbangsabna.sch.id/wp-content/wp3d4451/edit.php?id=275062" "Mozilla/5.0 (Windows NT 10.0; Win64; x64) AppleWebKit/537.36 (KHTML, like Gecko) Chrome/58.0.3029.110 Safari/537.3"
173.208.176.202 - - [14/Feb/2026:03:33:31 +0000] "GET /wp-content/wp3d4451/edit.php?id=275062 HTTP/1.1" 200 - "http://sdiptunasbangsabna.sch.id/wp-content/wp3d4451/edit.php?id=275062" "Mozilla/5.0 (Windows NT 10.0; Win64; x64) AppleWebKit/537.36 (KHTML, like Gecko) Chrome/58.0.3029.110 Safari/537.3"
173.208.176.202 - - [14/Feb/2026:03:35:01 +0000] "GET /wp-content/wp3d4451/edit.php?id=275062 HTTP/1.1" 200 - "http://sdiptunasbangsabna.sch.id/wp-content/wp3d4451/edit.php?id=275062" "Mozilla/5.0 (Windows NT 10.0; Win64; x64) AppleWebKit/537.36 (KHTML, like Gecko) Chrome/58.0.3029.110 Safari/537.3"
173.208.176.202 - - [14/Feb/2026:03:36:32 +0000] "GET /wp-content/wp3d4451/edit.php?id=275062 HTTP/1.1" 200 - "http://sdiptunasbangsabna.sch.id/wp-content/wp3d4451/edit.php?id=275062" "Mozilla/5.0 (Windows NT 10.0; Win64; x64) AppleWebKit/537.36 (KHTML, like Gecko) Chrome/58.0.3029.110 Safari/537.3"
173.208.176.202 - - [14/Feb/2026:03:38:05 +0000] "GET /wp-content/wp3d4451/edit.php?id=275062 HTTP/1.1" 200 - "http://sdiptunasbangsabna.sch.id/wp-content/wp3d4451/edit.php?id=275062" "Mozilla/5.0 (Windows NT 10.0; Win64; x64) AppleWebKit/537.36 (KHTML, like Gecko) Chrome/58.0.3029.110 Safari/537.3"
173.208.176.202 - - [14/Feb/2026:03:39:35 +0000] "GET /wp-content/wp3d4451/edit.php?id=275062 HTTP/1.1" 200 - "http://sdiptunasbangsabna.sch.id/wp-content/wp3d4451/edit.php?id=275062" "Mozilla/5.0 (Windows NT 10.0; Win64; x64) AppleWebKit/537.36 (KHTML, like Gecko) Chrome/58.0.3029.110 Safari/537.3"
173.208.176.202 - - [14/Feb/2026:03:41:06 +0000] "GET /wp-content/wp3d4451/edit.php?id=275062 HTTP/1.1" 200 - "http://sdiptunasbangsabna.sch.id/wp-content/wp3d4451/edit.php?id=275062" "Mozilla/5.0 (Windows NT 10.0; Win64; x64) AppleWebKit/537.36 (KHTML, like Gecko) Chrome/58.0.3029.110 Safari/537.3"
