160.202.32.196 - - [16/Aug/2025:20:02:50 +0000] "GET /?ai1ec_js_widget HTTP/1.1" 500 - "https://www.waybackmachinedownloader.com/" "Mozilla/5.0 (Windows NT 10.0; Win64; x64) AppleWebKit/537.36 (KHTML, like Gecko) Chrome/138.0.0.0 Safari/537.36"
40.77.167.19 - - [16/Aug/2025:20:02:56 +0000] "GET /index.php/edito/article/articles/news/articles/edito/article/art909-separation-de-corps-et-de-fait.html HTTP/1.1" 500 - "-" "Mozilla/5.0 AppleWebKit/537.36 (KHTML, like Gecko; compatible; bingbot/2.0; +http://www.bing.com/bingbot.htm) Chrome/116.0.1938.76 Safari/537.36"
2a03:2880:f800:17:: - - [16/Aug/2025:20:03:03 +0000] "GET /index.php/news/news/news/edito/edito/edito/edito/articles/news/article/news/article/edito/articles/edito/news/news/article/news/article/art1223-anarque-sur-la-cryptomonnaie.html HTTP/1.1" 500 - "-" "meta-externalagent/1.1 (+https://developers.facebook.com/docs/sharing/webmasters/crawler)"
40.77.167.19 - - [16/Aug/2025:20:03:29 +0000] "GET /index.php/edito/article/news/news/edito/articles/article/art827-l-association-arc-aide-au-rachat-de-credits-sur-facebook.html HTTP/1.1" 500 - "-" "Mozilla/5.0 AppleWebKit/537.36 (KHTML, like Gecko; compatible; bingbot/2.0; +http://www.bing.com/bingbot.htm) Chrome/116.0.1938.76 Safari/537.36"
52.167.144.202 - - [16/Aug/2025:20:03:38 +0000] "GET /index.php/news/edito/news/edito/article/article/articles/art41-texte-de-loi-article-l331-3cdlc.html HTTP/1.1" 500 - "-" "Mozilla/5.0 AppleWebKit/537.36 (KHTML, like Gecko; compatible; bingbot/2.0; +http://www.bing.com/bingbot.htm) Chrome/116.0.1938.76 Safari/537.36"
52.167.144.202 - - [16/Aug/2025:20:03:38 +0000] "GET /index.php/articles/news/edito/edito/article/news/art1121-changer-d-assurances-plus-simplement-qu-auparavant.html HTTP/1.1" 500 - "-" "Mozilla/5.0 AppleWebKit/537.36 (KHTML, like Gecko; compatible; bingbot/2.0; +http://www.bing.com/bingbot.htm) Chrome/116.0.1938.76 Safari/537.36"
160.202.32.196 - - [16/Aug/2025:20:03:48 +0000] "GET /wp-content/plugins/all-in-one-event-calendar/cache/64d0ac1c_ai1ec_parsed_css.css?ver=2.5.15 HTTP/1.1" 500 - "https://www.waybackmachinedownloader.com/" "Mozilla/5.0 (Windows NT 10.0; Win64; x64) AppleWebKit/537.36 (KHTML, like Gecko) Chrome/138.0.0.0 Safari/537.36"
160.202.32.196 - - [16/Aug/2025:20:03:49 +0000] "GET /wp-includes/js/wp-emoji-release.min.js?ver=4.8.2 HTTP/1.1" 500 - "https://www.waybackmachinedownloader.com/" "Mozilla/5.0 (Windows NT 10.0; Win64; x64) AppleWebKit/537.36 (KHTML, like Gecko) Chrome/138.0.0.0 Safari/537.36"
160.202.32.196 - - [16/Aug/2025:20:03:49 +0000] "GET /?ai1ec_js_widget HTTP/1.1" 500 - "https://www.waybackmachinedownloader.com/" "Mozilla/5.0 (Windows NT 10.0; Win64; x64) AppleWebKit/537.36 (KHTML, like Gecko) Chrome/138.0.0.0 Safari/537.36"
2a03:2880:f800:9:: - - [16/Aug/2025:20:04:10 +0000] "GET /index.php/news/news/news/edito/edito/edito/edito/articles/news/article/news/article/article/articles/article/article/edito/articles/articles/news/art851-a-quand-la-vente-de-tabac-dans-les-banques.html HTTP/1.1" 500 - "-" "meta-externalagent/1.1 (+https://developers.facebook.com/docs/sharing/webmasters/crawler)"
114.119.130.18 - - [16/Aug/2025:20:04:42 +0000] "GET /promotion/bonus-refferal-up-to-15 HTTP/1.1" 500 - "-" "Mozilla/5.0 (Linux; Android 7.0;) AppleWebKit/537.36 (KHTML, like Gecko) Mobile Safari/537.36 (compatible; PetalBot;+https://webmaster.petalsearch.com/site/petalbot)"
160.202.32.196 - - [16/Aug/2025:20:04:48 +0000] "GET /wp-content/plugins/all-in-one-event-calendar/cache/64d0ac1c_ai1ec_parsed_css.css?ver=2.5.15 HTTP/1.1" 500 - "https://www.waybackmachinedownloader.com/" "Mozilla/5.0 (Windows NT 10.0; Win64; x64) AppleWebKit/537.36 (KHTML, like Gecko) Chrome/138.0.0.0 Safari/537.36"
160.202.32.196 - - [16/Aug/2025:20:04:48 +0000] "GET /wp-includes/js/wp-emoji-release.min.js?ver=4.8.2 HTTP/1.1" 500 - "https://www.waybackmachinedownloader.com/" "Mozilla/5.0 (Windows NT 10.0; Win64; x64) AppleWebKit/537.36 (KHTML, like Gecko) Chrome/138.0.0.0 Safari/537.36"
160.202.32.196 - - [16/Aug/2025:20:04:49 +0000] "GET /?ai1ec_js_widget HTTP/1.1" 500 - "https://www.waybackmachinedownloader.com/" "Mozilla/5.0 (Windows NT 10.0; Win64; x64) AppleWebKit/537.36 (KHTML, like Gecko) Chrome/138.0.0.0 Safari/537.36"
40.77.167.155 - - [16/Aug/2025:20:04:55 +0000] "GET /index.php/edito/edito/article/article/articles/art1136-les-mutuelles-annee-2020-augmentation-adhesion-resiliation-conseil.html HTTP/1.1" 500 - "-" "Mozilla/5.0 AppleWebKit/537.36 (KHTML, like Gecko; compatible; bingbot/2.0; +http://www.bing.com/bingbot.htm) Chrome/116.0.1938.76 Safari/537.36"
2a03:2880:f800:1c:: - - [16/Aug/2025:20:05:17 +0000] "GET /index.php/news/news/news/edito/edito/edito/edito/articles/news/news/article/article/news/article/article/article/edito/edito/article/news/article/edito/art992-annee-2019-le-rachat-de-credit-est-toujours-d-actualite.html HTTP/1.1" 500 - "-" "meta-externalagent/1.1 (+https://developers.facebook.com/docs/sharing/webmasters/crawler)"
160.202.32.196 - - [16/Aug/2025:20:05:48 +0000] "GET /wp-content/plugins/all-in-one-event-calendar/cache/64d0ac1c_ai1ec_parsed_css.css?ver=2.5.15 HTTP/1.1" 500 - "https://www.waybackmachinedownloader.com/" "Mozilla/5.0 (Windows NT 10.0; Win64; x64) AppleWebKit/537.36 (KHTML, like Gecko) Chrome/138.0.0.0 Safari/537.36"
160.202.32.196 - - [16/Aug/2025:20:05:49 +0000] "GET /wp-includes/js/wp-emoji-release.min.js?ver=4.8.2 HTTP/1.1" 500 - "https://www.waybackmachinedownloader.com/" "Mozilla/5.0 (Windows NT 10.0; Win64; x64) AppleWebKit/537.36 (KHTML, like Gecko) Chrome/138.0.0.0 Safari/537.36"
160.202.32.196 - - [16/Aug/2025:20:05:49 +0000] "GET /?ai1ec_js_widget HTTP/1.1" 500 - "https://www.waybackmachinedownloader.com/" "Mozilla/5.0 (Windows NT 10.0; Win64; x64) AppleWebKit/537.36 (KHTML, like Gecko) Chrome/138.0.0.0 Safari/537.36"
2a03:2880:f800:d:: - - [16/Aug/2025:20:06:23 +0000] "GET /index.php/article/article/article/news/edito/edito/articles/news/news/articles/article/article/article/article/news/news/article/articles/article/news/news/edito/edito/news/news/news/news/art737-cybercriminalite-a-l-etranger-et-les-lettres-aux-ambassades-de-france.html HTTP/1.1" 500 - "-" "meta-externalagent/1.1 (+https://developers.facebook.com/docs/sharing/webmasters/crawler)"
160.202.32.196 - - [16/Aug/2025:20:06:48 +0000] "GET /wp-content/plugins/all-in-one-event-calendar/cache/64d0ac1c_ai1ec_parsed_css.css?ver=2.5.15 HTTP/1.1" 500 - "https://www.waybackmachinedownloader.com/" "Mozilla/5.0 (Windows NT 10.0; Win64; x64) AppleWebKit/537.36 (KHTML, like Gecko) Chrome/138.0.0.0 Safari/537.36"
160.202.32.196 - - [16/Aug/2025:20:06:49 +0000] "GET /wp-includes/js/wp-emoji-release.min.js?ver=4.8.2 HTTP/1.1" 500 - "https://www.waybackmachinedownloader.com/" "Mozilla/5.0 (Windows NT 10.0; Win64; x64) AppleWebKit/537.36 (KHTML, like Gecko) Chrome/138.0.0.0 Safari/537.36"
160.202.32.196 - - [16/Aug/2025:20:06:49 +0000] "GET /?ai1ec_js_widget HTTP/1.1" 500 - "https://www.waybackmachinedownloader.com/" "Mozilla/5.0 (Windows NT 10.0; Win64; x64) AppleWebKit/537.36 (KHTML, like Gecko) Chrome/138.0.0.0 Safari/537.36"
40.77.167.19 - - [16/Aug/2025:20:07:18 +0000] "GET /index.php/articles/article/articles/article/credits.php HTTP/1.1" 500 - "-" "Mozilla/5.0 AppleWebKit/537.36 (KHTML, like Gecko; compatible; bingbot/2.0; +http://www.bing.com/bingbot.htm) Chrome/116.0.1938.76 Safari/537.36"
160.202.32.196 - - [16/Aug/2025:20:07:48 +0000] "GET /wp-content/plugins/all-in-one-event-calendar/cache/64d0ac1c_ai1ec_parsed_css.css?ver=2.5.15 HTTP/1.1" 500 - "https://www.waybackmachinedownloader.com/" "Mozilla/5.0 (Windows NT 10.0; Win64; x64) AppleWebKit/537.36 (KHTML, like Gecko) Chrome/138.0.0.0 Safari/537.36"
160.202.32.196 - - [16/Aug/2025:20:07:49 +0000] "GET /wp-includes/js/wp-emoji-release.min.js?ver=4.8.2 HTTP/1.1" 500 - "https://www.waybackmachinedownloader.com/" "Mozilla/5.0 (Windows NT 10.0; Win64; x64) AppleWebKit/537.36 (KHTML, like Gecko) Chrome/138.0.0.0 Safari/537.36"
160.202.32.196 - - [16/Aug/2025:20:07:49 +0000] "GET /?ai1ec_js_widget HTTP/1.1" 500 - "https://www.waybackmachinedownloader.com/" "Mozilla/5.0 (Windows NT 10.0; Win64; x64) AppleWebKit/537.36 (KHTML, like Gecko) Chrome/138.0.0.0 Safari/537.36"
40.77.167.155 - - [16/Aug/2025:20:08:14 +0000] "GET /index.php/edito/articles/article/news/article/art952-courtier-en-rachat-de-credit-pour-une-simulation-de-rachat-de-credit-ou-regroupement-de-credits.html HTTP/1.1" 500 - "-" "Mozilla/5.0 AppleWebKit/537.36 (KHTML, like Gecko; compatible; bingbot/2.0; +http://www.bing.com/bingbot.htm) Chrome/116.0.1938.76 Safari/537.36"
2a03:2880:f800:1a:: - - [16/Aug/2025:20:08:37 +0000] "GET /index.php/article/article/article/news/news/news/article/article/article/article/news/news/article/news/article/article/news/news/article/article/articles/article/news/article/news/news/article/article/articles/art827-l-association-arc-aide-au-rachat-de-credits-sur-facebook.html HTTP/1.1" 500 - "-" "meta-externalagent/1.1 (+https://developers.facebook.com/docs/sharing/webmasters/crawler)"
160.202.32.196 - - [16/Aug/2025:20:08:48 +0000] "GET /wp-content/plugins/all-in-one-event-calendar/cache/64d0ac1c_ai1ec_parsed_css.css?ver=2.5.15 HTTP/1.1" 500 - "https://www.waybackmachinedownloader.com/" "Mozilla/5.0 (Windows NT 10.0; Win64; x64) AppleWebKit/537.36 (KHTML, like Gecko) Chrome/138.0.0.0 Safari/537.36"
160.202.32.196 - - [16/Aug/2025:20:08:49 +0000] "GET /wp-includes/js/wp-emoji-release.min.js?ver=4.8.2 HTTP/1.1" 500 - "https://www.waybackmachinedownloader.com/" "Mozilla/5.0 (Windows NT 10.0; Win64; x64) AppleWebKit/537.36 (KHTML, like Gecko) Chrome/138.0.0.0 Safari/537.36"
160.202.32.196 - - [16/Aug/2025:20:08:49 +0000] "GET /?ai1ec_js_widget HTTP/1.1" 500 - "https://www.waybackmachinedownloader.com/" "Mozilla/5.0 (Windows NT 10.0; Win64; x64) AppleWebKit/537.36 (KHTML, like Gecko) Chrome/138.0.0.0 Safari/537.36"
2a03:2880:f800:9:: - - [16/Aug/2025:20:09:43 +0000] "GET /index.php/news/news/news/edito/edito/edito/edito/articles/news/article/news/article/edito/news/article/article/edito/edito/articles/edito/article/article/article/art145-l-association-arc-et-les-questions-reponses-sur-le-rachat-de-credits.html HTTP/1.1" 500 - "-" "meta-externalagent/1.1 (+https://developers.facebook.com/docs/sharing/webmasters/crawler)"
160.202.32.196 - - [16/Aug/2025:20:09:48 +0000] "GET /wp-content/plugins/all-in-one-event-calendar/cache/64d0ac1c_ai1ec_parsed_css.css?ver=2.5.15 HTTP/1.1" 500 - "https://www.waybackmachinedownloader.com/" "Mozilla/5.0 (Windows NT 10.0; Win64; x64) AppleWebKit/537.36 (KHTML, like Gecko) Chrome/138.0.0.0 Safari/537.36"
160.202.32.196 - - [16/Aug/2025:20:09:49 +0000] "GET /wp-includes/js/wp-emoji-release.min.js?ver=4.8.2 HTTP/1.1" 500 - "https://www.waybackmachinedownloader.com/" "Mozilla/5.0 (Windows NT 10.0; Win64; x64) AppleWebKit/537.36 (KHTML, like Gecko) Chrome/138.0.0.0 Safari/537.36"
160.202.32.196 - - [16/Aug/2025:20:09:49 +0000] "GET /?ai1ec_js_widget HTTP/1.1" 500 - "https://www.waybackmachinedownloader.com/" "Mozilla/5.0 (Windows NT 10.0; Win64; x64) AppleWebKit/537.36 (KHTML, like Gecko) Chrome/138.0.0.0 Safari/537.36"
40.77.167.3 - - [16/Aug/2025:20:10:05 +0000] "GET /index.php/edito/news/article/edito/article/articles/news/art399-ecrire-a-votre-depute.html HTTP/1.1" 500 - "-" "Mozilla/5.0 AppleWebKit/537.36 (KHTML, like Gecko; compatible; bingbot/2.0; +http://www.bing.com/bingbot.htm) Chrome/116.0.1938.76 Safari/537.36"
160.202.32.196 - - [16/Aug/2025:20:10:48 +0000] "GET /wp-content/plugins/all-in-one-event-calendar/cache/64d0ac1c_ai1ec_parsed_css.css?ver=2.5.15 HTTP/1.1" 500 - "https://www.waybackmachinedownloader.com/" "Mozilla/5.0 (Windows NT 10.0; Win64; x64) AppleWebKit/537.36 (KHTML, like Gecko) Chrome/138.0.0.0 Safari/537.36"
160.202.32.196 - - [16/Aug/2025:20:10:49 +0000] "GET /wp-includes/js/wp-emoji-release.min.js?ver=4.8.2 HTTP/1.1" 500 - "https://www.waybackmachinedownloader.com/" "Mozilla/5.0 (Windows NT 10.0; Win64; x64) AppleWebKit/537.36 (KHTML, like Gecko) Chrome/138.0.0.0 Safari/537.36"
160.202.32.196 - - [16/Aug/2025:20:10:49 +0000] "GET /?ai1ec_js_widget HTTP/1.1" 500 - "https://www.waybackmachinedownloader.com/" "Mozilla/5.0 (Windows NT 10.0; Win64; x64) AppleWebKit/537.36 (KHTML, like Gecko) Chrome/138.0.0.0 Safari/537.36"
2a03:2880:f800:4:: - - [16/Aug/2025:20:10:50 +0000] "GET /index.php/article/article/article/news/edito/edito/articles/news/news/articles/article/article/article/article/news/news/article/article/news/news/article/news/article/article/news/news/article/edito/art758-la-reforme-du-credit-a-la-consommation-mise-en-place-difficile.html HTTP/1.1" 500 - "-" "meta-externalagent/1.1 (+https://developers.facebook.com/docs/sharing/webmasters/crawler)"
40.77.167.3 - - [16/Aug/2025:20:11:36 +0000] "GET /index.php/article/edito/article/news/art1081-deux-elus-francais-et-suisse-font-cause-commune-pour-les-frontaliers.html HTTP/1.1" 500 - "-" "Mozilla/5.0 AppleWebKit/537.36 (KHTML, like Gecko; compatible; bingbot/2.0; +http://www.bing.com/bingbot.htm) Chrome/116.0.1938.76 Safari/537.36"
160.202.32.196 - - [16/Aug/2025:20:11:48 +0000] "GET /wp-content/plugins/all-in-one-event-calendar/cache/64d0ac1c_ai1ec_parsed_css.css?ver=2.5.15 HTTP/1.1" 500 - "https://www.waybackmachinedownloader.com/" "Mozilla/5.0 (Windows NT 10.0; Win64; x64) AppleWebKit/537.36 (KHTML, like Gecko) Chrome/138.0.0.0 Safari/537.36"
160.202.32.196 - - [16/Aug/2025:20:11:49 +0000] "GET /wp-includes/js/wp-emoji-release.min.js?ver=4.8.2 HTTP/1.1" 500 - "https://www.waybackmachinedownloader.com/" "Mozilla/5.0 (Windows NT 10.0; Win64; x64) AppleWebKit/537.36 (KHTML, like Gecko) Chrome/138.0.0.0 Safari/537.36"
160.202.32.196 - - [16/Aug/2025:20:11:49 +0000] "GET /?ai1ec_js_widget HTTP/1.1" 500 - "https://www.waybackmachinedownloader.com/" "Mozilla/5.0 (Windows NT 10.0; Win64; x64) AppleWebKit/537.36 (KHTML, like Gecko) Chrome/138.0.0.0 Safari/537.36"
2a03:2880:f800:1:: - - [16/Aug/2025:20:11:57 +0000] "GET /index.php/article/article/article/news/edito/edito/articles/news/news/articles/article/article/article/article/news/news/edito/article/news/news/article/article/news/article/edito/article/articles/art1110-le-controle-des-organismes-bancaires-et-financiers.html HTTP/1.1" 500 - "-" "meta-externalagent/1.1 (+https://developers.facebook.com/docs/sharing/webmasters/crawler)"
160.202.32.196 - - [16/Aug/2025:20:12:48 +0000] "GET /wp-content/plugins/all-in-one-event-calendar/cache/64d0ac1c_ai1ec_parsed_css.css?ver=2.5.15 HTTP/1.1" 500 - "https://www.waybackmachinedownloader.com/" "Mozilla/5.0 (Windows NT 10.0; Win64; x64) AppleWebKit/537.36 (KHTML, like Gecko) Chrome/138.0.0.0 Safari/537.36"
160.202.32.196 - - [16/Aug/2025:20:12:49 +0000] "GET /wp-includes/js/wp-emoji-release.min.js?ver=4.8.2 HTTP/1.1" 500 - "https://www.waybackmachinedownloader.com/" "Mozilla/5.0 (Windows NT 10.0; Win64; x64) AppleWebKit/537.36 (KHTML, like Gecko) Chrome/138.0.0.0 Safari/537.36"
160.202.32.196 - - [16/Aug/2025:20:12:50 +0000] "GET /?ai1ec_js_widget HTTP/1.1" 500 - "https://www.waybackmachinedownloader.com/" "Mozilla/5.0 (Windows NT 10.0; Win64; x64) AppleWebKit/537.36 (KHTML, like Gecko) Chrome/138.0.0.0 Safari/537.36"
2a03:2880:f800:1:: - - [16/Aug/2025:20:13:04 +0000] "GET /index.php/news/news/news/edito/edito/edito/edito/articles/news/news/article/article/edito/news/edito/edito/article/cartefr.php HTTP/1.1" 500 - "-" "meta-externalagent/1.1 (+https://developers.facebook.com/docs/sharing/webmasters/crawler)"
52.167.144.177 - - [16/Aug/2025:20:13:09 +0000] "GET /index.php/news/articles/articles/news/article/article/art722-les-calculs-financiers-et-fiscaux.html HTTP/1.1" 500 - "-" "Mozilla/5.0 AppleWebKit/537.36 (KHTML, like Gecko; compatible; bingbot/2.0; +http://www.bing.com/bingbot.htm) Chrome/116.0.1938.76 Safari/537.36"
160.202.32.196 - - [16/Aug/2025:20:13:48 +0000] "GET /wp-content/plugins/all-in-one-event-calendar/cache/64d0ac1c_ai1ec_parsed_css.css?ver=2.5.15 HTTP/1.1" 500 - "https://www.waybackmachinedownloader.com/" "Mozilla/5.0 (Windows NT 10.0; Win64; x64) AppleWebKit/537.36 (KHTML, like Gecko) Chrome/138.0.0.0 Safari/537.36"
160.202.32.196 - - [16/Aug/2025:20:13:49 +0000] "GET /wp-includes/js/wp-emoji-release.min.js?ver=4.8.2 HTTP/1.1" 500 - "https://www.waybackmachinedownloader.com/" "Mozilla/5.0 (Windows NT 10.0; Win64; x64) AppleWebKit/537.36 (KHTML, like Gecko) Chrome/138.0.0.0 Safari/537.36"
160.202.32.196 - - [16/Aug/2025:20:13:50 +0000] "GET /?ai1ec_js_widget HTTP/1.1" 500 - "https://www.waybackmachinedownloader.com/" "Mozilla/5.0 (Windows NT 10.0; Win64; x64) AppleWebKit/537.36 (KHTML, like Gecko) Chrome/138.0.0.0 Safari/537.36"
52.167.144.177 - - [16/Aug/2025:20:14:00 +0000] "GET /index.php/article/edito/edito/news/art1096-frais-d-incidents-de-paiement.html HTTP/1.1" 500 - "-" "Mozilla/5.0 AppleWebKit/537.36 (KHTML, like Gecko; compatible; bingbot/2.0; +http://www.bing.com/bingbot.htm) Chrome/116.0.1938.76 Safari/537.36"
2a03:2880:f800:10:: - - [16/Aug/2025:20:14:10 +0000] "GET /index.php/news/news/news/edito/edito/edito/edito/articles/news/article/article/article/articles/news/edito/article/articles/news/article/news/art656-les-amis-et-les-gens-indelicats-sur-l-internet.html HTTP/1.1" 500 - "-" "meta-externalagent/1.1 (+https://developers.facebook.com/docs/sharing/webmasters/crawler)"
160.202.32.196 - - [16/Aug/2025:20:14:48 +0000] "GET /wp-content/plugins/all-in-one-event-calendar/cache/64d0ac1c_ai1ec_parsed_css.css?ver=2.5.15 HTTP/1.1" 500 - "https://www.waybackmachinedownloader.com/" "Mozilla/5.0 (Windows NT 10.0; Win64; x64) AppleWebKit/537.36 (KHTML, like Gecko) Chrome/138.0.0.0 Safari/537.36"
160.202.32.196 - - [16/Aug/2025:20:14:49 +0000] "GET /wp-includes/js/wp-emoji-release.min.js?ver=4.8.2 HTTP/1.1" 500 - "https://www.waybackmachinedownloader.com/" "Mozilla/5.0 (Windows NT 10.0; Win64; x64) AppleWebKit/537.36 (KHTML, like Gecko) Chrome/138.0.0.0 Safari/537.36"
160.202.32.196 - - [16/Aug/2025:20:14:49 +0000] "GET /?ai1ec_js_widget HTTP/1.1" 500 - "https://www.waybackmachinedownloader.com/" "Mozilla/5.0 (Windows NT 10.0; Win64; x64) AppleWebKit/537.36 (KHTML, like Gecko) Chrome/138.0.0.0 Safari/537.36"
52.167.144.177 - - [16/Aug/2025:20:15:16 +0000] "GET /index.php/news/news/articles/article/articles/edito/art844-les-billets-de-500-euros-seront-ils-retires-de-la-circulation.html HTTP/1.1" 500 - "-" "Mozilla/5.0 AppleWebKit/537.36 (KHTML, like Gecko; compatible; bingbot/2.0; +http://www.bing.com/bingbot.htm) Chrome/116.0.1938.76 Safari/537.36"
2a03:2880:f800:5:: - - [16/Aug/2025:20:15:17 +0000] "GET /index.php/article/article/article/news/news/news/article/article/article/edito/news/edito/article/article/article/article/article/articles/article/news/news/articles/article/form.php HTTP/1.1" 500 - "-" "meta-externalagent/1.1 (+https://developers.facebook.com/docs/sharing/webmasters/crawler)"
160.202.32.196 - - [16/Aug/2025:20:15:48 +0000] "GET /wp-content/plugins/all-in-one-event-calendar/cache/64d0ac1c_ai1ec_parsed_css.css?ver=2.5.15 HTTP/1.1" 500 - "https://www.waybackmachinedownloader.com/" "Mozilla/5.0 (Windows NT 10.0; Win64; x64) AppleWebKit/537.36 (KHTML, like Gecko) Chrome/138.0.0.0 Safari/537.36"
160.202.32.196 - - [16/Aug/2025:20:15:49 +0000] "GET /wp-includes/js/wp-emoji-release.min.js?ver=4.8.2 HTTP/1.1" 500 - "https://www.waybackmachinedownloader.com/" "Mozilla/5.0 (Windows NT 10.0; Win64; x64) AppleWebKit/537.36 (KHTML, like Gecko) Chrome/138.0.0.0 Safari/537.36"
160.202.32.196 - - [16/Aug/2025:20:15:49 +0000] "GET /?ai1ec_js_widget HTTP/1.1" 500 - "https://www.waybackmachinedownloader.com/" "Mozilla/5.0 (Windows NT 10.0; Win64; x64) AppleWebKit/537.36 (KHTML, like Gecko) Chrome/138.0.0.0 Safari/537.36"
2a03:2880:f800:11:: - - [16/Aug/2025:20:16:23 +0000] "GET /index.php/news/news/news/edito/edito/edito/edito/articles/news/news/edito/article/article/article/article/news/article/edito/articles/articles/articles/article/news/art656-les-amis-et-les-gens-indelicats-sur-l-internet.html HTTP/1.1" 500 - "-" "meta-externalagent/1.1 (+https://developers.facebook.com/docs/sharing/webmasters/crawler)"
160.202.32.196 - - [16/Aug/2025:20:16:48 +0000] "GET /wp-content/plugins/all-in-one-event-calendar/cache/64d0ac1c_ai1ec_parsed_css.css?ver=2.5.15 HTTP/1.1" 500 - "https://www.waybackmachinedownloader.com/" "Mozilla/5.0 (Windows NT 10.0; Win64; x64) AppleWebKit/537.36 (KHTML, like Gecko) Chrome/138.0.0.0 Safari/537.36"
160.202.32.196 - - [16/Aug/2025:20:16:48 +0000] "GET /wp-includes/js/wp-emoji-release.min.js?ver=4.8.2 HTTP/1.1" 500 - "https://www.waybackmachinedownloader.com/" "Mozilla/5.0 (Windows NT 10.0; Win64; x64) AppleWebKit/537.36 (KHTML, like Gecko) Chrome/138.0.0.0 Safari/537.36"
160.202.32.196 - - [16/Aug/2025:20:16:49 +0000] "GET /?ai1ec_js_widget HTTP/1.1" 500 - "https://www.waybackmachinedownloader.com/" "Mozilla/5.0 (Windows NT 10.0; Win64; x64) AppleWebKit/537.36 (KHTML, like Gecko) Chrome/138.0.0.0 Safari/537.36"
2a03:2880:f800:16:: - - [16/Aug/2025:20:17:30 +0000] "GET /index.php/article/article/article/news/edito/edito/articles/news/news/articles/article/article/article/article/news/news/article/edito/edito/news/articles/article/articles/article/articles/article/article/article/art47-texte-de-loi-article-l332-1cdlc.html HTTP/1.1" 500 - "-" "meta-externalagent/1.1 (+https://developers.facebook.com/docs/sharing/webmasters/crawler)"
160.202.32.196 - - [16/Aug/2025:20:17:48 +0000] "GET /wp-content/plugins/all-in-one-event-calendar/cache/64d0ac1c_ai1ec_parsed_css.css?ver=2.5.15 HTTP/1.1" 500 - "https://www.waybackmachinedownloader.com/" "Mozilla/5.0 (Windows NT 10.0; Win64; x64) AppleWebKit/537.36 (KHTML, like Gecko) Chrome/138.0.0.0 Safari/537.36"
160.202.32.196 - - [16/Aug/2025:20:17:49 +0000] "GET /wp-includes/js/wp-emoji-release.min.js?ver=4.8.2 HTTP/1.1" 500 - "https://www.waybackmachinedownloader.com/" "Mozilla/5.0 (Windows NT 10.0; Win64; x64) AppleWebKit/537.36 (KHTML, like Gecko) Chrome/138.0.0.0 Safari/537.36"
160.202.32.196 - - [16/Aug/2025:20:17:49 +0000] "GET /?ai1ec_js_widget HTTP/1.1" 500 - "https://www.waybackmachinedownloader.com/" "Mozilla/5.0 (Windows NT 10.0; Win64; x64) AppleWebKit/537.36 (KHTML, like Gecko) Chrome/138.0.0.0 Safari/537.36"
2a03:2880:f800:1b:: - - [16/Aug/2025:20:18:36 +0000] "GET /index.php/article/article/article/news/news/news/article/article/article/edito/news/edito/article/article/news/article/article/edito/edito/article/edito/article/news/news/news/article/art145-l-association-arc-et-les-questions-reponses-sur-le-rachat-de-credits.html HTTP/1.1" 500 - "-" "meta-externalagent/1.1 (+https://developers.facebook.com/docs/sharing/webmasters/crawler)"
160.202.32.196 - - [16/Aug/2025:20:18:48 +0000] "GET /wp-content/plugins/all-in-one-event-calendar/cache/64d0ac1c_ai1ec_parsed_css.css?ver=2.5.15 HTTP/1.1" 500 - "https://www.waybackmachinedownloader.com/" "Mozilla/5.0 (Windows NT 10.0; Win64; x64) AppleWebKit/537.36 (KHTML, like Gecko) Chrome/138.0.0.0 Safari/537.36"
160.202.32.196 - - [16/Aug/2025:20:18:49 +0000] "GET /wp-includes/js/wp-emoji-release.min.js?ver=4.8.2 HTTP/1.1" 500 - "https://www.waybackmachinedownloader.com/" "Mozilla/5.0 (Windows NT 10.0; Win64; x64) AppleWebKit/537.36 (KHTML, like Gecko) Chrome/138.0.0.0 Safari/537.36"
160.202.32.196 - - [16/Aug/2025:20:18:49 +0000] "GET /?ai1ec_js_widget HTTP/1.1" 500 - "https://www.waybackmachinedownloader.com/" "Mozilla/5.0 (Windows NT 10.0; Win64; x64) AppleWebKit/537.36 (KHTML, like Gecko) Chrome/138.0.0.0 Safari/537.36"
2a03:2880:f800:5:: - - [16/Aug/2025:20:19:44 +0000] "GET /index.php/article/article/article/news/edito/edito/articles/news/news/articles/article/article/article/article/news/news/article/news/news/articles/articles/article/articles/news/article/article/edito/article/art47-texte-de-loi-article-l332-1cdlc.html HTTP/1.1" 500 - "-" "meta-externalagent/1.1 (+https://developers.facebook.com/docs/sharing/webmasters/crawler)"
160.202.32.196 - - [16/Aug/2025:20:19:48 +0000] "GET /wp-content/plugins/all-in-one-event-calendar/cache/64d0ac1c_ai1ec_parsed_css.css?ver=2.5.15 HTTP/1.1" 500 - "https://www.waybackmachinedownloader.com/" "Mozilla/5.0 (Windows NT 10.0; Win64; x64) AppleWebKit/537.36 (KHTML, like Gecko) Chrome/138.0.0.0 Safari/537.36"
160.202.32.196 - - [16/Aug/2025:20:19:49 +0000] "GET /wp-includes/js/wp-emoji-release.min.js?ver=4.8.2 HTTP/1.1" 500 - "https://www.waybackmachinedownloader.com/" "Mozilla/5.0 (Windows NT 10.0; Win64; x64) AppleWebKit/537.36 (KHTML, like Gecko) Chrome/138.0.0.0 Safari/537.36"
160.202.32.196 - - [16/Aug/2025:20:19:49 +0000] "GET /?ai1ec_js_widget HTTP/1.1" 500 - "https://www.waybackmachinedownloader.com/" "Mozilla/5.0 (Windows NT 10.0; Win64; x64) AppleWebKit/537.36 (KHTML, like Gecko) Chrome/138.0.0.0 Safari/537.36"
160.202.32.196 - - [16/Aug/2025:20:20:48 +0000] "GET /wp-content/plugins/all-in-one-event-calendar/cache/64d0ac1c_ai1ec_parsed_css.css?ver=2.5.15 HTTP/1.1" 500 - "https://www.waybackmachinedownloader.com/" "Mozilla/5.0 (Windows NT 10.0; Win64; x64) AppleWebKit/537.36 (KHTML, like Gecko) Chrome/138.0.0.0 Safari/537.36"
160.202.32.196 - - [16/Aug/2025:20:20:49 +0000] "GET /wp-includes/js/wp-emoji-release.min.js?ver=4.8.2 HTTP/1.1" 500 - "https://www.waybackmachinedownloader.com/" "Mozilla/5.0 (Windows NT 10.0; Win64; x64) AppleWebKit/537.36 (KHTML, like Gecko) Chrome/138.0.0.0 Safari/537.36"
160.202.32.196 - - [16/Aug/2025:20:20:50 +0000] "GET /?ai1ec_js_widget HTTP/1.1" 500 - "https://www.waybackmachinedownloader.com/" "Mozilla/5.0 (Windows NT 10.0; Win64; x64) AppleWebKit/537.36 (KHTML, like Gecko) Chrome/138.0.0.0 Safari/537.36"
2a03:2880:f800:a:: - - [16/Aug/2025:20:20:50 +0000] "GET /index.php/article/article/article/news/edito/edito/articles/news/news/articles/article/article/article/article/news/news/news/news/articles/edito/article/articles/article/article/art724-les-sujets-les-plus-lus-sur-le-site-association-arc-aide-au-rachat-de-credit.html HTTP/1.1" 500 - "-" "meta-externalagent/1.1 (+https://developers.facebook.com/docs/sharing/webmasters/crawler)"
160.202.32.196 - - [16/Aug/2025:20:21:48 +0000] "GET /wp-content/plugins/all-in-one-event-calendar/cache/64d0ac1c_ai1ec_parsed_css.css?ver=2.5.15 HTTP/1.1" 500 - "https://www.waybackmachinedownloader.com/" "Mozilla/5.0 (Windows NT 10.0; Win64; x64) AppleWebKit/537.36 (KHTML, like Gecko) Chrome/138.0.0.0 Safari/537.36"
160.202.32.196 - - [16/Aug/2025:20:21:49 +0000] "GET /wp-includes/js/wp-emoji-release.min.js?ver=4.8.2 HTTP/1.1" 500 - "https://www.waybackmachinedownloader.com/" "Mozilla/5.0 (Windows NT 10.0; Win64; x64) AppleWebKit/537.36 (KHTML, like Gecko) Chrome/138.0.0.0 Safari/537.36"
160.202.32.196 - - [16/Aug/2025:20:21:50 +0000] "GET /?ai1ec_js_widget HTTP/1.1" 500 - "https://www.waybackmachinedownloader.com/" "Mozilla/5.0 (Windows NT 10.0; Win64; x64) AppleWebKit/537.36 (KHTML, like Gecko) Chrome/138.0.0.0 Safari/537.36"
2a03:2880:f800:3:: - - [16/Aug/2025:20:21:57 +0000] "GET /index.php/article/article/article/news/news/news/article/article/article/edito/news/edito/article/article/news/news/article/article/article/articles/article/edito/news/article/news/article/news/article/news/art1144-le-pret-a-taux-zero-comment-ca-marche-en-2020.html HTTP/1.1" 500 - "-" "meta-externalagent/1.1 (+https://developers.facebook.com/docs/sharing/webmasters/crawler)"
160.202.32.196 - - [16/Aug/2025:20:22:48 +0000] "GET /wp-content/plugins/all-in-one-event-calendar/cache/64d0ac1c_ai1ec_parsed_css.css?ver=2.5.15 HTTP/1.1" 500 - "https://www.waybackmachinedownloader.com/" "Mozilla/5.0 (Windows NT 10.0; Win64; x64) AppleWebKit/537.36 (KHTML, like Gecko) Chrome/138.0.0.0 Safari/537.36"
160.202.32.196 - - [16/Aug/2025:20:22:49 +0000] "GET /wp-includes/js/wp-emoji-release.min.js?ver=4.8.2 HTTP/1.1" 500 - "https://www.waybackmachinedownloader.com/" "Mozilla/5.0 (Windows NT 10.0; Win64; x64) AppleWebKit/537.36 (KHTML, like Gecko) Chrome/138.0.0.0 Safari/537.36"
160.202.32.196 - - [16/Aug/2025:20:22:49 +0000] "GET /?ai1ec_js_widget HTTP/1.1" 500 - "https://www.waybackmachinedownloader.com/" "Mozilla/5.0 (Windows NT 10.0; Win64; x64) AppleWebKit/537.36 (KHTML, like Gecko) Chrome/138.0.0.0 Safari/537.36"
2a03:2880:f800:c:: - - [16/Aug/2025:20:23:03 +0000] "GET /index.php/article/article/article/news/news/news/article/article/article/edito/news/edito/article/article/news/edito/article/edito/news/article/articles/rss.php HTTP/1.1" 500 - "-" "meta-externalagent/1.1 (+https://developers.facebook.com/docs/sharing/webmasters/crawler)"
52.167.144.186 - - [16/Aug/2025:20:23:25 +0000] "GET /index.php/edito/edito/articles/articles/article/news/article/art722-les-calculs-financiers-et-fiscaux.html HTTP/1.1" 500 - "-" "Mozilla/5.0 AppleWebKit/537.36 (KHTML, like Gecko; compatible; bingbot/2.0; +http://www.bing.com/bingbot.htm) Chrome/116.0.1938.76 Safari/537.36"
160.202.32.196 - - [16/Aug/2025:20:23:48 +0000] "GET /wp-content/plugins/all-in-one-event-calendar/cache/64d0ac1c_ai1ec_parsed_css.css?ver=2.5.15 HTTP/1.1" 500 - "https://www.waybackmachinedownloader.com/" "Mozilla/5.0 (Windows NT 10.0; Win64; x64) AppleWebKit/537.36 (KHTML, like Gecko) Chrome/138.0.0.0 Safari/537.36"
160.202.32.196 - - [16/Aug/2025:20:23:49 +0000] "GET /wp-includes/js/wp-emoji-release.min.js?ver=4.8.2 HTTP/1.1" 500 - "https://www.waybackmachinedownloader.com/" "Mozilla/5.0 (Windows NT 10.0; Win64; x64) AppleWebKit/537.36 (KHTML, like Gecko) Chrome/138.0.0.0 Safari/537.36"
160.202.32.196 - - [16/Aug/2025:20:23:49 +0000] "GET /?ai1ec_js_widget HTTP/1.1" 500 - "https://www.waybackmachinedownloader.com/" "Mozilla/5.0 (Windows NT 10.0; Win64; x64) AppleWebKit/537.36 (KHTML, like Gecko) Chrome/138.0.0.0 Safari/537.36"
2a03:2880:f800:16:: - - [16/Aug/2025:20:24:10 +0000] "GET /index.php/article/article/article/news/news/news/article/article/article/article/news/news/article/news/article/article/articles/edito/article/article/edito/news/news/news/edito/article/art479-rapport-boulmier-sur-l-amelioration-de-l-habitat-des-personnes-agees.html HTTP/1.1" 500 - "-" "meta-externalagent/1.1 (+https://developers.facebook.com/docs/sharing/webmasters/crawler)"
160.202.32.196 - - [16/Aug/2025:20:24:48 +0000] "GET /wp-content/plugins/all-in-one-event-calendar/cache/64d0ac1c_ai1ec_parsed_css.css?ver=2.5.15 HTTP/1.1" 500 - "https://www.waybackmachinedownloader.com/" "Mozilla/5.0 (Windows NT 10.0; Win64; x64) AppleWebKit/537.36 (KHTML, like Gecko) Chrome/138.0.0.0 Safari/537.36"
160.202.32.196 - - [16/Aug/2025:20:24:49 +0000] "GET /wp-includes/js/wp-emoji-release.min.js?ver=4.8.2 HTTP/1.1" 500 - "https://www.waybackmachinedownloader.com/" "Mozilla/5.0 (Windows NT 10.0; Win64; x64) AppleWebKit/537.36 (KHTML, like Gecko) Chrome/138.0.0.0 Safari/537.36"
160.202.32.196 - - [16/Aug/2025:20:24:49 +0000] "GET /?ai1ec_js_widget HTTP/1.1" 500 - "https://www.waybackmachinedownloader.com/" "Mozilla/5.0 (Windows NT 10.0; Win64; x64) AppleWebKit/537.36 (KHTML, like Gecko) Chrome/138.0.0.0 Safari/537.36"
2a03:2880:f800:e:: - - [16/Aug/2025:20:25:17 +0000] "GET /index.php/article/article/article/news/news/news/article/article/article/article/news/news/article/article/article/article/news/news/article/article/edito/article/news/article/news/edito/art789-l-annee-2012-sera-t-elle-bonne-pour-notre-economie-les-finances-nos-budgets-et-nos-credits.html HTTP/1.1" 500 - "-" "meta-externalagent/1.1 (+https://developers.facebook.com/docs/sharing/webmasters/crawler)"
52.167.144.162 - - [16/Aug/2025:20:25:27 +0000] "GET /index.php/edito/edito/articles/news/articles/art1113-ffnancer-vos-projets-grace-aux-business-angels.html HTTP/1.1" 500 - "-" "Mozilla/5.0 AppleWebKit/537.36 (KHTML, like Gecko; compatible; bingbot/2.0; +http://www.bing.com/bingbot.htm) Chrome/116.0.1938.76 Safari/537.36"
52.167.144.186 - - [16/Aug/2025:20:25:37 +0000] "GET /index.php/article/edito/edito/article/news/articles/art756-analyse-et-amelioration-du-tertiaire-et-de-l-habitat.html HTTP/1.1" 500 - "-" "Mozilla/5.0 AppleWebKit/537.36 (KHTML, like Gecko; compatible; bingbot/2.0; +http://www.bing.com/bingbot.htm) Chrome/116.0.1938.76 Safari/537.36"
52.167.144.186 - - [16/Aug/2025:20:25:37 +0000] "GET /index.php/news/article/edito/edito/articles/news/articles/art632-pret-a-palier.html HTTP/1.1" 500 - "-" "Mozilla/5.0 AppleWebKit/537.36 (KHTML, like Gecko; compatible; bingbot/2.0; +http://www.bing.com/bingbot.htm) Chrome/116.0.1938.76 Safari/537.36"
160.202.32.196 - - [16/Aug/2025:20:25:48 +0000] "GET /wp-content/plugins/all-in-one-event-calendar/cache/64d0ac1c_ai1ec_parsed_css.css?ver=2.5.15 HTTP/1.1" 500 - "https://www.waybackmachinedownloader.com/" "Mozilla/5.0 (Windows NT 10.0; Win64; x64) AppleWebKit/537.36 (KHTML, like Gecko) Chrome/138.0.0.0 Safari/537.36"
160.202.32.196 - - [16/Aug/2025:20:25:49 +0000] "GET /wp-includes/js/wp-emoji-release.min.js?ver=4.8.2 HTTP/1.1" 500 - "https://www.waybackmachinedownloader.com/" "Mozilla/5.0 (Windows NT 10.0; Win64; x64) AppleWebKit/537.36 (KHTML, like Gecko) Chrome/138.0.0.0 Safari/537.36"
160.202.32.196 - - [16/Aug/2025:20:25:49 +0000] "GET /?ai1ec_js_widget HTTP/1.1" 500 - "https://www.waybackmachinedownloader.com/" "Mozilla/5.0 (Windows NT 10.0; Win64; x64) AppleWebKit/537.36 (KHTML, like Gecko) Chrome/138.0.0.0 Safari/537.36"
2a03:2880:f800:5:: - - [16/Aug/2025:20:26:23 +0000] "GET /index.php/article/article/article/news/news/news/article/article/article/edito/news/edito/article/article/news/articles/news/edito/articles/article/article/article/article/art920-rachat-de-credit-dans-les-dom-tom-avec-ou-sans-garantie-hypothecaire.html HTTP/1.1" 500 - "-" "meta-externalagent/1.1 (+https://developers.facebook.com/docs/sharing/webmasters/crawler)"
160.202.32.196 - - [16/Aug/2025:20:26:48 +0000] "GET /wp-content/plugins/all-in-one-event-calendar/cache/64d0ac1c_ai1ec_parsed_css.css?ver=2.5.15 HTTP/1.1" 500 - "https://www.waybackmachinedownloader.com/" "Mozilla/5.0 (Windows NT 10.0; Win64; x64) AppleWebKit/537.36 (KHTML, like Gecko) Chrome/138.0.0.0 Safari/537.36"
160.202.32.196 - - [16/Aug/2025:20:26:49 +0000] "GET /wp-includes/js/wp-emoji-release.min.js?ver=4.8.2 HTTP/1.1" 500 - "https://www.waybackmachinedownloader.com/" "Mozilla/5.0 (Windows NT 10.0; Win64; x64) AppleWebKit/537.36 (KHTML, like Gecko) Chrome/138.0.0.0 Safari/537.36"
160.202.32.196 - - [16/Aug/2025:20:26:49 +0000] "GET /?ai1ec_js_widget HTTP/1.1" 500 - "https://www.waybackmachinedownloader.com/" "Mozilla/5.0 (Windows NT 10.0; Win64; x64) AppleWebKit/537.36 (KHTML, like Gecko) Chrome/138.0.0.0 Safari/537.36"
2a03:2880:f800:e:: - - [16/Aug/2025:20:27:30 +0000] "GET /index.php/article/article/article/news/news/news/article/article/article/article/news/news/article/news/article/article/news/news/news/articles/article/news/article/news/news/news/news/article/article/art1129-pret-a-taux-zero-2020.html HTTP/1.1" 500 - "-" "meta-externalagent/1.1 (+https://developers.facebook.com/docs/sharing/webmasters/crawler)"
160.202.32.196 - - [16/Aug/2025:20:27:35 +0000] "GET /wp-content/plugins/all-in-one-event-calendar/cache/64d0ac1c_ai1ec_parsed_css.css?ver=2.5.15 HTTP/1.1" 500 - "https://www.waybackmachinedownloader.com/" "Mozilla/5.0 (Windows NT 10.0; Win64; x64) AppleWebKit/537.36 (KHTML, like Gecko) Chrome/138.0.0.0 Safari/537.36"
160.202.32.196 - - [16/Aug/2025:20:27:35 +0000] "GET /wp-includes/js/wp-emoji-release.min.js?ver=4.8.2 HTTP/1.1" 500 - "https://www.waybackmachinedownloader.com/" "Mozilla/5.0 (Windows NT 10.0; Win64; x64) AppleWebKit/537.36 (KHTML, like Gecko) Chrome/138.0.0.0 Safari/537.36"
160.202.32.196 - - [16/Aug/2025:20:27:36 +0000] "GET /?ai1ec_js_widget HTTP/1.1" 500 - "https://www.waybackmachinedownloader.com/" "Mozilla/5.0 (Windows NT 10.0; Win64; x64) AppleWebKit/537.36 (KHTML, like Gecko) Chrome/138.0.0.0 Safari/537.36"
52.167.144.162 - - [16/Aug/2025:20:27:38 +0000] "GET /index.php/edito/news/articles/articles/news/art1093-10-000-frontaliers-gagnent-contre-la-double-cotisation-assurance-maladie.html HTTP/1.1" 500 - "-" "Mozilla/5.0 AppleWebKit/537.36 (KHTML, like Gecko; compatible; bingbot/2.0; +http://www.bing.com/bingbot.htm) Chrome/116.0.1938.76 Safari/537.36"
52.167.144.186 - - [16/Aug/2025:20:27:49 +0000] "GET /index.php/edito/article/articles/edito/article/art479-rapport-boulmier-sur-l-amelioration-de-l-habitat-des-personnes-agees.html HTTP/1.1" 500 - "-" "Mozilla/5.0 AppleWebKit/537.36 (KHTML, like Gecko; compatible; bingbot/2.0; +http://www.bing.com/bingbot.htm) Chrome/116.0.1938.76 Safari/537.36"
160.202.32.196 - - [16/Aug/2025:20:27:49 +0000] "GET /wp-content/plugins/all-in-one-event-calendar/cache/64d0ac1c_ai1ec_parsed_css.css?ver=2.5.15 HTTP/1.1" 500 - "https://www.waybackmachinedownloader.com/" "Mozilla/5.0 (Windows NT 10.0; Win64; x64) AppleWebKit/537.36 (KHTML, like Gecko) Chrome/138.0.0.0 Safari/537.36"
160.202.32.196 - - [16/Aug/2025:20:27:50 +0000] "GET /?ai1ec_js_widget HTTP/1.1" 500 - "https://www.waybackmachinedownloader.com/" "Mozilla/5.0 (Windows NT 10.0; Win64; x64) AppleWebKit/537.36 (KHTML, like Gecko) Chrome/138.0.0.0 Safari/537.36"
160.202.32.196 - - [16/Aug/2025:20:27:50 +0000] "GET /wp-includes/js/wp-emoji-release.min.js?ver=4.8.2 HTTP/1.1" 500 - "https://www.waybackmachinedownloader.com/" "Mozilla/5.0 (Windows NT 10.0; Win64; x64) AppleWebKit/537.36 (KHTML, like Gecko) Chrome/138.0.0.0 Safari/537.36"
2a03:2880:f800:9:: - - [16/Aug/2025:20:28:37 +0000] "GET /index.php/article/article/article/news/news/news/article/article/article/article/news/news/article/news/article/article/news/articles/article/news/article/articles/edito/articles/news/news/art146-chomage-en-mai-2009-36-400.html HTTP/1.1" 500 - "-" "meta-externalagent/1.1 (+https://developers.facebook.com/docs/sharing/webmasters/crawler)"
57.141.0.16 - - [16/Aug/2025:20:29:52 +0000] "GET /index.php/news/news/news/edito/edito/edito/edito/articles/news/news/edito/article/news/news/news/article/news/news/news/news/edito/article/art724-les-sujets-les-plus-lus-sur-le-site-association-arc-aide-au-rachat-de-credit.html HTTP/1.1" 500 - "-" "meta-externalagent/1.1 (+https://developers.facebook.com/docs/sharing/webmasters/crawler)"
2a03:2880:f800:b:: - - [16/Aug/2025:20:31:57 +0000] "GET /index.php/article/article/article/news/news/news/article/article/article/article/news/news/article/article/article/article/edito/article/articles/news/news/article/article/article/edito/article/art136-les-cheques-vacances.html HTTP/1.1" 500 - "-" "meta-externalagent/1.1 (+https://developers.facebook.com/docs/sharing/webmasters/crawler)"
40.77.167.156 - - [16/Aug/2025:20:32:19 +0000] "GET /calendar-3/ HTTP/1.1" 500 - "-" "Mozilla/5.0 AppleWebKit/537.36 (KHTML, like Gecko; compatible; bingbot/2.0; +http://www.bing.com/bingbot.htm) Chrome/116.0.1938.76 Safari/537.36"
2a03:2880:f800:1a:: - - [16/Aug/2025:20:33:04 +0000] "GET /index.php/news/news/news/edito/edito/edito/edito/articles/news/news/article/news/articles/news/articles/articles/article/article/edito/news/article/art634-calcul-pour-savoir-si-acheter-ou-si-louer.html HTTP/1.1" 500 - "-" "meta-externalagent/1.1 (+https://developers.facebook.com/docs/sharing/webmasters/crawler)"
40.77.167.44 - - [16/Aug/2025:20:33:39 +0000] "GET /index.php/articles/edito/articles/news/article/article/art920-rachat-de-credit-dans-les-dom-tom-avec-ou-sans-garantie-hypothecaire.html HTTP/1.1" 500 - "-" "Mozilla/5.0 AppleWebKit/537.36 (KHTML, like Gecko; compatible; bingbot/2.0; +http://www.bing.com/bingbot.htm) Chrome/116.0.1938.76 Safari/537.36"
109.236.93.77 - - [16/Aug/2025:20:33:40 +0000] "GET / HTTP/1.1" 500 - "-" "Mozilla/5.0 (Windows NT 10.0; Win64; x64) AppleWebKit/537.36 (KHTML, like Gecko) Chrome/118.0.0.0 Safari/537.36"
52.167.144.162 - - [16/Aug/2025:20:33:46 +0000] "GET /index.php/article/edito/news/edito/art1092-compte-a-decouvert-une-autre-solution.html HTTP/1.1" 500 - "-" "Mozilla/5.0 AppleWebKit/537.36 (KHTML, like Gecko; compatible; bingbot/2.0; +http://www.bing.com/bingbot.htm) Chrome/116.0.1938.76 Safari/537.36"
2a03:2880:f800:12:: - - [16/Aug/2025:20:34:10 +0000] "GET /index.php/news/news/news/edito/edito/edito/edito/articles/news/article/news/article/articles/edito/article/article/news/article/news/article/article/news/article/article/news/art717-le-rachat-de-credits-et-le-credit-entre-particulier.html HTTP/1.1" 500 - "-" "meta-externalagent/1.1 (+https://developers.facebook.com/docs/sharing/webmasters/crawler)"
52.167.144.196 - - [16/Aug/2025:20:34:48 +0000] "GET /index.php/articles/news/articles/news/article/art815-qui-peut-beneficier-d-un-credit-rachat-de-credits-ou-d-un-credit-rachat-de-dettes.html HTTP/1.1" 500 - "-" "Mozilla/5.0 AppleWebKit/537.36 (KHTML, like Gecko; compatible; bingbot/2.0; +http://www.bing.com/bingbot.htm) Chrome/116.0.1938.76 Safari/537.36"
2a03:2880:f800:16:: - - [16/Aug/2025:20:35:16 +0000] "GET /index.php/article/article/article/news/news/news/article/article/article/edito/news/edito/article/article/news/news/article/articles/edito/edito/edito/article/article/article/french.php HTTP/1.1" 500 - "-" "meta-externalagent/1.1 (+https://developers.facebook.com/docs/sharing/webmasters/crawler)"
52.167.144.196 - - [16/Aug/2025:20:35:19 +0000] "GET /index.php/articles/article/news/edito/edito/news/article/art1049-proprietaire-avec-un-besoin-d-une-avance-de-tresorerie-le-credit-lombard-est-une-solution.html HTTP/1.1" 500 - "-" "Mozilla/5.0 AppleWebKit/537.36 (KHTML, like Gecko; compatible; bingbot/2.0; +http://www.bing.com/bingbot.htm) Chrome/116.0.1938.76 Safari/537.36"
40.77.167.44 - - [16/Aug/2025:20:35:32 +0000] "GET /index.php/news/article/articles/edito/news/edito/form.php HTTP/1.1" 500 - "-" "Mozilla/5.0 AppleWebKit/537.36 (KHTML, like Gecko; compatible; bingbot/2.0; +http://www.bing.com/bingbot.htm) Chrome/116.0.1938.76 Safari/537.36"
40.77.167.44 - - [16/Aug/2025:20:35:33 +0000] "GET /index.php/news/article/edito/news/article/articles/art67-la-pension-compensatoire.html HTTP/1.1" 500 - "-" "Mozilla/5.0 AppleWebKit/537.36 (KHTML, like Gecko; compatible; bingbot/2.0; +http://www.bing.com/bingbot.htm) Chrome/116.0.1938.76 Safari/537.36"
40.77.167.44 - - [16/Aug/2025:20:35:33 +0000] "GET /index.php/news/news/article/article/art390-fichier-negatif-ficp-et-fichier-positif-projet.html HTTP/1.1" 500 - "-" "Mozilla/5.0 AppleWebKit/537.36 (KHTML, like Gecko; compatible; bingbot/2.0; +http://www.bing.com/bingbot.htm) Chrome/116.0.1938.76 Safari/537.36"
40.77.167.75 - - [16/Aug/2025:20:36:14 +0000] "GET /index.php/edito/articles/news/news/article/article/art1048-rachat-de-credit-ou-regroupement-de-credits-pour-proprietaire-ficp-en-grande-difficulte-financiere.html HTTP/1.1" 500 - "-" "Mozilla/5.0 AppleWebKit/537.36 (KHTML, like Gecko; compatible; bingbot/2.0; +http://www.bing.com/bingbot.htm) Chrome/116.0.1938.76 Safari/537.36"
2a03:2880:f800:1b:: - - [16/Aug/2025:20:36:24 +0000] "GET /index.php/article/article/article/news/news/news/article/article/article/edito/news/edito/article/article/news/news/article/news/article/article/article/article/news/news/news/article/news/art851-a-quand-la-vente-de-tabac-dans-les-banques.html HTTP/1.1" 500 - "-" "meta-externalagent/1.1 (+https://developers.facebook.com/docs/sharing/webmasters/crawler)"
2a03:2880:f800:16:: - - [16/Aug/2025:20:37:30 +0000] "GET /index.php/article/article/article/news/edito/edito/articles/news/news/articles/article/article/article/article/news/news/edito/edito/articles/news/article/article/article/edito/news/article/art413-a-quel-moment-faut-il-avoir-recours-au-rachat-de-credits-ou-au-regroupement-de-dettes.html HTTP/1.1" 500 - "-" "meta-externalagent/1.1 (+https://developers.facebook.com/docs/sharing/webmasters/crawler)"
52.167.144.196 - - [16/Aug/2025:20:38:20 +0000] "GET /index.php/edito/articles/news/news/articles/article/edito/art1092-compte-a-decouvert-une-autre-solution.html HTTP/1.1" 500 - "-" "Mozilla/5.0 AppleWebKit/537.36 (KHTML, like Gecko; compatible; bingbot/2.0; +http://www.bing.com/bingbot.htm) Chrome/116.0.1938.76 Safari/537.36"
2a03:2880:f800:e:: - - [16/Aug/2025:20:38:37 +0000] "GET /index.php/article/article/article/news/news/news/article/article/article/edito/news/edito/article/article/news/news/article/articles/news/article/articles/news/edito/articles/news/article/art145-l-association-arc-et-les-questions-reponses-sur-le-rachat-de-credits.html HTTP/1.1" 500 - "-" "meta-externalagent/1.1 (+https://developers.facebook.com/docs/sharing/webmasters/crawler)"
40.77.167.75 - - [16/Aug/2025:20:38:43 +0000] "GET /index.php/edito/article/articles/articles/news/news/art1134-meilleurs-voeux-pour-l-annee-2020-avec-le-rachat-de-credit-de-l-association-arc.html HTTP/1.1" 500 - "-" "Mozilla/5.0 AppleWebKit/537.36 (KHTML, like Gecko; compatible; bingbot/2.0; +http://www.bing.com/bingbot.htm) Chrome/116.0.1938.76 Safari/537.36"
40.77.167.44 - - [16/Aug/2025:20:39:31 +0000] "GET /index.php/news/article/edito/edito/article/art624-le-pret-in-fine-en-gestion-de-patrimoine.html HTTP/1.1" 500 - "-" "Mozilla/5.0 AppleWebKit/537.36 (KHTML, like Gecko; compatible; bingbot/2.0; +http://www.bing.com/bingbot.htm) Chrome/116.0.1938.76 Safari/537.36"
2a03:2880:f800:1a:: - - [16/Aug/2025:20:39:43 +0000] "GET /index.php/news/news/news/edito/edito/edito/edito/articles/news/article/news/article/articles/news/edito/article/news/articles/articles/news/art717-le-rachat-de-credits-et-le-credit-entre-particulier.html HTTP/1.1" 500 - "-" "meta-externalagent/1.1 (+https://developers.facebook.com/docs/sharing/webmasters/crawler)"
2a03:2880:f800:a:: - - [16/Aug/2025:20:40:50 +0000] "GET /index.php/article/article/article/news/news/news/article/article/article/edito/news/edito/article/article/news/edito/article/article/article/article/edito/edito/articles/news/article/art145-l-association-arc-et-les-questions-reponses-sur-le-rachat-de-credits.html HTTP/1.1" 500 - "-" "meta-externalagent/1.1 (+https://developers.facebook.com/docs/sharing/webmasters/crawler)"
52.167.144.196 - - [16/Aug/2025:20:41:45 +0000] "GET /index.php/news/articles/news/articles/article/article/edito/art701-indignez-vous-comme-stepane-hessel-ou-comme-en-tunisie.html HTTP/1.1" 500 - "-" "Mozilla/5.0 AppleWebKit/537.36 (KHTML, like Gecko; compatible; bingbot/2.0; +http://www.bing.com/bingbot.htm) Chrome/116.0.1938.76 Safari/537.36"
2a03:2880:f800:10:: - - [16/Aug/2025:20:41:57 +0000] "GET /index.php/news/news/news/edito/edito/edito/edito/articles/news/news/edito/article/article/article/news/articles/article/edito/article/article/article/articles/edito/cartefr.php HTTP/1.1" 500 - "-" "meta-externalagent/1.1 (+https://developers.facebook.com/docs/sharing/webmasters/crawler)"
2a03:2880:f800:a:: - - [16/Aug/2025:20:43:04 +0000] "GET /index.php/news/news/news/edito/edito/edito/edito/articles/news/news/news/articles/article/news/news/news/article/articles/article/art827-l-association-arc-aide-au-rachat-de-credits-sur-facebook.html HTTP/1.1" 500 - "-" "meta-externalagent/1.1 (+https://developers.facebook.com/docs/sharing/webmasters/crawler)"
52.167.144.146 - - [16/Aug/2025:20:43:26 +0000] "GET /index.php/news/edito/news/art514-rachat-de-prets-aux-personnes-ficp-au-cas-par-cas-derniere-minute.html HTTP/1.1" 500 - "-" "Mozilla/5.0 AppleWebKit/537.36 (KHTML, like Gecko; compatible; bingbot/2.0; +http://www.bing.com/bingbot.htm) Chrome/116.0.1938.76 Safari/537.36"
57.141.0.9 - - [16/Aug/2025:20:44:18 +0000] "GET /index.php/news/news/news/edito/edito/edito/edito/articles/news/article/news/article/articles/article/news/news/news/article/news/news/article/article/edito/edito/art789-l-annee-2012-sera-t-elle-bonne-pour-notre-economie-les-finances-nos-budgets-et-nos-credits.html HTTP/1.1" 500 - "-" "meta-externalagent/1.1 (+https://developers.facebook.com/docs/sharing/webmasters/crawler)"
2a03:2880:f800:14:: - - [16/Aug/2025:20:45:16 +0000] "GET /index.php/article/article/article/news/news/news/article/article/article/edito/news/edito/article/news/article/news/edito/news/article/edito/article/art47-texte-de-loi-article-l332-1cdlc.html HTTP/1.1" 500 - "-" "meta-externalagent/1.1 (+https://developers.facebook.com/docs/sharing/webmasters/crawler)"
52.167.144.189 - - [16/Aug/2025:20:45:33 +0000] "GET /index.php/news/edito/article/news/articles/edito/article/art775-l-emploi-cdi-cdd-interim-pour-le-rachat-de-credits.html HTTP/1.1" 500 - "-" "Mozilla/5.0 AppleWebKit/537.36 (KHTML, like Gecko; compatible; bingbot/2.0; +http://www.bing.com/bingbot.htm) Chrome/116.0.1938.76 Safari/537.36"
2a03:2880:f800:d:: - - [16/Aug/2025:20:46:23 +0000] "GET /index.php/news/news/news/edito/edito/edito/edito/articles/news/article/news/article/news/edito/news/article/news/news/edito/news/edito/art789-l-annee-2012-sera-t-elle-bonne-pour-notre-economie-les-finances-nos-budgets-et-nos-credits.html HTTP/1.1" 500 - "-" "meta-externalagent/1.1 (+https://developers.facebook.com/docs/sharing/webmasters/crawler)"
2a03:2880:f800:9:: - - [16/Aug/2025:20:47:30 +0000] "GET /index.php/article/article/article/news/edito/edito/articles/news/news/articles/article/article/article/article/news/news/article/articles/article/news/articles/edito/article/article/news/article/news/articles/form.php HTTP/1.1" 500 - "-" "meta-externalagent/1.1 (+https://developers.facebook.com/docs/sharing/webmasters/crawler)"
2a03:2880:f800:b:: - - [16/Aug/2025:20:48:37 +0000] "GET /index.php/article/article/article/news/news/news/article/article/article/edito/news/edito/article/articles/news/article/edito/article/news/article/article/art522-credit-chinois-un-exemple-a-suivre.html HTTP/1.1" 500 - "-" "meta-externalagent/1.1 (+https://developers.facebook.com/docs/sharing/webmasters/crawler)"
52.167.144.146 - - [16/Aug/2025:20:49:03 +0000] "GET /index.php/article/news/articles/article/edito/news/articles/art672-regroupements-de-prets-restructuration-des-credits.html HTTP/1.1" 500 - "-" "Mozilla/5.0 AppleWebKit/537.36 (KHTML, like Gecko; compatible; bingbot/2.0; +http://www.bing.com/bingbot.htm) Chrome/116.0.1938.76 Safari/537.36"
