40.77.167.65 - - [16/Aug/2025:19:15:04 +0000] "GET /index.php/news/articles/articles/edito/article/article/art474-suspension-des-obligations-du-debiteur-possible-sur-2-ans.html HTTP/1.1" 500 - "-" "Mozilla/5.0 AppleWebKit/537.36 (KHTML, like Gecko; compatible; bingbot/2.0; +http://www.bing.com/bingbot.htm) Chrome/116.0.1938.76 Safari/537.36"
160.202.32.196 - - [16/Aug/2025:19:15:06 +0000] "GET /wp-content/plugins/all-in-one-event-calendar/cache/64d0ac1c_ai1ec_parsed_css.css?ver=2.5.15 HTTP/1.1" 500 - "https://www.waybackmachinedownloader.com/" "Mozilla/5.0 (Windows NT 10.0; Win64; x64) AppleWebKit/537.36 (KHTML, like Gecko) Chrome/138.0.0.0 Safari/537.36"
160.202.32.196 - - [16/Aug/2025:19:15:07 +0000] "GET /wp-includes/js/wp-emoji-release.min.js?ver=4.8.2 HTTP/1.1" 500 - "https://www.waybackmachinedownloader.com/" "Mozilla/5.0 (Windows NT 10.0; Win64; x64) AppleWebKit/537.36 (KHTML, like Gecko) Chrome/138.0.0.0 Safari/537.36"
160.202.32.196 - - [16/Aug/2025:19:15:07 +0000] "GET /?ai1ec_js_widget HTTP/1.1" 500 - "https://www.waybackmachinedownloader.com/" "Mozilla/5.0 (Windows NT 10.0; Win64; x64) AppleWebKit/537.36 (KHTML, like Gecko) Chrome/138.0.0.0 Safari/537.36"
2a03:2880:f800:4:: - - [16/Aug/2025:19:15:16 +0000] "GET /index.php/article/article/article/news/news/news/article/article/article/article/news/news/article/news/article/article/news/article/edito/article/edito/article/edito/news/art897-creatis-banque-specialisee-en-rachat-de-credits-a-la-loupe.html HTTP/1.1" 500 - "-" "meta-externalagent/1.1 (+https://developers.facebook.com/docs/sharing/webmasters/crawler)"
160.202.32.196 - - [16/Aug/2025:19:15:21 +0000] "GET /wp-content/plugins/all-in-one-event-calendar/cache/64d0ac1c_ai1ec_parsed_css.css?ver=2.5.15 HTTP/1.1" 500 - "https://www.waybackmachinedownloader.com/" "Mozilla/5.0 (Windows NT 10.0; Win64; x64) AppleWebKit/537.36 (KHTML, like Gecko) Chrome/138.0.0.0 Safari/537.36"
160.202.32.196 - - [16/Aug/2025:19:15:22 +0000] "GET /wp-includes/js/wp-emoji-release.min.js?ver=4.8.2 HTTP/1.1" 500 - "https://www.waybackmachinedownloader.com/" "Mozilla/5.0 (Windows NT 10.0; Win64; x64) AppleWebKit/537.36 (KHTML, like Gecko) Chrome/138.0.0.0 Safari/537.36"
160.202.32.196 - - [16/Aug/2025:19:15:22 +0000] "GET /?ai1ec_js_widget HTTP/1.1" 500 - "https://www.waybackmachinedownloader.com/" "Mozilla/5.0 (Windows NT 10.0; Win64; x64) AppleWebKit/537.36 (KHTML, like Gecko) Chrome/138.0.0.0 Safari/537.36"
160.202.32.196 - - [16/Aug/2025:19:15:48 +0000] "GET /wp-content/plugins/all-in-one-event-calendar/cache/64d0ac1c_ai1ec_parsed_css.css?ver=2.5.15 HTTP/1.1" 500 - "https://www.waybackmachinedownloader.com/" "Mozilla/5.0 (Windows NT 10.0; Win64; x64) AppleWebKit/537.36 (KHTML, like Gecko) Chrome/138.0.0.0 Safari/537.36"
160.202.32.196 - - [16/Aug/2025:19:15:49 +0000] "GET /wp-includes/js/wp-emoji-release.min.js?ver=4.8.2 HTTP/1.1" 500 - "https://www.waybackmachinedownloader.com/" "Mozilla/5.0 (Windows NT 10.0; Win64; x64) AppleWebKit/537.36 (KHTML, like Gecko) Chrome/138.0.0.0 Safari/537.36"
160.202.32.196 - - [16/Aug/2025:19:15:49 +0000] "GET /?ai1ec_js_widget HTTP/1.1" 500 - "https://www.waybackmachinedownloader.com/" "Mozilla/5.0 (Windows NT 10.0; Win64; x64) AppleWebKit/537.36 (KHTML, like Gecko) Chrome/138.0.0.0 Safari/537.36"
160.202.32.196 - - [16/Aug/2025:19:16:19 +0000] "GET /wp-content/plugins/all-in-one-event-calendar/cache/64d0ac1c_ai1ec_parsed_css.css?ver=2.5.15 HTTP/1.1" 500 - "https://www.waybackmachinedownloader.com/" "Mozilla/5.0 (Windows NT 10.0; Win64; x64) AppleWebKit/537.36 (KHTML, like Gecko) Chrome/138.0.0.0 Safari/537.36"
160.202.32.196 - - [16/Aug/2025:19:16:20 +0000] "GET /wp-content/plugins/all-in-one-event-calendar/cache/64d0ac1c_ai1ec_parsed_css.css?ver=2.5.15 HTTP/1.1" 500 - "https://www.waybackmachinedownloader.com/" "Mozilla/5.0 (Windows NT 10.0; Win64; x64) AppleWebKit/537.36 (KHTML, like Gecko) Chrome/138.0.0.0 Safari/537.36"
160.202.32.196 - - [16/Aug/2025:19:16:21 +0000] "GET /wp-includes/js/wp-emoji-release.min.js?ver=4.8.2 HTTP/1.1" 500 - "https://www.waybackmachinedownloader.com/" "Mozilla/5.0 (Windows NT 10.0; Win64; x64) AppleWebKit/537.36 (KHTML, like Gecko) Chrome/138.0.0.0 Safari/537.36"
160.202.32.196 - - [16/Aug/2025:19:16:21 +0000] "GET /?ai1ec_js_widget HTTP/1.1" 500 - "https://www.waybackmachinedownloader.com/" "Mozilla/5.0 (Windows NT 10.0; Win64; x64) AppleWebKit/537.36 (KHTML, like Gecko) Chrome/138.0.0.0 Safari/537.36"
2a03:2880:f800:8:: - - [16/Aug/2025:19:16:24 +0000] "GET /index.php/article/article/article/news/news/news/article/article/article/edito/news/edito/article/article/news/edito/news/articles/news/article/news/article/articles/article/art1110-le-controle-des-organismes-bancaires-et-financiers.html HTTP/1.1" 500 - "-" "meta-externalagent/1.1 (+https://developers.facebook.com/docs/sharing/webmasters/crawler)"
160.202.32.196 - - [16/Aug/2025:19:16:36 +0000] "GET /wp-content/plugins/all-in-one-event-calendar/cache/64d0ac1c_ai1ec_parsed_css.css?ver=2.5.15 HTTP/1.1" 500 - "https://www.waybackmachinedownloader.com/" "Mozilla/5.0 (Windows NT 10.0; Win64; x64) AppleWebKit/537.36 (KHTML, like Gecko) Chrome/138.0.0.0 Safari/537.36"
160.202.32.196 - - [16/Aug/2025:19:16:37 +0000] "GET /wp-includes/js/wp-emoji-release.min.js?ver=4.8.2 HTTP/1.1" 500 - "https://www.waybackmachinedownloader.com/" "Mozilla/5.0 (Windows NT 10.0; Win64; x64) AppleWebKit/537.36 (KHTML, like Gecko) Chrome/138.0.0.0 Safari/537.36"
160.202.32.196 - - [16/Aug/2025:19:16:37 +0000] "GET /?ai1ec_js_widget HTTP/1.1" 500 - "https://www.waybackmachinedownloader.com/" "Mozilla/5.0 (Windows NT 10.0; Win64; x64) AppleWebKit/537.36 (KHTML, like Gecko) Chrome/138.0.0.0 Safari/537.36"
160.202.32.196 - - [16/Aug/2025:19:16:51 +0000] "GET /wp-content/plugins/all-in-one-event-calendar/cache/64d0ac1c_ai1ec_parsed_css.css?ver=2.5.15 HTTP/1.1" 500 - "https://www.waybackmachinedownloader.com/" "Mozilla/5.0 (Windows NT 10.0; Win64; x64) AppleWebKit/537.36 (KHTML, like Gecko) Chrome/138.0.0.0 Safari/537.36"
160.202.32.196 - - [16/Aug/2025:19:16:51 +0000] "GET /wp-includes/js/wp-emoji-release.min.js?ver=4.8.2 HTTP/1.1" 500 - "https://www.waybackmachinedownloader.com/" "Mozilla/5.0 (Windows NT 10.0; Win64; x64) AppleWebKit/537.36 (KHTML, like Gecko) Chrome/138.0.0.0 Safari/537.36"
160.202.32.196 - - [16/Aug/2025:19:16:52 +0000] "GET /?ai1ec_js_widget HTTP/1.1" 500 - "https://www.waybackmachinedownloader.com/" "Mozilla/5.0 (Windows NT 10.0; Win64; x64) AppleWebKit/537.36 (KHTML, like Gecko) Chrome/138.0.0.0 Safari/537.36"
160.202.32.196 - - [16/Aug/2025:19:17:06 +0000] "GET /wp-content/plugins/all-in-one-event-calendar/cache/64d0ac1c_ai1ec_parsed_css.css?ver=2.5.15 HTTP/1.1" 500 - "https://www.waybackmachinedownloader.com/" "Mozilla/5.0 (Windows NT 10.0; Win64; x64) AppleWebKit/537.36 (KHTML, like Gecko) Chrome/138.0.0.0 Safari/537.36"
160.202.32.196 - - [16/Aug/2025:19:17:07 +0000] "GET /wp-includes/js/wp-emoji-release.min.js?ver=4.8.2 HTTP/1.1" 500 - "https://www.waybackmachinedownloader.com/" "Mozilla/5.0 (Windows NT 10.0; Win64; x64) AppleWebKit/537.36 (KHTML, like Gecko) Chrome/138.0.0.0 Safari/537.36"
160.202.32.196 - - [16/Aug/2025:19:17:07 +0000] "GET /?ai1ec_js_widget HTTP/1.1" 500 - "https://www.waybackmachinedownloader.com/" "Mozilla/5.0 (Windows NT 10.0; Win64; x64) AppleWebKit/537.36 (KHTML, like Gecko) Chrome/138.0.0.0 Safari/537.36"
40.77.167.65 - - [16/Aug/2025:19:17:13 +0000] "GET /index.php/edito/edito/article/articles/articles/news/article/art946-credit-travaux-pour-financer-vos-travaux.html HTTP/1.1" 500 - "-" "Mozilla/5.0 AppleWebKit/537.36 (KHTML, like Gecko; compatible; bingbot/2.0; +http://www.bing.com/bingbot.htm) Chrome/116.0.1938.76 Safari/537.36"
160.202.32.196 - - [16/Aug/2025:19:17:47 +0000] "GET /wp-content/plugins/all-in-one-event-calendar/cache/64d0ac1c_ai1ec_parsed_css.css?ver=2.5.15 HTTP/1.1" 500 - "https://www.waybackmachinedownloader.com/" "Mozilla/5.0 (Windows NT 10.0; Win64; x64) AppleWebKit/537.36 (KHTML, like Gecko) Chrome/138.0.0.0 Safari/537.36"
160.202.32.196 - - [16/Aug/2025:19:17:48 +0000] "GET /wp-includes/js/wp-emoji-release.min.js?ver=4.8.2 HTTP/1.1" 500 - "https://www.waybackmachinedownloader.com/" "Mozilla/5.0 (Windows NT 10.0; Win64; x64) AppleWebKit/537.36 (KHTML, like Gecko) Chrome/138.0.0.0 Safari/537.36"
160.202.32.196 - - [16/Aug/2025:19:17:48 +0000] "GET /?ai1ec_js_widget HTTP/1.1" 500 - "https://www.waybackmachinedownloader.com/" "Mozilla/5.0 (Windows NT 10.0; Win64; x64) AppleWebKit/537.36 (KHTML, like Gecko) Chrome/138.0.0.0 Safari/537.36"
160.202.32.196 - - [16/Aug/2025:19:17:51 +0000] "GET /wp-content/plugins/all-in-one-event-calendar/cache/64d0ac1c_ai1ec_parsed_css.css?ver=2.5.15 HTTP/1.1" 500 - "https://www.waybackmachinedownloader.com/" "Mozilla/5.0 (Windows NT 10.0; Win64; x64) AppleWebKit/537.36 (KHTML, like Gecko) Chrome/138.0.0.0 Safari/537.36"
160.202.32.196 - - [16/Aug/2025:19:17:52 +0000] "GET /wp-includes/js/wp-emoji-release.min.js?ver=4.8.2 HTTP/1.1" 500 - "https://www.waybackmachinedownloader.com/" "Mozilla/5.0 (Windows NT 10.0; Win64; x64) AppleWebKit/537.36 (KHTML, like Gecko) Chrome/138.0.0.0 Safari/537.36"
160.202.32.196 - - [16/Aug/2025:19:17:52 +0000] "GET /?ai1ec_js_widget HTTP/1.1" 500 - "https://www.waybackmachinedownloader.com/" "Mozilla/5.0 (Windows NT 10.0; Win64; x64) AppleWebKit/537.36 (KHTML, like Gecko) Chrome/138.0.0.0 Safari/537.36"
160.202.32.196 - - [16/Aug/2025:19:18:06 +0000] "GET /wp-content/plugins/all-in-one-event-calendar/cache/64d0ac1c_ai1ec_parsed_css.css?ver=2.5.15 HTTP/1.1" 500 - "https://www.waybackmachinedownloader.com/" "Mozilla/5.0 (Windows NT 10.0; Win64; x64) AppleWebKit/537.36 (KHTML, like Gecko) Chrome/138.0.0.0 Safari/537.36"
160.202.32.196 - - [16/Aug/2025:19:18:06 +0000] "GET /wp-includes/js/wp-emoji-release.min.js?ver=4.8.2 HTTP/1.1" 500 - "https://www.waybackmachinedownloader.com/" "Mozilla/5.0 (Windows NT 10.0; Win64; x64) AppleWebKit/537.36 (KHTML, like Gecko) Chrome/138.0.0.0 Safari/537.36"
160.202.32.196 - - [16/Aug/2025:19:18:07 +0000] "GET /?ai1ec_js_widget HTTP/1.1" 500 - "https://www.waybackmachinedownloader.com/" "Mozilla/5.0 (Windows NT 10.0; Win64; x64) AppleWebKit/537.36 (KHTML, like Gecko) Chrome/138.0.0.0 Safari/537.36"
160.202.32.196 - - [16/Aug/2025:19:18:21 +0000] "GET /wp-content/plugins/all-in-one-event-calendar/cache/64d0ac1c_ai1ec_parsed_css.css?ver=2.5.15 HTTP/1.1" 500 - "https://www.waybackmachinedownloader.com/" "Mozilla/5.0 (Windows NT 10.0; Win64; x64) AppleWebKit/537.36 (KHTML, like Gecko) Chrome/138.0.0.0 Safari/537.36"
160.202.32.196 - - [16/Aug/2025:19:18:22 +0000] "GET /wp-includes/js/wp-emoji-release.min.js?ver=4.8.2 HTTP/1.1" 500 - "https://www.waybackmachinedownloader.com/" "Mozilla/5.0 (Windows NT 10.0; Win64; x64) AppleWebKit/537.36 (KHTML, like Gecko) Chrome/138.0.0.0 Safari/537.36"
160.202.32.196 - - [16/Aug/2025:19:18:22 +0000] "GET /?ai1ec_js_widget HTTP/1.1" 500 - "https://www.waybackmachinedownloader.com/" "Mozilla/5.0 (Windows NT 10.0; Win64; x64) AppleWebKit/537.36 (KHTML, like Gecko) Chrome/138.0.0.0 Safari/537.36"
160.202.32.196 - - [16/Aug/2025:19:18:36 +0000] "GET /wp-content/plugins/all-in-one-event-calendar/cache/64d0ac1c_ai1ec_parsed_css.css?ver=2.5.15 HTTP/1.1" 500 - "https://www.waybackmachinedownloader.com/" "Mozilla/5.0 (Windows NT 10.0; Win64; x64) AppleWebKit/537.36 (KHTML, like Gecko) Chrome/138.0.0.0 Safari/537.36"
160.202.32.196 - - [16/Aug/2025:19:18:36 +0000] "GET /wp-includes/js/wp-emoji-release.min.js?ver=4.8.2 HTTP/1.1" 500 - "https://www.waybackmachinedownloader.com/" "Mozilla/5.0 (Windows NT 10.0; Win64; x64) AppleWebKit/537.36 (KHTML, like Gecko) Chrome/138.0.0.0 Safari/537.36"
2a03:2880:f800:3:: - - [16/Aug/2025:19:18:37 +0000] "GET /index.php/news/news/news/edito/edito/edito/edito/articles/news/article/news/article/article/news/articles/news/news/news/article/news/articles/articles/article/art413-a-quel-moment-faut-il-avoir-recours-au-rachat-de-credits-ou-au-regroupement-de-dettes.html HTTP/1.1" 500 - "-" "meta-externalagent/1.1 (+https://developers.facebook.com/docs/sharing/webmasters/crawler)"
160.202.32.196 - - [16/Aug/2025:19:18:37 +0000] "GET /?ai1ec_js_widget HTTP/1.1" 500 - "https://www.waybackmachinedownloader.com/" "Mozilla/5.0 (Windows NT 10.0; Win64; x64) AppleWebKit/537.36 (KHTML, like Gecko) Chrome/138.0.0.0 Safari/537.36"
2a03:2880:f800:16:: - - [16/Aug/2025:19:19:43 +0000] "GET /index.php/news/news/news/edito/edito/edito/edito/articles/news/article/news/article/edito/article/articles/articles/article/article/article/articles/article/articles/article/art920-rachat-de-credit-dans-les-dom-tom-avec-ou-sans-garantie-hypothecaire.html HTTP/1.1" 500 - "-" "meta-externalagent/1.1 (+https://developers.facebook.com/docs/sharing/webmasters/crawler)"
160.202.32.196 - - [16/Aug/2025:19:19:43 +0000] "GET /wp-content/plugins/all-in-one-event-calendar/cache/64d0ac1c_ai1ec_parsed_css.css?ver=2.5.15 HTTP/1.1" 500 - "https://www.waybackmachinedownloader.com/" "Mozilla/5.0 (Windows NT 10.0; Win64; x64) AppleWebKit/537.36 (KHTML, like Gecko) Chrome/138.0.0.0 Safari/537.36"
160.202.32.196 - - [16/Aug/2025:19:19:44 +0000] "GET /wp-includes/js/wp-emoji-release.min.js?ver=4.8.2 HTTP/1.1" 500 - "https://www.waybackmachinedownloader.com/" "Mozilla/5.0 (Windows NT 10.0; Win64; x64) AppleWebKit/537.36 (KHTML, like Gecko) Chrome/138.0.0.0 Safari/537.36"
160.202.32.196 - - [16/Aug/2025:19:19:45 +0000] "GET /?ai1ec_js_widget HTTP/1.1" 500 - "https://www.waybackmachinedownloader.com/" "Mozilla/5.0 (Windows NT 10.0; Win64; x64) AppleWebKit/537.36 (KHTML, like Gecko) Chrome/138.0.0.0 Safari/537.36"
160.202.32.196 - - [16/Aug/2025:19:20:29 +0000] "GET /wp-content/plugins/all-in-one-event-calendar/cache/64d0ac1c_ai1ec_parsed_css.css?ver=2.5.15 HTTP/1.1" 500 - "https://www.waybackmachinedownloader.com/" "Mozilla/5.0 (Windows NT 10.0; Win64; x64) AppleWebKit/537.36 (KHTML, like Gecko) Chrome/138.0.0.0 Safari/537.36"
160.202.32.196 - - [16/Aug/2025:19:20:30 +0000] "GET /wp-includes/js/wp-emoji-release.min.js?ver=4.8.2 HTTP/1.1" 500 - "https://www.waybackmachinedownloader.com/" "Mozilla/5.0 (Windows NT 10.0; Win64; x64) AppleWebKit/537.36 (KHTML, like Gecko) Chrome/138.0.0.0 Safari/537.36"
160.202.32.196 - - [16/Aug/2025:19:20:31 +0000] "GET /?ai1ec_js_widget HTTP/1.1" 500 - "https://www.waybackmachinedownloader.com/" "Mozilla/5.0 (Windows NT 10.0; Win64; x64) AppleWebKit/537.36 (KHTML, like Gecko) Chrome/138.0.0.0 Safari/537.36"
160.202.32.196 - - [16/Aug/2025:19:20:35 +0000] "GET /wp-content/plugins/all-in-one-event-calendar/cache/64d0ac1c_ai1ec_parsed_css.css?ver=2.5.15 HTTP/1.1" 500 - "https://www.waybackmachinedownloader.com/" "Mozilla/5.0 (Windows NT 10.0; Win64; x64) AppleWebKit/537.36 (KHTML, like Gecko) Chrome/138.0.0.0 Safari/537.36"
160.202.32.196 - - [16/Aug/2025:19:20:36 +0000] "GET /wp-includes/js/wp-emoji-release.min.js?ver=4.8.2 HTTP/1.1" 500 - "https://www.waybackmachinedownloader.com/" "Mozilla/5.0 (Windows NT 10.0; Win64; x64) AppleWebKit/537.36 (KHTML, like Gecko) Chrome/138.0.0.0 Safari/537.36"
160.202.32.196 - - [16/Aug/2025:19:20:36 +0000] "GET /?ai1ec_js_widget HTTP/1.1" 500 - "https://www.waybackmachinedownloader.com/" "Mozilla/5.0 (Windows NT 10.0; Win64; x64) AppleWebKit/537.36 (KHTML, like Gecko) Chrome/138.0.0.0 Safari/537.36"
2a03:2880:f800:3:: - - [16/Aug/2025:19:20:50 +0000] "GET /index.php/article/article/article/news/news/news/article/article/article/edito/news/edito/article/article/articles/article/edito/articles/news/news/edito/article/news/article/article/article/art479-rapport-boulmier-sur-l-amelioration-de-l-habitat-des-personnes-agees.html HTTP/1.1" 500 - "-" "meta-externalagent/1.1 (+https://developers.facebook.com/docs/sharing/webmasters/crawler)"
160.202.32.196 - - [16/Aug/2025:19:20:51 +0000] "GET /wp-content/plugins/all-in-one-event-calendar/cache/64d0ac1c_ai1ec_parsed_css.css?ver=2.5.15 HTTP/1.1" 500 - "https://www.waybackmachinedownloader.com/" "Mozilla/5.0 (Windows NT 10.0; Win64; x64) AppleWebKit/537.36 (KHTML, like Gecko) Chrome/138.0.0.0 Safari/537.36"
160.202.32.196 - - [16/Aug/2025:19:20:52 +0000] "GET /wp-includes/js/wp-emoji-release.min.js?ver=4.8.2 HTTP/1.1" 500 - "https://www.waybackmachinedownloader.com/" "Mozilla/5.0 (Windows NT 10.0; Win64; x64) AppleWebKit/537.36 (KHTML, like Gecko) Chrome/138.0.0.0 Safari/537.36"
160.202.32.196 - - [16/Aug/2025:19:20:52 +0000] "GET /?ai1ec_js_widget HTTP/1.1" 500 - "https://www.waybackmachinedownloader.com/" "Mozilla/5.0 (Windows NT 10.0; Win64; x64) AppleWebKit/537.36 (KHTML, like Gecko) Chrome/138.0.0.0 Safari/537.36"
160.202.32.196 - - [16/Aug/2025:19:21:06 +0000] "GET /wp-content/plugins/all-in-one-event-calendar/cache/64d0ac1c_ai1ec_parsed_css.css?ver=2.5.15 HTTP/1.1" 500 - "https://www.waybackmachinedownloader.com/" "Mozilla/5.0 (Windows NT 10.0; Win64; x64) AppleWebKit/537.36 (KHTML, like Gecko) Chrome/138.0.0.0 Safari/537.36"
160.202.32.196 - - [16/Aug/2025:19:21:07 +0000] "GET /wp-includes/js/wp-emoji-release.min.js?ver=4.8.2 HTTP/1.1" 500 - "https://www.waybackmachinedownloader.com/" "Mozilla/5.0 (Windows NT 10.0; Win64; x64) AppleWebKit/537.36 (KHTML, like Gecko) Chrome/138.0.0.0 Safari/537.36"
160.202.32.196 - - [16/Aug/2025:19:21:07 +0000] "GET /?ai1ec_js_widget HTTP/1.1" 500 - "https://www.waybackmachinedownloader.com/" "Mozilla/5.0 (Windows NT 10.0; Win64; x64) AppleWebKit/537.36 (KHTML, like Gecko) Chrome/138.0.0.0 Safari/537.36"
160.202.32.196 - - [16/Aug/2025:19:21:21 +0000] "GET /wp-content/plugins/all-in-one-event-calendar/cache/64d0ac1c_ai1ec_parsed_css.css?ver=2.5.15 HTTP/1.1" 500 - "https://www.waybackmachinedownloader.com/" "Mozilla/5.0 (Windows NT 10.0; Win64; x64) AppleWebKit/537.36 (KHTML, like Gecko) Chrome/138.0.0.0 Safari/537.36"
160.202.32.196 - - [16/Aug/2025:19:21:22 +0000] "GET /wp-includes/js/wp-emoji-release.min.js?ver=4.8.2 HTTP/1.1" 500 - "https://www.waybackmachinedownloader.com/" "Mozilla/5.0 (Windows NT 10.0; Win64; x64) AppleWebKit/537.36 (KHTML, like Gecko) Chrome/138.0.0.0 Safari/537.36"
160.202.32.196 - - [16/Aug/2025:19:21:22 +0000] "GET /?ai1ec_js_widget HTTP/1.1" 500 - "https://www.waybackmachinedownloader.com/" "Mozilla/5.0 (Windows NT 10.0; Win64; x64) AppleWebKit/537.36 (KHTML, like Gecko) Chrome/138.0.0.0 Safari/537.36"
160.202.32.196 - - [16/Aug/2025:19:21:48 +0000] "GET /wp-content/plugins/all-in-one-event-calendar/cache/64d0ac1c_ai1ec_parsed_css.css?ver=2.5.15 HTTP/1.1" 500 - "https://www.waybackmachinedownloader.com/" "Mozilla/5.0 (Windows NT 10.0; Win64; x64) AppleWebKit/537.36 (KHTML, like Gecko) Chrome/138.0.0.0 Safari/537.36"
160.202.32.196 - - [16/Aug/2025:19:21:49 +0000] "GET /wp-includes/js/wp-emoji-release.min.js?ver=4.8.2 HTTP/1.1" 500 - "https://www.waybackmachinedownloader.com/" "Mozilla/5.0 (Windows NT 10.0; Win64; x64) AppleWebKit/537.36 (KHTML, like Gecko) Chrome/138.0.0.0 Safari/537.36"
160.202.32.196 - - [16/Aug/2025:19:21:49 +0000] "GET /?ai1ec_js_widget HTTP/1.1" 500 - "https://www.waybackmachinedownloader.com/" "Mozilla/5.0 (Windows NT 10.0; Win64; x64) AppleWebKit/537.36 (KHTML, like Gecko) Chrome/138.0.0.0 Safari/537.36"
2a03:2880:f800:d:: - - [16/Aug/2025:19:21:57 +0000] "GET /index.php/article/article/article/news/news/news/article/article/article/article/news/news/article/article/article/article/article/article/article/edito/news/article/article/news/recherche.php HTTP/1.1" 500 - "-" "meta-externalagent/1.1 (+https://developers.facebook.com/docs/sharing/webmasters/crawler)"
160.202.32.196 - - [16/Aug/2025:19:22:07 +0000] "GET /wp-content/plugins/all-in-one-event-calendar/cache/64d0ac1c_ai1ec_parsed_css.css?ver=2.5.15 HTTP/1.1" 500 - "https://www.waybackmachinedownloader.com/" "Mozilla/5.0 (Windows NT 10.0; Win64; x64) AppleWebKit/537.36 (KHTML, like Gecko) Chrome/138.0.0.0 Safari/537.36"
160.202.32.196 - - [16/Aug/2025:19:22:08 +0000] "GET /wp-includes/js/wp-emoji-release.min.js?ver=4.8.2 HTTP/1.1" 500 - "https://www.waybackmachinedownloader.com/" "Mozilla/5.0 (Windows NT 10.0; Win64; x64) AppleWebKit/537.36 (KHTML, like Gecko) Chrome/138.0.0.0 Safari/537.36"
160.202.32.196 - - [16/Aug/2025:19:22:08 +0000] "GET /?ai1ec_js_widget HTTP/1.1" 500 - "https://www.waybackmachinedownloader.com/" "Mozilla/5.0 (Windows NT 10.0; Win64; x64) AppleWebKit/537.36 (KHTML, like Gecko) Chrome/138.0.0.0 Safari/537.36"
160.202.32.196 - - [16/Aug/2025:19:22:21 +0000] "GET /wp-content/plugins/all-in-one-event-calendar/cache/64d0ac1c_ai1ec_parsed_css.css?ver=2.5.15 HTTP/1.1" 500 - "https://www.waybackmachinedownloader.com/" "Mozilla/5.0 (Windows NT 10.0; Win64; x64) AppleWebKit/537.36 (KHTML, like Gecko) Chrome/138.0.0.0 Safari/537.36"
160.202.32.196 - - [16/Aug/2025:19:22:22 +0000] "GET /wp-includes/js/wp-emoji-release.min.js?ver=4.8.2 HTTP/1.1" 500 - "https://www.waybackmachinedownloader.com/" "Mozilla/5.0 (Windows NT 10.0; Win64; x64) AppleWebKit/537.36 (KHTML, like Gecko) Chrome/138.0.0.0 Safari/537.36"
160.202.32.196 - - [16/Aug/2025:19:22:22 +0000] "GET /?ai1ec_js_widget HTTP/1.1" 500 - "https://www.waybackmachinedownloader.com/" "Mozilla/5.0 (Windows NT 10.0; Win64; x64) AppleWebKit/537.36 (KHTML, like Gecko) Chrome/138.0.0.0 Safari/537.36"
160.202.32.196 - - [16/Aug/2025:19:22:36 +0000] "GET /wp-content/plugins/all-in-one-event-calendar/cache/64d0ac1c_ai1ec_parsed_css.css?ver=2.5.15 HTTP/1.1" 500 - "https://www.waybackmachinedownloader.com/" "Mozilla/5.0 (Windows NT 10.0; Win64; x64) AppleWebKit/537.36 (KHTML, like Gecko) Chrome/138.0.0.0 Safari/537.36"
160.202.32.196 - - [16/Aug/2025:19:22:37 +0000] "GET /wp-includes/js/wp-emoji-release.min.js?ver=4.8.2 HTTP/1.1" 500 - "https://www.waybackmachinedownloader.com/" "Mozilla/5.0 (Windows NT 10.0; Win64; x64) AppleWebKit/537.36 (KHTML, like Gecko) Chrome/138.0.0.0 Safari/537.36"
160.202.32.196 - - [16/Aug/2025:19:22:37 +0000] "GET /?ai1ec_js_widget HTTP/1.1" 500 - "https://www.waybackmachinedownloader.com/" "Mozilla/5.0 (Windows NT 10.0; Win64; x64) AppleWebKit/537.36 (KHTML, like Gecko) Chrome/138.0.0.0 Safari/537.36"
160.202.32.196 - - [16/Aug/2025:19:22:51 +0000] "GET /wp-content/plugins/all-in-one-event-calendar/cache/64d0ac1c_ai1ec_parsed_css.css?ver=2.5.15 HTTP/1.1" 500 - "https://www.waybackmachinedownloader.com/" "Mozilla/5.0 (Windows NT 10.0; Win64; x64) AppleWebKit/537.36 (KHTML, like Gecko) Chrome/138.0.0.0 Safari/537.36"
160.202.32.196 - - [16/Aug/2025:19:22:51 +0000] "GET /wp-includes/js/wp-emoji-release.min.js?ver=4.8.2 HTTP/1.1" 500 - "https://www.waybackmachinedownloader.com/" "Mozilla/5.0 (Windows NT 10.0; Win64; x64) AppleWebKit/537.36 (KHTML, like Gecko) Chrome/138.0.0.0 Safari/537.36"
160.202.32.196 - - [16/Aug/2025:19:22:52 +0000] "GET /?ai1ec_js_widget HTTP/1.1" 500 - "https://www.waybackmachinedownloader.com/" "Mozilla/5.0 (Windows NT 10.0; Win64; x64) AppleWebKit/537.36 (KHTML, like Gecko) Chrome/138.0.0.0 Safari/537.36"
40.77.167.65 - - [16/Aug/2025:19:23:00 +0000] "GET /index.php/edito/article/articles/articles/news/article/art356-investir-au-maroc-dans-de-l-immobilier-destine-a-la-retraite-aux-vacances-ou-aux-placements-voir-pour-les-trois-objectifs.html HTTP/1.1" 500 - "-" "Mozilla/5.0 AppleWebKit/537.36 (KHTML, like Gecko; compatible; bingbot/2.0; +http://www.bing.com/bingbot.htm) Chrome/116.0.1938.76 Safari/537.36"
2a03:2880:f800:17:: - - [16/Aug/2025:19:23:03 +0000] "GET /index.php/news/news/news/edito/edito/edito/edito/articles/news/news/article/article/article/article/news/article/articles/news/articles/articles/news/art399-ecrire-a-votre-depute.html HTTP/1.1" 500 - "-" "meta-externalagent/1.1 (+https://developers.facebook.com/docs/sharing/webmasters/crawler)"
160.202.32.196 - - [16/Aug/2025:19:23:06 +0000] "GET /wp-content/plugins/all-in-one-event-calendar/cache/64d0ac1c_ai1ec_parsed_css.css?ver=2.5.15 HTTP/1.1" 500 - "https://www.waybackmachinedownloader.com/" "Mozilla/5.0 (Windows NT 10.0; Win64; x64) AppleWebKit/537.36 (KHTML, like Gecko) Chrome/138.0.0.0 Safari/537.36"
160.202.32.196 - - [16/Aug/2025:19:23:06 +0000] "GET /wp-includes/js/wp-emoji-release.min.js?ver=4.8.2 HTTP/1.1" 500 - "https://www.waybackmachinedownloader.com/" "Mozilla/5.0 (Windows NT 10.0; Win64; x64) AppleWebKit/537.36 (KHTML, like Gecko) Chrome/138.0.0.0 Safari/537.36"
160.202.32.196 - - [16/Aug/2025:19:23:07 +0000] "GET /?ai1ec_js_widget HTTP/1.1" 500 - "https://www.waybackmachinedownloader.com/" "Mozilla/5.0 (Windows NT 10.0; Win64; x64) AppleWebKit/537.36 (KHTML, like Gecko) Chrome/138.0.0.0 Safari/537.36"
160.202.32.196 - - [16/Aug/2025:19:23:48 +0000] "GET /wp-content/plugins/all-in-one-event-calendar/cache/64d0ac1c_ai1ec_parsed_css.css?ver=2.5.15 HTTP/1.1" 500 - "https://www.waybackmachinedownloader.com/" "Mozilla/5.0 (Windows NT 10.0; Win64; x64) AppleWebKit/537.36 (KHTML, like Gecko) Chrome/138.0.0.0 Safari/537.36"
160.202.32.196 - - [16/Aug/2025:19:23:50 +0000] "GET /?ai1ec_js_widget HTTP/1.1" 500 - "https://www.waybackmachinedownloader.com/" "Mozilla/5.0 (Windows NT 10.0; Win64; x64) AppleWebKit/537.36 (KHTML, like Gecko) Chrome/138.0.0.0 Safari/537.36"
160.202.32.196 - - [16/Aug/2025:19:23:50 +0000] "GET /wp-includes/js/wp-emoji-release.min.js?ver=4.8.2 HTTP/1.1" 500 - "https://www.waybackmachinedownloader.com/" "Mozilla/5.0 (Windows NT 10.0; Win64; x64) AppleWebKit/537.36 (KHTML, like Gecko) Chrome/138.0.0.0 Safari/537.36"
160.202.32.196 - - [16/Aug/2025:19:23:51 +0000] "GET /wp-content/plugins/all-in-one-event-calendar/cache/64d0ac1c_ai1ec_parsed_css.css?ver=2.5.15 HTTP/1.1" 500 - "https://www.waybackmachinedownloader.com/" "Mozilla/5.0 (Windows NT 10.0; Win64; x64) AppleWebKit/537.36 (KHTML, like Gecko) Chrome/138.0.0.0 Safari/537.36"
160.202.32.196 - - [16/Aug/2025:19:23:52 +0000] "GET /wp-includes/js/wp-emoji-release.min.js?ver=4.8.2 HTTP/1.1" 500 - "https://www.waybackmachinedownloader.com/" "Mozilla/5.0 (Windows NT 10.0; Win64; x64) AppleWebKit/537.36 (KHTML, like Gecko) Chrome/138.0.0.0 Safari/537.36"
160.202.32.196 - - [16/Aug/2025:19:23:53 +0000] "GET /?ai1ec_js_widget HTTP/1.1" 500 - "https://www.waybackmachinedownloader.com/" "Mozilla/5.0 (Windows NT 10.0; Win64; x64) AppleWebKit/537.36 (KHTML, like Gecko) Chrome/138.0.0.0 Safari/537.36"
160.202.32.196 - - [16/Aug/2025:19:24:06 +0000] "GET /wp-content/plugins/all-in-one-event-calendar/cache/64d0ac1c_ai1ec_parsed_css.css?ver=2.5.15 HTTP/1.1" 500 - "https://www.waybackmachinedownloader.com/" "Mozilla/5.0 (Windows NT 10.0; Win64; x64) AppleWebKit/537.36 (KHTML, like Gecko) Chrome/138.0.0.0 Safari/537.36"
160.202.32.196 - - [16/Aug/2025:19:24:07 +0000] "GET /wp-includes/js/wp-emoji-release.min.js?ver=4.8.2 HTTP/1.1" 500 - "https://www.waybackmachinedownloader.com/" "Mozilla/5.0 (Windows NT 10.0; Win64; x64) AppleWebKit/537.36 (KHTML, like Gecko) Chrome/138.0.0.0 Safari/537.36"
160.202.32.196 - - [16/Aug/2025:19:24:07 +0000] "GET /?ai1ec_js_widget HTTP/1.1" 500 - "https://www.waybackmachinedownloader.com/" "Mozilla/5.0 (Windows NT 10.0; Win64; x64) AppleWebKit/537.36 (KHTML, like Gecko) Chrome/138.0.0.0 Safari/537.36"
160.202.32.196 - - [16/Aug/2025:19:24:21 +0000] "GET /wp-content/plugins/all-in-one-event-calendar/cache/64d0ac1c_ai1ec_parsed_css.css?ver=2.5.15 HTTP/1.1" 500 - "https://www.waybackmachinedownloader.com/" "Mozilla/5.0 (Windows NT 10.0; Win64; x64) AppleWebKit/537.36 (KHTML, like Gecko) Chrome/138.0.0.0 Safari/537.36"
160.202.32.196 - - [16/Aug/2025:19:24:22 +0000] "GET /wp-includes/js/wp-emoji-release.min.js?ver=4.8.2 HTTP/1.1" 500 - "https://www.waybackmachinedownloader.com/" "Mozilla/5.0 (Windows NT 10.0; Win64; x64) AppleWebKit/537.36 (KHTML, like Gecko) Chrome/138.0.0.0 Safari/537.36"
160.202.32.196 - - [16/Aug/2025:19:24:22 +0000] "GET /?ai1ec_js_widget HTTP/1.1" 500 - "https://www.waybackmachinedownloader.com/" "Mozilla/5.0 (Windows NT 10.0; Win64; x64) AppleWebKit/537.36 (KHTML, like Gecko) Chrome/138.0.0.0 Safari/537.36"
160.202.32.196 - - [16/Aug/2025:19:24:36 +0000] "GET /wp-content/plugins/all-in-one-event-calendar/cache/64d0ac1c_ai1ec_parsed_css.css?ver=2.5.15 HTTP/1.1" 500 - "https://www.waybackmachinedownloader.com/" "Mozilla/5.0 (Windows NT 10.0; Win64; x64) AppleWebKit/537.36 (KHTML, like Gecko) Chrome/138.0.0.0 Safari/537.36"
160.202.32.196 - - [16/Aug/2025:19:24:36 +0000] "GET /wp-includes/js/wp-emoji-release.min.js?ver=4.8.2 HTTP/1.1" 500 - "https://www.waybackmachinedownloader.com/" "Mozilla/5.0 (Windows NT 10.0; Win64; x64) AppleWebKit/537.36 (KHTML, like Gecko) Chrome/138.0.0.0 Safari/537.36"
160.202.32.196 - - [16/Aug/2025:19:24:37 +0000] "GET /?ai1ec_js_widget HTTP/1.1" 500 - "https://www.waybackmachinedownloader.com/" "Mozilla/5.0 (Windows NT 10.0; Win64; x64) AppleWebKit/537.36 (KHTML, like Gecko) Chrome/138.0.0.0 Safari/537.36"
40.77.167.47 - - [16/Aug/2025:19:24:47 +0000] "GET /index.php/articles/news/edito/articles/edito/news/article/art1027-assurance-chomage-pour-un-pret-immobilier-ou-rachat-de-credit.html HTTP/1.1" 500 - "-" "Mozilla/5.0 AppleWebKit/537.36 (KHTML, like Gecko; compatible; bingbot/2.0; +http://www.bing.com/bingbot.htm) Chrome/116.0.1938.76 Safari/537.36"
40.77.167.28 - - [16/Aug/2025:19:24:50 +0000] "GET /edito/art992-annee-2019-le-rachat-de-credit-est-toujours-d-actualite HTTP/1.1" 500 - "-" "Mozilla/5.0 AppleWebKit/537.36 (KHTML, like Gecko; compatible; bingbot/2.0; +http://www.bing.com/bingbot.htm) Chrome/116.0.1938.76 Safari/537.36"
160.202.32.196 - - [16/Aug/2025:19:24:51 +0000] "GET /wp-content/plugins/all-in-one-event-calendar/cache/64d0ac1c_ai1ec_parsed_css.css?ver=2.5.15 HTTP/1.1" 500 - "https://www.waybackmachinedownloader.com/" "Mozilla/5.0 (Windows NT 10.0; Win64; x64) AppleWebKit/537.36 (KHTML, like Gecko) Chrome/138.0.0.0 Safari/537.36"
160.202.32.196 - - [16/Aug/2025:19:24:51 +0000] "GET /wp-includes/js/wp-emoji-release.min.js?ver=4.8.2 HTTP/1.1" 500 - "https://www.waybackmachinedownloader.com/" "Mozilla/5.0 (Windows NT 10.0; Win64; x64) AppleWebKit/537.36 (KHTML, like Gecko) Chrome/138.0.0.0 Safari/537.36"
160.202.32.196 - - [16/Aug/2025:19:24:52 +0000] "GET /?ai1ec_js_widget HTTP/1.1" 500 - "https://www.waybackmachinedownloader.com/" "Mozilla/5.0 (Windows NT 10.0; Win64; x64) AppleWebKit/537.36 (KHTML, like Gecko) Chrome/138.0.0.0 Safari/537.36"
160.202.32.196 - - [16/Aug/2025:19:25:06 +0000] "GET /wp-content/plugins/all-in-one-event-calendar/cache/64d0ac1c_ai1ec_parsed_css.css?ver=2.5.15 HTTP/1.1" 500 - "https://www.waybackmachinedownloader.com/" "Mozilla/5.0 (Windows NT 10.0; Win64; x64) AppleWebKit/537.36 (KHTML, like Gecko) Chrome/138.0.0.0 Safari/537.36"
160.202.32.196 - - [16/Aug/2025:19:25:06 +0000] "GET /wp-includes/js/wp-emoji-release.min.js?ver=4.8.2 HTTP/1.1" 500 - "https://www.waybackmachinedownloader.com/" "Mozilla/5.0 (Windows NT 10.0; Win64; x64) AppleWebKit/537.36 (KHTML, like Gecko) Chrome/138.0.0.0 Safari/537.36"
160.202.32.196 - - [16/Aug/2025:19:25:07 +0000] "GET /?ai1ec_js_widget HTTP/1.1" 500 - "https://www.waybackmachinedownloader.com/" "Mozilla/5.0 (Windows NT 10.0; Win64; x64) AppleWebKit/537.36 (KHTML, like Gecko) Chrome/138.0.0.0 Safari/537.36"
160.202.32.196 - - [16/Aug/2025:19:25:21 +0000] "GET /wp-content/plugins/all-in-one-event-calendar/cache/64d0ac1c_ai1ec_parsed_css.css?ver=2.5.15 HTTP/1.1" 500 - "https://www.waybackmachinedownloader.com/" "Mozilla/5.0 (Windows NT 10.0; Win64; x64) AppleWebKit/537.36 (KHTML, like Gecko) Chrome/138.0.0.0 Safari/537.36"
160.202.32.196 - - [16/Aug/2025:19:25:21 +0000] "GET /wp-includes/js/wp-emoji-release.min.js?ver=4.8.2 HTTP/1.1" 500 - "https://www.waybackmachinedownloader.com/" "Mozilla/5.0 (Windows NT 10.0; Win64; x64) AppleWebKit/537.36 (KHTML, like Gecko) Chrome/138.0.0.0 Safari/537.36"
160.202.32.196 - - [16/Aug/2025:19:25:22 +0000] "GET /?ai1ec_js_widget HTTP/1.1" 500 - "https://www.waybackmachinedownloader.com/" "Mozilla/5.0 (Windows NT 10.0; Win64; x64) AppleWebKit/537.36 (KHTML, like Gecko) Chrome/138.0.0.0 Safari/537.36"
57.141.0.3 - - [16/Aug/2025:19:25:25 +0000] "GET /index.php/news/news/news/edito/edito/edito/edito/articles/news/news/article/news/article/article/news/edito/article/articles/article/articles/article/news/art717-le-rachat-de-credits-et-le-credit-entre-particulier.html HTTP/1.1" 500 - "-" "meta-externalagent/1.1 (+https://developers.facebook.com/docs/sharing/webmasters/crawler)"
160.202.32.196 - - [16/Aug/2025:19:25:48 +0000] "GET /wp-content/plugins/all-in-one-event-calendar/cache/64d0ac1c_ai1ec_parsed_css.css?ver=2.5.15 HTTP/1.1" 500 - "https://www.waybackmachinedownloader.com/" "Mozilla/5.0 (Windows NT 10.0; Win64; x64) AppleWebKit/537.36 (KHTML, like Gecko) Chrome/138.0.0.0 Safari/537.36"
160.202.32.196 - - [16/Aug/2025:19:25:49 +0000] "GET /wp-includes/js/wp-emoji-release.min.js?ver=4.8.2 HTTP/1.1" 500 - "https://www.waybackmachinedownloader.com/" "Mozilla/5.0 (Windows NT 10.0; Win64; x64) AppleWebKit/537.36 (KHTML, like Gecko) Chrome/138.0.0.0 Safari/537.36"
160.202.32.196 - - [16/Aug/2025:19:25:50 +0000] "GET /?ai1ec_js_widget HTTP/1.1" 500 - "https://www.waybackmachinedownloader.com/" "Mozilla/5.0 (Windows NT 10.0; Win64; x64) AppleWebKit/537.36 (KHTML, like Gecko) Chrome/138.0.0.0 Safari/537.36"
2a03:2880:f800:18:: - - [16/Aug/2025:19:26:23 +0000] "GET /index.php/news/news/news/edito/edito/edito/edito/articles/news/news/news/article/edito/article/articles/edito/edito/article/articles/news/article/art1223-anarque-sur-la-cryptomonnaie.html HTTP/1.1" 500 - "-" "meta-externalagent/1.1 (+https://developers.facebook.com/docs/sharing/webmasters/crawler)"
160.202.32.196 - - [16/Aug/2025:19:26:48 +0000] "GET /wp-content/plugins/all-in-one-event-calendar/cache/64d0ac1c_ai1ec_parsed_css.css?ver=2.5.15 HTTP/1.1" 500 - "https://www.waybackmachinedownloader.com/" "Mozilla/5.0 (Windows NT 10.0; Win64; x64) AppleWebKit/537.36 (KHTML, like Gecko) Chrome/138.0.0.0 Safari/537.36"
160.202.32.196 - - [16/Aug/2025:19:26:49 +0000] "GET /wp-includes/js/wp-emoji-release.min.js?ver=4.8.2 HTTP/1.1" 500 - "https://www.waybackmachinedownloader.com/" "Mozilla/5.0 (Windows NT 10.0; Win64; x64) AppleWebKit/537.36 (KHTML, like Gecko) Chrome/138.0.0.0 Safari/537.36"
160.202.32.196 - - [16/Aug/2025:19:26:50 +0000] "GET /?ai1ec_js_widget HTTP/1.1" 500 - "https://www.waybackmachinedownloader.com/" "Mozilla/5.0 (Windows NT 10.0; Win64; x64) AppleWebKit/537.36 (KHTML, like Gecko) Chrome/138.0.0.0 Safari/537.36"
160.202.32.196 - - [16/Aug/2025:19:27:48 +0000] "GET /wp-content/plugins/all-in-one-event-calendar/cache/64d0ac1c_ai1ec_parsed_css.css?ver=2.5.15 HTTP/1.1" 500 - "https://www.waybackmachinedownloader.com/" "Mozilla/5.0 (Windows NT 10.0; Win64; x64) AppleWebKit/537.36 (KHTML, like Gecko) Chrome/138.0.0.0 Safari/537.36"
160.202.32.196 - - [16/Aug/2025:19:27:49 +0000] "GET /wp-includes/js/wp-emoji-release.min.js?ver=4.8.2 HTTP/1.1" 500 - "https://www.waybackmachinedownloader.com/" "Mozilla/5.0 (Windows NT 10.0; Win64; x64) AppleWebKit/537.36 (KHTML, like Gecko) Chrome/138.0.0.0 Safari/537.36"
160.202.32.196 - - [16/Aug/2025:19:27:50 +0000] "GET /?ai1ec_js_widget HTTP/1.1" 500 - "https://www.waybackmachinedownloader.com/" "Mozilla/5.0 (Windows NT 10.0; Win64; x64) AppleWebKit/537.36 (KHTML, like Gecko) Chrome/138.0.0.0 Safari/537.36"
160.202.32.196 - - [16/Aug/2025:19:27:51 +0000] "GET /wp-content/plugins/all-in-one-event-calendar/cache/64d0ac1c_ai1ec_parsed_css.css?ver=2.5.15 HTTP/1.1" 500 - "https://www.waybackmachinedownloader.com/" "Mozilla/5.0 (Windows NT 10.0; Win64; x64) AppleWebKit/537.36 (KHTML, like Gecko) Chrome/138.0.0.0 Safari/537.36"
160.202.32.196 - - [16/Aug/2025:19:27:52 +0000] "GET /wp-includes/js/wp-emoji-release.min.js?ver=4.8.2 HTTP/1.1" 500 - "https://www.waybackmachinedownloader.com/" "Mozilla/5.0 (Windows NT 10.0; Win64; x64) AppleWebKit/537.36 (KHTML, like Gecko) Chrome/138.0.0.0 Safari/537.36"
160.202.32.196 - - [16/Aug/2025:19:27:52 +0000] "GET /?ai1ec_js_widget HTTP/1.1" 500 - "https://www.waybackmachinedownloader.com/" "Mozilla/5.0 (Windows NT 10.0; Win64; x64) AppleWebKit/537.36 (KHTML, like Gecko) Chrome/138.0.0.0 Safari/537.36"
160.202.32.196 - - [16/Aug/2025:19:28:06 +0000] "GET /wp-content/plugins/all-in-one-event-calendar/cache/64d0ac1c_ai1ec_parsed_css.css?ver=2.5.15 HTTP/1.1" 500 - "https://www.waybackmachinedownloader.com/" "Mozilla/5.0 (Windows NT 10.0; Win64; x64) AppleWebKit/537.36 (KHTML, like Gecko) Chrome/138.0.0.0 Safari/537.36"
160.202.32.196 - - [16/Aug/2025:19:28:06 +0000] "GET /wp-includes/js/wp-emoji-release.min.js?ver=4.8.2 HTTP/1.1" 500 - "https://www.waybackmachinedownloader.com/" "Mozilla/5.0 (Windows NT 10.0; Win64; x64) AppleWebKit/537.36 (KHTML, like Gecko) Chrome/138.0.0.0 Safari/537.36"
160.202.32.196 - - [16/Aug/2025:19:28:07 +0000] "GET /?ai1ec_js_widget HTTP/1.1" 500 - "https://www.waybackmachinedownloader.com/" "Mozilla/5.0 (Windows NT 10.0; Win64; x64) AppleWebKit/537.36 (KHTML, like Gecko) Chrome/138.0.0.0 Safari/537.36"
40.77.167.4 - - [16/Aug/2025:19:28:14 +0000] "GET /index.php/edito/article/articles/news/edito/articles/news/art745-l-eco-pret-a-taux-zero-pour-l-habitat-collectif.html HTTP/1.1" 500 - "-" "Mozilla/5.0 AppleWebKit/537.36 (KHTML, like Gecko; compatible; bingbot/2.0; +http://www.bing.com/bingbot.htm) Chrome/116.0.1938.76 Safari/537.36"
160.202.32.196 - - [16/Aug/2025:19:28:21 +0000] "GET /wp-content/plugins/all-in-one-event-calendar/cache/64d0ac1c_ai1ec_parsed_css.css?ver=2.5.15 HTTP/1.1" 500 - "https://www.waybackmachinedownloader.com/" "Mozilla/5.0 (Windows NT 10.0; Win64; x64) AppleWebKit/537.36 (KHTML, like Gecko) Chrome/138.0.0.0 Safari/537.36"
160.202.32.196 - - [16/Aug/2025:19:28:22 +0000] "GET /wp-includes/js/wp-emoji-release.min.js?ver=4.8.2 HTTP/1.1" 500 - "https://www.waybackmachinedownloader.com/" "Mozilla/5.0 (Windows NT 10.0; Win64; x64) AppleWebKit/537.36 (KHTML, like Gecko) Chrome/138.0.0.0 Safari/537.36"
160.202.32.196 - - [16/Aug/2025:19:28:22 +0000] "GET /?ai1ec_js_widget HTTP/1.1" 500 - "https://www.waybackmachinedownloader.com/" "Mozilla/5.0 (Windows NT 10.0; Win64; x64) AppleWebKit/537.36 (KHTML, like Gecko) Chrome/138.0.0.0 Safari/537.36"
160.202.32.196 - - [16/Aug/2025:19:28:36 +0000] "GET /wp-content/plugins/all-in-one-event-calendar/cache/64d0ac1c_ai1ec_parsed_css.css?ver=2.5.15 HTTP/1.1" 500 - "https://www.waybackmachinedownloader.com/" "Mozilla/5.0 (Windows NT 10.0; Win64; x64) AppleWebKit/537.36 (KHTML, like Gecko) Chrome/138.0.0.0 Safari/537.36"
160.202.32.196 - - [16/Aug/2025:19:28:36 +0000] "GET /wp-includes/js/wp-emoji-release.min.js?ver=4.8.2 HTTP/1.1" 500 - "https://www.waybackmachinedownloader.com/" "Mozilla/5.0 (Windows NT 10.0; Win64; x64) AppleWebKit/537.36 (KHTML, like Gecko) Chrome/138.0.0.0 Safari/537.36"
160.202.32.196 - - [16/Aug/2025:19:28:37 +0000] "GET /?ai1ec_js_widget HTTP/1.1" 500 - "https://www.waybackmachinedownloader.com/" "Mozilla/5.0 (Windows NT 10.0; Win64; x64) AppleWebKit/537.36 (KHTML, like Gecko) Chrome/138.0.0.0 Safari/537.36"
160.202.32.196 - - [16/Aug/2025:19:28:51 +0000] "GET /wp-content/plugins/all-in-one-event-calendar/cache/64d0ac1c_ai1ec_parsed_css.css?ver=2.5.15 HTTP/1.1" 500 - "https://www.waybackmachinedownloader.com/" "Mozilla/5.0 (Windows NT 10.0; Win64; x64) AppleWebKit/537.36 (KHTML, like Gecko) Chrome/138.0.0.0 Safari/537.36"
160.202.32.196 - - [16/Aug/2025:19:28:52 +0000] "GET /wp-includes/js/wp-emoji-release.min.js?ver=4.8.2 HTTP/1.1" 500 - "https://www.waybackmachinedownloader.com/" "Mozilla/5.0 (Windows NT 10.0; Win64; x64) AppleWebKit/537.36 (KHTML, like Gecko) Chrome/138.0.0.0 Safari/537.36"
160.202.32.196 - - [16/Aug/2025:19:28:52 +0000] "GET /?ai1ec_js_widget HTTP/1.1" 500 - "https://www.waybackmachinedownloader.com/" "Mozilla/5.0 (Windows NT 10.0; Win64; x64) AppleWebKit/537.36 (KHTML, like Gecko) Chrome/138.0.0.0 Safari/537.36"
2a03:2880:f800:1c:: - - [16/Aug/2025:19:29:44 +0000] "GET /index.php/news/news/news/edito/edito/edito/edito/articles/news/article/news/article/articles/news/article/articles/news/article/article/articles/news/article/edito/art789-l-annee-2012-sera-t-elle-bonne-pour-notre-economie-les-finances-nos-budgets-et-nos-credits.html HTTP/1.1" 500 - "-" "meta-externalagent/1.1 (+https://developers.facebook.com/docs/sharing/webmasters/crawler)"
160.202.32.196 - - [16/Aug/2025:19:29:48 +0000] "GET /wp-content/plugins/all-in-one-event-calendar/cache/64d0ac1c_ai1ec_parsed_css.css?ver=2.5.15 HTTP/1.1" 500 - "https://www.waybackmachinedownloader.com/" "Mozilla/5.0 (Windows NT 10.0; Win64; x64) AppleWebKit/537.36 (KHTML, like Gecko) Chrome/138.0.0.0 Safari/537.36"
160.202.32.196 - - [16/Aug/2025:19:29:49 +0000] "GET /wp-includes/js/wp-emoji-release.min.js?ver=4.8.2 HTTP/1.1" 500 - "https://www.waybackmachinedownloader.com/" "Mozilla/5.0 (Windows NT 10.0; Win64; x64) AppleWebKit/537.36 (KHTML, like Gecko) Chrome/138.0.0.0 Safari/537.36"
160.202.32.196 - - [16/Aug/2025:19:29:50 +0000] "GET /?ai1ec_js_widget HTTP/1.1" 500 - "https://www.waybackmachinedownloader.com/" "Mozilla/5.0 (Windows NT 10.0; Win64; x64) AppleWebKit/537.36 (KHTML, like Gecko) Chrome/138.0.0.0 Safari/537.36"
160.202.32.196 - - [16/Aug/2025:19:30:48 +0000] "GET /wp-content/plugins/all-in-one-event-calendar/cache/64d0ac1c_ai1ec_parsed_css.css?ver=2.5.15 HTTP/1.1" 500 - "https://www.waybackmachinedownloader.com/" "Mozilla/5.0 (Windows NT 10.0; Win64; x64) AppleWebKit/537.36 (KHTML, like Gecko) Chrome/138.0.0.0 Safari/537.36"
160.202.32.196 - - [16/Aug/2025:19:30:49 +0000] "GET /wp-includes/js/wp-emoji-release.min.js?ver=4.8.2 HTTP/1.1" 500 - "https://www.waybackmachinedownloader.com/" "Mozilla/5.0 (Windows NT 10.0; Win64; x64) AppleWebKit/537.36 (KHTML, like Gecko) Chrome/138.0.0.0 Safari/537.36"
160.202.32.196 - - [16/Aug/2025:19:30:49 +0000] "GET /?ai1ec_js_widget HTTP/1.1" 500 - "https://www.waybackmachinedownloader.com/" "Mozilla/5.0 (Windows NT 10.0; Win64; x64) AppleWebKit/537.36 (KHTML, like Gecko) Chrome/138.0.0.0 Safari/537.36"
2a03:2880:f800:4:: - - [16/Aug/2025:19:30:50 +0000] "GET /index.php/news/news/news/edito/edito/edito/edito/articles/news/article/news/article/article/articles/news/article/article/articles/article/news/news/article/edito/article/art356-investir-au-maroc-dans-de-l-immobilier-destine-a-la-retraite-aux-vacances-ou-aux-placements-voir-pour-les-trois-objectifs.html HTTP/1.1" 500 - "-" "meta-externalagent/1.1 (+https://developers.facebook.com/docs/sharing/webmasters/crawler)"
160.202.32.196 - - [16/Aug/2025:19:31:48 +0000] "GET /wp-content/plugins/all-in-one-event-calendar/cache/64d0ac1c_ai1ec_parsed_css.css?ver=2.5.15 HTTP/1.1" 500 - "https://www.waybackmachinedownloader.com/" "Mozilla/5.0 (Windows NT 10.0; Win64; x64) AppleWebKit/537.36 (KHTML, like Gecko) Chrome/138.0.0.0 Safari/537.36"
160.202.32.196 - - [16/Aug/2025:19:31:49 +0000] "GET /wp-includes/js/wp-emoji-release.min.js?ver=4.8.2 HTTP/1.1" 500 - "https://www.waybackmachinedownloader.com/" "Mozilla/5.0 (Windows NT 10.0; Win64; x64) AppleWebKit/537.36 (KHTML, like Gecko) Chrome/138.0.0.0 Safari/537.36"
160.202.32.196 - - [16/Aug/2025:19:31:50 +0000] "GET /?ai1ec_js_widget HTTP/1.1" 500 - "https://www.waybackmachinedownloader.com/" "Mozilla/5.0 (Windows NT 10.0; Win64; x64) AppleWebKit/537.36 (KHTML, like Gecko) Chrome/138.0.0.0 Safari/537.36"
2a03:2880:f800:b:: - - [16/Aug/2025:19:31:56 +0000] "GET /index.php/article/article/article/news/news/news/article/article/article/article/news/news/article/news/article/article/news/article/article/news/news/news/news/edito/news/art851-a-quand-la-vente-de-tabac-dans-les-banques.html HTTP/1.1" 500 - "-" "meta-externalagent/1.1 (+https://developers.facebook.com/docs/sharing/webmasters/crawler)"
160.202.32.196 - - [16/Aug/2025:19:32:48 +0000] "GET /wp-content/plugins/all-in-one-event-calendar/cache/64d0ac1c_ai1ec_parsed_css.css?ver=2.5.15 HTTP/1.1" 500 - "https://www.waybackmachinedownloader.com/" "Mozilla/5.0 (Windows NT 10.0; Win64; x64) AppleWebKit/537.36 (KHTML, like Gecko) Chrome/138.0.0.0 Safari/537.36"
160.202.32.196 - - [16/Aug/2025:19:32:49 +0000] "GET /wp-includes/js/wp-emoji-release.min.js?ver=4.8.2 HTTP/1.1" 500 - "https://www.waybackmachinedownloader.com/" "Mozilla/5.0 (Windows NT 10.0; Win64; x64) AppleWebKit/537.36 (KHTML, like Gecko) Chrome/138.0.0.0 Safari/537.36"
160.202.32.196 - - [16/Aug/2025:19:32:50 +0000] "GET /?ai1ec_js_widget HTTP/1.1" 500 - "https://www.waybackmachinedownloader.com/" "Mozilla/5.0 (Windows NT 10.0; Win64; x64) AppleWebKit/537.36 (KHTML, like Gecko) Chrome/138.0.0.0 Safari/537.36"
2a03:2880:f800:1d:: - - [16/Aug/2025:19:33:03 +0000] "GET /index.php/news/news/news/edito/edito/edito/edito/articles/news/news/edito/article/article/article/news/article/news/edito/edito/article/article/article/edito/cartefr.php HTTP/1.1" 500 - "-" "meta-externalagent/1.1 (+https://developers.facebook.com/docs/sharing/webmasters/crawler)"
160.202.32.196 - - [16/Aug/2025:19:33:48 +0000] "GET /wp-content/plugins/all-in-one-event-calendar/cache/64d0ac1c_ai1ec_parsed_css.css?ver=2.5.15 HTTP/1.1" 500 - "https://www.waybackmachinedownloader.com/" "Mozilla/5.0 (Windows NT 10.0; Win64; x64) AppleWebKit/537.36 (KHTML, like Gecko) Chrome/138.0.0.0 Safari/537.36"
160.202.32.196 - - [16/Aug/2025:19:33:49 +0000] "GET /wp-includes/js/wp-emoji-release.min.js?ver=4.8.2 HTTP/1.1" 500 - "https://www.waybackmachinedownloader.com/" "Mozilla/5.0 (Windows NT 10.0; Win64; x64) AppleWebKit/537.36 (KHTML, like Gecko) Chrome/138.0.0.0 Safari/537.36"
160.202.32.196 - - [16/Aug/2025:19:33:50 +0000] "GET /?ai1ec_js_widget HTTP/1.1" 500 - "https://www.waybackmachinedownloader.com/" "Mozilla/5.0 (Windows NT 10.0; Win64; x64) AppleWebKit/537.36 (KHTML, like Gecko) Chrome/138.0.0.0 Safari/537.36"
2a03:2880:f800:d:: - - [16/Aug/2025:19:34:10 +0000] "GET /index.php/news/news/news/edito/edito/edito/edito/articles/news/article/news/article/article/news/article/articles/article/articles/news/articles/edito/articles/news/french.php HTTP/1.1" 500 - "-" "meta-externalagent/1.1 (+https://developers.facebook.com/docs/sharing/webmasters/crawler)"
160.202.32.196 - - [16/Aug/2025:19:34:48 +0000] "GET /wp-content/plugins/all-in-one-event-calendar/cache/64d0ac1c_ai1ec_parsed_css.css?ver=2.5.15 HTTP/1.1" 500 - "https://www.waybackmachinedownloader.com/" "Mozilla/5.0 (Windows NT 10.0; Win64; x64) AppleWebKit/537.36 (KHTML, like Gecko) Chrome/138.0.0.0 Safari/537.36"
160.202.32.196 - - [16/Aug/2025:19:34:49 +0000] "GET /wp-includes/js/wp-emoji-release.min.js?ver=4.8.2 HTTP/1.1" 500 - "https://www.waybackmachinedownloader.com/" "Mozilla/5.0 (Windows NT 10.0; Win64; x64) AppleWebKit/537.36 (KHTML, like Gecko) Chrome/138.0.0.0 Safari/537.36"
160.202.32.196 - - [16/Aug/2025:19:34:50 +0000] "GET /?ai1ec_js_widget HTTP/1.1" 500 - "https://www.waybackmachinedownloader.com/" "Mozilla/5.0 (Windows NT 10.0; Win64; x64) AppleWebKit/537.36 (KHTML, like Gecko) Chrome/138.0.0.0 Safari/537.36"
2a03:2880:f800:1d:: - - [16/Aug/2025:19:35:17 +0000] "GET /index.php/article/article/article/news/news/news/article/article/article/edito/news/edito/article/article/news/edito/article/article/news/article/edito/article/article/news/art399-ecrire-a-votre-depute.html HTTP/1.1" 500 - "-" "meta-externalagent/1.1 (+https://developers.facebook.com/docs/sharing/webmasters/crawler)"
160.202.32.196 - - [16/Aug/2025:19:35:48 +0000] "GET /wp-content/plugins/all-in-one-event-calendar/cache/64d0ac1c_ai1ec_parsed_css.css?ver=2.5.15 HTTP/1.1" 500 - "https://www.waybackmachinedownloader.com/" "Mozilla/5.0 (Windows NT 10.0; Win64; x64) AppleWebKit/537.36 (KHTML, like Gecko) Chrome/138.0.0.0 Safari/537.36"
160.202.32.196 - - [16/Aug/2025:19:35:49 +0000] "GET /wp-includes/js/wp-emoji-release.min.js?ver=4.8.2 HTTP/1.1" 500 - "https://www.waybackmachinedownloader.com/" "Mozilla/5.0 (Windows NT 10.0; Win64; x64) AppleWebKit/537.36 (KHTML, like Gecko) Chrome/138.0.0.0 Safari/537.36"
160.202.32.196 - - [16/Aug/2025:19:35:49 +0000] "GET /?ai1ec_js_widget HTTP/1.1" 500 - "https://www.waybackmachinedownloader.com/" "Mozilla/5.0 (Windows NT 10.0; Win64; x64) AppleWebKit/537.36 (KHTML, like Gecko) Chrome/138.0.0.0 Safari/537.36"
40.77.167.4 - - [16/Aug/2025:19:36:04 +0000] "GET /index.php/edito/news/articles/articles/news/article/edito/art992-annee-2019-le-rachat-de-credit-est-toujours-d-actualite.html HTTP/1.1" 500 - "-" "Mozilla/5.0 AppleWebKit/537.36 (KHTML, like Gecko; compatible; bingbot/2.0; +http://www.bing.com/bingbot.htm) Chrome/116.0.1938.76 Safari/537.36"
52.167.144.204 - - [16/Aug/2025:19:36:23 +0000] "GET /index.php/article/articles/news/art152-baisse-des-taux-de-tva-sur-la-restauration.html HTTP/1.1" 500 - "-" "Mozilla/5.0 AppleWebKit/537.36 (KHTML, like Gecko; compatible; bingbot/2.0; +http://www.bing.com/bingbot.htm) Chrome/116.0.1938.76 Safari/537.36"
2a03:2880:f800:e:: - - [16/Aug/2025:19:36:24 +0000] "GET /index.php/article/article/article/news/news/news/article/article/article/article/news/news/article/article/article/article/edito/article/articles/article/articles/edito/article/news/article/edito/art789-l-annee-2012-sera-t-elle-bonne-pour-notre-economie-les-finances-nos-budgets-et-nos-credits.html HTTP/1.1" 500 - "-" "meta-externalagent/1.1 (+https://developers.facebook.com/docs/sharing/webmasters/crawler)"
160.202.32.196 - - [16/Aug/2025:19:36:48 +0000] "GET /wp-content/plugins/all-in-one-event-calendar/cache/64d0ac1c_ai1ec_parsed_css.css?ver=2.5.15 HTTP/1.1" 500 - "https://www.waybackmachinedownloader.com/" "Mozilla/5.0 (Windows NT 10.0; Win64; x64) AppleWebKit/537.36 (KHTML, like Gecko) Chrome/138.0.0.0 Safari/537.36"
160.202.32.196 - - [16/Aug/2025:19:36:49 +0000] "GET /wp-includes/js/wp-emoji-release.min.js?ver=4.8.2 HTTP/1.1" 500 - "https://www.waybackmachinedownloader.com/" "Mozilla/5.0 (Windows NT 10.0; Win64; x64) AppleWebKit/537.36 (KHTML, like Gecko) Chrome/138.0.0.0 Safari/537.36"
160.202.32.196 - - [16/Aug/2025:19:36:50 +0000] "GET /?ai1ec_js_widget HTTP/1.1" 500 - "https://www.waybackmachinedownloader.com/" "Mozilla/5.0 (Windows NT 10.0; Win64; x64) AppleWebKit/537.36 (KHTML, like Gecko) Chrome/138.0.0.0 Safari/537.36"
