52.167.144.20 - - [16/Aug/2025:18:57:23 +0000] "GET /index.php/news/article/article/articles/news/art960-courtier-immobilier-et-courtier-en-rachat-de-credit-sur-haute-savoie-et-rhone-alpes.html HTTP/1.1" 500 - "-" "Mozilla/5.0 AppleWebKit/537.36 (KHTML, like Gecko; compatible; bingbot/2.0; +http://www.bing.com/bingbot.htm) Chrome/116.0.1938.76 Safari/537.36"
2620:0:9c0:4:: - - [16/Aug/2025:18:57:37 +0000] "GET /images/star.png HTTP/1.1" 500 - "-" "Mozilla/5.0 (Macintosh; Intel Mac OS X 10_15_7) AppleWebKit/537.36 (KHTML, like Gecko) Chrome/130.0.0.0 Safari/537.36"
57.141.0.21 - - [16/Aug/2025:18:57:38 +0000] "GET /index.php/news/news/news/edito/edito/edito/edito/articles/news/news/article/edito/article/edito/articles/news/articles/edito/news/news/article/article/art827-l-association-arc-aide-au-rachat-de-credits-sur-facebook.html HTTP/1.1" 500 - "-" "meta-externalagent/1.1 (+https://developers.facebook.com/docs/sharing/webmasters/crawler)"
52.167.144.174 - - [16/Aug/2025:18:57:42 +0000] "GET /index.php/edito/article/edito/news/art1234-effondrement-du-bitcoin.html HTTP/1.1" 500 - "-" "Mozilla/5.0 AppleWebKit/537.36 (KHTML, like Gecko; compatible; bingbot/2.0; +http://www.bing.com/bingbot.htm) Chrome/116.0.1938.76 Safari/537.36"
160.202.32.196 - - [16/Aug/2025:18:57:48 +0000] "GET /wp-content/plugins/all-in-one-event-calendar/cache/64d0ac1c_ai1ec_parsed_css.css?ver=2.5.15 HTTP/1.1" 500 - "https://www.waybackmachinedownloader.com/" "Mozilla/5.0 (Windows NT 10.0; Win64; x64) AppleWebKit/537.36 (KHTML, like Gecko) Chrome/138.0.0.0 Safari/537.36"
160.202.32.196 - - [16/Aug/2025:18:57:50 +0000] "GET /wp-includes/js/jquery/ui/core.min.js?ver=1.11.4 HTTP/1.1" 500 - "https://www.waybackmachinedownloader.com/" "Mozilla/5.0 (Windows NT 10.0; Win64; x64) AppleWebKit/537.36 (KHTML, like Gecko) Chrome/138.0.0.0 Safari/537.36"
160.202.32.196 - - [16/Aug/2025:18:57:51 +0000] "GET /wp-includes/js/jquery/ui/mouse.min.js?ver=1.11.4 HTTP/1.1" 500 - "https://www.waybackmachinedownloader.com/" "Mozilla/5.0 (Windows NT 10.0; Win64; x64) AppleWebKit/537.36 (KHTML, like Gecko) Chrome/138.0.0.0 Safari/537.36"
160.202.32.196 - - [16/Aug/2025:18:57:51 +0000] "GET /wp-includes/js/jquery/ui/slider.min.js?ver=1.11.4 HTTP/1.1" 500 - "https://www.waybackmachinedownloader.com/" "Mozilla/5.0 (Windows NT 10.0; Win64; x64) AppleWebKit/537.36 (KHTML, like Gecko) Chrome/138.0.0.0 Safari/537.36"
160.202.32.196 - - [16/Aug/2025:18:57:51 +0000] "GET /wp-includes/js/jquery/ui/button.min.js?ver=1.11.4 HTTP/1.1" 500 - "https://www.waybackmachinedownloader.com/" "Mozilla/5.0 (Windows NT 10.0; Win64; x64) AppleWebKit/537.36 (KHTML, like Gecko) Chrome/138.0.0.0 Safari/537.36"
160.202.32.196 - - [16/Aug/2025:18:57:52 +0000] "GET /wp-includes/js/jquery/ui/spinner.min.js?ver=1.11.4 HTTP/1.1" 500 - "https://www.waybackmachinedownloader.com/" "Mozilla/5.0 (Windows NT 10.0; Win64; x64) AppleWebKit/537.36 (KHTML, like Gecko) Chrome/138.0.0.0 Safari/537.36"
160.202.32.196 - - [16/Aug/2025:18:57:52 +0000] "GET /wp-includes/js/jquery/ui/effect.min.js?ver=1.11.4 HTTP/1.1" 500 - "https://www.waybackmachinedownloader.com/" "Mozilla/5.0 (Windows NT 10.0; Win64; x64) AppleWebKit/537.36 (KHTML, like Gecko) Chrome/138.0.0.0 Safari/537.36"
160.202.32.196 - - [16/Aug/2025:18:57:52 +0000] "GET /wp-includes/js/jquery/ui/effect-shake.min.js?ver=1.11.4 HTTP/1.1" 500 - "https://www.waybackmachinedownloader.com/" "Mozilla/5.0 (Windows NT 10.0; Win64; x64) AppleWebKit/537.36 (KHTML, like Gecko) Chrome/138.0.0.0 Safari/537.36"
160.202.32.196 - - [16/Aug/2025:18:57:53 +0000] "GET /wp-includes/js/jquery/ui/datepicker.min.js?ver=1.11.4 HTTP/1.1" 500 - "https://www.waybackmachinedownloader.com/" "Mozilla/5.0 (Windows NT 10.0; Win64; x64) AppleWebKit/537.36 (KHTML, like Gecko) Chrome/138.0.0.0 Safari/537.36"
160.202.32.196 - - [16/Aug/2025:18:57:53 +0000] "GET /wp-content/plugins/responsive-accordion-and-collapse/js/bootstrap.js?ver=4.8.2 HTTP/1.1" 500 - "https://www.waybackmachinedownloader.com/" "Mozilla/5.0 (Windows NT 10.0; Win64; x64) AppleWebKit/537.36 (KHTML, like Gecko) Chrome/138.0.0.0 Safari/537.36"
160.202.32.196 - - [16/Aug/2025:18:57:53 +0000] "GET /wp-content/plugins/responsive-accordion-and-collapse/js/accordion.js?ver=4.8.2 HTTP/1.1" 500 - "https://www.waybackmachinedownloader.com/" "Mozilla/5.0 (Windows NT 10.0; Win64; x64) AppleWebKit/537.36 (KHTML, like Gecko) Chrome/138.0.0.0 Safari/537.36"
160.202.32.196 - - [16/Aug/2025:18:57:53 +0000] "GET /wp-content/plugins/woocommerce/assets/js/frontend/add-to-cart.min.js?ver=3.0.3 HTTP/1.1" 500 - "https://www.waybackmachinedownloader.com/" "Mozilla/5.0 (Windows NT 10.0; Win64; x64) AppleWebKit/537.36 (KHTML, like Gecko) Chrome/138.0.0.0 Safari/537.36"
160.202.32.196 - - [16/Aug/2025:18:57:54 +0000] "GET /wp-content/plugins/woocommerce/assets/js/jquery-blockui/jquery.blockUI.min.js?ver=2.70 HTTP/1.1" 500 - "https://www.waybackmachinedownloader.com/" "Mozilla/5.0 (Windows NT 10.0; Win64; x64) AppleWebKit/537.36 (KHTML, like Gecko) Chrome/138.0.0.0 Safari/537.36"
160.202.32.196 - - [16/Aug/2025:18:57:54 +0000] "GET /wp-content/plugins/woocommerce/assets/js/js-cookie/js.cookie.min.js?ver=2.1.3 HTTP/1.1" 500 - "https://www.waybackmachinedownloader.com/" "Mozilla/5.0 (Windows NT 10.0; Win64; x64) AppleWebKit/537.36 (KHTML, like Gecko) Chrome/138.0.0.0 Safari/537.36"
160.202.32.196 - - [16/Aug/2025:18:57:54 +0000] "GET /wp-content/plugins/woocommerce/assets/js/frontend/woocommerce.min.js?ver=3.0.3 HTTP/1.1" 500 - "https://www.waybackmachinedownloader.com/" "Mozilla/5.0 (Windows NT 10.0; Win64; x64) AppleWebKit/537.36 (KHTML, like Gecko) Chrome/138.0.0.0 Safari/537.36"
160.202.32.196 - - [16/Aug/2025:18:57:55 +0000] "GET /wp-content/plugins/woocommerce/assets/js/frontend/cart-fragments.min.js?ver=3.0.3 HTTP/1.1" 500 - "https://www.waybackmachinedownloader.com/" "Mozilla/5.0 (Windows NT 10.0; Win64; x64) AppleWebKit/537.36 (KHTML, like Gecko) Chrome/138.0.0.0 Safari/537.36"
160.202.32.196 - - [16/Aug/2025:18:57:55 +0000] "GET /wp-content/plugins/custom-sidebars/inc/external/wpmu-lib/js/wpmu-ui.3.min.js?ver=4.8.2 HTTP/1.1" 500 - "https://www.waybackmachinedownloader.com/" "Mozilla/5.0 (Windows NT 10.0; Win64; x64) AppleWebKit/537.36 (KHTML, like Gecko) Chrome/138.0.0.0 Safari/537.36"
160.202.32.196 - - [16/Aug/2025:18:57:55 +0000] "GET /wp-includes/js/wp-embed.min.js?ver=4.8.2 HTTP/1.1" 500 - "https://www.waybackmachinedownloader.com/" "Mozilla/5.0 (Windows NT 10.0; Win64; x64) AppleWebKit/537.36 (KHTML, like Gecko) Chrome/138.0.0.0 Safari/537.36"
160.202.32.196 - - [16/Aug/2025:18:57:55 +0000] "GET /wp-content/plugins/ml-slider/assets/sliders/nivoslider/jquery.nivo.slider.pack.js?ver=3.5 HTTP/1.1" 500 - "https://www.waybackmachinedownloader.com/" "Mozilla/5.0 (Windows NT 10.0; Win64; x64) AppleWebKit/537.36 (KHTML, like Gecko) Chrome/138.0.0.0 Safari/537.36"
160.202.32.196 - - [16/Aug/2025:18:57:56 +0000] "GET /wp-content/plugins/wp-logo-showcase-responsive-slider-slider/assets/js/slick.min.js?ver=1.2.6 HTTP/1.1" 500 - "https://www.waybackmachinedownloader.com/" "Mozilla/5.0 (Windows NT 10.0; Win64; x64) AppleWebKit/537.36 (KHTML, like Gecko) Chrome/138.0.0.0 Safari/537.36"
160.202.32.196 - - [16/Aug/2025:18:57:59 +0000] "GET /wp-includes/js/wp-emoji-release.min.js?ver=4.8.2 HTTP/1.1" 500 - "https://www.waybackmachinedownloader.com/" "Mozilla/5.0 (Windows NT 10.0; Win64; x64) AppleWebKit/537.36 (KHTML, like Gecko) Chrome/138.0.0.0 Safari/537.36"
160.202.32.196 - - [16/Aug/2025:18:57:59 +0000] "GET /?ai1ec_js_widget HTTP/1.1" 500 - "https://www.waybackmachinedownloader.com/" "Mozilla/5.0 (Windows NT 10.0; Win64; x64) AppleWebKit/537.36 (KHTML, like Gecko) Chrome/138.0.0.0 Safari/537.36"
52.167.144.174 - - [16/Aug/2025:18:58:24 +0000] "GET /index.php/news/edito/news/edito/article/articles/article/art479-rapport-boulmier-sur-l-amelioration-de-l-habitat-des-personnes-agees.html HTTP/1.1" 500 - "-" "Mozilla/5.0 AppleWebKit/537.36 (KHTML, like Gecko; compatible; bingbot/2.0; +http://www.bing.com/bingbot.htm) Chrome/116.0.1938.76 Safari/537.36"
40.77.167.48 - - [16/Aug/2025:18:58:42 +0000] "GET /index.php/articles/article/news/articles/edito/news/edito/art985-recherche-un-rachat-de-credit-au-meilleur-taux-connaissez-vous-votre-teg.html HTTP/1.1" 500 - "-" "Mozilla/5.0 AppleWebKit/537.36 (KHTML, like Gecko; compatible; bingbot/2.0; +http://www.bing.com/bingbot.htm) Chrome/116.0.1938.76 Safari/537.36"
57.141.0.16 - - [16/Aug/2025:18:58:44 +0000] "GET /index.php/news/news/news/edito/edito/edito/edito/articles/news/news/edito/article/article/article/edito/article/edito/articles/news/articles/articles/article/art1102-xelliss-et-la-sante-cellulaire-et-financiere.html HTTP/1.1" 500 - "-" "meta-externalagent/1.1 (+https://developers.facebook.com/docs/sharing/webmasters/crawler)"
160.202.32.196 - - [16/Aug/2025:18:58:48 +0000] "GET /wp-content/plugins/all-in-one-event-calendar/cache/64d0ac1c_ai1ec_parsed_css.css?ver=2.5.15 HTTP/1.1" 500 - "https://www.waybackmachinedownloader.com/" "Mozilla/5.0 (Windows NT 10.0; Win64; x64) AppleWebKit/537.36 (KHTML, like Gecko) Chrome/138.0.0.0 Safari/537.36"
160.202.32.196 - - [16/Aug/2025:18:58:51 +0000] "GET /wp-includes/js/wp-embed.min.js?ver=4.8.2 HTTP/1.1" 500 - "https://www.waybackmachinedownloader.com/" "Mozilla/5.0 (Windows NT 10.0; Win64; x64) AppleWebKit/537.36 (KHTML, like Gecko) Chrome/138.0.0.0 Safari/537.36"
160.202.32.196 - - [16/Aug/2025:18:58:51 +0000] "GET /wp-content/plugins/ml-slider/assets/sliders/nivoslider/jquery.nivo.slider.pack.js?ver=3.5 HTTP/1.1" 500 - "https://www.waybackmachinedownloader.com/" "Mozilla/5.0 (Windows NT 10.0; Win64; x64) AppleWebKit/537.36 (KHTML, like Gecko) Chrome/138.0.0.0 Safari/537.36"
160.202.32.196 - - [16/Aug/2025:18:58:52 +0000] "GET /wp-content/plugins/wp-logo-showcase-responsive-slider-slider/assets/js/slick.min.js?ver=1.2.6 HTTP/1.1" 500 - "https://www.waybackmachinedownloader.com/" "Mozilla/5.0 (Windows NT 10.0; Win64; x64) AppleWebKit/537.36 (KHTML, like Gecko) Chrome/138.0.0.0 Safari/537.36"
160.202.32.196 - - [16/Aug/2025:18:58:52 +0000] "GET /wp-includes/js/wp-emoji-release.min.js?ver=4.8.2 HTTP/1.1" 500 - "https://www.waybackmachinedownloader.com/" "Mozilla/5.0 (Windows NT 10.0; Win64; x64) AppleWebKit/537.36 (KHTML, like Gecko) Chrome/138.0.0.0 Safari/537.36"
160.202.32.196 - - [16/Aug/2025:18:58:53 +0000] "GET /?ai1ec_js_widget HTTP/1.1" 500 - "https://www.waybackmachinedownloader.com/" "Mozilla/5.0 (Windows NT 10.0; Win64; x64) AppleWebKit/537.36 (KHTML, like Gecko) Chrome/138.0.0.0 Safari/537.36"
207.241.225.61 - - [16/Aug/2025:18:59:21 +0000] "GET /wp-includes/js/wp-emoji-release.min.js?ver%3D4.8.2 HTTP/1.1" 500 - "-" "Mozilla/5.0 (Macintosh; Intel Mac OS X 10_15_7) AppleWebKit/537.36 (KHTML, like Gecko) Chrome/130.0.0.0 Safari/537.36"
52.167.144.20 - - [16/Aug/2025:18:59:40 +0000] "GET /index.php/news/edito/edito/articles/articles/article/art918-le-rachat-de-credit-ou-le-regroupement-de-credits-pour-les-frontaliers-suisses.html HTTP/1.1" 500 - "-" "Mozilla/5.0 AppleWebKit/537.36 (KHTML, like Gecko; compatible; bingbot/2.0; +http://www.bing.com/bingbot.htm) Chrome/116.0.1938.76 Safari/537.36"
52.167.144.20 - - [16/Aug/2025:18:59:40 +0000] "GET /index.php/article/edito/news/article/edito/articles/news/art141-le-grenelle-dans-les-bouches-du-rhone.html HTTP/1.1" 500 - "-" "Mozilla/5.0 AppleWebKit/537.36 (KHTML, like Gecko; compatible; bingbot/2.0; +http://www.bing.com/bingbot.htm) Chrome/116.0.1938.76 Safari/537.36"
52.167.144.20 - - [16/Aug/2025:18:59:41 +0000] "GET /index.php/news/news/edito/articles/edito/article/article/art304-scoring-des-banques-et-protection-des-emprunteurs.html HTTP/1.1" 500 - "-" "Mozilla/5.0 AppleWebKit/537.36 (KHTML, like Gecko; compatible; bingbot/2.0; +http://www.bing.com/bingbot.htm) Chrome/116.0.1938.76 Safari/537.36"
2a03:2880:f800:9:: - - [16/Aug/2025:18:59:43 +0000] "GET /index.php/article/article/article/news/news/news/article/article/article/edito/news/edito/article/article/news/news/article/news/news/news/articles/article/articles/news/news/edito/article/art1110-le-controle-des-organismes-bancaires-et-financiers.html HTTP/1.1" 500 - "-" "meta-externalagent/1.1 (+https://developers.facebook.com/docs/sharing/webmasters/crawler)"
160.202.32.196 - - [16/Aug/2025:18:59:48 +0000] "GET /wp-content/plugins/all-in-one-event-calendar/cache/64d0ac1c_ai1ec_parsed_css.css?ver=2.5.15 HTTP/1.1" 500 - "https://www.waybackmachinedownloader.com/" "Mozilla/5.0 (Windows NT 10.0; Win64; x64) AppleWebKit/537.36 (KHTML, like Gecko) Chrome/138.0.0.0 Safari/537.36"
160.202.32.196 - - [16/Aug/2025:18:59:49 +0000] "GET /wp-includes/js/wp-emoji-release.min.js?ver=4.8.2 HTTP/1.1" 500 - "https://www.waybackmachinedownloader.com/" "Mozilla/5.0 (Windows NT 10.0; Win64; x64) AppleWebKit/537.36 (KHTML, like Gecko) Chrome/138.0.0.0 Safari/537.36"
160.202.32.196 - - [16/Aug/2025:18:59:50 +0000] "GET /?ai1ec_js_widget HTTP/1.1" 500 - "https://www.waybackmachinedownloader.com/" "Mozilla/5.0 (Windows NT 10.0; Win64; x64) AppleWebKit/537.36 (KHTML, like Gecko) Chrome/138.0.0.0 Safari/537.36"
52.167.144.20 - - [16/Aug/2025:18:59:50 +0000] "GET /index.php/news/article/article/articles/edito/recherche.php HTTP/1.1" 500 - "-" "Mozilla/5.0 AppleWebKit/537.36 (KHTML, like Gecko; compatible; bingbot/2.0; +http://www.bing.com/bingbot.htm) Chrome/116.0.1938.76 Safari/537.36"
160.202.32.196 - - [16/Aug/2025:19:00:48 +0000] "GET /wp-content/plugins/all-in-one-event-calendar/cache/64d0ac1c_ai1ec_parsed_css.css?ver=2.5.15 HTTP/1.1" 500 - "https://www.waybackmachinedownloader.com/" "Mozilla/5.0 (Windows NT 10.0; Win64; x64) AppleWebKit/537.36 (KHTML, like Gecko) Chrome/138.0.0.0 Safari/537.36"
160.202.32.196 - - [16/Aug/2025:19:00:49 +0000] "GET /wp-includes/js/wp-emoji-release.min.js?ver=4.8.2 HTTP/1.1" 500 - "https://www.waybackmachinedownloader.com/" "Mozilla/5.0 (Windows NT 10.0; Win64; x64) AppleWebKit/537.36 (KHTML, like Gecko) Chrome/138.0.0.0 Safari/537.36"
2a03:2880:f800:12:: - - [16/Aug/2025:19:00:50 +0000] "GET /index.php/news/news/news/edito/edito/edito/edito/articles/news/news/article/article/article/edito/articles/news/news/news/article/news/art433-la-cigale-et-la-fourmi-version-moderne-et-financiere.html HTTP/1.1" 500 - "-" "meta-externalagent/1.1 (+https://developers.facebook.com/docs/sharing/webmasters/crawler)"
160.202.32.196 - - [16/Aug/2025:19:00:50 +0000] "GET /?ai1ec_js_widget HTTP/1.1" 500 - "https://www.waybackmachinedownloader.com/" "Mozilla/5.0 (Windows NT 10.0; Win64; x64) AppleWebKit/537.36 (KHTML, like Gecko) Chrome/138.0.0.0 Safari/537.36"
52.167.144.20 - - [16/Aug/2025:19:01:17 +0000] "GET /index.php/edito/articles/news/articles/news/art1164-baisse-des-prix-de-l-immobilier-et-acces-au-credit.html HTTP/1.1" 500 - "-" "Mozilla/5.0 AppleWebKit/537.36 (KHTML, like Gecko; compatible; bingbot/2.0; +http://www.bing.com/bingbot.htm) Chrome/116.0.1938.76 Safari/537.36"
160.202.32.196 - - [16/Aug/2025:19:01:48 +0000] "GET /wp-content/plugins/all-in-one-event-calendar/cache/64d0ac1c_ai1ec_parsed_css.css?ver=2.5.15 HTTP/1.1" 500 - "https://www.waybackmachinedownloader.com/" "Mozilla/5.0 (Windows NT 10.0; Win64; x64) AppleWebKit/537.36 (KHTML, like Gecko) Chrome/138.0.0.0 Safari/537.36"
160.202.32.196 - - [16/Aug/2025:19:01:49 +0000] "GET /wp-includes/js/wp-emoji-release.min.js?ver=4.8.2 HTTP/1.1" 500 - "https://www.waybackmachinedownloader.com/" "Mozilla/5.0 (Windows NT 10.0; Win64; x64) AppleWebKit/537.36 (KHTML, like Gecko) Chrome/138.0.0.0 Safari/537.36"
160.202.32.196 - - [16/Aug/2025:19:01:49 +0000] "GET /?ai1ec_js_widget HTTP/1.1" 500 - "https://www.waybackmachinedownloader.com/" "Mozilla/5.0 (Windows NT 10.0; Win64; x64) AppleWebKit/537.36 (KHTML, like Gecko) Chrome/138.0.0.0 Safari/537.36"
52.167.144.20 - - [16/Aug/2025:19:02:37 +0000] "GET /index.php/articles/articles/article/edito/news/article/news/art447-la-publicite-distribuee-dans-les-boites-aux-lettres.html HTTP/1.1" 500 - "-" "Mozilla/5.0 AppleWebKit/537.36 (KHTML, like Gecko; compatible; bingbot/2.0; +http://www.bing.com/bingbot.htm) Chrome/116.0.1938.76 Safari/537.36"
160.202.32.196 - - [16/Aug/2025:19:02:49 +0000] "GET /wp-content/plugins/all-in-one-event-calendar/cache/64d0ac1c_ai1ec_parsed_css.css?ver=2.5.15 HTTP/1.1" 500 - "https://www.waybackmachinedownloader.com/" "Mozilla/5.0 (Windows NT 10.0; Win64; x64) AppleWebKit/537.36 (KHTML, like Gecko) Chrome/138.0.0.0 Safari/537.36"
160.202.32.196 - - [16/Aug/2025:19:02:49 +0000] "GET /wp-includes/js/wp-emoji-release.min.js?ver=4.8.2 HTTP/1.1" 500 - "https://www.waybackmachinedownloader.com/" "Mozilla/5.0 (Windows NT 10.0; Win64; x64) AppleWebKit/537.36 (KHTML, like Gecko) Chrome/138.0.0.0 Safari/537.36"
160.202.32.196 - - [16/Aug/2025:19:02:50 +0000] "GET /?ai1ec_js_widget HTTP/1.1" 500 - "https://www.waybackmachinedownloader.com/" "Mozilla/5.0 (Windows NT 10.0; Win64; x64) AppleWebKit/537.36 (KHTML, like Gecko) Chrome/138.0.0.0 Safari/537.36"
2a03:2880:f800:11:: - - [16/Aug/2025:19:03:04 +0000] "GET /index.php/article/article/article/news/news/news/article/article/article/edito/news/edito/article/article/articles/article/news/news/news/news/articles/article/edito/art789-l-annee-2012-sera-t-elle-bonne-pour-notre-economie-les-finances-nos-budgets-et-nos-credits.html HTTP/1.1" 500 - "-" "meta-externalagent/1.1 (+https://developers.facebook.com/docs/sharing/webmasters/crawler)"
160.202.32.196 - - [16/Aug/2025:19:03:34 +0000] "GET /wp-content/plugins/all-in-one-event-calendar/cache/64d0ac1c_ai1ec_parsed_css.css?ver=2.5.15 HTTP/1.1" 500 - "https://www.waybackmachinedownloader.com/" "Mozilla/5.0 (Windows NT 10.0; Win64; x64) AppleWebKit/537.36 (KHTML, like Gecko) Chrome/138.0.0.0 Safari/537.36"
160.202.32.196 - - [16/Aug/2025:19:03:35 +0000] "GET /wp-includes/js/wp-emoji-release.min.js?ver=4.8.2 HTTP/1.1" 500 - "https://www.waybackmachinedownloader.com/" "Mozilla/5.0 (Windows NT 10.0; Win64; x64) AppleWebKit/537.36 (KHTML, like Gecko) Chrome/138.0.0.0 Safari/537.36"
160.202.32.196 - - [16/Aug/2025:19:03:35 +0000] "GET /?ai1ec_js_widget HTTP/1.1" 500 - "https://www.waybackmachinedownloader.com/" "Mozilla/5.0 (Windows NT 10.0; Win64; x64) AppleWebKit/537.36 (KHTML, like Gecko) Chrome/138.0.0.0 Safari/537.36"
160.202.32.196 - - [16/Aug/2025:19:03:36 +0000] "GET /wp-content/plugins/all-in-one-event-calendar/cache/64d0ac1c_ai1ec_parsed_css.css?ver=2.5.15 HTTP/1.1" 500 - "https://www.waybackmachinedownloader.com/" "Mozilla/5.0 (Windows NT 10.0; Win64; x64) AppleWebKit/537.36 (KHTML, like Gecko) Chrome/138.0.0.0 Safari/537.36"
160.202.32.196 - - [16/Aug/2025:19:03:37 +0000] "GET /wp-includes/js/wp-emoji-release.min.js?ver=4.8.2 HTTP/1.1" 500 - "https://www.waybackmachinedownloader.com/" "Mozilla/5.0 (Windows NT 10.0; Win64; x64) AppleWebKit/537.36 (KHTML, like Gecko) Chrome/138.0.0.0 Safari/537.36"
160.202.32.196 - - [16/Aug/2025:19:03:37 +0000] "GET /?ai1ec_js_widget HTTP/1.1" 500 - "https://www.waybackmachinedownloader.com/" "Mozilla/5.0 (Windows NT 10.0; Win64; x64) AppleWebKit/537.36 (KHTML, like Gecko) Chrome/138.0.0.0 Safari/537.36"
160.202.32.196 - - [16/Aug/2025:19:03:51 +0000] "GET /wp-content/plugins/all-in-one-event-calendar/cache/64d0ac1c_ai1ec_parsed_css.css?ver=2.5.15 HTTP/1.1" 500 - "https://www.waybackmachinedownloader.com/" "Mozilla/5.0 (Windows NT 10.0; Win64; x64) AppleWebKit/537.36 (KHTML, like Gecko) Chrome/138.0.0.0 Safari/537.36"
160.202.32.196 - - [16/Aug/2025:19:03:52 +0000] "GET /wp-includes/js/wp-emoji-release.min.js?ver=4.8.2 HTTP/1.1" 500 - "https://www.waybackmachinedownloader.com/" "Mozilla/5.0 (Windows NT 10.0; Win64; x64) AppleWebKit/537.36 (KHTML, like Gecko) Chrome/138.0.0.0 Safari/537.36"
160.202.32.196 - - [16/Aug/2025:19:03:52 +0000] "GET /?ai1ec_js_widget HTTP/1.1" 500 - "https://www.waybackmachinedownloader.com/" "Mozilla/5.0 (Windows NT 10.0; Win64; x64) AppleWebKit/537.36 (KHTML, like Gecko) Chrome/138.0.0.0 Safari/537.36"
160.202.32.196 - - [16/Aug/2025:19:04:06 +0000] "GET /wp-content/plugins/all-in-one-event-calendar/cache/64d0ac1c_ai1ec_parsed_css.css?ver=2.5.15 HTTP/1.1" 500 - "https://www.waybackmachinedownloader.com/" "Mozilla/5.0 (Windows NT 10.0; Win64; x64) AppleWebKit/537.36 (KHTML, like Gecko) Chrome/138.0.0.0 Safari/537.36"
160.202.32.196 - - [16/Aug/2025:19:04:07 +0000] "GET /wp-includes/js/wp-emoji-release.min.js?ver=4.8.2 HTTP/1.1" 500 - "https://www.waybackmachinedownloader.com/" "Mozilla/5.0 (Windows NT 10.0; Win64; x64) AppleWebKit/537.36 (KHTML, like Gecko) Chrome/138.0.0.0 Safari/537.36"
160.202.32.196 - - [16/Aug/2025:19:04:07 +0000] "GET /?ai1ec_js_widget HTTP/1.1" 500 - "https://www.waybackmachinedownloader.com/" "Mozilla/5.0 (Windows NT 10.0; Win64; x64) AppleWebKit/537.36 (KHTML, like Gecko) Chrome/138.0.0.0 Safari/537.36"
2a03:2880:f800:a:: - - [16/Aug/2025:19:04:10 +0000] "GET /index.php/article/article/article/news/edito/edito/articles/news/news/articles/article/article/article/article/news/news/article/articles/article/article/article/articles/articles/article/news/art973-les-courtiers-en-mission-sur-le-rachat-de-credit-le-regroupement-de-credits-la-restructuration-de-credits.html HTTP/1.1" 500 - "-" "meta-externalagent/1.1 (+https://developers.facebook.com/docs/sharing/webmasters/crawler)"
160.202.32.196 - - [16/Aug/2025:19:04:21 +0000] "GET /wp-content/plugins/all-in-one-event-calendar/cache/64d0ac1c_ai1ec_parsed_css.css?ver=2.5.15 HTTP/1.1" 500 - "https://www.waybackmachinedownloader.com/" "Mozilla/5.0 (Windows NT 10.0; Win64; x64) AppleWebKit/537.36 (KHTML, like Gecko) Chrome/138.0.0.0 Safari/537.36"
160.202.32.196 - - [16/Aug/2025:19:04:22 +0000] "GET /wp-includes/js/wp-emoji-release.min.js?ver=4.8.2 HTTP/1.1" 500 - "https://www.waybackmachinedownloader.com/" "Mozilla/5.0 (Windows NT 10.0; Win64; x64) AppleWebKit/537.36 (KHTML, like Gecko) Chrome/138.0.0.0 Safari/537.36"
160.202.32.196 - - [16/Aug/2025:19:04:22 +0000] "GET /?ai1ec_js_widget HTTP/1.1" 500 - "https://www.waybackmachinedownloader.com/" "Mozilla/5.0 (Windows NT 10.0; Win64; x64) AppleWebKit/537.36 (KHTML, like Gecko) Chrome/138.0.0.0 Safari/537.36"
160.202.32.196 - - [16/Aug/2025:19:04:36 +0000] "GET /wp-content/plugins/all-in-one-event-calendar/cache/64d0ac1c_ai1ec_parsed_css.css?ver=2.5.15 HTTP/1.1" 500 - "https://www.waybackmachinedownloader.com/" "Mozilla/5.0 (Windows NT 10.0; Win64; x64) AppleWebKit/537.36 (KHTML, like Gecko) Chrome/138.0.0.0 Safari/537.36"
160.202.32.196 - - [16/Aug/2025:19:04:37 +0000] "GET /wp-includes/js/wp-emoji-release.min.js?ver=4.8.2 HTTP/1.1" 500 - "https://www.waybackmachinedownloader.com/" "Mozilla/5.0 (Windows NT 10.0; Win64; x64) AppleWebKit/537.36 (KHTML, like Gecko) Chrome/138.0.0.0 Safari/537.36"
160.202.32.196 - - [16/Aug/2025:19:04:37 +0000] "GET /?ai1ec_js_widget HTTP/1.1" 500 - "https://www.waybackmachinedownloader.com/" "Mozilla/5.0 (Windows NT 10.0; Win64; x64) AppleWebKit/537.36 (KHTML, like Gecko) Chrome/138.0.0.0 Safari/537.36"
2a03:2880:f800:e:: - - [16/Aug/2025:19:05:16 +0000] "GET /index.php/news/news/news/edito/edito/edito/edito/articles/news/news/article/edito/article/article/article/news/news/article/edito/news/article/art816-analyse-des-dossiers-de-rachat-de-credits-et-rachat-de-dettes.html HTTP/1.1" 500 - "-" "meta-externalagent/1.1 (+https://developers.facebook.com/docs/sharing/webmasters/crawler)"
160.202.32.196 - - [16/Aug/2025:19:05:48 +0000] "GET /wp-content/plugins/all-in-one-event-calendar/cache/64d0ac1c_ai1ec_parsed_css.css?ver=2.5.15 HTTP/1.1" 500 - "https://www.waybackmachinedownloader.com/" "Mozilla/5.0 (Windows NT 10.0; Win64; x64) AppleWebKit/537.36 (KHTML, like Gecko) Chrome/138.0.0.0 Safari/537.36"
160.202.32.196 - - [16/Aug/2025:19:05:49 +0000] "GET /wp-includes/js/wp-emoji-release.min.js?ver=4.8.2 HTTP/1.1" 500 - "https://www.waybackmachinedownloader.com/" "Mozilla/5.0 (Windows NT 10.0; Win64; x64) AppleWebKit/537.36 (KHTML, like Gecko) Chrome/138.0.0.0 Safari/537.36"
160.202.32.196 - - [16/Aug/2025:19:05:50 +0000] "GET /?ai1ec_js_widget HTTP/1.1" 500 - "https://www.waybackmachinedownloader.com/" "Mozilla/5.0 (Windows NT 10.0; Win64; x64) AppleWebKit/537.36 (KHTML, like Gecko) Chrome/138.0.0.0 Safari/537.36"
160.202.32.196 - - [16/Aug/2025:19:06:08 +0000] "GET /wp-content/plugins/all-in-one-event-calendar/cache/64d0ac1c_ai1ec_parsed_css.css?ver=2.5.15 HTTP/1.1" 500 - "https://www.waybackmachinedownloader.com/" "Mozilla/5.0 (Windows NT 10.0; Win64; x64) AppleWebKit/537.36 (KHTML, like Gecko) Chrome/138.0.0.0 Safari/537.36"
160.202.32.196 - - [16/Aug/2025:19:06:09 +0000] "GET /wp-includes/js/wp-emoji-release.min.js?ver=4.8.2 HTTP/1.1" 500 - "https://www.waybackmachinedownloader.com/" "Mozilla/5.0 (Windows NT 10.0; Win64; x64) AppleWebKit/537.36 (KHTML, like Gecko) Chrome/138.0.0.0 Safari/537.36"
160.202.32.196 - - [16/Aug/2025:19:06:10 +0000] "GET /?ai1ec_js_widget HTTP/1.1" 500 - "https://www.waybackmachinedownloader.com/" "Mozilla/5.0 (Windows NT 10.0; Win64; x64) AppleWebKit/537.36 (KHTML, like Gecko) Chrome/138.0.0.0 Safari/537.36"
160.202.32.196 - - [16/Aug/2025:19:06:21 +0000] "GET /wp-content/plugins/all-in-one-event-calendar/cache/64d0ac1c_ai1ec_parsed_css.css?ver=2.5.15 HTTP/1.1" 500 - "https://www.waybackmachinedownloader.com/" "Mozilla/5.0 (Windows NT 10.0; Win64; x64) AppleWebKit/537.36 (KHTML, like Gecko) Chrome/138.0.0.0 Safari/537.36"
160.202.32.196 - - [16/Aug/2025:19:06:22 +0000] "GET /wp-includes/js/wp-emoji-release.min.js?ver=4.8.2 HTTP/1.1" 500 - "https://www.waybackmachinedownloader.com/" "Mozilla/5.0 (Windows NT 10.0; Win64; x64) AppleWebKit/537.36 (KHTML, like Gecko) Chrome/138.0.0.0 Safari/537.36"
160.202.32.196 - - [16/Aug/2025:19:06:22 +0000] "GET /?ai1ec_js_widget HTTP/1.1" 500 - "https://www.waybackmachinedownloader.com/" "Mozilla/5.0 (Windows NT 10.0; Win64; x64) AppleWebKit/537.36 (KHTML, like Gecko) Chrome/138.0.0.0 Safari/537.36"
2a03:2880:f800:13:: - - [16/Aug/2025:19:06:23 +0000] "GET /index.php/news/news/news/edito/edito/edito/edito/articles/news/article/article/article/news/news/news/edito/edito/article/article/news/art146-chomage-en-mai-2009-36-400.html HTTP/1.1" 500 - "-" "meta-externalagent/1.1 (+https://developers.facebook.com/docs/sharing/webmasters/crawler)"
104.210.140.129 - - [16/Aug/2025:19:06:25 +0000] "GET /robots.txt HTTP/1.1" 304 - "-" "Mozilla/5.0 (Macintosh; Intel Mac OS X 10_15_7) AppleWebKit/537.36 (KHTML, like Gecko) Chrome/131.0.0.0 Safari/537.36; compatible; OAI-SearchBot/1.0; +https://openai.com/searchbot"
160.202.32.196 - - [16/Aug/2025:19:06:36 +0000] "GET /wp-content/plugins/all-in-one-event-calendar/cache/64d0ac1c_ai1ec_parsed_css.css?ver=2.5.15 HTTP/1.1" 500 - "https://www.waybackmachinedownloader.com/" "Mozilla/5.0 (Windows NT 10.0; Win64; x64) AppleWebKit/537.36 (KHTML, like Gecko) Chrome/138.0.0.0 Safari/537.36"
160.202.32.196 - - [16/Aug/2025:19:06:37 +0000] "GET /wp-includes/js/wp-emoji-release.min.js?ver=4.8.2 HTTP/1.1" 500 - "https://www.waybackmachinedownloader.com/" "Mozilla/5.0 (Windows NT 10.0; Win64; x64) AppleWebKit/537.36 (KHTML, like Gecko) Chrome/138.0.0.0 Safari/537.36"
160.202.32.196 - - [16/Aug/2025:19:06:37 +0000] "GET /?ai1ec_js_widget HTTP/1.1" 500 - "https://www.waybackmachinedownloader.com/" "Mozilla/5.0 (Windows NT 10.0; Win64; x64) AppleWebKit/537.36 (KHTML, like Gecko) Chrome/138.0.0.0 Safari/537.36"
160.202.32.196 - - [16/Aug/2025:19:06:51 +0000] "GET /wp-content/plugins/all-in-one-event-calendar/cache/64d0ac1c_ai1ec_parsed_css.css?ver=2.5.15 HTTP/1.1" 500 - "https://www.waybackmachinedownloader.com/" "Mozilla/5.0 (Windows NT 10.0; Win64; x64) AppleWebKit/537.36 (KHTML, like Gecko) Chrome/138.0.0.0 Safari/537.36"
160.202.32.196 - - [16/Aug/2025:19:06:52 +0000] "GET /wp-includes/js/wp-emoji-release.min.js?ver=4.8.2 HTTP/1.1" 500 - "https://www.waybackmachinedownloader.com/" "Mozilla/5.0 (Windows NT 10.0; Win64; x64) AppleWebKit/537.36 (KHTML, like Gecko) Chrome/138.0.0.0 Safari/537.36"
160.202.32.196 - - [16/Aug/2025:19:06:52 +0000] "GET /?ai1ec_js_widget HTTP/1.1" 500 - "https://www.waybackmachinedownloader.com/" "Mozilla/5.0 (Windows NT 10.0; Win64; x64) AppleWebKit/537.36 (KHTML, like Gecko) Chrome/138.0.0.0 Safari/537.36"
160.202.32.196 - - [16/Aug/2025:19:07:06 +0000] "GET /wp-content/plugins/all-in-one-event-calendar/cache/64d0ac1c_ai1ec_parsed_css.css?ver=2.5.15 HTTP/1.1" 500 - "https://www.waybackmachinedownloader.com/" "Mozilla/5.0 (Windows NT 10.0; Win64; x64) AppleWebKit/537.36 (KHTML, like Gecko) Chrome/138.0.0.0 Safari/537.36"
160.202.32.196 - - [16/Aug/2025:19:07:07 +0000] "GET /wp-includes/js/wp-emoji-release.min.js?ver=4.8.2 HTTP/1.1" 500 - "https://www.waybackmachinedownloader.com/" "Mozilla/5.0 (Windows NT 10.0; Win64; x64) AppleWebKit/537.36 (KHTML, like Gecko) Chrome/138.0.0.0 Safari/537.36"
160.202.32.196 - - [16/Aug/2025:19:07:07 +0000] "GET /?ai1ec_js_widget HTTP/1.1" 500 - "https://www.waybackmachinedownloader.com/" "Mozilla/5.0 (Windows NT 10.0; Win64; x64) AppleWebKit/537.36 (KHTML, like Gecko) Chrome/138.0.0.0 Safari/537.36"
2a03:2880:f800:2:: - - [16/Aug/2025:19:07:30 +0000] "GET /index.php/article/article/article/news/news/news/article/article/article/article/news/news/article/article/article/article/edito/article/news/article/news/news/edito/news/news/art964-rachat-de-credit-et-regroupement-de-credits-immobilier-en-ile-de-france-et-region-parisienne.html HTTP/1.1" 500 - "-" "meta-externalagent/1.1 (+https://developers.facebook.com/docs/sharing/webmasters/crawler)"
160.202.32.196 - - [16/Aug/2025:19:07:48 +0000] "GET /wp-content/plugins/all-in-one-event-calendar/cache/64d0ac1c_ai1ec_parsed_css.css?ver=2.5.15 HTTP/1.1" 500 - "https://www.waybackmachinedownloader.com/" "Mozilla/5.0 (Windows NT 10.0; Win64; x64) AppleWebKit/537.36 (KHTML, like Gecko) Chrome/138.0.0.0 Safari/537.36"
40.77.167.55 - - [16/Aug/2025:19:07:49 +0000] "GET /index.php/articles/edito/article/article/news/art1193-credit-immo-ce-qui-change-pour-votre-pret-avec-le-reconfinement.html HTTP/1.1" 500 - "-" "Mozilla/5.0 AppleWebKit/537.36 (KHTML, like Gecko; compatible; bingbot/2.0; +http://www.bing.com/bingbot.htm) Chrome/116.0.1938.76 Safari/537.36"
160.202.32.196 - - [16/Aug/2025:19:07:49 +0000] "GET /wp-includes/js/wp-emoji-release.min.js?ver=4.8.2 HTTP/1.1" 500 - "https://www.waybackmachinedownloader.com/" "Mozilla/5.0 (Windows NT 10.0; Win64; x64) AppleWebKit/537.36 (KHTML, like Gecko) Chrome/138.0.0.0 Safari/537.36"
160.202.32.196 - - [16/Aug/2025:19:07:50 +0000] "GET /?ai1ec_js_widget HTTP/1.1" 500 - "https://www.waybackmachinedownloader.com/" "Mozilla/5.0 (Windows NT 10.0; Win64; x64) AppleWebKit/537.36 (KHTML, like Gecko) Chrome/138.0.0.0 Safari/537.36"
2a03:2880:f800:17:: - - [16/Aug/2025:19:08:36 +0000] "GET /index.php/article/article/article/news/news/news/article/article/article/article/news/news/article/article/article/article/article/edito/edito/article/edito/articles/article/edito/article/art920-rachat-de-credit-dans-les-dom-tom-avec-ou-sans-garantie-hypothecaire.html HTTP/1.1" 500 - "-" "meta-externalagent/1.1 (+https://developers.facebook.com/docs/sharing/webmasters/crawler)"
160.202.32.196 - - [16/Aug/2025:19:08:48 +0000] "GET /wp-content/plugins/all-in-one-event-calendar/cache/64d0ac1c_ai1ec_parsed_css.css?ver=2.5.15 HTTP/1.1" 500 - "https://www.waybackmachinedownloader.com/" "Mozilla/5.0 (Windows NT 10.0; Win64; x64) AppleWebKit/537.36 (KHTML, like Gecko) Chrome/138.0.0.0 Safari/537.36"
160.202.32.196 - - [16/Aug/2025:19:08:49 +0000] "GET /wp-includes/js/wp-emoji-release.min.js?ver=4.8.2 HTTP/1.1" 500 - "https://www.waybackmachinedownloader.com/" "Mozilla/5.0 (Windows NT 10.0; Win64; x64) AppleWebKit/537.36 (KHTML, like Gecko) Chrome/138.0.0.0 Safari/537.36"
160.202.32.196 - - [16/Aug/2025:19:08:49 +0000] "GET /?ai1ec_js_widget HTTP/1.1" 500 - "https://www.waybackmachinedownloader.com/" "Mozilla/5.0 (Windows NT 10.0; Win64; x64) AppleWebKit/537.36 (KHTML, like Gecko) Chrome/138.0.0.0 Safari/537.36"
23.150.152.45 - - [16/Aug/2025:19:09:40 +0000] "GET / HTTP/1.1" 500 - "-" "Mozilla/5.0 (ZZ; Linux x86_64; rv:126.0) Gecko/20100101 Firefox/126.0"
160.202.32.196 - - [16/Aug/2025:19:09:48 +0000] "GET /wp-content/plugins/all-in-one-event-calendar/cache/64d0ac1c_ai1ec_parsed_css.css?ver=2.5.15 HTTP/1.1" 500 - "https://www.waybackmachinedownloader.com/" "Mozilla/5.0 (Windows NT 10.0; Win64; x64) AppleWebKit/537.36 (KHTML, like Gecko) Chrome/138.0.0.0 Safari/537.36"
160.202.32.196 - - [16/Aug/2025:19:09:49 +0000] "GET /wp-includes/js/wp-emoji-release.min.js?ver=4.8.2 HTTP/1.1" 500 - "https://www.waybackmachinedownloader.com/" "Mozilla/5.0 (Windows NT 10.0; Win64; x64) AppleWebKit/537.36 (KHTML, like Gecko) Chrome/138.0.0.0 Safari/537.36"
160.202.32.196 - - [16/Aug/2025:19:09:49 +0000] "GET /?ai1ec_js_widget HTTP/1.1" 500 - "https://www.waybackmachinedownloader.com/" "Mozilla/5.0 (Windows NT 10.0; Win64; x64) AppleWebKit/537.36 (KHTML, like Gecko) Chrome/138.0.0.0 Safari/537.36"
160.202.32.196 - - [16/Aug/2025:19:10:15 +0000] "GET /wp-content/plugins/all-in-one-event-calendar/cache/64d0ac1c_ai1ec_parsed_css.css?ver=2.5.15 HTTP/1.1" 500 - "https://www.waybackmachinedownloader.com/" "Mozilla/5.0 (Windows NT 10.0; Win64; x64) AppleWebKit/537.36 (KHTML, like Gecko) Chrome/138.0.0.0 Safari/537.36"
160.202.32.196 - - [16/Aug/2025:19:10:15 +0000] "GET /wp-includes/js/wp-emoji-release.min.js?ver=4.8.2 HTTP/1.1" 500 - "https://www.waybackmachinedownloader.com/" "Mozilla/5.0 (Windows NT 10.0; Win64; x64) AppleWebKit/537.36 (KHTML, like Gecko) Chrome/138.0.0.0 Safari/537.36"
160.202.32.196 - - [16/Aug/2025:19:10:15 +0000] "GET /?ai1ec_js_widget HTTP/1.1" 500 - "https://www.waybackmachinedownloader.com/" "Mozilla/5.0 (Windows NT 10.0; Win64; x64) AppleWebKit/537.36 (KHTML, like Gecko) Chrome/138.0.0.0 Safari/537.36"
160.202.32.196 - - [16/Aug/2025:19:10:20 +0000] "GET /wp-content/plugins/all-in-one-event-calendar/cache/64d0ac1c_ai1ec_parsed_css.css?ver=2.5.15 HTTP/1.1" 500 - "https://www.waybackmachinedownloader.com/" "Mozilla/5.0 (Windows NT 10.0; Win64; x64) AppleWebKit/537.36 (KHTML, like Gecko) Chrome/138.0.0.0 Safari/537.36"
160.202.32.196 - - [16/Aug/2025:19:10:21 +0000] "GET /wp-includes/js/wp-emoji-release.min.js?ver=4.8.2 HTTP/1.1" 500 - "https://www.waybackmachinedownloader.com/" "Mozilla/5.0 (Windows NT 10.0; Win64; x64) AppleWebKit/537.36 (KHTML, like Gecko) Chrome/138.0.0.0 Safari/537.36"
160.202.32.196 - - [16/Aug/2025:19:10:21 +0000] "GET /?ai1ec_js_widget HTTP/1.1" 500 - "https://www.waybackmachinedownloader.com/" "Mozilla/5.0 (Windows NT 10.0; Win64; x64) AppleWebKit/537.36 (KHTML, like Gecko) Chrome/138.0.0.0 Safari/537.36"
40.77.167.28 - - [16/Aug/2025:19:10:33 +0000] "GET /index.php/edito/news/edito/articles/article/art657-le-rachat-de-credit-et-la-nouvelle-loi.html HTTP/1.1" 500 - "-" "Mozilla/5.0 AppleWebKit/537.36 (KHTML, like Gecko; compatible; bingbot/2.0; +http://www.bing.com/bingbot.htm) Chrome/116.0.1938.76 Safari/537.36"
160.202.32.196 - - [16/Aug/2025:19:10:36 +0000] "GET /wp-content/plugins/all-in-one-event-calendar/cache/64d0ac1c_ai1ec_parsed_css.css?ver=2.5.15 HTTP/1.1" 500 - "https://www.waybackmachinedownloader.com/" "Mozilla/5.0 (Windows NT 10.0; Win64; x64) AppleWebKit/537.36 (KHTML, like Gecko) Chrome/138.0.0.0 Safari/537.36"
160.202.32.196 - - [16/Aug/2025:19:10:37 +0000] "GET /wp-includes/js/wp-emoji-release.min.js?ver=4.8.2 HTTP/1.1" 500 - "https://www.waybackmachinedownloader.com/" "Mozilla/5.0 (Windows NT 10.0; Win64; x64) AppleWebKit/537.36 (KHTML, like Gecko) Chrome/138.0.0.0 Safari/537.36"
160.202.32.196 - - [16/Aug/2025:19:10:37 +0000] "GET /?ai1ec_js_widget HTTP/1.1" 500 - "https://www.waybackmachinedownloader.com/" "Mozilla/5.0 (Windows NT 10.0; Win64; x64) AppleWebKit/537.36 (KHTML, like Gecko) Chrome/138.0.0.0 Safari/537.36"
160.202.32.196 - - [16/Aug/2025:19:10:51 +0000] "GET /wp-content/plugins/all-in-one-event-calendar/cache/64d0ac1c_ai1ec_parsed_css.css?ver=2.5.15 HTTP/1.1" 500 - "https://www.waybackmachinedownloader.com/" "Mozilla/5.0 (Windows NT 10.0; Win64; x64) AppleWebKit/537.36 (KHTML, like Gecko) Chrome/138.0.0.0 Safari/537.36"
160.202.32.196 - - [16/Aug/2025:19:10:51 +0000] "GET /wp-includes/js/wp-emoji-release.min.js?ver=4.8.2 HTTP/1.1" 500 - "https://www.waybackmachinedownloader.com/" "Mozilla/5.0 (Windows NT 10.0; Win64; x64) AppleWebKit/537.36 (KHTML, like Gecko) Chrome/138.0.0.0 Safari/537.36"
160.202.32.196 - - [16/Aug/2025:19:10:52 +0000] "GET /?ai1ec_js_widget HTTP/1.1" 500 - "https://www.waybackmachinedownloader.com/" "Mozilla/5.0 (Windows NT 10.0; Win64; x64) AppleWebKit/537.36 (KHTML, like Gecko) Chrome/138.0.0.0 Safari/537.36"
160.202.32.196 - - [16/Aug/2025:19:11:06 +0000] "GET /wp-content/plugins/all-in-one-event-calendar/cache/64d0ac1c_ai1ec_parsed_css.css?ver=2.5.15 HTTP/1.1" 500 - "https://www.waybackmachinedownloader.com/" "Mozilla/5.0 (Windows NT 10.0; Win64; x64) AppleWebKit/537.36 (KHTML, like Gecko) Chrome/138.0.0.0 Safari/537.36"
160.202.32.196 - - [16/Aug/2025:19:11:07 +0000] "GET /wp-includes/js/wp-emoji-release.min.js?ver=4.8.2 HTTP/1.1" 500 - "https://www.waybackmachinedownloader.com/" "Mozilla/5.0 (Windows NT 10.0; Win64; x64) AppleWebKit/537.36 (KHTML, like Gecko) Chrome/138.0.0.0 Safari/537.36"
160.202.32.196 - - [16/Aug/2025:19:11:07 +0000] "GET /?ai1ec_js_widget HTTP/1.1" 500 - "https://www.waybackmachinedownloader.com/" "Mozilla/5.0 (Windows NT 10.0; Win64; x64) AppleWebKit/537.36 (KHTML, like Gecko) Chrome/138.0.0.0 Safari/537.36"
160.202.32.196 - - [16/Aug/2025:19:11:48 +0000] "GET /wp-content/plugins/all-in-one-event-calendar/cache/64d0ac1c_ai1ec_parsed_css.css?ver=2.5.15 HTTP/1.1" 500 - "https://www.waybackmachinedownloader.com/" "Mozilla/5.0 (Windows NT 10.0; Win64; x64) AppleWebKit/537.36 (KHTML, like Gecko) Chrome/138.0.0.0 Safari/537.36"
160.202.32.196 - - [16/Aug/2025:19:11:49 +0000] "GET /wp-includes/js/wp-emoji-release.min.js?ver=4.8.2 HTTP/1.1" 500 - "https://www.waybackmachinedownloader.com/" "Mozilla/5.0 (Windows NT 10.0; Win64; x64) AppleWebKit/537.36 (KHTML, like Gecko) Chrome/138.0.0.0 Safari/537.36"
160.202.32.196 - - [16/Aug/2025:19:11:49 +0000] "GET /?ai1ec_js_widget HTTP/1.1" 500 - "https://www.waybackmachinedownloader.com/" "Mozilla/5.0 (Windows NT 10.0; Win64; x64) AppleWebKit/537.36 (KHTML, like Gecko) Chrome/138.0.0.0 Safari/537.36"
57.141.0.16 - - [16/Aug/2025:19:12:05 +0000] "GET /index.php/article/article/article/news/edito/edito/articles/news/news/articles/article/article/article/article/news/news/article/article/edito/article/article/article/articles/article/articles/article/article/article/news/article/art356-investir-au-maroc-dans-de-l-immobilier-destine-a-la-retraite-aux-vacances-ou-aux-placements-voir-pour-les-trois-objectifs.html HTTP/1.1" 500 - "-" "meta-externalagent/1.1 (+https://developers.facebook.com/docs/sharing/webmasters/crawler)"
40.77.167.28 - - [16/Aug/2025:19:12:32 +0000] "GET /article/art830-rachat-de-credit-comment-rediger-une-lettre-de-reconnaissance-de-dette HTTP/1.1" 500 - "-" "Mozilla/5.0 AppleWebKit/537.36 (KHTML, like Gecko; compatible; bingbot/2.0; +http://www.bing.com/bingbot.htm) Chrome/116.0.1938.76 Safari/537.36"
160.202.32.196 - - [16/Aug/2025:19:12:42 +0000] "GET /wp-content/plugins/all-in-one-event-calendar/cache/64d0ac1c_ai1ec_parsed_css.css?ver=2.5.15 HTTP/1.1" 500 - "https://www.waybackmachinedownloader.com/" "Mozilla/5.0 (Windows NT 10.0; Win64; x64) AppleWebKit/537.36 (KHTML, like Gecko) Chrome/138.0.0.0 Safari/537.36"
160.202.32.196 - - [16/Aug/2025:19:12:43 +0000] "GET /wp-includes/js/wp-emoji-release.min.js?ver=4.8.2 HTTP/1.1" 500 - "https://www.waybackmachinedownloader.com/" "Mozilla/5.0 (Windows NT 10.0; Win64; x64) AppleWebKit/537.36 (KHTML, like Gecko) Chrome/138.0.0.0 Safari/537.36"
160.202.32.196 - - [16/Aug/2025:19:12:43 +0000] "GET /?ai1ec_js_widget HTTP/1.1" 500 - "https://www.waybackmachinedownloader.com/" "Mozilla/5.0 (Windows NT 10.0; Win64; x64) AppleWebKit/537.36 (KHTML, like Gecko) Chrome/138.0.0.0 Safari/537.36"
160.202.32.196 - - [16/Aug/2025:19:12:52 +0000] "GET /wp-content/plugins/all-in-one-event-calendar/cache/64d0ac1c_ai1ec_parsed_css.css?ver=2.5.15 HTTP/1.1" 500 - "https://www.waybackmachinedownloader.com/" "Mozilla/5.0 (Windows NT 10.0; Win64; x64) AppleWebKit/537.36 (KHTML, like Gecko) Chrome/138.0.0.0 Safari/537.36"
160.202.32.196 - - [16/Aug/2025:19:12:53 +0000] "GET /wp-includes/js/wp-emoji-release.min.js?ver=4.8.2 HTTP/1.1" 500 - "https://www.waybackmachinedownloader.com/" "Mozilla/5.0 (Windows NT 10.0; Win64; x64) AppleWebKit/537.36 (KHTML, like Gecko) Chrome/138.0.0.0 Safari/537.36"
160.202.32.196 - - [16/Aug/2025:19:12:53 +0000] "GET /?ai1ec_js_widget HTTP/1.1" 500 - "https://www.waybackmachinedownloader.com/" "Mozilla/5.0 (Windows NT 10.0; Win64; x64) AppleWebKit/537.36 (KHTML, like Gecko) Chrome/138.0.0.0 Safari/537.36"
2a03:2880:f800:1a:: - - [16/Aug/2025:19:13:03 +0000] "GET /index.php/article/article/article/news/news/news/article/article/article/edito/news/edito/article/article/news/news/article/articles/edito/article/article/article/article/edito/news/article/art413-a-quel-moment-faut-il-avoir-recours-au-rachat-de-credits-ou-au-regroupement-de-dettes.html HTTP/1.1" 500 - "-" "meta-externalagent/1.1 (+https://developers.facebook.com/docs/sharing/webmasters/crawler)"
160.202.32.196 - - [16/Aug/2025:19:13:06 +0000] "GET /wp-content/plugins/all-in-one-event-calendar/cache/64d0ac1c_ai1ec_parsed_css.css?ver=2.5.15 HTTP/1.1" 500 - "https://www.waybackmachinedownloader.com/" "Mozilla/5.0 (Windows NT 10.0; Win64; x64) AppleWebKit/537.36 (KHTML, like Gecko) Chrome/138.0.0.0 Safari/537.36"
160.202.32.196 - - [16/Aug/2025:19:13:07 +0000] "GET /wp-includes/js/wp-emoji-release.min.js?ver=4.8.2 HTTP/1.1" 500 - "https://www.waybackmachinedownloader.com/" "Mozilla/5.0 (Windows NT 10.0; Win64; x64) AppleWebKit/537.36 (KHTML, like Gecko) Chrome/138.0.0.0 Safari/537.36"
160.202.32.196 - - [16/Aug/2025:19:13:07 +0000] "GET /?ai1ec_js_widget HTTP/1.1" 500 - "https://www.waybackmachinedownloader.com/" "Mozilla/5.0 (Windows NT 10.0; Win64; x64) AppleWebKit/537.36 (KHTML, like Gecko) Chrome/138.0.0.0 Safari/537.36"
160.202.32.196 - - [16/Aug/2025:19:13:21 +0000] "GET /wp-content/plugins/all-in-one-event-calendar/cache/64d0ac1c_ai1ec_parsed_css.css?ver=2.5.15 HTTP/1.1" 500 - "https://www.waybackmachinedownloader.com/" "Mozilla/5.0 (Windows NT 10.0; Win64; x64) AppleWebKit/537.36 (KHTML, like Gecko) Chrome/138.0.0.0 Safari/537.36"
160.202.32.196 - - [16/Aug/2025:19:13:22 +0000] "GET /wp-includes/js/wp-emoji-release.min.js?ver=4.8.2 HTTP/1.1" 500 - "https://www.waybackmachinedownloader.com/" "Mozilla/5.0 (Windows NT 10.0; Win64; x64) AppleWebKit/537.36 (KHTML, like Gecko) Chrome/138.0.0.0 Safari/537.36"
160.202.32.196 - - [16/Aug/2025:19:13:22 +0000] "GET /?ai1ec_js_widget HTTP/1.1" 500 - "https://www.waybackmachinedownloader.com/" "Mozilla/5.0 (Windows NT 10.0; Win64; x64) AppleWebKit/537.36 (KHTML, like Gecko) Chrome/138.0.0.0 Safari/537.36"
160.202.32.196 - - [16/Aug/2025:19:13:36 +0000] "GET /wp-content/plugins/all-in-one-event-calendar/cache/64d0ac1c_ai1ec_parsed_css.css?ver=2.5.15 HTTP/1.1" 500 - "https://www.waybackmachinedownloader.com/" "Mozilla/5.0 (Windows NT 10.0; Win64; x64) AppleWebKit/537.36 (KHTML, like Gecko) Chrome/138.0.0.0 Safari/537.36"
160.202.32.196 - - [16/Aug/2025:19:13:37 +0000] "GET /wp-includes/js/wp-emoji-release.min.js?ver=4.8.2 HTTP/1.1" 500 - "https://www.waybackmachinedownloader.com/" "Mozilla/5.0 (Windows NT 10.0; Win64; x64) AppleWebKit/537.36 (KHTML, like Gecko) Chrome/138.0.0.0 Safari/537.36"
160.202.32.196 - - [16/Aug/2025:19:13:37 +0000] "GET /?ai1ec_js_widget HTTP/1.1" 500 - "https://www.waybackmachinedownloader.com/" "Mozilla/5.0 (Windows NT 10.0; Win64; x64) AppleWebKit/537.36 (KHTML, like Gecko) Chrome/138.0.0.0 Safari/537.36"
160.202.32.196 - - [16/Aug/2025:19:13:55 +0000] "GET /wp-content/plugins/all-in-one-event-calendar/cache/64d0ac1c_ai1ec_parsed_css.css?ver=2.5.15 HTTP/1.1" 500 - "https://www.waybackmachinedownloader.com/" "Mozilla/5.0 (Windows NT 10.0; Win64; x64) AppleWebKit/537.36 (KHTML, like Gecko) Chrome/138.0.0.0 Safari/537.36"
160.202.32.196 - - [16/Aug/2025:19:13:56 +0000] "GET /wp-includes/js/wp-emoji-release.min.js?ver=4.8.2 HTTP/1.1" 500 - "https://www.waybackmachinedownloader.com/" "Mozilla/5.0 (Windows NT 10.0; Win64; x64) AppleWebKit/537.36 (KHTML, like Gecko) Chrome/138.0.0.0 Safari/537.36"
160.202.32.196 - - [16/Aug/2025:19:13:57 +0000] "GET /?ai1ec_js_widget HTTP/1.1" 500 - "https://www.waybackmachinedownloader.com/" "Mozilla/5.0 (Windows NT 10.0; Win64; x64) AppleWebKit/537.36 (KHTML, like Gecko) Chrome/138.0.0.0 Safari/537.36"
160.202.32.196 - - [16/Aug/2025:19:14:06 +0000] "GET /wp-content/plugins/all-in-one-event-calendar/cache/64d0ac1c_ai1ec_parsed_css.css?ver=2.5.15 HTTP/1.1" 500 - "https://www.waybackmachinedownloader.com/" "Mozilla/5.0 (Windows NT 10.0; Win64; x64) AppleWebKit/537.36 (KHTML, like Gecko) Chrome/138.0.0.0 Safari/537.36"
160.202.32.196 - - [16/Aug/2025:19:14:07 +0000] "GET /wp-includes/js/wp-emoji-release.min.js?ver=4.8.2 HTTP/1.1" 500 - "https://www.waybackmachinedownloader.com/" "Mozilla/5.0 (Windows NT 10.0; Win64; x64) AppleWebKit/537.36 (KHTML, like Gecko) Chrome/138.0.0.0 Safari/537.36"
160.202.32.196 - - [16/Aug/2025:19:14:07 +0000] "GET /?ai1ec_js_widget HTTP/1.1" 500 - "https://www.waybackmachinedownloader.com/" "Mozilla/5.0 (Windows NT 10.0; Win64; x64) AppleWebKit/537.36 (KHTML, like Gecko) Chrome/138.0.0.0 Safari/537.36"
2a03:2880:f800:1c:: - - [16/Aug/2025:19:14:10 +0000] "GET /index.php/article/article/article/news/edito/edito/articles/news/news/articles/article/article/article/article/news/news/article/news/article/edito/article/news/edito/news/article/article/article/art827-l-association-arc-aide-au-rachat-de-credits-sur-facebook.html HTTP/1.1" 500 - "-" "meta-externalagent/1.1 (+https://developers.facebook.com/docs/sharing/webmasters/crawler)"
40.77.167.55 - - [16/Aug/2025:19:14:21 +0000] "GET /index.php/article/news/articles/article/news/art680-les-alertes-et-listes-mails-des-annonces-illegales-de-credits-et-rachat-de-credits.html HTTP/1.1" 500 - "-" "Mozilla/5.0 AppleWebKit/537.36 (KHTML, like Gecko; compatible; bingbot/2.0; +http://www.bing.com/bingbot.htm) Chrome/116.0.1938.76 Safari/537.36"
160.202.32.196 - - [16/Aug/2025:19:14:21 +0000] "GET /wp-content/plugins/all-in-one-event-calendar/cache/64d0ac1c_ai1ec_parsed_css.css?ver=2.5.15 HTTP/1.1" 500 - "https://www.waybackmachinedownloader.com/" "Mozilla/5.0 (Windows NT 10.0; Win64; x64) AppleWebKit/537.36 (KHTML, like Gecko) Chrome/138.0.0.0 Safari/537.36"
160.202.32.196 - - [16/Aug/2025:19:14:22 +0000] "GET /wp-includes/js/wp-emoji-release.min.js?ver=4.8.2 HTTP/1.1" 500 - "https://www.waybackmachinedownloader.com/" "Mozilla/5.0 (Windows NT 10.0; Win64; x64) AppleWebKit/537.36 (KHTML, like Gecko) Chrome/138.0.0.0 Safari/537.36"
40.77.167.65 - - [16/Aug/2025:19:14:22 +0000] "GET /index.php/news/articles/article/articles/news/article/art674-alerte-et-liste-sur-les-gratuits-internet.html HTTP/1.1" 500 - "-" "Mozilla/5.0 AppleWebKit/537.36 (KHTML, like Gecko; compatible; bingbot/2.0; +http://www.bing.com/bingbot.htm) Chrome/116.0.1938.76 Safari/537.36"
160.202.32.196 - - [16/Aug/2025:19:14:22 +0000] "GET /?ai1ec_js_widget HTTP/1.1" 500 - "https://www.waybackmachinedownloader.com/" "Mozilla/5.0 (Windows NT 10.0; Win64; x64) AppleWebKit/537.36 (KHTML, like Gecko) Chrome/138.0.0.0 Safari/537.36"
40.77.167.55 - - [16/Aug/2025:19:14:25 +0000] "GET /index.php/articles/news/article/article/edito/articles/edito/art987-comment-diminuer-son-pret-immobilier-de-24-000-euros-par-menage.html HTTP/1.1" 500 - "-" "Mozilla/5.0 AppleWebKit/537.36 (KHTML, like Gecko; compatible; bingbot/2.0; +http://www.bing.com/bingbot.htm) Chrome/116.0.1938.76 Safari/537.36"
160.202.32.196 - - [16/Aug/2025:19:14:36 +0000] "GET /wp-content/plugins/all-in-one-event-calendar/cache/64d0ac1c_ai1ec_parsed_css.css?ver=2.5.15 HTTP/1.1" 500 - "https://www.waybackmachinedownloader.com/" "Mozilla/5.0 (Windows NT 10.0; Win64; x64) AppleWebKit/537.36 (KHTML, like Gecko) Chrome/138.0.0.0 Safari/537.36"
160.202.32.196 - - [16/Aug/2025:19:14:36 +0000] "GET /wp-includes/js/wp-emoji-release.min.js?ver=4.8.2 HTTP/1.1" 500 - "https://www.waybackmachinedownloader.com/" "Mozilla/5.0 (Windows NT 10.0; Win64; x64) AppleWebKit/537.36 (KHTML, like Gecko) Chrome/138.0.0.0 Safari/537.36"
160.202.32.196 - - [16/Aug/2025:19:14:37 +0000] "GET /?ai1ec_js_widget HTTP/1.1" 500 - "https://www.waybackmachinedownloader.com/" "Mozilla/5.0 (Windows NT 10.0; Win64; x64) AppleWebKit/537.36 (KHTML, like Gecko) Chrome/138.0.0.0 Safari/537.36"
160.202.32.196 - - [16/Aug/2025:19:14:51 +0000] "GET /wp-content/plugins/all-in-one-event-calendar/cache/64d0ac1c_ai1ec_parsed_css.css?ver=2.5.15 HTTP/1.1" 500 - "https://www.waybackmachinedownloader.com/" "Mozilla/5.0 (Windows NT 10.0; Win64; x64) AppleWebKit/537.36 (KHTML, like Gecko) Chrome/138.0.0.0 Safari/537.36"
160.202.32.196 - - [16/Aug/2025:19:14:52 +0000] "GET /wp-includes/js/wp-emoji-release.min.js?ver=4.8.2 HTTP/1.1" 500 - "https://www.waybackmachinedownloader.com/" "Mozilla/5.0 (Windows NT 10.0; Win64; x64) AppleWebKit/537.36 (KHTML, like Gecko) Chrome/138.0.0.0 Safari/537.36"
160.202.32.196 - - [16/Aug/2025:19:14:52 +0000] "GET /?ai1ec_js_widget HTTP/1.1" 500 - "https://www.waybackmachinedownloader.com/" "Mozilla/5.0 (Windows NT 10.0; Win64; x64) AppleWebKit/537.36 (KHTML, like Gecko) Chrome/138.0.0.0 Safari/537.36"
52.167.144.145 - - [16/Aug/2025:19:14:57 +0000] "GET /index.php/article/edito/edito/article/news/news/recherche.php HTTP/1.1" 500 - "-" "Mozilla/5.0 AppleWebKit/537.36 (KHTML, like Gecko; compatible; bingbot/2.0; +http://www.bing.com/bingbot.htm) Chrome/116.0.1938.76 Safari/537.36"
