2a03:2880:f800:19:: - - [16/Aug/2025:19:37:38 +0000] "GET /index.php/article/article/article/news/news/news/article/article/article/article/news/news/article/article/article/edito/news/articles/articles/articles/news/edito/art1209-bravo-a-tous-les-sportifs-gagnants-ou-perdants.html HTTP/1.1" 500 - "-" "meta-externalagent/1.1 (+https://developers.facebook.com/docs/sharing/webmasters/crawler)"
160.202.32.196 - - [16/Aug/2025:19:37:49 +0000] "GET /wp-content/plugins/all-in-one-event-calendar/cache/64d0ac1c_ai1ec_parsed_css.css?ver=2.5.15 HTTP/1.1" 500 - "https://www.waybackmachinedownloader.com/" "Mozilla/5.0 (Windows NT 10.0; Win64; x64) AppleWebKit/537.36 (KHTML, like Gecko) Chrome/138.0.0.0 Safari/537.36"
160.202.32.196 - - [16/Aug/2025:19:37:49 +0000] "GET /wp-includes/js/wp-emoji-release.min.js?ver=4.8.2 HTTP/1.1" 500 - "https://www.waybackmachinedownloader.com/" "Mozilla/5.0 (Windows NT 10.0; Win64; x64) AppleWebKit/537.36 (KHTML, like Gecko) Chrome/138.0.0.0 Safari/537.36"
160.202.32.196 - - [16/Aug/2025:19:37:50 +0000] "GET /?ai1ec_js_widget HTTP/1.1" 500 - "https://www.waybackmachinedownloader.com/" "Mozilla/5.0 (Windows NT 10.0; Win64; x64) AppleWebKit/537.36 (KHTML, like Gecko) Chrome/138.0.0.0 Safari/537.36"
160.202.32.196 - - [16/Aug/2025:19:38:48 +0000] "GET /wp-content/plugins/all-in-one-event-calendar/cache/64d0ac1c_ai1ec_parsed_css.css?ver=2.5.15 HTTP/1.1" 500 - "https://www.waybackmachinedownloader.com/" "Mozilla/5.0 (Windows NT 10.0; Win64; x64) AppleWebKit/537.36 (KHTML, like Gecko) Chrome/138.0.0.0 Safari/537.36"
160.202.32.196 - - [16/Aug/2025:19:38:50 +0000] "GET /wp-includes/js/wp-emoji-release.min.js?ver=4.8.2 HTTP/1.1" 500 - "https://www.waybackmachinedownloader.com/" "Mozilla/5.0 (Windows NT 10.0; Win64; x64) AppleWebKit/537.36 (KHTML, like Gecko) Chrome/138.0.0.0 Safari/537.36"
160.202.32.196 - - [16/Aug/2025:19:38:50 +0000] "GET /?ai1ec_js_widget HTTP/1.1" 500 - "https://www.waybackmachinedownloader.com/" "Mozilla/5.0 (Windows NT 10.0; Win64; x64) AppleWebKit/537.36 (KHTML, like Gecko) Chrome/138.0.0.0 Safari/537.36"
160.202.32.196 - - [16/Aug/2025:19:39:48 +0000] "GET /wp-content/plugins/all-in-one-event-calendar/cache/64d0ac1c_ai1ec_parsed_css.css?ver=2.5.15 HTTP/1.1" 500 - "https://www.waybackmachinedownloader.com/" "Mozilla/5.0 (Windows NT 10.0; Win64; x64) AppleWebKit/537.36 (KHTML, like Gecko) Chrome/138.0.0.0 Safari/537.36"
160.202.32.196 - - [16/Aug/2025:19:39:49 +0000] "GET /wp-includes/js/wp-emoji-release.min.js?ver=4.8.2 HTTP/1.1" 500 - "https://www.waybackmachinedownloader.com/" "Mozilla/5.0 (Windows NT 10.0; Win64; x64) AppleWebKit/537.36 (KHTML, like Gecko) Chrome/138.0.0.0 Safari/537.36"
160.202.32.196 - - [16/Aug/2025:19:39:50 +0000] "GET /?ai1ec_js_widget HTTP/1.1" 500 - "https://www.waybackmachinedownloader.com/" "Mozilla/5.0 (Windows NT 10.0; Win64; x64) AppleWebKit/537.36 (KHTML, like Gecko) Chrome/138.0.0.0 Safari/537.36"
160.202.32.196 - - [16/Aug/2025:19:40:48 +0000] "GET /wp-content/plugins/all-in-one-event-calendar/cache/64d0ac1c_ai1ec_parsed_css.css?ver=2.5.15 HTTP/1.1" 500 - "https://www.waybackmachinedownloader.com/" "Mozilla/5.0 (Windows NT 10.0; Win64; x64) AppleWebKit/537.36 (KHTML, like Gecko) Chrome/138.0.0.0 Safari/537.36"
160.202.32.196 - - [16/Aug/2025:19:40:49 +0000] "GET /wp-includes/js/wp-emoji-release.min.js?ver=4.8.2 HTTP/1.1" 500 - "https://www.waybackmachinedownloader.com/" "Mozilla/5.0 (Windows NT 10.0; Win64; x64) AppleWebKit/537.36 (KHTML, like Gecko) Chrome/138.0.0.0 Safari/537.36"
2a03:2880:f800:4:: - - [16/Aug/2025:19:40:50 +0000] "GET /index.php/news/news/news/edito/edito/edito/edito/articles/news/news/article/edito/article/article/article/articles/article/news/articles/edito/edito/art1101-la-sante-cellulaire-www-natura4ever-et-la-sante-financiere.html HTTP/1.1" 500 - "-" "meta-externalagent/1.1 (+https://developers.facebook.com/docs/sharing/webmasters/crawler)"
160.202.32.196 - - [16/Aug/2025:19:40:50 +0000] "GET /?ai1ec_js_widget HTTP/1.1" 500 - "https://www.waybackmachinedownloader.com/" "Mozilla/5.0 (Windows NT 10.0; Win64; x64) AppleWebKit/537.36 (KHTML, like Gecko) Chrome/138.0.0.0 Safari/537.36"
52.167.144.204 - - [16/Aug/2025:19:41:18 +0000] "GET /index.php/articles/edito/articles/edito/news/news/art964-rachat-de-credit-et-regroupement-de-credits-immobilier-en-ile-de-france-et-region-parisienne.html HTTP/1.1" 500 - "-" "Mozilla/5.0 AppleWebKit/537.36 (KHTML, like Gecko; compatible; bingbot/2.0; +http://www.bing.com/bingbot.htm) Chrome/116.0.1938.76 Safari/537.36"
160.202.32.196 - - [16/Aug/2025:19:41:48 +0000] "GET /wp-content/plugins/all-in-one-event-calendar/cache/64d0ac1c_ai1ec_parsed_css.css?ver=2.5.15 HTTP/1.1" 500 - "https://www.waybackmachinedownloader.com/" "Mozilla/5.0 (Windows NT 10.0; Win64; x64) AppleWebKit/537.36 (KHTML, like Gecko) Chrome/138.0.0.0 Safari/537.36"
160.202.32.196 - - [16/Aug/2025:19:41:49 +0000] "GET /wp-includes/js/wp-emoji-release.min.js?ver=4.8.2 HTTP/1.1" 500 - "https://www.waybackmachinedownloader.com/" "Mozilla/5.0 (Windows NT 10.0; Win64; x64) AppleWebKit/537.36 (KHTML, like Gecko) Chrome/138.0.0.0 Safari/537.36"
160.202.32.196 - - [16/Aug/2025:19:41:49 +0000] "GET /?ai1ec_js_widget HTTP/1.1" 500 - "https://www.waybackmachinedownloader.com/" "Mozilla/5.0 (Windows NT 10.0; Win64; x64) AppleWebKit/537.36 (KHTML, like Gecko) Chrome/138.0.0.0 Safari/537.36"
2a03:2880:f800:3:: - - [16/Aug/2025:19:41:57 +0000] "GET /index.php/article/article/article/news/edito/edito/articles/news/news/articles/article/article/article/article/news/news/edito/article/edito/articles/article/articles/article/article/art827-l-association-arc-aide-au-rachat-de-credits-sur-facebook.html HTTP/1.1" 500 - "-" "meta-externalagent/1.1 (+https://developers.facebook.com/docs/sharing/webmasters/crawler)"
160.202.32.196 - - [16/Aug/2025:19:42:48 +0000] "GET /wp-content/plugins/all-in-one-event-calendar/cache/64d0ac1c_ai1ec_parsed_css.css?ver=2.5.15 HTTP/1.1" 500 - "https://www.waybackmachinedownloader.com/" "Mozilla/5.0 (Windows NT 10.0; Win64; x64) AppleWebKit/537.36 (KHTML, like Gecko) Chrome/138.0.0.0 Safari/537.36"
160.202.32.196 - - [16/Aug/2025:19:42:50 +0000] "GET /wp-includes/js/wp-emoji-release.min.js?ver=4.8.2 HTTP/1.1" 500 - "https://www.waybackmachinedownloader.com/" "Mozilla/5.0 (Windows NT 10.0; Win64; x64) AppleWebKit/537.36 (KHTML, like Gecko) Chrome/138.0.0.0 Safari/537.36"
160.202.32.196 - - [16/Aug/2025:19:42:50 +0000] "GET /?ai1ec_js_widget HTTP/1.1" 500 - "https://www.waybackmachinedownloader.com/" "Mozilla/5.0 (Windows NT 10.0; Win64; x64) AppleWebKit/537.36 (KHTML, like Gecko) Chrome/138.0.0.0 Safari/537.36"
2a03:2880:f800:9:: - - [16/Aug/2025:19:43:03 +0000] "GET /index.php/news/news/news/edito/edito/edito/edito/articles/news/news/article/news/articles/news/article/edito/edito/article/article/news/art1006-la-separation-reussie-de-vos-encours-de-credits-trop-chers.html HTTP/1.1" 500 - "-" "meta-externalagent/1.1 (+https://developers.facebook.com/docs/sharing/webmasters/crawler)"
160.202.32.196 - - [16/Aug/2025:19:43:19 +0000] "GET /wp-content/plugins/all-in-one-event-calendar/cache/64d0ac1c_ai1ec_parsed_css.css?ver=2.5.15 HTTP/1.1" 500 - "https://www.waybackmachinedownloader.com/" "Mozilla/5.0 (Windows NT 10.0; Win64; x64) AppleWebKit/537.36 (KHTML, like Gecko) Chrome/138.0.0.0 Safari/537.36"
160.202.32.196 - - [16/Aug/2025:19:43:20 +0000] "GET /wp-includes/js/wp-emoji-release.min.js?ver=4.8.2 HTTP/1.1" 500 - "https://www.waybackmachinedownloader.com/" "Mozilla/5.0 (Windows NT 10.0; Win64; x64) AppleWebKit/537.36 (KHTML, like Gecko) Chrome/138.0.0.0 Safari/537.36"
160.202.32.196 - - [16/Aug/2025:19:43:21 +0000] "GET /?ai1ec_js_widget HTTP/1.1" 500 - "https://www.waybackmachinedownloader.com/" "Mozilla/5.0 (Windows NT 10.0; Win64; x64) AppleWebKit/537.36 (KHTML, like Gecko) Chrome/138.0.0.0 Safari/537.36"
160.202.32.196 - - [16/Aug/2025:19:43:36 +0000] "GET /wp-content/plugins/all-in-one-event-calendar/cache/64d0ac1c_ai1ec_parsed_css.css?ver=2.5.15 HTTP/1.1" 500 - "https://www.waybackmachinedownloader.com/" "Mozilla/5.0 (Windows NT 10.0; Win64; x64) AppleWebKit/537.36 (KHTML, like Gecko) Chrome/138.0.0.0 Safari/537.36"
160.202.32.196 - - [16/Aug/2025:19:43:36 +0000] "GET /wp-includes/js/wp-emoji-release.min.js?ver=4.8.2 HTTP/1.1" 500 - "https://www.waybackmachinedownloader.com/" "Mozilla/5.0 (Windows NT 10.0; Win64; x64) AppleWebKit/537.36 (KHTML, like Gecko) Chrome/138.0.0.0 Safari/537.36"
160.202.32.196 - - [16/Aug/2025:19:43:37 +0000] "GET /?ai1ec_js_widget HTTP/1.1" 500 - "https://www.waybackmachinedownloader.com/" "Mozilla/5.0 (Windows NT 10.0; Win64; x64) AppleWebKit/537.36 (KHTML, like Gecko) Chrome/138.0.0.0 Safari/537.36"
160.202.32.196 - - [16/Aug/2025:19:43:51 +0000] "GET /wp-content/plugins/all-in-one-event-calendar/cache/64d0ac1c_ai1ec_parsed_css.css?ver=2.5.15 HTTP/1.1" 500 - "https://www.waybackmachinedownloader.com/" "Mozilla/5.0 (Windows NT 10.0; Win64; x64) AppleWebKit/537.36 (KHTML, like Gecko) Chrome/138.0.0.0 Safari/537.36"
160.202.32.196 - - [16/Aug/2025:19:43:51 +0000] "GET /wp-includes/js/wp-emoji-release.min.js?ver=4.8.2 HTTP/1.1" 500 - "https://www.waybackmachinedownloader.com/" "Mozilla/5.0 (Windows NT 10.0; Win64; x64) AppleWebKit/537.36 (KHTML, like Gecko) Chrome/138.0.0.0 Safari/537.36"
160.202.32.196 - - [16/Aug/2025:19:43:52 +0000] "GET /?ai1ec_js_widget HTTP/1.1" 500 - "https://www.waybackmachinedownloader.com/" "Mozilla/5.0 (Windows NT 10.0; Win64; x64) AppleWebKit/537.36 (KHTML, like Gecko) Chrome/138.0.0.0 Safari/537.36"
160.202.32.196 - - [16/Aug/2025:19:44:06 +0000] "GET /wp-content/plugins/all-in-one-event-calendar/cache/64d0ac1c_ai1ec_parsed_css.css?ver=2.5.15 HTTP/1.1" 500 - "https://www.waybackmachinedownloader.com/" "Mozilla/5.0 (Windows NT 10.0; Win64; x64) AppleWebKit/537.36 (KHTML, like Gecko) Chrome/138.0.0.0 Safari/537.36"
160.202.32.196 - - [16/Aug/2025:19:44:06 +0000] "GET /wp-includes/js/wp-emoji-release.min.js?ver=4.8.2 HTTP/1.1" 500 - "https://www.waybackmachinedownloader.com/" "Mozilla/5.0 (Windows NT 10.0; Win64; x64) AppleWebKit/537.36 (KHTML, like Gecko) Chrome/138.0.0.0 Safari/537.36"
160.202.32.196 - - [16/Aug/2025:19:44:07 +0000] "GET /?ai1ec_js_widget HTTP/1.1" 500 - "https://www.waybackmachinedownloader.com/" "Mozilla/5.0 (Windows NT 10.0; Win64; x64) AppleWebKit/537.36 (KHTML, like Gecko) Chrome/138.0.0.0 Safari/537.36"
2a03:2880:f800:d:: - - [16/Aug/2025:19:44:10 +0000] "GET /index.php/news/news/news/edito/edito/edito/edito/articles/news/article/news/article/article/article/edito/article/article/news/article/news/news/news/articles/news/article/edito/art748-periode-de-vacances-les-conseils-de-la-dgccrf-des-iob-et-des-banques.html HTTP/1.1" 500 - "-" "meta-externalagent/1.1 (+https://developers.facebook.com/docs/sharing/webmasters/crawler)"
160.202.32.196 - - [16/Aug/2025:19:44:21 +0000] "GET /wp-content/plugins/all-in-one-event-calendar/cache/64d0ac1c_ai1ec_parsed_css.css?ver=2.5.15 HTTP/1.1" 500 - "https://www.waybackmachinedownloader.com/" "Mozilla/5.0 (Windows NT 10.0; Win64; x64) AppleWebKit/537.36 (KHTML, like Gecko) Chrome/138.0.0.0 Safari/537.36"
160.202.32.196 - - [16/Aug/2025:19:44:22 +0000] "GET /wp-includes/js/wp-emoji-release.min.js?ver=4.8.2 HTTP/1.1" 500 - "https://www.waybackmachinedownloader.com/" "Mozilla/5.0 (Windows NT 10.0; Win64; x64) AppleWebKit/537.36 (KHTML, like Gecko) Chrome/138.0.0.0 Safari/537.36"
160.202.32.196 - - [16/Aug/2025:19:44:22 +0000] "GET /?ai1ec_js_widget HTTP/1.1" 500 - "https://www.waybackmachinedownloader.com/" "Mozilla/5.0 (Windows NT 10.0; Win64; x64) AppleWebKit/537.36 (KHTML, like Gecko) Chrome/138.0.0.0 Safari/537.36"
52.167.144.137 - - [16/Aug/2025:19:44:33 +0000] "GET /index.php/article/news/articles/edito/edito/news/art932-activite-du-refinancement-hypothecaire-et-du-credit-immobilier-la-citigroup-licencie.html HTTP/1.1" 500 - "-" "Mozilla/5.0 AppleWebKit/537.36 (KHTML, like Gecko; compatible; bingbot/2.0; +http://www.bing.com/bingbot.htm) Chrome/116.0.1938.76 Safari/537.36"
160.202.32.196 - - [16/Aug/2025:19:44:48 +0000] "GET /wp-content/plugins/all-in-one-event-calendar/cache/64d0ac1c_ai1ec_parsed_css.css?ver=2.5.15 HTTP/1.1" 500 - "https://www.waybackmachinedownloader.com/" "Mozilla/5.0 (Windows NT 10.0; Win64; x64) AppleWebKit/537.36 (KHTML, like Gecko) Chrome/138.0.0.0 Safari/537.36"
160.202.32.196 - - [16/Aug/2025:19:44:49 +0000] "GET /wp-includes/js/wp-emoji-release.min.js?ver=4.8.2 HTTP/1.1" 500 - "https://www.waybackmachinedownloader.com/" "Mozilla/5.0 (Windows NT 10.0; Win64; x64) AppleWebKit/537.36 (KHTML, like Gecko) Chrome/138.0.0.0 Safari/537.36"
160.202.32.196 - - [16/Aug/2025:19:44:49 +0000] "GET /?ai1ec_js_widget HTTP/1.1" 500 - "https://www.waybackmachinedownloader.com/" "Mozilla/5.0 (Windows NT 10.0; Win64; x64) AppleWebKit/537.36 (KHTML, like Gecko) Chrome/138.0.0.0 Safari/537.36"
160.202.32.196 - - [16/Aug/2025:19:45:07 +0000] "GET /wp-content/plugins/all-in-one-event-calendar/cache/64d0ac1c_ai1ec_parsed_css.css?ver=2.5.15 HTTP/1.1" 500 - "https://www.waybackmachinedownloader.com/" "Mozilla/5.0 (Windows NT 10.0; Win64; x64) AppleWebKit/537.36 (KHTML, like Gecko) Chrome/138.0.0.0 Safari/537.36"
160.202.32.196 - - [16/Aug/2025:19:45:08 +0000] "GET /wp-includes/js/wp-emoji-release.min.js?ver=4.8.2 HTTP/1.1" 500 - "https://www.waybackmachinedownloader.com/" "Mozilla/5.0 (Windows NT 10.0; Win64; x64) AppleWebKit/537.36 (KHTML, like Gecko) Chrome/138.0.0.0 Safari/537.36"
160.202.32.196 - - [16/Aug/2025:19:45:09 +0000] "GET /?ai1ec_js_widget HTTP/1.1" 500 - "https://www.waybackmachinedownloader.com/" "Mozilla/5.0 (Windows NT 10.0; Win64; x64) AppleWebKit/537.36 (KHTML, like Gecko) Chrome/138.0.0.0 Safari/537.36"
160.202.32.196 - - [16/Aug/2025:19:45:21 +0000] "GET /wp-content/plugins/all-in-one-event-calendar/cache/64d0ac1c_ai1ec_parsed_css.css?ver=2.5.15 HTTP/1.1" 500 - "https://www.waybackmachinedownloader.com/" "Mozilla/5.0 (Windows NT 10.0; Win64; x64) AppleWebKit/537.36 (KHTML, like Gecko) Chrome/138.0.0.0 Safari/537.36"
160.202.32.196 - - [16/Aug/2025:19:45:21 +0000] "GET /wp-includes/js/wp-emoji-release.min.js?ver=4.8.2 HTTP/1.1" 500 - "https://www.waybackmachinedownloader.com/" "Mozilla/5.0 (Windows NT 10.0; Win64; x64) AppleWebKit/537.36 (KHTML, like Gecko) Chrome/138.0.0.0 Safari/537.36"
160.202.32.196 - - [16/Aug/2025:19:45:22 +0000] "GET /?ai1ec_js_widget HTTP/1.1" 500 - "https://www.waybackmachinedownloader.com/" "Mozilla/5.0 (Windows NT 10.0; Win64; x64) AppleWebKit/537.36 (KHTML, like Gecko) Chrome/138.0.0.0 Safari/537.36"
2a03:2880:f800:14:: - - [16/Aug/2025:19:45:25 +0000] "GET /index.php/article/article/article/news/edito/edito/articles/news/news/articles/article/article/article/article/news/news/article/news/article/articles/news/article/news/article/article/edito/recherche.php HTTP/1.1" 500 - "-" "meta-externalagent/1.1 (+https://developers.facebook.com/docs/sharing/webmasters/crawler)"
160.202.32.196 - - [16/Aug/2025:19:45:36 +0000] "GET /wp-content/plugins/all-in-one-event-calendar/cache/64d0ac1c_ai1ec_parsed_css.css?ver=2.5.15 HTTP/1.1" 500 - "https://www.waybackmachinedownloader.com/" "Mozilla/5.0 (Windows NT 10.0; Win64; x64) AppleWebKit/537.36 (KHTML, like Gecko) Chrome/138.0.0.0 Safari/537.36"
160.202.32.196 - - [16/Aug/2025:19:45:36 +0000] "GET /wp-includes/js/wp-emoji-release.min.js?ver=4.8.2 HTTP/1.1" 500 - "https://www.waybackmachinedownloader.com/" "Mozilla/5.0 (Windows NT 10.0; Win64; x64) AppleWebKit/537.36 (KHTML, like Gecko) Chrome/138.0.0.0 Safari/537.36"
160.202.32.196 - - [16/Aug/2025:19:45:37 +0000] "GET /?ai1ec_js_widget HTTP/1.1" 500 - "https://www.waybackmachinedownloader.com/" "Mozilla/5.0 (Windows NT 10.0; Win64; x64) AppleWebKit/537.36 (KHTML, like Gecko) Chrome/138.0.0.0 Safari/537.36"
160.202.32.196 - - [16/Aug/2025:19:45:51 +0000] "GET /wp-content/plugins/all-in-one-event-calendar/cache/64d0ac1c_ai1ec_parsed_css.css?ver=2.5.15 HTTP/1.1" 500 - "https://www.waybackmachinedownloader.com/" "Mozilla/5.0 (Windows NT 10.0; Win64; x64) AppleWebKit/537.36 (KHTML, like Gecko) Chrome/138.0.0.0 Safari/537.36"
160.202.32.196 - - [16/Aug/2025:19:45:51 +0000] "GET /wp-includes/js/wp-emoji-release.min.js?ver=4.8.2 HTTP/1.1" 500 - "https://www.waybackmachinedownloader.com/" "Mozilla/5.0 (Windows NT 10.0; Win64; x64) AppleWebKit/537.36 (KHTML, like Gecko) Chrome/138.0.0.0 Safari/537.36"
160.202.32.196 - - [16/Aug/2025:19:45:52 +0000] "GET /?ai1ec_js_widget HTTP/1.1" 500 - "https://www.waybackmachinedownloader.com/" "Mozilla/5.0 (Windows NT 10.0; Win64; x64) AppleWebKit/537.36 (KHTML, like Gecko) Chrome/138.0.0.0 Safari/537.36"
160.202.32.196 - - [16/Aug/2025:19:46:06 +0000] "GET /wp-content/plugins/all-in-one-event-calendar/cache/64d0ac1c_ai1ec_parsed_css.css?ver=2.5.15 HTTP/1.1" 500 - "https://www.waybackmachinedownloader.com/" "Mozilla/5.0 (Windows NT 10.0; Win64; x64) AppleWebKit/537.36 (KHTML, like Gecko) Chrome/138.0.0.0 Safari/537.36"
160.202.32.196 - - [16/Aug/2025:19:46:07 +0000] "GET /wp-includes/js/wp-emoji-release.min.js?ver=4.8.2 HTTP/1.1" 500 - "https://www.waybackmachinedownloader.com/" "Mozilla/5.0 (Windows NT 10.0; Win64; x64) AppleWebKit/537.36 (KHTML, like Gecko) Chrome/138.0.0.0 Safari/537.36"
160.202.32.196 - - [16/Aug/2025:19:46:07 +0000] "GET /?ai1ec_js_widget HTTP/1.1" 500 - "https://www.waybackmachinedownloader.com/" "Mozilla/5.0 (Windows NT 10.0; Win64; x64) AppleWebKit/537.36 (KHTML, like Gecko) Chrome/138.0.0.0 Safari/537.36"
160.202.32.196 - - [16/Aug/2025:19:46:21 +0000] "GET /wp-content/plugins/all-in-one-event-calendar/cache/64d0ac1c_ai1ec_parsed_css.css?ver=2.5.15 HTTP/1.1" 500 - "https://www.waybackmachinedownloader.com/" "Mozilla/5.0 (Windows NT 10.0; Win64; x64) AppleWebKit/537.36 (KHTML, like Gecko) Chrome/138.0.0.0 Safari/537.36"
160.202.32.196 - - [16/Aug/2025:19:46:21 +0000] "GET /wp-includes/js/wp-emoji-release.min.js?ver=4.8.2 HTTP/1.1" 500 - "https://www.waybackmachinedownloader.com/" "Mozilla/5.0 (Windows NT 10.0; Win64; x64) AppleWebKit/537.36 (KHTML, like Gecko) Chrome/138.0.0.0 Safari/537.36"
160.202.32.196 - - [16/Aug/2025:19:46:22 +0000] "GET /?ai1ec_js_widget HTTP/1.1" 500 - "https://www.waybackmachinedownloader.com/" "Mozilla/5.0 (Windows NT 10.0; Win64; x64) AppleWebKit/537.36 (KHTML, like Gecko) Chrome/138.0.0.0 Safari/537.36"
2a03:2880:f800:1c:: - - [16/Aug/2025:19:46:23 +0000] "GET /index.php/news/news/news/edito/edito/edito/edito/articles/news/article/article/edito/news/article/article/news/article/article/art721-calculateurs-financiers-et-fiscaux.html HTTP/1.1" 500 - "-" "meta-externalagent/1.1 (+https://developers.facebook.com/docs/sharing/webmasters/crawler)"
160.202.32.196 - - [16/Aug/2025:19:46:36 +0000] "GET /wp-content/plugins/all-in-one-event-calendar/cache/64d0ac1c_ai1ec_parsed_css.css?ver=2.5.15 HTTP/1.1" 500 - "https://www.waybackmachinedownloader.com/" "Mozilla/5.0 (Windows NT 10.0; Win64; x64) AppleWebKit/537.36 (KHTML, like Gecko) Chrome/138.0.0.0 Safari/537.36"
160.202.32.196 - - [16/Aug/2025:19:46:37 +0000] "GET /wp-includes/js/wp-emoji-release.min.js?ver=4.8.2 HTTP/1.1" 500 - "https://www.waybackmachinedownloader.com/" "Mozilla/5.0 (Windows NT 10.0; Win64; x64) AppleWebKit/537.36 (KHTML, like Gecko) Chrome/138.0.0.0 Safari/537.36"
160.202.32.196 - - [16/Aug/2025:19:46:37 +0000] "GET /?ai1ec_js_widget HTTP/1.1" 500 - "https://www.waybackmachinedownloader.com/" "Mozilla/5.0 (Windows NT 10.0; Win64; x64) AppleWebKit/537.36 (KHTML, like Gecko) Chrome/138.0.0.0 Safari/537.36"
2a03:2880:f800:17:: - - [16/Aug/2025:19:47:30 +0000] "GET /index.php/article/article/article/news/news/news/article/article/article/article/news/news/article/article/article/article/news/news/article/articles/article/news/articles/article/news/articles/article/art920-rachat-de-credit-dans-les-dom-tom-avec-ou-sans-garantie-hypothecaire.html HTTP/1.1" 500 - "-" "meta-externalagent/1.1 (+https://developers.facebook.com/docs/sharing/webmasters/crawler)"
160.202.32.196 - - [16/Aug/2025:19:47:43 +0000] "GET /wp-content/plugins/all-in-one-event-calendar/cache/64d0ac1c_ai1ec_parsed_css.css?ver=2.5.15 HTTP/1.1" 500 - "https://www.waybackmachinedownloader.com/" "Mozilla/5.0 (Windows NT 10.0; Win64; x64) AppleWebKit/537.36 (KHTML, like Gecko) Chrome/138.0.0.0 Safari/537.36"
160.202.32.196 - - [16/Aug/2025:19:47:44 +0000] "GET /wp-includes/js/wp-emoji-release.min.js?ver=4.8.2 HTTP/1.1" 500 - "https://www.waybackmachinedownloader.com/" "Mozilla/5.0 (Windows NT 10.0; Win64; x64) AppleWebKit/537.36 (KHTML, like Gecko) Chrome/138.0.0.0 Safari/537.36"
160.202.32.196 - - [16/Aug/2025:19:47:45 +0000] "GET /?ai1ec_js_widget HTTP/1.1" 500 - "https://www.waybackmachinedownloader.com/" "Mozilla/5.0 (Windows NT 10.0; Win64; x64) AppleWebKit/537.36 (KHTML, like Gecko) Chrome/138.0.0.0 Safari/537.36"
2a03:2880:f800:b:: - - [16/Aug/2025:19:48:37 +0000] "GET /index.php/news/news/news/edito/edito/edito/edito/articles/news/article/news/article/news/article/article/edito/news/edito/article/news/french.php HTTP/1.1" 500 - "-" "meta-externalagent/1.1 (+https://developers.facebook.com/docs/sharing/webmasters/crawler)"
160.202.32.196 - - [16/Aug/2025:19:48:49 +0000] "GET /wp-content/plugins/all-in-one-event-calendar/cache/64d0ac1c_ai1ec_parsed_css.css?ver=2.5.15 HTTP/1.1" 500 - "https://www.waybackmachinedownloader.com/" "Mozilla/5.0 (Windows NT 10.0; Win64; x64) AppleWebKit/537.36 (KHTML, like Gecko) Chrome/138.0.0.0 Safari/537.36"
160.202.32.196 - - [16/Aug/2025:19:48:50 +0000] "GET /wp-includes/js/wp-emoji-release.min.js?ver=4.8.2 HTTP/1.1" 500 - "https://www.waybackmachinedownloader.com/" "Mozilla/5.0 (Windows NT 10.0; Win64; x64) AppleWebKit/537.36 (KHTML, like Gecko) Chrome/138.0.0.0 Safari/537.36"
160.202.32.196 - - [16/Aug/2025:19:48:50 +0000] "GET /?ai1ec_js_widget HTTP/1.1" 500 - "https://www.waybackmachinedownloader.com/" "Mozilla/5.0 (Windows NT 10.0; Win64; x64) AppleWebKit/537.36 (KHTML, like Gecko) Chrome/138.0.0.0 Safari/537.36"
2a03:2880:f800:f:: - - [16/Aug/2025:19:49:43 +0000] "GET /index.php/news/news/news/edito/edito/edito/edito/articles/news/news/article/article/article/edito/news/news/edito/news/news/news/news/art399-ecrire-a-votre-depute.html HTTP/1.1" 500 - "-" "meta-externalagent/1.1 (+https://developers.facebook.com/docs/sharing/webmasters/crawler)"
52.167.144.188 - - [16/Aug/2025:19:49:44 +0000] "GET /index.php/news/news/article/article/art473-pret-relais-pour-achat-d-un-autre-bien-immobilier.html HTTP/1.1" 500 - "-" "Mozilla/5.0 AppleWebKit/537.36 (KHTML, like Gecko; compatible; bingbot/2.0; +http://www.bing.com/bingbot.htm) Chrome/116.0.1938.76 Safari/537.36"
160.202.32.196 - - [16/Aug/2025:19:49:48 +0000] "GET /wp-content/plugins/all-in-one-event-calendar/cache/64d0ac1c_ai1ec_parsed_css.css?ver=2.5.15 HTTP/1.1" 500 - "https://www.waybackmachinedownloader.com/" "Mozilla/5.0 (Windows NT 10.0; Win64; x64) AppleWebKit/537.36 (KHTML, like Gecko) Chrome/138.0.0.0 Safari/537.36"
160.202.32.196 - - [16/Aug/2025:19:49:49 +0000] "GET /wp-includes/js/wp-emoji-release.min.js?ver=4.8.2 HTTP/1.1" 500 - "https://www.waybackmachinedownloader.com/" "Mozilla/5.0 (Windows NT 10.0; Win64; x64) AppleWebKit/537.36 (KHTML, like Gecko) Chrome/138.0.0.0 Safari/537.36"
160.202.32.196 - - [16/Aug/2025:19:49:49 +0000] "GET /?ai1ec_js_widget HTTP/1.1" 500 - "https://www.waybackmachinedownloader.com/" "Mozilla/5.0 (Windows NT 10.0; Win64; x64) AppleWebKit/537.36 (KHTML, like Gecko) Chrome/138.0.0.0 Safari/537.36"
52.167.144.137 - - [16/Aug/2025:19:49:59 +0000] "GET /index.php/news/articles/articles/article/article/edito/news/art1116-compte-bancaire-6-conseils-pour-eviter-le-piratage-et-les-arnaques.html HTTP/1.1" 500 - "-" "Mozilla/5.0 AppleWebKit/537.36 (KHTML, like Gecko; compatible; bingbot/2.0; +http://www.bing.com/bingbot.htm) Chrome/116.0.1938.76 Safari/537.36"
52.167.144.188 - - [16/Aug/2025:19:50:09 +0000] "GET /index.php/news/news/edito/article/article/art847-simulation-directe-de-votre-rachat-de-credit-en-quelques-minutes.html HTTP/1.1" 500 - "-" "Mozilla/5.0 AppleWebKit/537.36 (KHTML, like Gecko; compatible; bingbot/2.0; +http://www.bing.com/bingbot.htm) Chrome/116.0.1938.76 Safari/537.36"
160.202.32.196 - - [16/Aug/2025:19:50:48 +0000] "GET /wp-content/plugins/all-in-one-event-calendar/cache/64d0ac1c_ai1ec_parsed_css.css?ver=2.5.15 HTTP/1.1" 500 - "https://www.waybackmachinedownloader.com/" "Mozilla/5.0 (Windows NT 10.0; Win64; x64) AppleWebKit/537.36 (KHTML, like Gecko) Chrome/138.0.0.0 Safari/537.36"
160.202.32.196 - - [16/Aug/2025:19:50:49 +0000] "GET /wp-includes/js/wp-emoji-release.min.js?ver=4.8.2 HTTP/1.1" 500 - "https://www.waybackmachinedownloader.com/" "Mozilla/5.0 (Windows NT 10.0; Win64; x64) AppleWebKit/537.36 (KHTML, like Gecko) Chrome/138.0.0.0 Safari/537.36"
160.202.32.196 - - [16/Aug/2025:19:50:49 +0000] "GET /?ai1ec_js_widget HTTP/1.1" 500 - "https://www.waybackmachinedownloader.com/" "Mozilla/5.0 (Windows NT 10.0; Win64; x64) AppleWebKit/537.36 (KHTML, like Gecko) Chrome/138.0.0.0 Safari/537.36"
2a03:2880:f800:12:: - - [16/Aug/2025:19:50:50 +0000] "GET /index.php/article/article/article/news/edito/edito/articles/news/news/articles/article/article/article/article/news/news/article/article/article/news/article/articles/article/news/article/news/edito/news/article/art724-les-sujets-les-plus-lus-sur-le-site-association-arc-aide-au-rachat-de-credit.html HTTP/1.1" 500 - "-" "meta-externalagent/1.1 (+https://developers.facebook.com/docs/sharing/webmasters/crawler)"
160.202.32.196 - - [16/Aug/2025:19:51:48 +0000] "GET /wp-content/plugins/all-in-one-event-calendar/cache/64d0ac1c_ai1ec_parsed_css.css?ver=2.5.15 HTTP/1.1" 500 - "https://www.waybackmachinedownloader.com/" "Mozilla/5.0 (Windows NT 10.0; Win64; x64) AppleWebKit/537.36 (KHTML, like Gecko) Chrome/138.0.0.0 Safari/537.36"
160.202.32.196 - - [16/Aug/2025:19:51:49 +0000] "GET /wp-includes/js/wp-emoji-release.min.js?ver=4.8.2 HTTP/1.1" 500 - "https://www.waybackmachinedownloader.com/" "Mozilla/5.0 (Windows NT 10.0; Win64; x64) AppleWebKit/537.36 (KHTML, like Gecko) Chrome/138.0.0.0 Safari/537.36"
160.202.32.196 - - [16/Aug/2025:19:51:50 +0000] "GET /?ai1ec_js_widget HTTP/1.1" 500 - "https://www.waybackmachinedownloader.com/" "Mozilla/5.0 (Windows NT 10.0; Win64; x64) AppleWebKit/537.36 (KHTML, like Gecko) Chrome/138.0.0.0 Safari/537.36"
160.202.32.196 - - [16/Aug/2025:19:52:23 +0000] "GET /wp-content/plugins/all-in-one-event-calendar/cache/64d0ac1c_ai1ec_parsed_css.css?ver=2.5.15 HTTP/1.1" 500 - "https://www.waybackmachinedownloader.com/" "Mozilla/5.0 (Windows NT 10.0; Win64; x64) AppleWebKit/537.36 (KHTML, like Gecko) Chrome/138.0.0.0 Safari/537.36"
160.202.32.196 - - [16/Aug/2025:19:52:24 +0000] "GET /wp-includes/js/wp-emoji-release.min.js?ver=4.8.2 HTTP/1.1" 500 - "https://www.waybackmachinedownloader.com/" "Mozilla/5.0 (Windows NT 10.0; Win64; x64) AppleWebKit/537.36 (KHTML, like Gecko) Chrome/138.0.0.0 Safari/537.36"
160.202.32.196 - - [16/Aug/2025:19:52:24 +0000] "GET /?ai1ec_js_widget HTTP/1.1" 500 - "https://www.waybackmachinedownloader.com/" "Mozilla/5.0 (Windows NT 10.0; Win64; x64) AppleWebKit/537.36 (KHTML, like Gecko) Chrome/138.0.0.0 Safari/537.36"
109.236.93.77 - - [16/Aug/2025:19:52:29 +0000] "GET / HTTP/1.1" 500 - "-" "Mozilla/5.0 (Windows NT 10.0; Win64; x64) AppleWebKit/537.36 (KHTML, like Gecko) Chrome/118.0.0.0 Safari/537.36"
160.202.32.196 - - [16/Aug/2025:19:52:36 +0000] "GET /wp-content/plugins/all-in-one-event-calendar/cache/64d0ac1c_ai1ec_parsed_css.css?ver=2.5.15 HTTP/1.1" 500 - "https://www.waybackmachinedownloader.com/" "Mozilla/5.0 (Windows NT 10.0; Win64; x64) AppleWebKit/537.36 (KHTML, like Gecko) Chrome/138.0.0.0 Safari/537.36"
160.202.32.196 - - [16/Aug/2025:19:52:36 +0000] "GET /wp-includes/js/wp-emoji-release.min.js?ver=4.8.2 HTTP/1.1" 500 - "https://www.waybackmachinedownloader.com/" "Mozilla/5.0 (Windows NT 10.0; Win64; x64) AppleWebKit/537.36 (KHTML, like Gecko) Chrome/138.0.0.0 Safari/537.36"
160.202.32.196 - - [16/Aug/2025:19:52:37 +0000] "GET /?ai1ec_js_widget HTTP/1.1" 500 - "https://www.waybackmachinedownloader.com/" "Mozilla/5.0 (Windows NT 10.0; Win64; x64) AppleWebKit/537.36 (KHTML, like Gecko) Chrome/138.0.0.0 Safari/537.36"
160.202.32.196 - - [16/Aug/2025:19:52:51 +0000] "GET /wp-content/plugins/all-in-one-event-calendar/cache/64d0ac1c_ai1ec_parsed_css.css?ver=2.5.15 HTTP/1.1" 500 - "https://www.waybackmachinedownloader.com/" "Mozilla/5.0 (Windows NT 10.0; Win64; x64) AppleWebKit/537.36 (KHTML, like Gecko) Chrome/138.0.0.0 Safari/537.36"
160.202.32.196 - - [16/Aug/2025:19:52:51 +0000] "GET /wp-includes/js/wp-emoji-release.min.js?ver=4.8.2 HTTP/1.1" 500 - "https://www.waybackmachinedownloader.com/" "Mozilla/5.0 (Windows NT 10.0; Win64; x64) AppleWebKit/537.36 (KHTML, like Gecko) Chrome/138.0.0.0 Safari/537.36"
160.202.32.196 - - [16/Aug/2025:19:52:52 +0000] "GET /?ai1ec_js_widget HTTP/1.1" 500 - "https://www.waybackmachinedownloader.com/" "Mozilla/5.0 (Windows NT 10.0; Win64; x64) AppleWebKit/537.36 (KHTML, like Gecko) Chrome/138.0.0.0 Safari/537.36"
2a03:2880:f800:: - - [16/Aug/2025:19:53:04 +0000] "GET /index.php/news/news/news/edito/edito/edito/edito/articles/news/news/article/news/news/article/articles/edito/edito/article/news/news/news/art717-le-rachat-de-credits-et-le-credit-entre-particulier.html HTTP/1.1" 500 - "-" "meta-externalagent/1.1 (+https://developers.facebook.com/docs/sharing/webmasters/crawler)"
160.202.32.196 - - [16/Aug/2025:19:53:06 +0000] "GET /wp-content/plugins/all-in-one-event-calendar/cache/64d0ac1c_ai1ec_parsed_css.css?ver=2.5.15 HTTP/1.1" 500 - "https://www.waybackmachinedownloader.com/" "Mozilla/5.0 (Windows NT 10.0; Win64; x64) AppleWebKit/537.36 (KHTML, like Gecko) Chrome/138.0.0.0 Safari/537.36"
160.202.32.196 - - [16/Aug/2025:19:53:06 +0000] "GET /wp-includes/js/wp-emoji-release.min.js?ver=4.8.2 HTTP/1.1" 500 - "https://www.waybackmachinedownloader.com/" "Mozilla/5.0 (Windows NT 10.0; Win64; x64) AppleWebKit/537.36 (KHTML, like Gecko) Chrome/138.0.0.0 Safari/537.36"
160.202.32.196 - - [16/Aug/2025:19:53:07 +0000] "GET /?ai1ec_js_widget HTTP/1.1" 500 - "https://www.waybackmachinedownloader.com/" "Mozilla/5.0 (Windows NT 10.0; Win64; x64) AppleWebKit/537.36 (KHTML, like Gecko) Chrome/138.0.0.0 Safari/537.36"
160.202.32.196 - - [16/Aug/2025:19:53:21 +0000] "GET /wp-content/plugins/all-in-one-event-calendar/cache/64d0ac1c_ai1ec_parsed_css.css?ver=2.5.15 HTTP/1.1" 500 - "https://www.waybackmachinedownloader.com/" "Mozilla/5.0 (Windows NT 10.0; Win64; x64) AppleWebKit/537.36 (KHTML, like Gecko) Chrome/138.0.0.0 Safari/537.36"
160.202.32.196 - - [16/Aug/2025:19:53:22 +0000] "GET /wp-includes/js/wp-emoji-release.min.js?ver=4.8.2 HTTP/1.1" 500 - "https://www.waybackmachinedownloader.com/" "Mozilla/5.0 (Windows NT 10.0; Win64; x64) AppleWebKit/537.36 (KHTML, like Gecko) Chrome/138.0.0.0 Safari/537.36"
160.202.32.196 - - [16/Aug/2025:19:53:22 +0000] "GET /?ai1ec_js_widget HTTP/1.1" 500 - "https://www.waybackmachinedownloader.com/" "Mozilla/5.0 (Windows NT 10.0; Win64; x64) AppleWebKit/537.36 (KHTML, like Gecko) Chrome/138.0.0.0 Safari/537.36"
52.167.144.20 - - [16/Aug/2025:19:53:32 +0000] "GET /index.php/edito/article/articles/news/edito/news/articles/art672-regroupements-de-prets-restructuration-des-credits.html HTTP/1.1" 500 - "-" "Mozilla/5.0 AppleWebKit/537.36 (KHTML, like Gecko; compatible; bingbot/2.0; +http://www.bing.com/bingbot.htm) Chrome/116.0.1938.76 Safari/537.36"
160.202.32.196 - - [16/Aug/2025:19:53:48 +0000] "GET /wp-content/plugins/all-in-one-event-calendar/cache/64d0ac1c_ai1ec_parsed_css.css?ver=2.5.15 HTTP/1.1" 500 - "https://www.waybackmachinedownloader.com/" "Mozilla/5.0 (Windows NT 10.0; Win64; x64) AppleWebKit/537.36 (KHTML, like Gecko) Chrome/138.0.0.0 Safari/537.36"
160.202.32.196 - - [16/Aug/2025:19:53:48 +0000] "GET /wp-includes/js/wp-emoji-release.min.js?ver=4.8.2 HTTP/1.1" 500 - "https://www.waybackmachinedownloader.com/" "Mozilla/5.0 (Windows NT 10.0; Win64; x64) AppleWebKit/537.36 (KHTML, like Gecko) Chrome/138.0.0.0 Safari/537.36"
160.202.32.196 - - [16/Aug/2025:19:53:49 +0000] "GET /?ai1ec_js_widget HTTP/1.1" 500 - "https://www.waybackmachinedownloader.com/" "Mozilla/5.0 (Windows NT 10.0; Win64; x64) AppleWebKit/537.36 (KHTML, like Gecko) Chrome/138.0.0.0 Safari/537.36"
2a03:2880:f800:7:: - - [16/Aug/2025:19:54:10 +0000] "GET /index.php/news/news/news/edito/edito/edito/edito/articles/news/news/edito/news/article/news/article/edito/articles/edito/articles/article/article/news/article/credits.php HTTP/1.1" 500 - "-" "meta-externalagent/1.1 (+https://developers.facebook.com/docs/sharing/webmasters/crawler)"
160.202.32.196 - - [16/Aug/2025:19:54:48 +0000] "GET /wp-content/plugins/all-in-one-event-calendar/cache/64d0ac1c_ai1ec_parsed_css.css?ver=2.5.15 HTTP/1.1" 500 - "https://www.waybackmachinedownloader.com/" "Mozilla/5.0 (Windows NT 10.0; Win64; x64) AppleWebKit/537.36 (KHTML, like Gecko) Chrome/138.0.0.0 Safari/537.36"
160.202.32.196 - - [16/Aug/2025:19:54:49 +0000] "GET /wp-includes/js/wp-emoji-release.min.js?ver=4.8.2 HTTP/1.1" 500 - "https://www.waybackmachinedownloader.com/" "Mozilla/5.0 (Windows NT 10.0; Win64; x64) AppleWebKit/537.36 (KHTML, like Gecko) Chrome/138.0.0.0 Safari/537.36"
160.202.32.196 - - [16/Aug/2025:19:54:50 +0000] "GET /?ai1ec_js_widget HTTP/1.1" 500 - "https://www.waybackmachinedownloader.com/" "Mozilla/5.0 (Windows NT 10.0; Win64; x64) AppleWebKit/537.36 (KHTML, like Gecko) Chrome/138.0.0.0 Safari/537.36"
2a03:2880:f800:16:: - - [16/Aug/2025:19:55:17 +0000] "GET /index.php/article/article/article/news/news/news/article/article/article/article/news/news/article/article/article/article/article/article/news/articles/news/news/article/art356-investir-au-maroc-dans-de-l-immobilier-destine-a-la-retraite-aux-vacances-ou-aux-placements-voir-pour-les-trois-objectifs.html HTTP/1.1" 500 - "-" "meta-externalagent/1.1 (+https://developers.facebook.com/docs/sharing/webmasters/crawler)"
52.167.144.20 - - [16/Aug/2025:19:55:43 +0000] "GET /index.php/edito/news/edito/articles/article/news/article/art56-attention-aux-arnaques-aux-credits.html HTTP/1.1" 500 - "-" "Mozilla/5.0 AppleWebKit/537.36 (KHTML, like Gecko; compatible; bingbot/2.0; +http://www.bing.com/bingbot.htm) Chrome/116.0.1938.76 Safari/537.36"
160.202.32.196 - - [16/Aug/2025:19:55:48 +0000] "GET /wp-content/plugins/all-in-one-event-calendar/cache/64d0ac1c_ai1ec_parsed_css.css?ver=2.5.15 HTTP/1.1" 500 - "https://www.waybackmachinedownloader.com/" "Mozilla/5.0 (Windows NT 10.0; Win64; x64) AppleWebKit/537.36 (KHTML, like Gecko) Chrome/138.0.0.0 Safari/537.36"
160.202.32.196 - - [16/Aug/2025:19:55:49 +0000] "GET /wp-includes/js/wp-emoji-release.min.js?ver=4.8.2 HTTP/1.1" 500 - "https://www.waybackmachinedownloader.com/" "Mozilla/5.0 (Windows NT 10.0; Win64; x64) AppleWebKit/537.36 (KHTML, like Gecko) Chrome/138.0.0.0 Safari/537.36"
160.202.32.196 - - [16/Aug/2025:19:55:50 +0000] "GET /?ai1ec_js_widget HTTP/1.1" 500 - "https://www.waybackmachinedownloader.com/" "Mozilla/5.0 (Windows NT 10.0; Win64; x64) AppleWebKit/537.36 (KHTML, like Gecko) Chrome/138.0.0.0 Safari/537.36"
52.167.144.188 - - [16/Aug/2025:19:55:52 +0000] "GET /index.php/edito/edito/articles/article/articles/news/art908-le-rachat-de-credit-la-delegation-d-assurance-de-pret-et-l-assurance-groupe.html HTTP/1.1" 500 - "-" "Mozilla/5.0 AppleWebKit/537.36 (KHTML, like Gecko; compatible; bingbot/2.0; +http://www.bing.com/bingbot.htm) Chrome/116.0.1938.76 Safari/537.36"
2a03:2880:f800:: - - [16/Aug/2025:19:56:24 +0000] "GET /index.php/news/news/news/edito/edito/edito/edito/articles/news/article/news/article/edito/articles/edito/news/articles/news/article/news/art1182-alerte-doliprane-et-les-solutions-alernatives.html HTTP/1.1" 500 - "-" "meta-externalagent/1.1 (+https://developers.facebook.com/docs/sharing/webmasters/crawler)"
160.202.32.196 - - [16/Aug/2025:19:56:48 +0000] "GET /wp-content/plugins/all-in-one-event-calendar/cache/64d0ac1c_ai1ec_parsed_css.css?ver=2.5.15 HTTP/1.1" 500 - "https://www.waybackmachinedownloader.com/" "Mozilla/5.0 (Windows NT 10.0; Win64; x64) AppleWebKit/537.36 (KHTML, like Gecko) Chrome/138.0.0.0 Safari/537.36"
160.202.32.196 - - [16/Aug/2025:19:56:49 +0000] "GET /wp-includes/js/wp-emoji-release.min.js?ver=4.8.2 HTTP/1.1" 500 - "https://www.waybackmachinedownloader.com/" "Mozilla/5.0 (Windows NT 10.0; Win64; x64) AppleWebKit/537.36 (KHTML, like Gecko) Chrome/138.0.0.0 Safari/537.36"
160.202.32.196 - - [16/Aug/2025:19:56:49 +0000] "GET /?ai1ec_js_widget HTTP/1.1" 500 - "https://www.waybackmachinedownloader.com/" "Mozilla/5.0 (Windows NT 10.0; Win64; x64) AppleWebKit/537.36 (KHTML, like Gecko) Chrome/138.0.0.0 Safari/537.36"
160.202.32.196 - - [16/Aug/2025:19:57:17 +0000] "GET /wp-content/plugins/all-in-one-event-calendar/cache/64d0ac1c_ai1ec_parsed_css.css?ver=2.5.15 HTTP/1.1" 500 - "https://www.waybackmachinedownloader.com/" "Mozilla/5.0 (Windows NT 10.0; Win64; x64) AppleWebKit/537.36 (KHTML, like Gecko) Chrome/138.0.0.0 Safari/537.36"
160.202.32.196 - - [16/Aug/2025:19:57:17 +0000] "GET /wp-includes/js/wp-emoji-release.min.js?ver=4.8.2 HTTP/1.1" 500 - "https://www.waybackmachinedownloader.com/" "Mozilla/5.0 (Windows NT 10.0; Win64; x64) AppleWebKit/537.36 (KHTML, like Gecko) Chrome/138.0.0.0 Safari/537.36"
160.202.32.196 - - [16/Aug/2025:19:57:18 +0000] "GET /?ai1ec_js_widget HTTP/1.1" 500 - "https://www.waybackmachinedownloader.com/" "Mozilla/5.0 (Windows NT 10.0; Win64; x64) AppleWebKit/537.36 (KHTML, like Gecko) Chrome/138.0.0.0 Safari/537.36"
160.202.32.196 - - [16/Aug/2025:19:57:20 +0000] "GET /wp-content/plugins/all-in-one-event-calendar/cache/64d0ac1c_ai1ec_parsed_css.css?ver=2.5.15 HTTP/1.1" 500 - "https://www.waybackmachinedownloader.com/" "Mozilla/5.0 (Windows NT 10.0; Win64; x64) AppleWebKit/537.36 (KHTML, like Gecko) Chrome/138.0.0.0 Safari/537.36"
160.202.32.196 - - [16/Aug/2025:19:57:20 +0000] "GET /wp-includes/js/wp-emoji-release.min.js?ver=4.8.2 HTTP/1.1" 500 - "https://www.waybackmachinedownloader.com/" "Mozilla/5.0 (Windows NT 10.0; Win64; x64) AppleWebKit/537.36 (KHTML, like Gecko) Chrome/138.0.0.0 Safari/537.36"
160.202.32.196 - - [16/Aug/2025:19:57:21 +0000] "GET /?ai1ec_js_widget HTTP/1.1" 500 - "https://www.waybackmachinedownloader.com/" "Mozilla/5.0 (Windows NT 10.0; Win64; x64) AppleWebKit/537.36 (KHTML, like Gecko) Chrome/138.0.0.0 Safari/537.36"
2a03:2880:f800:d:: - - [16/Aug/2025:19:57:30 +0000] "GET /index.php/article/article/article/news/news/news/article/article/article/edito/news/edito/article/article/news/article/news/articles/news/articles/articles/article/article/art47-texte-de-loi-article-l332-1cdlc.html HTTP/1.1" 500 - "-" "meta-externalagent/1.1 (+https://developers.facebook.com/docs/sharing/webmasters/crawler)"
160.202.32.196 - - [16/Aug/2025:19:57:36 +0000] "GET /wp-content/plugins/all-in-one-event-calendar/cache/64d0ac1c_ai1ec_parsed_css.css?ver=2.5.15 HTTP/1.1" 500 - "https://www.waybackmachinedownloader.com/" "Mozilla/5.0 (Windows NT 10.0; Win64; x64) AppleWebKit/537.36 (KHTML, like Gecko) Chrome/138.0.0.0 Safari/537.36"
160.202.32.196 - - [16/Aug/2025:19:57:36 +0000] "GET /wp-includes/js/wp-emoji-release.min.js?ver=4.8.2 HTTP/1.1" 500 - "https://www.waybackmachinedownloader.com/" "Mozilla/5.0 (Windows NT 10.0; Win64; x64) AppleWebKit/537.36 (KHTML, like Gecko) Chrome/138.0.0.0 Safari/537.36"
160.202.32.196 - - [16/Aug/2025:19:57:37 +0000] "GET /?ai1ec_js_widget HTTP/1.1" 500 - "https://www.waybackmachinedownloader.com/" "Mozilla/5.0 (Windows NT 10.0; Win64; x64) AppleWebKit/537.36 (KHTML, like Gecko) Chrome/138.0.0.0 Safari/537.36"
160.202.32.196 - - [16/Aug/2025:19:57:51 +0000] "GET /wp-content/plugins/all-in-one-event-calendar/cache/64d0ac1c_ai1ec_parsed_css.css?ver=2.5.15 HTTP/1.1" 500 - "https://www.waybackmachinedownloader.com/" "Mozilla/5.0 (Windows NT 10.0; Win64; x64) AppleWebKit/537.36 (KHTML, like Gecko) Chrome/138.0.0.0 Safari/537.36"
160.202.32.196 - - [16/Aug/2025:19:57:52 +0000] "GET /wp-includes/js/wp-emoji-release.min.js?ver=4.8.2 HTTP/1.1" 500 - "https://www.waybackmachinedownloader.com/" "Mozilla/5.0 (Windows NT 10.0; Win64; x64) AppleWebKit/537.36 (KHTML, like Gecko) Chrome/138.0.0.0 Safari/537.36"
160.202.32.196 - - [16/Aug/2025:19:57:52 +0000] "GET /?ai1ec_js_widget HTTP/1.1" 500 - "https://www.waybackmachinedownloader.com/" "Mozilla/5.0 (Windows NT 10.0; Win64; x64) AppleWebKit/537.36 (KHTML, like Gecko) Chrome/138.0.0.0 Safari/537.36"
160.202.32.196 - - [16/Aug/2025:19:58:06 +0000] "GET /wp-content/plugins/all-in-one-event-calendar/cache/64d0ac1c_ai1ec_parsed_css.css?ver=2.5.15 HTTP/1.1" 500 - "https://www.waybackmachinedownloader.com/" "Mozilla/5.0 (Windows NT 10.0; Win64; x64) AppleWebKit/537.36 (KHTML, like Gecko) Chrome/138.0.0.0 Safari/537.36"
160.202.32.196 - - [16/Aug/2025:19:58:06 +0000] "GET /wp-includes/js/wp-emoji-release.min.js?ver=4.8.2 HTTP/1.1" 500 - "https://www.waybackmachinedownloader.com/" "Mozilla/5.0 (Windows NT 10.0; Win64; x64) AppleWebKit/537.36 (KHTML, like Gecko) Chrome/138.0.0.0 Safari/537.36"
160.202.32.196 - - [16/Aug/2025:19:58:07 +0000] "GET /?ai1ec_js_widget HTTP/1.1" 500 - "https://www.waybackmachinedownloader.com/" "Mozilla/5.0 (Windows NT 10.0; Win64; x64) AppleWebKit/537.36 (KHTML, like Gecko) Chrome/138.0.0.0 Safari/537.36"
2a03:2880:f800:6:: - - [16/Aug/2025:19:58:37 +0000] "GET /index.php/article/article/article/news/edito/edito/articles/news/news/articles/article/article/article/article/news/news/article/edito/edito/news/article/news/edito/news/news/article/news/news/art656-les-amis-et-les-gens-indelicats-sur-l-internet.html HTTP/1.1" 500 - "-" "meta-externalagent/1.1 (+https://developers.facebook.com/docs/sharing/webmasters/crawler)"
160.202.32.196 - - [16/Aug/2025:19:58:45 +0000] "GET /wp-content/plugins/all-in-one-event-calendar/cache/64d0ac1c_ai1ec_parsed_css.css?ver=2.5.15 HTTP/1.1" 500 - "https://www.waybackmachinedownloader.com/" "Mozilla/5.0 (Windows NT 10.0; Win64; x64) AppleWebKit/537.36 (KHTML, like Gecko) Chrome/138.0.0.0 Safari/537.36"
160.202.32.196 - - [16/Aug/2025:19:58:46 +0000] "GET /wp-includes/js/wp-emoji-release.min.js?ver=4.8.2 HTTP/1.1" 500 - "https://www.waybackmachinedownloader.com/" "Mozilla/5.0 (Windows NT 10.0; Win64; x64) AppleWebKit/537.36 (KHTML, like Gecko) Chrome/138.0.0.0 Safari/537.36"
160.202.32.196 - - [16/Aug/2025:19:58:47 +0000] "GET /?ai1ec_js_widget HTTP/1.1" 500 - "https://www.waybackmachinedownloader.com/" "Mozilla/5.0 (Windows NT 10.0; Win64; x64) AppleWebKit/537.36 (KHTML, like Gecko) Chrome/138.0.0.0 Safari/537.36"
160.202.32.196 - - [16/Aug/2025:19:58:50 +0000] "GET /wp-content/plugins/all-in-one-event-calendar/cache/64d0ac1c_ai1ec_parsed_css.css?ver=2.5.15 HTTP/1.1" 500 - "https://www.waybackmachinedownloader.com/" "Mozilla/5.0 (Windows NT 10.0; Win64; x64) AppleWebKit/537.36 (KHTML, like Gecko) Chrome/138.0.0.0 Safari/537.36"
160.202.32.196 - - [16/Aug/2025:19:58:51 +0000] "GET /wp-includes/js/wp-emoji-release.min.js?ver=4.8.2 HTTP/1.1" 500 - "https://www.waybackmachinedownloader.com/" "Mozilla/5.0 (Windows NT 10.0; Win64; x64) AppleWebKit/537.36 (KHTML, like Gecko) Chrome/138.0.0.0 Safari/537.36"
160.202.32.196 - - [16/Aug/2025:19:58:51 +0000] "GET /?ai1ec_js_widget HTTP/1.1" 500 - "https://www.waybackmachinedownloader.com/" "Mozilla/5.0 (Windows NT 10.0; Win64; x64) AppleWebKit/537.36 (KHTML, like Gecko) Chrome/138.0.0.0 Safari/537.36"
40.77.167.19 - - [16/Aug/2025:19:59:00 +0000] "GET /index.php/articles/news/article/edito/article/edito/articles/art1057-avis-d-impots-2014-sur-les-revenus-2013.html HTTP/1.1" 500 - "-" "Mozilla/5.0 AppleWebKit/537.36 (KHTML, like Gecko; compatible; bingbot/2.0; +http://www.bing.com/bingbot.htm) Chrome/116.0.1938.76 Safari/537.36"
160.202.32.196 - - [16/Aug/2025:19:59:06 +0000] "GET /wp-content/plugins/all-in-one-event-calendar/cache/64d0ac1c_ai1ec_parsed_css.css?ver=2.5.15 HTTP/1.1" 500 - "https://www.waybackmachinedownloader.com/" "Mozilla/5.0 (Windows NT 10.0; Win64; x64) AppleWebKit/537.36 (KHTML, like Gecko) Chrome/138.0.0.0 Safari/537.36"
160.202.32.196 - - [16/Aug/2025:19:59:06 +0000] "GET /wp-includes/js/wp-emoji-release.min.js?ver=4.8.2 HTTP/1.1" 500 - "https://www.waybackmachinedownloader.com/" "Mozilla/5.0 (Windows NT 10.0; Win64; x64) AppleWebKit/537.36 (KHTML, like Gecko) Chrome/138.0.0.0 Safari/537.36"
160.202.32.196 - - [16/Aug/2025:19:59:07 +0000] "GET /?ai1ec_js_widget HTTP/1.1" 500 - "https://www.waybackmachinedownloader.com/" "Mozilla/5.0 (Windows NT 10.0; Win64; x64) AppleWebKit/537.36 (KHTML, like Gecko) Chrome/138.0.0.0 Safari/537.36"
160.202.32.196 - - [16/Aug/2025:19:59:21 +0000] "GET /wp-content/plugins/all-in-one-event-calendar/cache/64d0ac1c_ai1ec_parsed_css.css?ver=2.5.15 HTTP/1.1" 500 - "https://www.waybackmachinedownloader.com/" "Mozilla/5.0 (Windows NT 10.0; Win64; x64) AppleWebKit/537.36 (KHTML, like Gecko) Chrome/138.0.0.0 Safari/537.36"
160.202.32.196 - - [16/Aug/2025:19:59:21 +0000] "GET /wp-includes/js/wp-emoji-release.min.js?ver=4.8.2 HTTP/1.1" 500 - "https://www.waybackmachinedownloader.com/" "Mozilla/5.0 (Windows NT 10.0; Win64; x64) AppleWebKit/537.36 (KHTML, like Gecko) Chrome/138.0.0.0 Safari/537.36"
160.202.32.196 - - [16/Aug/2025:19:59:22 +0000] "GET /?ai1ec_js_widget HTTP/1.1" 500 - "https://www.waybackmachinedownloader.com/" "Mozilla/5.0 (Windows NT 10.0; Win64; x64) AppleWebKit/537.36 (KHTML, like Gecko) Chrome/138.0.0.0 Safari/537.36"
51.222.253.6 - - [16/Aug/2025:19:59:31 +0000] "GET /robots.txt HTTP/1.1" 304 - "-" "Mozilla/5.0 (compatible; AhrefsBot/7.0; +http://ahrefs.com/robot/)"
160.202.32.196 - - [16/Aug/2025:19:59:36 +0000] "GET /wp-content/plugins/all-in-one-event-calendar/cache/64d0ac1c_ai1ec_parsed_css.css?ver=2.5.15 HTTP/1.1" 500 - "https://www.waybackmachinedownloader.com/" "Mozilla/5.0 (Windows NT 10.0; Win64; x64) AppleWebKit/537.36 (KHTML, like Gecko) Chrome/138.0.0.0 Safari/537.36"
160.202.32.196 - - [16/Aug/2025:19:59:36 +0000] "GET /wp-includes/js/wp-emoji-release.min.js?ver=4.8.2 HTTP/1.1" 500 - "https://www.waybackmachinedownloader.com/" "Mozilla/5.0 (Windows NT 10.0; Win64; x64) AppleWebKit/537.36 (KHTML, like Gecko) Chrome/138.0.0.0 Safari/537.36"
160.202.32.196 - - [16/Aug/2025:19:59:37 +0000] "GET /?ai1ec_js_widget HTTP/1.1" 500 - "https://www.waybackmachinedownloader.com/" "Mozilla/5.0 (Windows NT 10.0; Win64; x64) AppleWebKit/537.36 (KHTML, like Gecko) Chrome/138.0.0.0 Safari/537.36"
2a03:2880:f800:4:: - - [16/Aug/2025:19:59:43 +0000] "GET /index.php/article/article/article/news/news/news/article/article/article/article/news/news/article/article/article/article/news/article/articles/articles/article/articles/article/news/news/art851-a-quand-la-vente-de-tabac-dans-les-banques.html HTTP/1.1" 500 - "-" "meta-externalagent/1.1 (+https://developers.facebook.com/docs/sharing/webmasters/crawler)"
104.210.140.135 - - [16/Aug/2025:20:00:01 +0000] "GET /robots.txt HTTP/1.1" 304 - "-" "Mozilla/5.0 (Macintosh; Intel Mac OS X 10_15_7) AppleWebKit/537.36 (KHTML, like Gecko) Chrome/131.0.0.0 Safari/537.36; compatible; OAI-SearchBot/1.0; +https://openai.com/searchbot"
52.167.144.20 - - [16/Aug/2025:20:00:13 +0000] "GET /index.php/articles/news/article/edito/news/articles/art784-modification-des-conditions-de-votre-credit-renouvelable.html HTTP/1.1" 500 - "-" "Mozilla/5.0 AppleWebKit/537.36 (KHTML, like Gecko; compatible; bingbot/2.0; +http://www.bing.com/bingbot.htm) Chrome/116.0.1938.76 Safari/537.36"
160.202.32.196 - - [16/Aug/2025:20:00:47 +0000] "GET /wp-content/plugins/all-in-one-event-calendar/cache/64d0ac1c_ai1ec_parsed_css.css?ver=2.5.15 HTTP/1.1" 500 - "https://www.waybackmachinedownloader.com/" "Mozilla/5.0 (Windows NT 10.0; Win64; x64) AppleWebKit/537.36 (KHTML, like Gecko) Chrome/138.0.0.0 Safari/537.36"
160.202.32.196 - - [16/Aug/2025:20:00:48 +0000] "GET /wp-includes/js/wp-emoji-release.min.js?ver=4.8.2 HTTP/1.1" 500 - "https://www.waybackmachinedownloader.com/" "Mozilla/5.0 (Windows NT 10.0; Win64; x64) AppleWebKit/537.36 (KHTML, like Gecko) Chrome/138.0.0.0 Safari/537.36"
160.202.32.196 - - [16/Aug/2025:20:00:48 +0000] "GET /?ai1ec_js_widget HTTP/1.1" 500 - "https://www.waybackmachinedownloader.com/" "Mozilla/5.0 (Windows NT 10.0; Win64; x64) AppleWebKit/537.36 (KHTML, like Gecko) Chrome/138.0.0.0 Safari/537.36"
160.202.32.196 - - [16/Aug/2025:20:01:48 +0000] "GET /wp-content/plugins/all-in-one-event-calendar/cache/64d0ac1c_ai1ec_parsed_css.css?ver=2.5.15 HTTP/1.1" 500 - "https://www.waybackmachinedownloader.com/" "Mozilla/5.0 (Windows NT 10.0; Win64; x64) AppleWebKit/537.36 (KHTML, like Gecko) Chrome/138.0.0.0 Safari/537.36"
160.202.32.196 - - [16/Aug/2025:20:01:49 +0000] "GET /wp-includes/js/wp-emoji-release.min.js?ver=4.8.2 HTTP/1.1" 500 - "https://www.waybackmachinedownloader.com/" "Mozilla/5.0 (Windows NT 10.0; Win64; x64) AppleWebKit/537.36 (KHTML, like Gecko) Chrome/138.0.0.0 Safari/537.36"
160.202.32.196 - - [16/Aug/2025:20:01:50 +0000] "GET /?ai1ec_js_widget HTTP/1.1" 500 - "https://www.waybackmachinedownloader.com/" "Mozilla/5.0 (Windows NT 10.0; Win64; x64) AppleWebKit/537.36 (KHTML, like Gecko) Chrome/138.0.0.0 Safari/537.36"
2a03:2880:f800:4:: - - [16/Aug/2025:20:01:56 +0000] "GET /index.php/news/news/news/edito/edito/edito/edito/articles/news/article/news/article/edito/article/articles/article/news/news/articles/article/news/french.php HTTP/1.1" 500 - "-" "meta-externalagent/1.1 (+https://developers.facebook.com/docs/sharing/webmasters/crawler)"
160.202.32.196 - - [16/Aug/2025:20:02:48 +0000] "GET /wp-content/plugins/all-in-one-event-calendar/cache/64d0ac1c_ai1ec_parsed_css.css?ver=2.5.15 HTTP/1.1" 500 - "https://www.waybackmachinedownloader.com/" "Mozilla/5.0 (Windows NT 10.0; Win64; x64) AppleWebKit/537.36 (KHTML, like Gecko) Chrome/138.0.0.0 Safari/537.36"
160.202.32.196 - - [16/Aug/2025:20:02:49 +0000] "GET /wp-includes/js/wp-emoji-release.min.js?ver=4.8.2 HTTP/1.1" 500 - "https://www.waybackmachinedownloader.com/" "Mozilla/5.0 (Windows NT 10.0; Win64; x64) AppleWebKit/537.36 (KHTML, like Gecko) Chrome/138.0.0.0 Safari/537.36"
